Build Information
Failed to build Cadova, reference 1.0.0 (d38395), with Swift 6.3 for Wasm on 10 Oct 2026 00:33:30 UTC.
Build Command
bash -c docker run --pull=always --rm -v "checkouts-54344845-2":/host -w "$PWD" -e JAVA_HOME="/root/.sdkman/candidates/java/current" -e SPI_BUILD="1" -e SPI_PROCESSING="1" registry.gitlab.com/saguaro1/spi-images:wasm-6.3-latest swift build --swift-sdk swift-6.3.2-RELEASE_wasm 2>&1Build Log
========================================
RunAll
========================================
Builder version: 5.1.1
Interrupt handler set up.
========================================
Checkout
========================================
Clone URL: https://github.com/tomasf/Cadova.git
Reference: 1.0.0
Initialized empty Git repository in /host/spi-builder-workspace/.git/
hint: Using 'master' as the name for the initial branch. This default branch name
hint: is subject to change. To configure the initial branch name to use in all
hint: of your new repositories, which will suppress this warning, call:
hint:
hint: git config --global init.defaultBranch <name>
hint:
hint: Names commonly chosen instead of 'master' are 'main', 'trunk' and
hint: 'development'. The just-created branch can be renamed via this command:
hint:
hint: git branch -m <name>
From https://github.com/tomasf/Cadova
* tag 1.0.0 -> FETCH_HEAD
HEAD is now at d383959 Record the Cadova 1.0.0 XCFramework in Package.swift
Cloned https://github.com/tomasf/Cadova.git
Revision (git rev-parse @):
d383959351a1ccea0add72a5bf0c3b582945112a
SPI manifest file found: $PWD/.spi.yml
SUCCESS checkout https://github.com/tomasf/Cadova.git at 1.0.0
========================================
Build
========================================
Selected platform: wasm
Swift version: 6.3
Building package at path: $PWD
https://github.com/tomasf/Cadova.git
Running build ...
bash -c docker run --pull=always --rm -v "checkouts-54344845-2":/host -w "$PWD" -e JAVA_HOME="/root/.sdkman/candidates/java/current" -e SPI_BUILD="1" -e SPI_PROCESSING="1" registry.gitlab.com/saguaro1/spi-images:wasm-6.3-latest swift build --swift-sdk swift-6.3.2-RELEASE_wasm 2>&1
wasm-6.3-latest: Pulling from saguaro1/spi-images
Digest: sha256:df2e9038ff906af397ec7b7e13902ccb183f8867606bc33419e44453a9abdb4b
Status: Image is up to date for registry.gitlab.com/saguaro1/spi-images:wasm-6.3-latest
Fetching https://github.com/swiftlang/swift-docc-plugin
Fetching https://github.com/tomasf/CadovaLiveLink.git
Fetching https://github.com/tomasf/manifold-swift.git
Fetching https://github.com/tomasf/Pelagos.git
Fetching https://github.com/tomasf/Apus.git
Fetching https://github.com/tomasf/ThreeMF.git
[1/885] Fetching manifold-swift
[152/1380] Fetching manifold-swift, pelagos
[182/2200] Fetching manifold-swift, pelagos, threemf
[1603/2331] Fetching manifold-swift, pelagos, threemf, cadovalivelink
[2152/4676] Fetching manifold-swift, pelagos, threemf, cadovalivelink, swift-docc-plugin
[2153/6138] Fetching manifold-swift, pelagos, threemf, cadovalivelink, swift-docc-plugin, apus
Fetched https://github.com/tomasf/manifold-swift.git from cache (0.53s)
[5196/5253] Fetching pelagos, threemf, cadovalivelink, swift-docc-plugin, apus
Fetched https://github.com/tomasf/CadovaLiveLink.git from cache (0.68s)
Fetched https://github.com/tomasf/Pelagos.git from cache (0.68s)
Fetched https://github.com/tomasf/Apus.git from cache (0.69s)
Fetched https://github.com/swiftlang/swift-docc-plugin from cache (0.69s)
Fetched https://github.com/tomasf/ThreeMF.git from cache (0.69s)
Computing version for https://github.com/tomasf/CadovaLiveLink.git
Computed https://github.com/tomasf/CadovaLiveLink.git at 0.2.1 (0.83s)
Computing version for https://github.com/tomasf/Pelagos.git
Computed https://github.com/tomasf/Pelagos.git at 0.1.4 (0.13s)
Fetching https://github.com/tomasf/Nodal.git
[1/873] Fetching nodal
Fetched https://github.com/tomasf/Nodal.git from cache (0.34s)
Computing version for https://github.com/tomasf/Apus.git
Computed https://github.com/tomasf/Apus.git at 0.1.4 (0.49s)
Computing version for https://github.com/tomasf/ThreeMF.git
Computed https://github.com/tomasf/ThreeMF.git at 0.3.2 (0.13s)
Fetching https://github.com/tomasf/Zip.git
[1/216] Fetching zip
Fetched https://github.com/tomasf/Zip.git from cache (0.35s)
Computing version for https://github.com/tomasf/manifold-swift.git
Computed https://github.com/tomasf/manifold-swift.git at 1.1.2 (0.49s)
Computing version for https://github.com/tomasf/Nodal.git
Computed https://github.com/tomasf/Nodal.git at 1.0.2 (0.14s)
Computing version for https://github.com/tomasf/Zip.git
Computed https://github.com/tomasf/Zip.git at 2.1.2 (0.13s)
Computing version for https://github.com/swiftlang/swift-docc-plugin
Computed https://github.com/swiftlang/swift-docc-plugin at 1.5.0 (0.89s)
Fetching https://github.com/swiftlang/swift-docc-symbolkit
[1/3835] Fetching swift-docc-symbolkit
Fetched https://github.com/swiftlang/swift-docc-symbolkit from cache (0.61s)
Computing version for https://github.com/swiftlang/swift-docc-symbolkit
Computed https://github.com/swiftlang/swift-docc-symbolkit at 1.0.0 (0.83s)
Creating working copy for https://github.com/tomasf/Zip.git
Working copy of https://github.com/tomasf/Zip.git resolved at 2.1.2
Creating working copy for https://github.com/tomasf/CadovaLiveLink.git
Working copy of https://github.com/tomasf/CadovaLiveLink.git resolved at 0.2.1
Creating working copy for https://github.com/tomasf/manifold-swift.git
Working copy of https://github.com/tomasf/manifold-swift.git resolved at 1.1.2
Creating working copy for https://github.com/tomasf/Apus.git
Working copy of https://github.com/tomasf/Apus.git resolved at 0.1.4
Creating working copy for https://github.com/swiftlang/swift-docc-plugin
Working copy of https://github.com/swiftlang/swift-docc-plugin resolved at 1.5.0
Creating working copy for https://github.com/swiftlang/swift-docc-symbolkit
Working copy of https://github.com/swiftlang/swift-docc-symbolkit resolved at 1.0.0
Creating working copy for https://github.com/tomasf/Pelagos.git
Working copy of https://github.com/tomasf/Pelagos.git resolved at 0.1.4
Creating working copy for https://github.com/tomasf/ThreeMF.git
Working copy of https://github.com/tomasf/ThreeMF.git resolved at 0.3.2
Creating working copy for https://github.com/tomasf/Nodal.git
Working copy of https://github.com/tomasf/Nodal.git resolved at 1.0.2
[1/1] Compiling plugin Swift-DocC Preview
[2/2] Compiling plugin Swift-DocC
Building for debugging...
[2/121] Write sources
In file included from /host/spi-builder-workspace/.build/checkouts/manifold-swift/External/oneTBB/src/tbb/version.cpp:17:
In file included from /host/spi-builder-workspace/.build/checkouts/manifold-swift/External/oneTBB/include/oneapi/tbb/version.h:22:
In file included from /host/spi-builder-workspace/.build/checkouts/manifold-swift/External/oneTBB/include/oneapi/tbb/detail/_config.h:37:
/host/spi-builder-workspace/.build/checkouts/manifold-swift/External/oneTBB/include/oneapi/tbb/detail/_export.h:27:6: error: "Unknown platform/compiler"
27 | #error "Unknown platform/compiler"
| ^
In file included from /host/spi-builder-workspace/.build/checkouts/manifold-swift/External/oneTBB/src/tbb/version.cpp:17:
/host/spi-builder-workspace/.build/checkouts/manifold-swift/External/oneTBB/include/oneapi/tbb/version.h:109:12: error: unknown type name '__TBB_EXPORT'
109 | extern "C" TBB_EXPORT const char* __TBB_EXPORTED_FUNC TBB_runtime_version();
| ^
/host/spi-builder-workspace/.build/checkouts/manifold-swift/External/oneTBB/include/oneapi/tbb/detail/_export.h:31:24: note: expanded from macro 'TBB_EXPORT'
31 | #define TBB_EXPORT __TBB_EXPORT
| ^
In file included from /host/spi-builder-workspace/.build/checkouts/manifold-swift/External/oneTBB/src/tbb/version.cpp:17:
/host/spi-builder-workspace/.build/checkouts/manifold-swift/External/oneTBB/include/oneapi/tbb/version.h:116:12: error: unknown type name '__TBB_EXPORT'
116 | extern "C" TBB_EXPORT int __TBB_EXPORTED_FUNC TBB_runtime_interface_version();
| ^
/host/spi-builder-workspace/.build/checkouts/manifold-swift/External/oneTBB/include/oneapi/tbb/detail/_export.h:31:24: note: expanded from macro 'TBB_EXPORT'
31 | #define TBB_EXPORT __TBB_EXPORT
| ^
3 errors generated.
[6/121] Compiling version.cpp
[6/121] Compiling threading_control.cpp
[6/121] Compiling tree2d.cpp
[6/121] Compiling pugixml.cpp
[6/121] Compiling subdivision.cpp
[6/121] Compiling ittnotify_static.c
[6/121] Compiling Miniz miniz.c
[6/121] Write swift-version-24593BA9C3E375BF.txt
BUILD FAILURE 6.3 wasm