Build Information
Failed to build ZendeskSDKAnalyticsKit, reference main (89aca3), with Swift 6.4 for tvOS using Xcode 27.0 on 3 Oct 2026 18:18:03 UTC.
Build Command
env DEVELOPER_DIR=/Applications/Xcode-27.0.0-Release.Candidate.app xcrun xcodebuild -IDEClonedSourcePackagesDirPathOverride=$PWD/.dependencies -skipMacroValidation -skipPackagePluginValidation -derivedDataPath $PWD/.derivedData build -scheme ZendeskSDKAnalyticsKit -destination generic/platform=tvOSBuild Log
========================================
RunAll
========================================
Builder version: 5.1.1
Interrupt handler set up.
========================================
Checkout
========================================
Clone URL: https://github.com/zendesk/sdk_analytics_kit_ios.git
Reference: main
Initialized empty Git repository in /Users/admin/builder/spi-builder-workspace/.git/
From https://github.com/zendesk/sdk_analytics_kit_ios
* branch main -> FETCH_HEAD
* [new branch] main -> origin/main
HEAD is now at 89aca35 [RELEASE] New version 1.1.0
Cloned https://github.com/zendesk/sdk_analytics_kit_ios.git
Revision (git rev-parse @):
89aca353d5b480351182e5f7d01ee2fcaa5beba4
SUCCESS checkout https://github.com/zendesk/sdk_analytics_kit_ios.git at main
========================================
Build
========================================
Selected platform: tvOS
Swift version: 6.4
Building package at path: $PWD
https://github.com/zendesk/sdk_analytics_kit_ios.git
Command line invocation:
/Applications/Xcode-27.0.0-Release.Candidate.app/Contents/Developer/usr/bin/xcodebuild -IDEClonedSourcePackagesDirPathOverride=/Users/admin/builder/spi-builder-workspace/.dependencies -resolvePackageDependencies
Resolve Package Graph
Fetching from https://github.com/zendesk/sdk_core_utilities_ios
Fetching from https://github.com/zendesk/sdk_logger_ios
Fetching from https://github.com/zendesk/sdk_http_client_ios
Fetching from https://github.com/zendesk/sdk_storage_ios
Creating working copy of package ‘sdk_core_utilities_ios’
Checking out 8.2.0 of package ‘sdk_core_utilities_ios’
Creating working copy of package ‘sdk_logger_ios’
Checking out 0.12.0 of package ‘sdk_logger_ios’
Creating working copy of package ‘sdk_http_client_ios’
Checking out 0.22.0 of package ‘sdk_http_client_ios’
Creating working copy of package ‘sdk_storage_ios’
Checking out 1.7.0 of package ‘sdk_storage_ios’
Resolve Package Graph
Resolved source packages:
ZendeskSDKHTTPClient: https://github.com/zendesk/sdk_http_client_ios @ 0.22.0
ZendeskSDKLogger: https://github.com/zendesk/sdk_logger_ios @ 0.12.0
ZendeskSDKAnalyticsKit: /Users/admin/builder/spi-builder-workspace
ZendeskSDKCoreUtilities: https://github.com/zendesk/sdk_core_utilities_ios @ 8.2.0
ZendeskSDKStorage: https://github.com/zendesk/sdk_storage_ios @ 1.7.0
resolved source packages: ZendeskSDKHTTPClient, ZendeskSDKLogger, ZendeskSDKAnalyticsKit, ZendeskSDKCoreUtilities, ZendeskSDKStorage
2026-10-03 14:17:14.419 xcodebuild[529:3051] [MT] IDERunDestination: Supported platforms for the buildables in the current scheme is empty.
{
"dependencies" : [
{
"identity" : "sdk_logger_ios",
"requirement" : {
"range" : [
{
"lower_bound" : "0.12.0",
"upper_bound" : "1.0.0"
}
]
},
"type" : "sourceControl",
"url" : "https://github.com/zendesk/sdk_logger_ios"
},
{
"identity" : "sdk_http_client_ios",
"requirement" : {
"range" : [
{
"lower_bound" : "0.22.0",
"upper_bound" : "1.0.0"
}
]
},
"type" : "sourceControl",
"url" : "https://github.com/zendesk/sdk_http_client_ios"
},
{
"identity" : "sdk_storage_ios",
"requirement" : {
"range" : [
{
"lower_bound" : "1.7.0",
"upper_bound" : "2.0.0"
}
]
},
"type" : "sourceControl",
"url" : "https://github.com/zendesk/sdk_storage_ios"
},
{
"identity" : "sdk_core_utilities_ios",
"requirement" : {
"range" : [
{
"lower_bound" : "8.2.0",
"upper_bound" : "9.0.0"
}
]
},
"type" : "sourceControl",
"url" : "https://github.com/zendesk/sdk_core_utilities_ios"
}
],
"manifest_display_name" : "ZendeskSDKAnalyticsKit",
"name" : "ZendeskSDKAnalyticsKit",
"path" : "/Users/admin/builder/spi-builder-workspace",
"platforms" : [
{
"name" : "ios",
"version" : "16.0"
}
],
"products" : [
{
"name" : "ZendeskSDKAnalyticsKit",
"targets" : [
"ZendeskSDKAnalyticsKitTargets"
],
"type" : {
"library" : [
"automatic"
]
}
}
],
"targets" : [
{
"c99name" : "ZendeskSDKAnalyticsKitTargets",
"module_type" : "SwiftTarget",
"name" : "ZendeskSDKAnalyticsKitTargets",
"path" : "Sources",
"product_dependencies" : [
"ZendeskSDKLogger",
"ZendeskSDKHTTPClient",
"ZendeskSDKStorage",
"ZendeskSDKCoreUtilities"
],
"product_memberships" : [
"ZendeskSDKAnalyticsKit"
],
"sources" : [
"Placeholder.swift"
],
"target_dependencies" : [
"ZendeskSDKAnalyticsKit"
],
"type" : "library"
},
{
"c99name" : "ZendeskSDKAnalyticsKit",
"module_type" : "BinaryTarget",
"name" : "ZendeskSDKAnalyticsKit",
"path" : "ZendeskSDKAnalyticsKit.xcframework",
"product_memberships" : [
"ZendeskSDKAnalyticsKit"
],
"sources" : [
],
"type" : "binary"
}
],
"tools_version" : "5.7"
}
warning: 'spi-builder-workspace': /Users/admin/builder/spi-builder-workspace/Package.swift:17:10: warning: 'package(name:url:from:)' is deprecated: use package(url:from:) instead [#DeprecatedDeclaration]
15 | ],
16 | dependencies: [
17 | .package(
| `- warning: 'package(name:url:from:)' is deprecated: use package(url:from:) instead [#DeprecatedDeclaration]
18 | name: "ZendeskSDKLogger",
19 | url: "https://github.com/zendesk/sdk_logger_ios",
/Users/admin/builder/spi-builder-workspace/Package.swift:22:10: warning: 'package(name:url:from:)' is deprecated: use package(url:from:) instead [#DeprecatedDeclaration]
20 | from: "0.12.0"
21 | ),
22 | .package(
| `- warning: 'package(name:url:from:)' is deprecated: use package(url:from:) instead [#DeprecatedDeclaration]
23 | name: "ZendeskSDKHTTPClient",
24 | url: "https://github.com/zendesk/sdk_http_client_ios",
/Users/admin/builder/spi-builder-workspace/Package.swift:27:10: warning: 'package(name:url:from:)' is deprecated: use package(url:from:) instead [#DeprecatedDeclaration]
25 | from: "0.22.0"
26 | ),
27 | .package(
| `- warning: 'package(name:url:from:)' is deprecated: use package(url:from:) instead [#DeprecatedDeclaration]
28 | name: "ZendeskSDKStorage",
29 | url: "https://github.com/zendesk/sdk_storage_ios",
/Users/admin/builder/spi-builder-workspace/Package.swift:32:10: warning: 'package(name:url:from:)' is deprecated: use package(url:from:) instead [#DeprecatedDeclaration]
30 | from: "1.7.0"
31 | ),
32 | .package(
| `- warning: 'package(name:url:from:)' is deprecated: use package(url:from:) instead [#DeprecatedDeclaration]
33 | name: "ZendeskSDKCoreUtilities",
34 | url: "https://github.com/zendesk/sdk_core_utilities_ios",
[#DeprecatedDeclaration]: <https://docs.swift.org/compiler/documentation/diagnostics/deprecated-declaration>
{
"workspace" : {
"name" : "ZendeskSDKAnalyticsKit",
"schemes" : [
"ZendeskSDKAnalyticsKit"
]
}
}
2026-10-03 14:17:55.389 xcodebuild[806:4865] [MT] IDERunDestination: Supported platforms for the buildables in the current scheme is empty.
Running build ...
env DEVELOPER_DIR=/Applications/Xcode-27.0.0-Release.Candidate.app xcrun xcodebuild -IDEClonedSourcePackagesDirPathOverride=$PWD/.dependencies -skipMacroValidation -skipPackagePluginValidation -derivedDataPath $PWD/.derivedData build -scheme ZendeskSDKAnalyticsKit -destination generic/platform=tvOS
Command line invocation:
/Applications/Xcode-27.0.0-Release.Candidate.app/Contents/Developer/usr/bin/xcodebuild -IDEClonedSourcePackagesDirPathOverride=/Users/admin/builder/spi-builder-workspace/.dependencies -skipMacroValidation -skipPackagePluginValidation -derivedDataPath /Users/admin/builder/spi-builder-workspace/.derivedData build -scheme ZendeskSDKAnalyticsKit -destination generic/platform=tvOS
Resolve Package Graph
Resolve Package Graph
Resolved source packages:
ZendeskSDKCoreUtilities: https://github.com/zendesk/sdk_core_utilities_ios @ 8.2.0
ZendeskSDKAnalyticsKit: /Users/admin/builder/spi-builder-workspace
ZendeskSDKStorage: https://github.com/zendesk/sdk_storage_ios @ 1.7.0
ZendeskSDKHTTPClient: https://github.com/zendesk/sdk_http_client_ios @ 0.22.0
ZendeskSDKLogger: https://github.com/zendesk/sdk_logger_ios @ 0.12.0
ComputePackagePrebuildTargetDependencyGraph
Prepare packages
CreateBuildRequest
SendProjectDescription
CreateBuildOperation
ComputeTargetDependencyGraph
note: Building targets in dependency order
note: Target dependency graph (8 targets)
Target 'ZendeskSDKAnalyticsKit-product' in project 'ZendeskSDKAnalyticsKit'
➜ Explicit dependency on target 'ZendeskSDKAnalyticsKitTargets' in project 'ZendeskSDKAnalyticsKit'
➜ Explicit dependency on target 'ZendeskSDKLogger-product' in project 'ZendeskSDKLogger'
➜ Explicit dependency on target 'ZendeskSDKHTTPClient-product' in project 'ZendeskSDKHTTPClient'
➜ Explicit dependency on target 'ZendeskSDKStorage-product' in project 'ZendeskSDKStorage'
➜ Explicit dependency on target 'ZendeskSDKCoreUtilities-product' in project 'ZendeskSDKCoreUtilities'
Target 'ZendeskSDKAnalyticsKitTargets' in project 'ZendeskSDKAnalyticsKit'
➜ Explicit dependency on target 'ZendeskSDKLogger-product' in project 'ZendeskSDKLogger'
➜ Explicit dependency on target 'ZendeskSDKHTTPClient-product' in project 'ZendeskSDKHTTPClient'
➜ Explicit dependency on target 'ZendeskSDKStorage-product' in project 'ZendeskSDKStorage'
➜ Explicit dependency on target 'ZendeskSDKCoreUtilities-product' in project 'ZendeskSDKCoreUtilities'
Target 'ZendeskSDKCoreUtilities-product' in project 'ZendeskSDKCoreUtilities' (no dependencies)
Target 'ZendeskSDKStorage-product' in project 'ZendeskSDKStorage'
➜ Explicit dependency on target 'ZendeskSDKStorageTargets' in project 'ZendeskSDKStorage'
➜ Explicit dependency on target 'ZendeskSDKLogger-product' in project 'ZendeskSDKLogger'
Target 'ZendeskSDKStorageTargets' in project 'ZendeskSDKStorage'
➜ Explicit dependency on target 'ZendeskSDKLogger-product' in project 'ZendeskSDKLogger'
Target 'ZendeskSDKHTTPClient-product' in project 'ZendeskSDKHTTPClient'
➜ Explicit dependency on target 'ZendeskSDKHTTPClientTargets' in project 'ZendeskSDKHTTPClient'
➜ Explicit dependency on target 'ZendeskSDKLogger-product' in project 'ZendeskSDKLogger'
Target 'ZendeskSDKHTTPClientTargets' in project 'ZendeskSDKHTTPClient'
➜ Explicit dependency on target 'ZendeskSDKLogger-product' in project 'ZendeskSDKLogger'
Target 'ZendeskSDKLogger-product' in project 'ZendeskSDKLogger' (no dependencies)
GatherProvisioningInputs
CreateBuildDescription
ExecuteExternalTool /Applications/Xcode-27.0.0-Release.Candidate.app/Contents/Developer/Toolchains/XcodeDefault.xctoolchain/usr/bin/swiftc --version
ExecuteExternalTool /Applications/Xcode-27.0.0-Release.Candidate.app/Contents/Developer/Toolchains/XcodeDefault.xctoolchain/usr/bin/clang -v -E -dM -isysroot /Applications/Xcode-27.0.0-Release.Candidate.app/Contents/Developer/Platforms/AppleTVOS.platform/Developer/SDKs/AppleTVOS27.0.sdk -x c -c /dev/null
ExecuteExternalTool /Applications/Xcode-27.0.0-Release.Candidate.app/Contents/Developer/Toolchains/XcodeDefault.xctoolchain/usr/bin/ld -version_details
Build description signature: c2813eef13d63f3c45d038707d48dea5
Build description path: /Users/admin/builder/spi-builder-workspace/.derivedData/Build/Intermediates.noindex/XCBuildData/c2813eef13d63f3c45d038707d48dea5.xcbuilddata
/Users/admin/builder/spi-builder-workspace/.dependencies/checkouts/sdk_storage_ios/ZendeskSDKStorage.xcframework:1:1: error: While building for tvOS, no library for this platform was found in '/Users/admin/builder/spi-builder-workspace/.dependencies/checkouts/sdk_storage_ios/ZendeskSDKStorage.xcframework'. (in target 'ZendeskSDKStorage-product' from project 'ZendeskSDKStorage')
/Users/admin/builder/spi-builder-workspace/.dependencies/checkouts/sdk_logger_ios/ZendeskSDKLogger.xcframework:1:1: error: While building for tvOS, no library for this platform was found in '/Users/admin/builder/spi-builder-workspace/.dependencies/checkouts/sdk_logger_ios/ZendeskSDKLogger.xcframework'. (in target 'ZendeskSDKStorage-product' from project 'ZendeskSDKStorage')
/Users/admin/builder/spi-builder-workspace/.dependencies/checkouts/sdk_logger_ios/ZendeskSDKLogger.xcframework:1:1: error: While building for tvOS, no library for this platform was found in '/Users/admin/builder/spi-builder-workspace/.dependencies/checkouts/sdk_logger_ios/ZendeskSDKLogger.xcframework'. (in target 'ZendeskSDKStorage-product' from project 'ZendeskSDKStorage')
/Users/admin/builder/spi-builder-workspace/.dependencies/checkouts/sdk_core_utilities_ios/ZendeskSDKCoreUtilities.xcframework:1:1: error: While building for tvOS, no library for this platform was found in '/Users/admin/builder/spi-builder-workspace/.dependencies/checkouts/sdk_core_utilities_ios/ZendeskSDKCoreUtilities.xcframework'. (in target 'ZendeskSDKCoreUtilities-product' from project 'ZendeskSDKCoreUtilities')
/Users/admin/builder/spi-builder-workspace/.dependencies/checkouts/sdk_http_client_ios/ZendeskSDKHTTPClient.xcframework:1:1: error: While building for tvOS, no library for this platform was found in '/Users/admin/builder/spi-builder-workspace/.dependencies/checkouts/sdk_http_client_ios/ZendeskSDKHTTPClient.xcframework'. (in target 'ZendeskSDKHTTPClient-product' from project 'ZendeskSDKHTTPClient')
/Users/admin/builder/spi-builder-workspace/.dependencies/checkouts/sdk_logger_ios/ZendeskSDKLogger.xcframework:1:1: error: While building for tvOS, no library for this platform was found in '/Users/admin/builder/spi-builder-workspace/.dependencies/checkouts/sdk_logger_ios/ZendeskSDKLogger.xcframework'. (in target 'ZendeskSDKHTTPClient-product' from project 'ZendeskSDKHTTPClient')
/Users/admin/builder/spi-builder-workspace/.dependencies/checkouts/sdk_logger_ios/ZendeskSDKLogger.xcframework:1:1: error: While building for tvOS, no library for this platform was found in '/Users/admin/builder/spi-builder-workspace/.dependencies/checkouts/sdk_logger_ios/ZendeskSDKLogger.xcframework'. (in target 'ZendeskSDKHTTPClient-product' from project 'ZendeskSDKHTTPClient')
/Users/admin/builder/spi-builder-workspace/ZendeskSDKAnalyticsKit.xcframework:1:1: error: While building for tvOS, no library for this platform was found in '/Users/admin/builder/spi-builder-workspace/ZendeskSDKAnalyticsKit.xcframework'. (in target 'ZendeskSDKAnalyticsKitTargets' from project 'ZendeskSDKAnalyticsKit')
/Users/admin/builder/spi-builder-workspace/.dependencies/checkouts/sdk_logger_ios/ZendeskSDKLogger.xcframework:1:1: error: While building for tvOS, no library for this platform was found in '/Users/admin/builder/spi-builder-workspace/.dependencies/checkouts/sdk_logger_ios/ZendeskSDKLogger.xcframework'. (in target 'ZendeskSDKAnalyticsKitTargets' from project 'ZendeskSDKAnalyticsKit')
/Users/admin/builder/spi-builder-workspace/.dependencies/checkouts/sdk_core_utilities_ios/ZendeskSDKCoreUtilities.xcframework:1:1: error: While building for tvOS, no library for this platform was found in '/Users/admin/builder/spi-builder-workspace/.dependencies/checkouts/sdk_core_utilities_ios/ZendeskSDKCoreUtilities.xcframework'. (in target 'ZendeskSDKAnalyticsKitTargets' from project 'ZendeskSDKAnalyticsKit')
/Users/admin/builder/spi-builder-workspace/.dependencies/checkouts/sdk_http_client_ios/ZendeskSDKHTTPClient.xcframework:1:1: error: While building for tvOS, no library for this platform was found in '/Users/admin/builder/spi-builder-workspace/.dependencies/checkouts/sdk_http_client_ios/ZendeskSDKHTTPClient.xcframework'. (in target 'ZendeskSDKHTTPClientTargets' from project 'ZendeskSDKHTTPClient')
/Users/admin/builder/spi-builder-workspace/.dependencies/checkouts/sdk_logger_ios/ZendeskSDKLogger.xcframework:1:1: error: While building for tvOS, no library for this platform was found in '/Users/admin/builder/spi-builder-workspace/.dependencies/checkouts/sdk_logger_ios/ZendeskSDKLogger.xcframework'. (in target 'ZendeskSDKHTTPClientTargets' from project 'ZendeskSDKHTTPClient')
/Users/admin/builder/spi-builder-workspace/.dependencies/checkouts/sdk_logger_ios/ZendeskSDKLogger.xcframework:1:1: error: While building for tvOS, no library for this platform was found in '/Users/admin/builder/spi-builder-workspace/.dependencies/checkouts/sdk_logger_ios/ZendeskSDKLogger.xcframework'. (in target 'ZendeskSDKLogger-product' from project 'ZendeskSDKLogger')
/Users/admin/builder/spi-builder-workspace/ZendeskSDKAnalyticsKit.xcframework:1:1: error: While building for tvOS, no library for this platform was found in '/Users/admin/builder/spi-builder-workspace/ZendeskSDKAnalyticsKit.xcframework'. (in target 'ZendeskSDKAnalyticsKit-product' from project 'ZendeskSDKAnalyticsKit')
/Users/admin/builder/spi-builder-workspace/.dependencies/checkouts/sdk_logger_ios/ZendeskSDKLogger.xcframework:1:1: error: While building for tvOS, no library for this platform was found in '/Users/admin/builder/spi-builder-workspace/.dependencies/checkouts/sdk_logger_ios/ZendeskSDKLogger.xcframework'. (in target 'ZendeskSDKAnalyticsKit-product' from project 'ZendeskSDKAnalyticsKit')
/Users/admin/builder/spi-builder-workspace/.dependencies/checkouts/sdk_core_utilities_ios/ZendeskSDKCoreUtilities.xcframework:1:1: error: While building for tvOS, no library for this platform was found in '/Users/admin/builder/spi-builder-workspace/.dependencies/checkouts/sdk_core_utilities_ios/ZendeskSDKCoreUtilities.xcframework'. (in target 'ZendeskSDKAnalyticsKit-product' from project 'ZendeskSDKAnalyticsKit')
/Users/admin/builder/spi-builder-workspace/.dependencies/checkouts/sdk_logger_ios/ZendeskSDKLogger.xcframework:1:1: error: While building for tvOS, no library for this platform was found in '/Users/admin/builder/spi-builder-workspace/.dependencies/checkouts/sdk_logger_ios/ZendeskSDKLogger.xcframework'. (in target 'ZendeskSDKAnalyticsKit-product' from project 'ZendeskSDKAnalyticsKit')
/Users/admin/builder/spi-builder-workspace/.dependencies/checkouts/sdk_http_client_ios/ZendeskSDKHTTPClient.xcframework:1:1: error: While building for tvOS, no library for this platform was found in '/Users/admin/builder/spi-builder-workspace/.dependencies/checkouts/sdk_http_client_ios/ZendeskSDKHTTPClient.xcframework'. (in target 'ZendeskSDKAnalyticsKit-product' from project 'ZendeskSDKAnalyticsKit')
/Users/admin/builder/spi-builder-workspace/.dependencies/checkouts/sdk_logger_ios/ZendeskSDKLogger.xcframework:1:1: error: While building for tvOS, no library for this platform was found in '/Users/admin/builder/spi-builder-workspace/.dependencies/checkouts/sdk_logger_ios/ZendeskSDKLogger.xcframework'. (in target 'ZendeskSDKAnalyticsKit-product' from project 'ZendeskSDKAnalyticsKit')
/Users/admin/builder/spi-builder-workspace/.dependencies/checkouts/sdk_storage_ios/ZendeskSDKStorage.xcframework:1:1: error: While building for tvOS, no library for this platform was found in '/Users/admin/builder/spi-builder-workspace/.dependencies/checkouts/sdk_storage_ios/ZendeskSDKStorage.xcframework'. (in target 'ZendeskSDKAnalyticsKit-product' from project 'ZendeskSDKAnalyticsKit')
/Users/admin/builder/spi-builder-workspace/.dependencies/checkouts/sdk_logger_ios/ZendeskSDKLogger.xcframework:1:1: error: While building for tvOS, no library for this platform was found in '/Users/admin/builder/spi-builder-workspace/.dependencies/checkouts/sdk_logger_ios/ZendeskSDKLogger.xcframework'. (in target 'ZendeskSDKAnalyticsKit-product' from project 'ZendeskSDKAnalyticsKit')
/Users/admin/builder/spi-builder-workspace/.dependencies/checkouts/sdk_core_utilities_ios/ZendeskSDKCoreUtilities.xcframework:1:1: error: While building for tvOS, no library for this platform was found in '/Users/admin/builder/spi-builder-workspace/.dependencies/checkouts/sdk_core_utilities_ios/ZendeskSDKCoreUtilities.xcframework'. (in target 'ZendeskSDKAnalyticsKit-product' from project 'ZendeskSDKAnalyticsKit')
/Users/admin/builder/spi-builder-workspace/.dependencies/checkouts/sdk_storage_ios/ZendeskSDKStorage.xcframework:1:1: error: While building for tvOS, no library for this platform was found in '/Users/admin/builder/spi-builder-workspace/.dependencies/checkouts/sdk_storage_ios/ZendeskSDKStorage.xcframework'. (in target 'ZendeskSDKStorageTargets' from project 'ZendeskSDKStorage')
/Users/admin/builder/spi-builder-workspace/.dependencies/checkouts/sdk_logger_ios/ZendeskSDKLogger.xcframework:1:1: error: While building for tvOS, no library for this platform was found in '/Users/admin/builder/spi-builder-workspace/.dependencies/checkouts/sdk_logger_ios/ZendeskSDKLogger.xcframework'. (in target 'ZendeskSDKStorageTargets' from project 'ZendeskSDKStorage')
2026-10-03 14:17:58.450 xcodebuild[807:4907] [MT] IDERunDestination: Supported platforms for the buildables in the current scheme is empty.
** BUILD FAILED **
The following build commands failed:
Building workspace ZendeskSDKAnalyticsKit with scheme ZendeskSDKAnalyticsKit
(1 failure)
Command line invocation:
/Applications/Xcode-27.0.0-Release.Candidate.app/Contents/Developer/usr/bin/xcodebuild -IDEClonedSourcePackagesDirPathOverride=/Users/admin/builder/spi-builder-workspace/.dependencies -resolvePackageDependencies
Resolve Package Graph
Resolved source packages:
ZendeskSDKCoreUtilities: https://github.com/zendesk/sdk_core_utilities_ios @ 8.2.0
ZendeskSDKAnalyticsKit: /Users/admin/builder/spi-builder-workspace
ZendeskSDKStorage: https://github.com/zendesk/sdk_storage_ios @ 1.7.0
ZendeskSDKLogger: https://github.com/zendesk/sdk_logger_ios @ 0.12.0
ZendeskSDKHTTPClient: https://github.com/zendesk/sdk_http_client_ios @ 0.22.0
resolved source packages: ZendeskSDKCoreUtilities, ZendeskSDKAnalyticsKit, ZendeskSDKStorage, ZendeskSDKLogger, ZendeskSDKHTTPClient
2026-10-03 14:18:00.495 xcodebuild[853:5174] [MT] IDERunDestination: Supported platforms for the buildables in the current scheme is empty.
{
"dependencies" : [
{
"identity" : "sdk_logger_ios",
"requirement" : {
"range" : [
{
"lower_bound" : "0.12.0",
"upper_bound" : "1.0.0"
}
]
},
"type" : "sourceControl",
"url" : "https://github.com/zendesk/sdk_logger_ios"
},
{
"identity" : "sdk_http_client_ios",
"requirement" : {
"range" : [
{
"lower_bound" : "0.22.0",
"upper_bound" : "1.0.0"
}
]
},
"type" : "sourceControl",
"url" : "https://github.com/zendesk/sdk_http_client_ios"
},
{
"identity" : "sdk_storage_ios",
"requirement" : {
"range" : [
{
"lower_bound" : "1.7.0",
"upper_bound" : "2.0.0"
}
]
},
"type" : "sourceControl",
"url" : "https://github.com/zendesk/sdk_storage_ios"
},
{
"identity" : "sdk_core_utilities_ios",
"requirement" : {
"range" : [
{
"lower_bound" : "8.2.0",
"upper_bound" : "9.0.0"
}
]
},
"type" : "sourceControl",
"url" : "https://github.com/zendesk/sdk_core_utilities_ios"
}
],
"manifest_display_name" : "ZendeskSDKAnalyticsKit",
"name" : "ZendeskSDKAnalyticsKit",
"path" : "/Users/admin/builder/spi-builder-workspace",
"platforms" : [
{
"name" : "ios",
"version" : "16.0"
}
],
"products" : [
{
"name" : "ZendeskSDKAnalyticsKit",
"targets" : [
"ZendeskSDKAnalyticsKitTargets"
],
"type" : {
"library" : [
"automatic"
]
}
}
],
"targets" : [
{
"c99name" : "ZendeskSDKAnalyticsKitTargets",
"module_type" : "SwiftTarget",
"name" : "ZendeskSDKAnalyticsKitTargets",
"path" : "Sources",
"product_dependencies" : [
"ZendeskSDKLogger",
"ZendeskSDKHTTPClient",
"ZendeskSDKStorage",
"ZendeskSDKCoreUtilities"
],
"product_memberships" : [
"ZendeskSDKAnalyticsKit"
],
"sources" : [
"Placeholder.swift"
],
"target_dependencies" : [
"ZendeskSDKAnalyticsKit"
],
"type" : "library"
},
{
"c99name" : "ZendeskSDKAnalyticsKit",
"module_type" : "BinaryTarget",
"name" : "ZendeskSDKAnalyticsKit",
"path" : "ZendeskSDKAnalyticsKit.xcframework",
"product_memberships" : [
"ZendeskSDKAnalyticsKit"
],
"sources" : [
],
"type" : "binary"
}
],
"tools_version" : "5.7"
}
{
"workspace" : {
"name" : "ZendeskSDKAnalyticsKit",
"schemes" : [
"ZendeskSDKAnalyticsKit"
]
}
}
2026-10-03 14:18:01.856 xcodebuild[861:5236] [MT] IDERunDestination: Supported platforms for the buildables in the current scheme is empty.
Running build ...
env DEVELOPER_DIR=/Applications/Xcode-27.0.0-Release.Candidate.app xcrun xcodebuild -IDEClonedSourcePackagesDirPathOverride=$PWD/.dependencies -skipMacroValidation -skipPackagePluginValidation -derivedDataPath $PWD/.derivedData build -scheme ZendeskSDKAnalyticsKit -destination generic/platform=tvOS
Command line invocation:
/Applications/Xcode-27.0.0-Release.Candidate.app/Contents/Developer/usr/bin/xcodebuild -IDEClonedSourcePackagesDirPathOverride=/Users/admin/builder/spi-builder-workspace/.dependencies -skipMacroValidation -skipPackagePluginValidation -derivedDataPath /Users/admin/builder/spi-builder-workspace/.derivedData build -scheme ZendeskSDKAnalyticsKit -destination generic/platform=tvOS
Resolve Package Graph
Resolved source packages:
ZendeskSDKHTTPClient: https://github.com/zendesk/sdk_http_client_ios @ 0.22.0
ZendeskSDKAnalyticsKit: /Users/admin/builder/spi-builder-workspace
ZendeskSDKLogger: https://github.com/zendesk/sdk_logger_ios @ 0.12.0
ZendeskSDKStorage: https://github.com/zendesk/sdk_storage_ios @ 1.7.0
ZendeskSDKCoreUtilities: https://github.com/zendesk/sdk_core_utilities_ios @ 8.2.0
ComputePackagePrebuildTargetDependencyGraph
Prepare packages
CreateBuildRequest
SendProjectDescription
CreateBuildOperation
ComputeTargetDependencyGraph
note: Building targets in dependency order
note: Target dependency graph (8 targets)
Target 'ZendeskSDKAnalyticsKit-product' in project 'ZendeskSDKAnalyticsKit'
➜ Explicit dependency on target 'ZendeskSDKAnalyticsKitTargets' in project 'ZendeskSDKAnalyticsKit'
➜ Explicit dependency on target 'ZendeskSDKLogger-product' in project 'ZendeskSDKLogger'
➜ Explicit dependency on target 'ZendeskSDKHTTPClient-product' in project 'ZendeskSDKHTTPClient'
➜ Explicit dependency on target 'ZendeskSDKStorage-product' in project 'ZendeskSDKStorage'
➜ Explicit dependency on target 'ZendeskSDKCoreUtilities-product' in project 'ZendeskSDKCoreUtilities'
Target 'ZendeskSDKAnalyticsKitTargets' in project 'ZendeskSDKAnalyticsKit'
➜ Explicit dependency on target 'ZendeskSDKLogger-product' in project 'ZendeskSDKLogger'
➜ Explicit dependency on target 'ZendeskSDKHTTPClient-product' in project 'ZendeskSDKHTTPClient'
➜ Explicit dependency on target 'ZendeskSDKStorage-product' in project 'ZendeskSDKStorage'
➜ Explicit dependency on target 'ZendeskSDKCoreUtilities-product' in project 'ZendeskSDKCoreUtilities'
Target 'ZendeskSDKCoreUtilities-product' in project 'ZendeskSDKCoreUtilities' (no dependencies)
Target 'ZendeskSDKStorage-product' in project 'ZendeskSDKStorage'
➜ Explicit dependency on target 'ZendeskSDKStorageTargets' in project 'ZendeskSDKStorage'
➜ Explicit dependency on target 'ZendeskSDKLogger-product' in project 'ZendeskSDKLogger'
Target 'ZendeskSDKStorageTargets' in project 'ZendeskSDKStorage'
➜ Explicit dependency on target 'ZendeskSDKLogger-product' in project 'ZendeskSDKLogger'
Target 'ZendeskSDKHTTPClient-product' in project 'ZendeskSDKHTTPClient'
➜ Explicit dependency on target 'ZendeskSDKHTTPClientTargets' in project 'ZendeskSDKHTTPClient'
➜ Explicit dependency on target 'ZendeskSDKLogger-product' in project 'ZendeskSDKLogger'
Target 'ZendeskSDKHTTPClientTargets' in project 'ZendeskSDKHTTPClient'
➜ Explicit dependency on target 'ZendeskSDKLogger-product' in project 'ZendeskSDKLogger'
Target 'ZendeskSDKLogger-product' in project 'ZendeskSDKLogger' (no dependencies)
GatherProvisioningInputs
CreateBuildDescription
/Users/admin/builder/spi-builder-workspace/.dependencies/checkouts/sdk_core_utilities_ios/ZendeskSDKCoreUtilities.xcframework:1:1: error: While building for tvOS, no library for this platform was found in '/Users/admin/builder/spi-builder-workspace/.dependencies/checkouts/sdk_core_utilities_ios/ZendeskSDKCoreUtilities.xcframework'. (in target 'ZendeskSDKAnalyticsKit-product' from project 'ZendeskSDKAnalyticsKit')
/Users/admin/builder/spi-builder-workspace/.dependencies/checkouts/sdk_core_utilities_ios/ZendeskSDKCoreUtilities.xcframework:1:1: error: While building for tvOS, no library for this platform was found in '/Users/admin/builder/spi-builder-workspace/.dependencies/checkouts/sdk_core_utilities_ios/ZendeskSDKCoreUtilities.xcframework'. (in target 'ZendeskSDKAnalyticsKit-product' from project 'ZendeskSDKAnalyticsKit')
/Users/admin/builder/spi-builder-workspace/.dependencies/checkouts/sdk_http_client_ios/ZendeskSDKHTTPClient.xcframework:1:1: error: While building for tvOS, no library for this platform was found in '/Users/admin/builder/spi-builder-workspace/.dependencies/checkouts/sdk_http_client_ios/ZendeskSDKHTTPClient.xcframework'. (in target 'ZendeskSDKAnalyticsKit-product' from project 'ZendeskSDKAnalyticsKit')
/Users/admin/builder/spi-builder-workspace/.dependencies/checkouts/sdk_logger_ios/ZendeskSDKLogger.xcframework:1:1: error: While building for tvOS, no library for this platform was found in '/Users/admin/builder/spi-builder-workspace/.dependencies/checkouts/sdk_logger_ios/ZendeskSDKLogger.xcframework'. (in target 'ZendeskSDKAnalyticsKit-product' from project 'ZendeskSDKAnalyticsKit')
/Users/admin/builder/spi-builder-workspace/.dependencies/checkouts/sdk_logger_ios/ZendeskSDKLogger.xcframework:1:1: error: While building for tvOS, no library for this platform was found in '/Users/admin/builder/spi-builder-workspace/.dependencies/checkouts/sdk_logger_ios/ZendeskSDKLogger.xcframework'. (in target 'ZendeskSDKAnalyticsKit-product' from project 'ZendeskSDKAnalyticsKit')
/Users/admin/builder/spi-builder-workspace/.dependencies/checkouts/sdk_logger_ios/ZendeskSDKLogger.xcframework:1:1: error: While building for tvOS, no library for this platform was found in '/Users/admin/builder/spi-builder-workspace/.dependencies/checkouts/sdk_logger_ios/ZendeskSDKLogger.xcframework'. (in target 'ZendeskSDKAnalyticsKit-product' from project 'ZendeskSDKAnalyticsKit')
/Users/admin/builder/spi-builder-workspace/.dependencies/checkouts/sdk_logger_ios/ZendeskSDKLogger.xcframework:1:1: error: While building for tvOS, no library for this platform was found in '/Users/admin/builder/spi-builder-workspace/.dependencies/checkouts/sdk_logger_ios/ZendeskSDKLogger.xcframework'. (in target 'ZendeskSDKAnalyticsKit-product' from project 'ZendeskSDKAnalyticsKit')
/Users/admin/builder/spi-builder-workspace/.dependencies/checkouts/sdk_storage_ios/ZendeskSDKStorage.xcframework:1:1: error: While building for tvOS, no library for this platform was found in '/Users/admin/builder/spi-builder-workspace/.dependencies/checkouts/sdk_storage_ios/ZendeskSDKStorage.xcframework'. (in target 'ZendeskSDKAnalyticsKit-product' from project 'ZendeskSDKAnalyticsKit')
/Users/admin/builder/spi-builder-workspace/ZendeskSDKAnalyticsKit.xcframework:1:1: error: While building for tvOS, no library for this platform was found in '/Users/admin/builder/spi-builder-workspace/ZendeskSDKAnalyticsKit.xcframework'. (in target 'ZendeskSDKAnalyticsKit-product' from project 'ZendeskSDKAnalyticsKit')
/Users/admin/builder/spi-builder-workspace/.dependencies/checkouts/sdk_core_utilities_ios/ZendeskSDKCoreUtilities.xcframework:1:1: error: While building for tvOS, no library for this platform was found in '/Users/admin/builder/spi-builder-workspace/.dependencies/checkouts/sdk_core_utilities_ios/ZendeskSDKCoreUtilities.xcframework'. (in target 'ZendeskSDKAnalyticsKitTargets' from project 'ZendeskSDKAnalyticsKit')
/Users/admin/builder/spi-builder-workspace/.dependencies/checkouts/sdk_logger_ios/ZendeskSDKLogger.xcframework:1:1: error: While building for tvOS, no library for this platform was found in '/Users/admin/builder/spi-builder-workspace/.dependencies/checkouts/sdk_logger_ios/ZendeskSDKLogger.xcframework'. (in target 'ZendeskSDKAnalyticsKitTargets' from project 'ZendeskSDKAnalyticsKit')
/Users/admin/builder/spi-builder-workspace/ZendeskSDKAnalyticsKit.xcframework:1:1: error: While building for tvOS, no library for this platform was found in '/Users/admin/builder/spi-builder-workspace/ZendeskSDKAnalyticsKit.xcframework'. (in target 'ZendeskSDKAnalyticsKitTargets' from project 'ZendeskSDKAnalyticsKit')
/Users/admin/builder/spi-builder-workspace/.dependencies/checkouts/sdk_logger_ios/ZendeskSDKLogger.xcframework:1:1: error: While building for tvOS, no library for this platform was found in '/Users/admin/builder/spi-builder-workspace/.dependencies/checkouts/sdk_logger_ios/ZendeskSDKLogger.xcframework'. (in target 'ZendeskSDKStorage-product' from project 'ZendeskSDKStorage')
/Users/admin/builder/spi-builder-workspace/.dependencies/checkouts/sdk_logger_ios/ZendeskSDKLogger.xcframework:1:1: error: While building for tvOS, no library for this platform was found in '/Users/admin/builder/spi-builder-workspace/.dependencies/checkouts/sdk_logger_ios/ZendeskSDKLogger.xcframework'. (in target 'ZendeskSDKStorage-product' from project 'ZendeskSDKStorage')
/Users/admin/builder/spi-builder-workspace/.dependencies/checkouts/sdk_storage_ios/ZendeskSDKStorage.xcframework:1:1: error: While building for tvOS, no library for this platform was found in '/Users/admin/builder/spi-builder-workspace/.dependencies/checkouts/sdk_storage_ios/ZendeskSDKStorage.xcframework'. (in target 'ZendeskSDKStorage-product' from project 'ZendeskSDKStorage')
/Users/admin/builder/spi-builder-workspace/.dependencies/checkouts/sdk_logger_ios/ZendeskSDKLogger.xcframework:1:1: error: While building for tvOS, no library for this platform was found in '/Users/admin/builder/spi-builder-workspace/.dependencies/checkouts/sdk_logger_ios/ZendeskSDKLogger.xcframework'. (in target 'ZendeskSDKLogger-product' from project 'ZendeskSDKLogger')
/Users/admin/builder/spi-builder-workspace/.dependencies/checkouts/sdk_logger_ios/ZendeskSDKLogger.xcframework:1:1: error: While building for tvOS, no library for this platform was found in '/Users/admin/builder/spi-builder-workspace/.dependencies/checkouts/sdk_logger_ios/ZendeskSDKLogger.xcframework'. (in target 'ZendeskSDKStorageTargets' from project 'ZendeskSDKStorage')
/Users/admin/builder/spi-builder-workspace/.dependencies/checkouts/sdk_storage_ios/ZendeskSDKStorage.xcframework:1:1: error: While building for tvOS, no library for this platform was found in '/Users/admin/builder/spi-builder-workspace/.dependencies/checkouts/sdk_storage_ios/ZendeskSDKStorage.xcframework'. (in target 'ZendeskSDKStorageTargets' from project 'ZendeskSDKStorage')
/Users/admin/builder/spi-builder-workspace/.dependencies/checkouts/sdk_http_client_ios/ZendeskSDKHTTPClient.xcframework:1:1: error: While building for tvOS, no library for this platform was found in '/Users/admin/builder/spi-builder-workspace/.dependencies/checkouts/sdk_http_client_ios/ZendeskSDKHTTPClient.xcframework'. (in target 'ZendeskSDKHTTPClient-product' from project 'ZendeskSDKHTTPClient')
/Users/admin/builder/spi-builder-workspace/.dependencies/checkouts/sdk_logger_ios/ZendeskSDKLogger.xcframework:1:1: error: While building for tvOS, no library for this platform was found in '/Users/admin/builder/spi-builder-workspace/.dependencies/checkouts/sdk_logger_ios/ZendeskSDKLogger.xcframework'. (in target 'ZendeskSDKHTTPClient-product' from project 'ZendeskSDKHTTPClient')
/Users/admin/builder/spi-builder-workspace/.dependencies/checkouts/sdk_logger_ios/ZendeskSDKLogger.xcframework:1:1: error: While building for tvOS, no library for this platform was found in '/Users/admin/builder/spi-builder-workspace/.dependencies/checkouts/sdk_logger_ios/ZendeskSDKLogger.xcframework'. (in target 'ZendeskSDKHTTPClient-product' from project 'ZendeskSDKHTTPClient')
/Users/admin/builder/spi-builder-workspace/.dependencies/checkouts/sdk_core_utilities_ios/ZendeskSDKCoreUtilities.xcframework:1:1: error: While building for tvOS, no library for this platform was found in '/Users/admin/builder/spi-builder-workspace/.dependencies/checkouts/sdk_core_utilities_ios/ZendeskSDKCoreUtilities.xcframework'. (in target 'ZendeskSDKCoreUtilities-product' from project 'ZendeskSDKCoreUtilities')
/Users/admin/builder/spi-builder-workspace/.dependencies/checkouts/sdk_http_client_ios/ZendeskSDKHTTPClient.xcframework:1:1: error: While building for tvOS, no library for this platform was found in '/Users/admin/builder/spi-builder-workspace/.dependencies/checkouts/sdk_http_client_ios/ZendeskSDKHTTPClient.xcframework'. (in target 'ZendeskSDKHTTPClientTargets' from project 'ZendeskSDKHTTPClient')
/Users/admin/builder/spi-builder-workspace/.dependencies/checkouts/sdk_logger_ios/ZendeskSDKLogger.xcframework:1:1: error: While building for tvOS, no library for this platform was found in '/Users/admin/builder/spi-builder-workspace/.dependencies/checkouts/sdk_logger_ios/ZendeskSDKLogger.xcframework'. (in target 'ZendeskSDKHTTPClientTargets' from project 'ZendeskSDKHTTPClient')
2026-10-03 14:18:02.891 xcodebuild[862:5262] [MT] IDERunDestination: Supported platforms for the buildables in the current scheme is empty.
** BUILD FAILED **
The following build commands failed:
Building workspace ZendeskSDKAnalyticsKit with scheme ZendeskSDKAnalyticsKit
(1 failure)
BUILD FAILURE 6.4 tvOS