The Swift Package Index logo.Swift Package Index

Build Information

Failed to build Confetti, reference v2.0.1 (ceef00), with Swift 6.4 for watchOS using Xcode 27.0 on 23 Sep 2026 18:11:49 UTC.

Build Command

env DEVELOPER_DIR=/Applications/Xcode-27.0.0-Release.Candidate.app xcrun xcodebuild -IDEClonedSourcePackagesDirPathOverride=$PWD/.dependencies -skipMacroValidation -skipPackagePluginValidation -derivedDataPath $PWD/.derivedData build -scheme Confetti-Package -destination generic/platform=watchOS

Build Log

========================================
RunAll
========================================
Builder version: 5.1.0
Interrupt handler set up.
========================================
Checkout
========================================
Clone URL: https://github.com/Koshimizu-Takehito/Confetti.git
Reference: v2.0.1
Initialized empty Git repository in /Users/admin/builder/spi-builder-workspace/.git/
From https://github.com/Koshimizu-Takehito/Confetti
 * tag               v2.0.1     -> FETCH_HEAD
HEAD is now at ceef00f Merge pull request #16 from Koshimizu-Takehito/feature/readme
Cloned https://github.com/Koshimizu-Takehito/Confetti.git
Revision (git rev-parse @):
ceef00f4ff0fde8c8dc251bfdad69e20d9e23b38
SPI manifest file found: $PWD/.spi.yml
SUCCESS checkout https://github.com/Koshimizu-Takehito/Confetti.git at v2.0.1
========================================
Build
========================================
Selected platform:         watchOS
Swift version:             6.4
Building package at path:  $PWD
https://github.com/Koshimizu-Takehito/Confetti.git
Command line invocation:
    /Applications/Xcode-27.0.0-Release.Candidate.app/Contents/Developer/usr/bin/xcodebuild -IDEClonedSourcePackagesDirPathOverride=/Users/admin/builder/spi-builder-workspace/.dependencies -resolvePackageDependencies
Resolve Package Graph
Resolve Package Graph
Resolved source packages:
  Confetti: /Users/admin/builder/spi-builder-workspace
resolved source packages: Confetti
2026-09-23 14:11:01.393 xcodebuild[529:3036] [MT] IDERunDestination: Supported platforms for the buildables in the current scheme is empty.
{
  "dependencies" : [
  ],
  "manifest_display_name" : "Confetti",
  "name" : "Confetti",
  "path" : "/Users/admin/builder/spi-builder-workspace",
  "platforms" : [
    {
      "name" : "macos",
      "version" : "15.0"
    },
    {
      "name" : "ios",
      "version" : "18.0"
    }
  ],
  "products" : [
    {
      "name" : "ConfettiPlayback",
      "targets" : [
        "ConfettiPlayback"
      ],
      "type" : {
        "library" : [
          "automatic"
        ]
      }
    },
    {
      "name" : "ConfettiUI",
      "targets" : [
        "ConfettiUI"
      ],
      "type" : {
        "library" : [
          "automatic"
        ]
      }
    }
  ],
  "targets" : [
    {
      "c99name" : "ConfettiUITests",
      "module_type" : "SwiftTarget",
      "name" : "ConfettiUITests",
      "path" : "Tests/ConfettiUITests",
      "sources" : [
        "ConfettiUITests.swift"
      ],
      "target_dependencies" : [
        "ConfettiPlayback",
        "ConfettiUI"
      ],
      "type" : "test"
    },
    {
      "c99name" : "ConfettiUI",
      "module_type" : "SwiftTarget",
      "name" : "ConfettiUI",
      "path" : "Sources/ConfettiUI",
      "product_memberships" : [
        "ConfettiUI"
      ],
      "sources" : [
        "Components/ConfettiTriggerButton.swift",
        "Components/ConfettiTriggerButtonStyle+Environment.swift",
        "Components/ConfettiTriggerButtonStyle.swift",
        "Components/PlaybackControls.swift",
        "Components/TimeSlider.swift",
        "Design/ConfettiDesignTokens+Environment.swift",
        "Design/ConfettiDesignTokens.swift",
        "Exports.swift",
        "Views/ConfettiCanvas.swift",
        "Views/ConfettiPlayerScreen.swift",
        "Views/ConfettiScreen.swift"
      ],
      "target_dependencies" : [
        "ConfettiPlayback"
      ],
      "type" : "library"
    },
    {
      "c99name" : "ConfettiPlayback",
      "module_type" : "SwiftTarget",
      "name" : "ConfettiPlayback",
      "path" : "Sources/ConfettiPlayback",
      "product_memberships" : [
        "ConfettiPlayback",
        "ConfettiUI"
      ],
      "resources" : [
        {
          "path" : "/Users/admin/builder/spi-builder-workspace/Sources/ConfettiPlayback/Resources/Assets.xcassets",
          "rule" : {
            "process" : {
            }
          }
        }
      ],
      "sources" : [
        "Color/DefaultColorSource.swift",
        "Exports.swift",
        "Playback/ConfettiPlayer.swift",
        "Rendering/ParticleRenderStates.swift",
        "Support/DisplayLinkDriver.swift"
      ],
      "target_dependencies" : [
        "ConfettiCore"
      ],
      "type" : "library"
    },
    {
      "c99name" : "ConfettiCoreTests",
      "module_type" : "SwiftTarget",
      "name" : "ConfettiCoreTests",
      "path" : "Tests/ConfettiCoreTests",
      "sources" : [
        "ConfettiRendererTests.swift",
        "ConfettiSimulationTests.swift",
        "Support/SeededRandomNumberGenerator.swift"
      ],
      "target_dependencies" : [
        "ConfettiCore"
      ],
      "type" : "test"
    },
    {
      "c99name" : "ConfettiCore",
      "module_type" : "SwiftTarget",
      "name" : "ConfettiCore",
      "path" : "Sources/ConfettiCore",
      "product_memberships" : [
        "ConfettiPlayback",
        "ConfettiUI"
      ],
      "sources" : [
        "Config/ConfettiConfig.swift",
        "Domain/ConfettiCloud.swift",
        "Domain/Confetto.swift",
        "Protocols/ConfettiColorSource.swift",
        "Rendering/ConfettiRenderer.swift",
        "Rendering/ParticleRenderState.swift",
        "Simulation/ConfettiSimulation.swift"
      ],
      "type" : "library"
    }
  ],
  "tools_version" : "6.0"
}
{
  "workspace" : {
    "name" : "Confetti",
    "schemes" : [
      "Confetti-Package",
      "ConfettiPlayback",
      "ConfettiUI"
    ]
  }
}
2026-09-23 14:11:34.376 xcodebuild[626:3856] [MT] IDERunDestination: Supported platforms for the buildables in the current scheme is empty.
Running build ...
env DEVELOPER_DIR=/Applications/Xcode-27.0.0-Release.Candidate.app xcrun xcodebuild -IDEClonedSourcePackagesDirPathOverride=$PWD/.dependencies -skipMacroValidation -skipPackagePluginValidation -derivedDataPath $PWD/.derivedData build -scheme Confetti-Package -destination generic/platform=watchOS
Command line invocation:
    /Applications/Xcode-27.0.0-Release.Candidate.app/Contents/Developer/usr/bin/xcodebuild -IDEClonedSourcePackagesDirPathOverride=/Users/admin/builder/spi-builder-workspace/.dependencies -skipMacroValidation -skipPackagePluginValidation -derivedDataPath /Users/admin/builder/spi-builder-workspace/.derivedData build -scheme Confetti-Package -destination generic/platform=watchOS
Resolve Package Graph
Resolved source packages:
  Confetti: /Users/admin/builder/spi-builder-workspace
ComputePackagePrebuildTargetDependencyGraph
Prepare packages
CreateBuildRequest
SendProjectDescription
CreateBuildOperation
ComputeTargetDependencyGraph
note: Building targets in dependency order
note: Target dependency graph (6 targets)
    Target 'ConfettiUI-product' in project 'Confetti'
        ➜ Explicit dependency on target 'ConfettiUI' in project 'Confetti'
        ➜ Explicit dependency on target 'ConfettiCore' in project 'Confetti'
        ➜ Explicit dependency on target 'ConfettiPlayback' in project 'Confetti'
    Target 'ConfettiUI' in project 'Confetti'
        ➜ Explicit dependency on target 'ConfettiCore' in project 'Confetti'
        ➜ Explicit dependency on target 'ConfettiPlayback' in project 'Confetti'
    Target 'ConfettiPlayback-product' in project 'Confetti'
        ➜ Explicit dependency on target 'ConfettiPlayback' in project 'Confetti'
        ➜ Explicit dependency on target 'Confetti_ConfettiPlayback' in project 'Confetti'
        ➜ Explicit dependency on target 'ConfettiCore' in project 'Confetti'
    Target 'ConfettiPlayback' in project 'Confetti'
        ➜ Explicit dependency on target 'Confetti_ConfettiPlayback' in project 'Confetti'
        ➜ Explicit dependency on target 'ConfettiCore' in project 'Confetti'
    Target 'ConfettiCore' in project 'Confetti' (no dependencies)
    Target 'Confetti_ConfettiPlayback' in project 'Confetti' (no dependencies)
GatherProvisioningInputs
CreateBuildDescription
ExecuteExternalTool /Applications/Xcode-27.0.0-Release.Candidate.app/Contents/Developer/usr/bin/actool --version --output-format xml1
ExecuteExternalTool /Applications/Xcode-27.0.0-Release.Candidate.app/Contents/Developer/Toolchains/XcodeDefault.xctoolchain/usr/bin/clang -v -E -dM -isysroot /Applications/Xcode-27.0.0-Release.Candidate.app/Contents/Developer/Platforms/WatchOS.platform/Developer/SDKs/WatchOS27.0.sdk -x c -c /dev/null
ExecuteExternalTool /Applications/Xcode-27.0.0-Release.Candidate.app/Contents/Developer/Toolchains/XcodeDefault.xctoolchain/usr/bin/swiftc --version
ExecuteExternalTool /Applications/Xcode-27.0.0-Release.Candidate.app/Contents/Developer/Toolchains/XcodeDefault.xctoolchain/usr/bin/ld -version_details
ReadFileContents /Applications/Xcode-27.0.0-Release.Candidate.app/Contents/Developer/Toolchains/XcodeDefault.xctoolchain/usr/share/docc/features.json
Build description signature: baba0a95fc1dee655fe26f9d9e2eb614
Build description path: /Users/admin/builder/spi-builder-workspace/.derivedData/Build/Intermediates.noindex/XCBuildData/baba0a95fc1dee655fe26f9d9e2eb614.xcbuilddata
CreateBuildDirectory /Users/admin/builder/spi-builder-workspace/.derivedData/SDKExplicitPrecompiledModules
    cd /Users/admin/builder/spi-builder-workspace/.swiftpm/xcode
    builtin-create-build-directory /Users/admin/builder/spi-builder-workspace/.derivedData/SDKExplicitPrecompiledModules
CreateBuildDirectory /Users/admin/builder/spi-builder-workspace/.derivedData/ModuleCache.noindex
    cd /Users/admin/builder/spi-builder-workspace/.swiftpm/xcode
    builtin-create-build-directory /Users/admin/builder/spi-builder-workspace/.derivedData/ModuleCache.noindex
CreateBuildDirectory /Users/admin/builder/spi-builder-workspace/.derivedData/CompilationCache.noindex
    cd /Users/admin/builder/spi-builder-workspace/.swiftpm/xcode
    builtin-create-build-directory /Users/admin/builder/spi-builder-workspace/.derivedData/CompilationCache.noindex
CreateBuildDirectory /Users/admin/builder/spi-builder-workspace/.derivedData/Build/Products
    cd /Users/admin/builder/spi-builder-workspace/.swiftpm/xcode
    builtin-create-build-directory /Users/admin/builder/spi-builder-workspace/.derivedData/Build/Products
CreateBuildDirectory /Users/admin/builder/spi-builder-workspace/.derivedData/Build/Intermediates.noindex
    cd /Users/admin/builder/spi-builder-workspace/.swiftpm/xcode
    builtin-create-build-directory /Users/admin/builder/spi-builder-workspace/.derivedData/Build/Intermediates.noindex
ClangStatCache /Applications/Xcode-27.0.0-Release.Candidate.app/Contents/Developer/Toolchains/XcodeDefault.xctoolchain/usr/bin/clang-stat-cache /Applications/Xcode-27.0.0-Release.Candidate.app/Contents/Developer/Platforms/WatchOS.platform/Developer/SDKs/WatchOS27.0.sdk /Users/admin/builder/spi-builder-workspace/.derivedData/SDKStatCaches.noindex/watchos27.0-24R360-e829b21a6f8c9b70876ba0858053c04477534ef55a1706bf4c1112bbb242f0a2.sdkstatcache
    cd /Users/admin/builder/spi-builder-workspace/.swiftpm/xcode
    /Applications/Xcode-27.0.0-Release.Candidate.app/Contents/Developer/Toolchains/XcodeDefault.xctoolchain/usr/bin/clang-stat-cache /Applications/Xcode-27.0.0-Release.Candidate.app/Contents/Developer/Platforms/WatchOS.platform/Developer/SDKs/WatchOS27.0.sdk -o /Users/admin/builder/spi-builder-workspace/.derivedData/SDKStatCaches.noindex/watchos27.0-24R360-e829b21a6f8c9b70876ba0858053c04477534ef55a1706bf4c1112bbb242f0a2.sdkstatcache
CreateBuildDirectory /Users/admin/builder/spi-builder-workspace/.derivedData/Build/Products/Debug-watchos
    cd /Users/admin/builder/spi-builder-workspace/.swiftpm/xcode
    builtin-create-build-directory /Users/admin/builder/spi-builder-workspace/.derivedData/Build/Products/Debug-watchos
CreateBuildDirectory /Users/admin/builder/spi-builder-workspace/.derivedData/Build/Intermediates.noindex/PrecompiledHeaders
    cd /Users/admin/builder/spi-builder-workspace/.swiftpm/xcode
    builtin-create-build-directory /Users/admin/builder/spi-builder-workspace/.derivedData/Build/Intermediates.noindex/PrecompiledHeaders
CreateBuildDirectory /Users/admin/builder/spi-builder-workspace/.derivedData/Build/Intermediates.noindex/ExplicitPrecompiledModules
    cd /Users/admin/builder/spi-builder-workspace/.swiftpm/xcode
    builtin-create-build-directory /Users/admin/builder/spi-builder-workspace/.derivedData/Build/Intermediates.noindex/ExplicitPrecompiledModules
CreateBuildDirectory /Users/admin/builder/spi-builder-workspace/.derivedData/Build/Intermediates.noindex/SwiftExplicitPrecompiledModules
    cd /Users/admin/builder/spi-builder-workspace/.swiftpm/xcode
    builtin-create-build-directory /Users/admin/builder/spi-builder-workspace/.derivedData/Build/Intermediates.noindex/SwiftExplicitPrecompiledModules
CreateBuildDirectory /Users/admin/builder/spi-builder-workspace/.derivedData/Build/Intermediates.noindex/EagerLinkingTBDs/Debug-watchos
    cd /Users/admin/builder/spi-builder-workspace/.swiftpm/xcode
    builtin-create-build-directory /Users/admin/builder/spi-builder-workspace/.derivedData/Build/Intermediates.noindex/EagerLinkingTBDs/Debug-watchos
CreateBuildDirectory /Users/admin/builder/spi-builder-workspace/.derivedData/Build/Products/Debug-watchos/PackageFrameworks
    cd /Users/admin/builder/spi-builder-workspace/.swiftpm/xcode
    builtin-create-build-directory /Users/admin/builder/spi-builder-workspace/.derivedData/Build/Products/Debug-watchos/PackageFrameworks
MkDir /Users/admin/builder/spi-builder-workspace/.derivedData/Build/Products/Debug-watchos/Confetti_ConfettiPlayback.bundle (in target 'Confetti_ConfettiPlayback' from project 'Confetti')
    cd /Users/admin/builder/spi-builder-workspace
    /bin/mkdir -p /Users/admin/builder/spi-builder-workspace/.derivedData/Build/Products/Debug-watchos/Confetti_ConfettiPlayback.bundle
WriteAuxiliaryFile /Users/admin/builder/spi-builder-workspace/.derivedData/Build/Intermediates.noindex/Confetti.build/Debug-watchos/Confetti_ConfettiPlayback-b.build/Confetti_ConfettiPlayback.DependencyStaticMetadataFileList (in target 'Confetti_ConfettiPlayback' from project 'Confetti')
    cd /Users/admin/builder/spi-builder-workspace
    write-file /Users/admin/builder/spi-builder-workspace/.derivedData/Build/Intermediates.noindex/Confetti.build/Debug-watchos/Confetti_ConfettiPlayback-b.build/Confetti_ConfettiPlayback.DependencyStaticMetadataFileList
WriteAuxiliaryFile /Users/admin/builder/spi-builder-workspace/.derivedData/Build/Intermediates.noindex/Confetti.build/Debug-watchos/Confetti_ConfettiPlayback-b.build/empty-Confetti_ConfettiPlayback.plist (in target 'Confetti_ConfettiPlayback' from project 'Confetti')
    cd /Users/admin/builder/spi-builder-workspace
    write-file /Users/admin/builder/spi-builder-workspace/.derivedData/Build/Intermediates.noindex/Confetti.build/Debug-watchos/Confetti_ConfettiPlayback-b.build/empty-Confetti_ConfettiPlayback.plist
WriteAuxiliaryFile /Users/admin/builder/spi-builder-workspace/.derivedData/Build/Intermediates.noindex/Confetti.build/Debug-watchos/ConfettiUI-t.build/ConfettiUI.modulemap (in target 'ConfettiUI' from project 'Confetti')
    cd /Users/admin/builder/spi-builder-workspace
    write-file /Users/admin/builder/spi-builder-workspace/.derivedData/Build/Intermediates.noindex/Confetti.build/Debug-watchos/ConfettiUI-t.build/ConfettiUI.modulemap
WriteAuxiliaryFile /Users/admin/builder/spi-builder-workspace/.derivedData/Build/Intermediates.noindex/Confetti.build/Debug-watchos/Confetti_ConfettiPlayback-b.build/Confetti_ConfettiPlayback.DependencyMetadataFileList (in target 'Confetti_ConfettiPlayback' from project 'Confetti')
    cd /Users/admin/builder/spi-builder-workspace
    write-file /Users/admin/builder/spi-builder-workspace/.derivedData/Build/Intermediates.noindex/Confetti.build/Debug-watchos/Confetti_ConfettiPlayback-b.build/Confetti_ConfettiPlayback.DependencyMetadataFileList
WriteAuxiliaryFile /Users/admin/builder/spi-builder-workspace/.derivedData/Build/Intermediates.noindex/Confetti.build/Debug-watchos/ConfettiUI-t.build/Objects-normal/arm64_32/ConfettiUI.SwiftConstValuesFileList (in target 'ConfettiUI' from project 'Confetti')
    cd /Users/admin/builder/spi-builder-workspace
    write-file /Users/admin/builder/spi-builder-workspace/.derivedData/Build/Intermediates.noindex/Confetti.build/Debug-watchos/ConfettiUI-t.build/Objects-normal/arm64_32/ConfettiUI.SwiftConstValuesFileList
WriteAuxiliaryFile /Users/admin/builder/spi-builder-workspace/.derivedData/Build/Intermediates.noindex/Confetti.build/Debug-watchos/ConfettiUI-t.build/Objects-normal/arm64_32/ConfettiUI_const_extract_protocols.json (in target 'ConfettiUI' from project 'Confetti')
    cd /Users/admin/builder/spi-builder-workspace
    write-file /Users/admin/builder/spi-builder-workspace/.derivedData/Build/Intermediates.noindex/Confetti.build/Debug-watchos/ConfettiUI-t.build/Objects-normal/arm64_32/ConfettiUI_const_extract_protocols.json
WriteAuxiliaryFile /Users/admin/builder/spi-builder-workspace/.derivedData/Build/Intermediates.noindex/Confetti.build/Debug-watchos/ConfettiUI-t.build/Objects-normal/arm64_32/ConfettiUI-OutputFileMap.json (in target 'ConfettiUI' from project 'Confetti')
    cd /Users/admin/builder/spi-builder-workspace
    write-file /Users/admin/builder/spi-builder-workspace/.derivedData/Build/Intermediates.noindex/Confetti.build/Debug-watchos/ConfettiUI-t.build/Objects-normal/arm64_32/ConfettiUI-OutputFileMap.json
WriteAuxiliaryFile /Users/admin/builder/spi-builder-workspace/.derivedData/Build/Intermediates.noindex/Confetti.build/Debug-watchos/ConfettiUI-t.build/Objects-normal/arm64_32/ConfettiUI.LinkFileList (in target 'ConfettiUI' from project 'Confetti')
    cd /Users/admin/builder/spi-builder-workspace
    write-file /Users/admin/builder/spi-builder-workspace/.derivedData/Build/Intermediates.noindex/Confetti.build/Debug-watchos/ConfettiUI-t.build/Objects-normal/arm64_32/ConfettiUI.LinkFileList
WriteAuxiliaryFile /Users/admin/builder/spi-builder-workspace/.derivedData/Build/Intermediates.noindex/Confetti.build/Debug-watchos/ConfettiUI-t.build/Objects-normal/arm64_32/ConfettiUI.SwiftFileList (in target 'ConfettiUI' from project 'Confetti')
    cd /Users/admin/builder/spi-builder-workspace
    write-file /Users/admin/builder/spi-builder-workspace/.derivedData/Build/Intermediates.noindex/Confetti.build/Debug-watchos/ConfettiUI-t.build/Objects-normal/arm64_32/ConfettiUI.SwiftFileList
WriteAuxiliaryFile /Users/admin/builder/spi-builder-workspace/.derivedData/Build/Intermediates.noindex/Confetti.build/Debug-watchos/ConfettiUI-t.build/Objects-normal/arm64/ConfettiUI_const_extract_protocols.json (in target 'ConfettiUI' from project 'Confetti')
    cd /Users/admin/builder/spi-builder-workspace
    write-file /Users/admin/builder/spi-builder-workspace/.derivedData/Build/Intermediates.noindex/Confetti.build/Debug-watchos/ConfettiUI-t.build/Objects-normal/arm64/ConfettiUI_const_extract_protocols.json
WriteAuxiliaryFile /Users/admin/builder/spi-builder-workspace/.derivedData/Build/Intermediates.noindex/Confetti.build/Debug-watchos/ConfettiUI-t.build/Objects-normal/arm64/ConfettiUI.LinkFileList (in target 'ConfettiUI' from project 'Confetti')
    cd /Users/admin/builder/spi-builder-workspace
    write-file /Users/admin/builder/spi-builder-workspace/.derivedData/Build/Intermediates.noindex/Confetti.build/Debug-watchos/ConfettiUI-t.build/Objects-normal/arm64/ConfettiUI.LinkFileList
WriteAuxiliaryFile /Users/admin/builder/spi-builder-workspace/.derivedData/Build/Intermediates.noindex/Confetti.build/Debug-watchos/ConfettiUI-t.build/Objects-normal/arm64/ConfettiUI.SwiftConstValuesFileList (in target 'ConfettiUI' from project 'Confetti')
    cd /Users/admin/builder/spi-builder-workspace
    write-file /Users/admin/builder/spi-builder-workspace/.derivedData/Build/Intermediates.noindex/Confetti.build/Debug-watchos/ConfettiUI-t.build/Objects-normal/arm64/ConfettiUI.SwiftConstValuesFileList
WriteAuxiliaryFile /Users/admin/builder/spi-builder-workspace/.derivedData/Build/Intermediates.noindex/Confetti.build/Debug-watchos/ConfettiUI-t.build/Objects-normal/arm64/ConfettiUI-OutputFileMap.json (in target 'ConfettiUI' from project 'Confetti')
    cd /Users/admin/builder/spi-builder-workspace
    write-file /Users/admin/builder/spi-builder-workspace/.derivedData/Build/Intermediates.noindex/Confetti.build/Debug-watchos/ConfettiUI-t.build/Objects-normal/arm64/ConfettiUI-OutputFileMap.json
WriteAuxiliaryFile /Users/admin/builder/spi-builder-workspace/.derivedData/Build/Intermediates.noindex/Confetti.build/Debug-watchos/ConfettiUI-t.build/Objects-normal/arm64/ConfettiUI.SwiftFileList (in target 'ConfettiUI' from project 'Confetti')
    cd /Users/admin/builder/spi-builder-workspace
    write-file /Users/admin/builder/spi-builder-workspace/.derivedData/Build/Intermediates.noindex/Confetti.build/Debug-watchos/ConfettiUI-t.build/Objects-normal/arm64/ConfettiUI.SwiftFileList
WriteAuxiliaryFile /Users/admin/builder/spi-builder-workspace/.derivedData/Build/Intermediates.noindex/Confetti.build/Debug-watchos/ConfettiUI-t.build/ConfettiUI.DependencyStaticMetadataFileList (in target 'ConfettiUI' from project 'Confetti')
    cd /Users/admin/builder/spi-builder-workspace
    write-file /Users/admin/builder/spi-builder-workspace/.derivedData/Build/Intermediates.noindex/Confetti.build/Debug-watchos/ConfettiUI-t.build/ConfettiUI.DependencyStaticMetadataFileList
WriteAuxiliaryFile /Users/admin/builder/spi-builder-workspace/.derivedData/Build/Intermediates.noindex/Confetti.build/Debug-watchos/ConfettiUI-t.build/ConfettiUI.DependencyMetadataFileList (in target 'ConfettiUI' from project 'Confetti')
    cd /Users/admin/builder/spi-builder-workspace
    write-file /Users/admin/builder/spi-builder-workspace/.derivedData/Build/Intermediates.noindex/Confetti.build/Debug-watchos/ConfettiUI-t.build/ConfettiUI.DependencyMetadataFileList
Copy /Users/admin/builder/spi-builder-workspace/.derivedData/Build/Intermediates.noindex/GeneratedModuleMaps-watchos/ConfettiUI.modulemap /Users/admin/builder/spi-builder-workspace/.derivedData/Build/Intermediates.noindex/Confetti.build/Debug-watchos/ConfettiUI-t.build/ConfettiUI.modulemap (in target 'ConfettiUI' from project 'Confetti')
    cd /Users/admin/builder/spi-builder-workspace
    builtin-copy -exclude .DS_Store -exclude CVS -exclude .svn -exclude .git -exclude .hg -resolve-src-symlinks /Users/admin/builder/spi-builder-workspace/.derivedData/Build/Intermediates.noindex/Confetti.build/Debug-watchos/ConfettiUI-t.build/ConfettiUI.modulemap /Users/admin/builder/spi-builder-workspace/.derivedData/Build/Intermediates.noindex/GeneratedModuleMaps-watchos
WriteAuxiliaryFile /Users/admin/builder/spi-builder-workspace/.derivedData/Build/Intermediates.noindex/Confetti.build/Debug-watchos/ConfettiPlayback-t.build/Objects-normal/arm64_32/ConfettiPlayback_const_extract_protocols.json (in target 'ConfettiPlayback' from project 'Confetti')
    cd /Users/admin/builder/spi-builder-workspace
    write-file /Users/admin/builder/spi-builder-workspace/.derivedData/Build/Intermediates.noindex/Confetti.build/Debug-watchos/ConfettiPlayback-t.build/Objects-normal/arm64_32/ConfettiPlayback_const_extract_protocols.json
WriteAuxiliaryFile /Users/admin/builder/spi-builder-workspace/.derivedData/Build/Intermediates.noindex/Confetti.build/Debug-watchos/ConfettiPlayback-t.build/Objects-normal/arm64_32/ConfettiPlayback.SwiftFileList (in target 'ConfettiPlayback' from project 'Confetti')
    cd /Users/admin/builder/spi-builder-workspace
    write-file /Users/admin/builder/spi-builder-workspace/.derivedData/Build/Intermediates.noindex/Confetti.build/Debug-watchos/ConfettiPlayback-t.build/Objects-normal/arm64_32/ConfettiPlayback.SwiftFileList
WriteAuxiliaryFile /Users/admin/builder/spi-builder-workspace/.derivedData/Build/Intermediates.noindex/Confetti.build/Debug-watchos/ConfettiPlayback-t.build/Objects-normal/arm64_32/ConfettiPlayback.SwiftConstValuesFileList (in target 'ConfettiPlayback' from project 'Confetti')
    cd /Users/admin/builder/spi-builder-workspace
    write-file /Users/admin/builder/spi-builder-workspace/.derivedData/Build/Intermediates.noindex/Confetti.build/Debug-watchos/ConfettiPlayback-t.build/Objects-normal/arm64_32/ConfettiPlayback.SwiftConstValuesFileList
WriteAuxiliaryFile /Users/admin/builder/spi-builder-workspace/.derivedData/Build/Intermediates.noindex/Confetti.build/Debug-watchos/ConfettiPlayback-t.build/Objects-normal/arm64_32/ConfettiPlayback-OutputFileMap.json (in target 'ConfettiPlayback' from project 'Confetti')
    cd /Users/admin/builder/spi-builder-workspace
    write-file /Users/admin/builder/spi-builder-workspace/.derivedData/Build/Intermediates.noindex/Confetti.build/Debug-watchos/ConfettiPlayback-t.build/Objects-normal/arm64_32/ConfettiPlayback-OutputFileMap.json
WriteAuxiliaryFile /Users/admin/builder/spi-builder-workspace/.derivedData/Build/Intermediates.noindex/Confetti.build/Debug-watchos/ConfettiPlayback-t.build/Objects-normal/arm64_32/ConfettiPlayback.LinkFileList (in target 'ConfettiPlayback' from project 'Confetti')
    cd /Users/admin/builder/spi-builder-workspace
    write-file /Users/admin/builder/spi-builder-workspace/.derivedData/Build/Intermediates.noindex/Confetti.build/Debug-watchos/ConfettiPlayback-t.build/Objects-normal/arm64_32/ConfettiPlayback.LinkFileList
WriteAuxiliaryFile /Users/admin/builder/spi-builder-workspace/.derivedData/Build/Intermediates.noindex/Confetti.build/Debug-watchos/ConfettiPlayback-t.build/Objects-normal/arm64/ConfettiPlayback.SwiftConstValuesFileList (in target 'ConfettiPlayback' from project 'Confetti')
    cd /Users/admin/builder/spi-builder-workspace
    write-file /Users/admin/builder/spi-builder-workspace/.derivedData/Build/Intermediates.noindex/Confetti.build/Debug-watchos/ConfettiPlayback-t.build/Objects-normal/arm64/ConfettiPlayback.SwiftConstValuesFileList
WriteAuxiliaryFile /Users/admin/builder/spi-builder-workspace/.derivedData/Build/Intermediates.noindex/Confetti.build/Debug-watchos/ConfettiPlayback-t.build/Objects-normal/arm64/ConfettiPlayback.SwiftFileList (in target 'ConfettiPlayback' from project 'Confetti')
    cd /Users/admin/builder/spi-builder-workspace
    write-file /Users/admin/builder/spi-builder-workspace/.derivedData/Build/Intermediates.noindex/Confetti.build/Debug-watchos/ConfettiPlayback-t.build/Objects-normal/arm64/ConfettiPlayback.SwiftFileList
WriteAuxiliaryFile /Users/admin/builder/spi-builder-workspace/.derivedData/Build/Intermediates.noindex/Confetti.build/Debug-watchos/ConfettiPlayback-t.build/Objects-normal/arm64/ConfettiPlayback_const_extract_protocols.json (in target 'ConfettiPlayback' from project 'Confetti')
    cd /Users/admin/builder/spi-builder-workspace
    write-file /Users/admin/builder/spi-builder-workspace/.derivedData/Build/Intermediates.noindex/Confetti.build/Debug-watchos/ConfettiPlayback-t.build/Objects-normal/arm64/ConfettiPlayback_const_extract_protocols.json
WriteAuxiliaryFile /Users/admin/builder/spi-builder-workspace/.derivedData/Build/Intermediates.noindex/Confetti.build/Debug-watchos/ConfettiPlayback-t.build/Objects-normal/arm64/ConfettiPlayback.LinkFileList (in target 'ConfettiPlayback' from project 'Confetti')
    cd /Users/admin/builder/spi-builder-workspace
    write-file /Users/admin/builder/spi-builder-workspace/.derivedData/Build/Intermediates.noindex/Confetti.build/Debug-watchos/ConfettiPlayback-t.build/Objects-normal/arm64/ConfettiPlayback.LinkFileList
WriteAuxiliaryFile /Users/admin/builder/spi-builder-workspace/.derivedData/Build/Intermediates.noindex/Confetti.build/Debug-watchos/ConfettiPlayback-t.build/Objects-normal/arm64/ConfettiPlayback-OutputFileMap.json (in target 'ConfettiPlayback' from project 'Confetti')
    cd /Users/admin/builder/spi-builder-workspace
    write-file /Users/admin/builder/spi-builder-workspace/.derivedData/Build/Intermediates.noindex/Confetti.build/Debug-watchos/ConfettiPlayback-t.build/Objects-normal/arm64/ConfettiPlayback-OutputFileMap.json
WriteAuxiliaryFile /Users/admin/builder/spi-builder-workspace/.derivedData/Build/Intermediates.noindex/Confetti.build/Debug-watchos/ConfettiPlayback-t.build/ConfettiPlayback.modulemap (in target 'ConfettiPlayback' from project 'Confetti')
    cd /Users/admin/builder/spi-builder-workspace
    write-file /Users/admin/builder/spi-builder-workspace/.derivedData/Build/Intermediates.noindex/Confetti.build/Debug-watchos/ConfettiPlayback-t.build/ConfettiPlayback.modulemap
WriteAuxiliaryFile /Users/admin/builder/spi-builder-workspace/.derivedData/Build/Intermediates.noindex/Confetti.build/Debug-watchos/ConfettiPlayback-t.build/ConfettiPlayback.DependencyStaticMetadataFileList (in target 'ConfettiPlayback' from project 'Confetti')
    cd /Users/admin/builder/spi-builder-workspace
    write-file /Users/admin/builder/spi-builder-workspace/.derivedData/Build/Intermediates.noindex/Confetti.build/Debug-watchos/ConfettiPlayback-t.build/ConfettiPlayback.DependencyStaticMetadataFileList
WriteAuxiliaryFile /Users/admin/builder/spi-builder-workspace/.derivedData/Build/Intermediates.noindex/Confetti.build/Debug-watchos/ConfettiPlayback-t.build/DerivedSources/resource_bundle_accessor.swift (in target 'ConfettiPlayback' from project 'Confetti')
    cd /Users/admin/builder/spi-builder-workspace
    write-file /Users/admin/builder/spi-builder-workspace/.derivedData/Build/Intermediates.noindex/Confetti.build/Debug-watchos/ConfettiPlayback-t.build/DerivedSources/resource_bundle_accessor.swift
WriteAuxiliaryFile /Users/admin/builder/spi-builder-workspace/.derivedData/Build/Intermediates.noindex/Confetti.build/Debug-watchos/ConfettiPlayback-t.build/ConfettiPlayback.DependencyMetadataFileList (in target 'ConfettiPlayback' from project 'Confetti')
    cd /Users/admin/builder/spi-builder-workspace
    write-file /Users/admin/builder/spi-builder-workspace/.derivedData/Build/Intermediates.noindex/Confetti.build/Debug-watchos/ConfettiPlayback-t.build/ConfettiPlayback.DependencyMetadataFileList
WriteAuxiliaryFile /Users/admin/builder/spi-builder-workspace/.derivedData/Build/Intermediates.noindex/Confetti.build/Debug-watchos/ConfettiCore-t.build/Objects-normal/arm64_32/ConfettiCore.SwiftFileList (in target 'ConfettiCore' from project 'Confetti')
    cd /Users/admin/builder/spi-builder-workspace
    write-file /Users/admin/builder/spi-builder-workspace/.derivedData/Build/Intermediates.noindex/Confetti.build/Debug-watchos/ConfettiCore-t.build/Objects-normal/arm64_32/ConfettiCore.SwiftFileList
WriteAuxiliaryFile /Users/admin/builder/spi-builder-workspace/.derivedData/Build/Intermediates.noindex/Confetti.build/Debug-watchos/ConfettiCore-t.build/Objects-normal/arm64_32/ConfettiCore.SwiftConstValuesFileList (in target 'ConfettiCore' from project 'Confetti')
    cd /Users/admin/builder/spi-builder-workspace
    write-file /Users/admin/builder/spi-builder-workspace/.derivedData/Build/Intermediates.noindex/Confetti.build/Debug-watchos/ConfettiCore-t.build/Objects-normal/arm64_32/ConfettiCore.SwiftConstValuesFileList
WriteAuxiliaryFile /Users/admin/builder/spi-builder-workspace/.derivedData/Build/Intermediates.noindex/Confetti.build/Debug-watchos/ConfettiCore-t.build/Objects-normal/arm64_32/ConfettiCore_const_extract_protocols.json (in target 'ConfettiCore' from project 'Confetti')
    cd /Users/admin/builder/spi-builder-workspace
    write-file /Users/admin/builder/spi-builder-workspace/.derivedData/Build/Intermediates.noindex/Confetti.build/Debug-watchos/ConfettiCore-t.build/Objects-normal/arm64_32/ConfettiCore_const_extract_protocols.json
WriteAuxiliaryFile /Users/admin/builder/spi-builder-workspace/.derivedData/Build/Intermediates.noindex/Confetti.build/Debug-watchos/ConfettiCore-t.build/Objects-normal/arm64_32/ConfettiCore.LinkFileList (in target 'ConfettiCore' from project 'Confetti')
    cd /Users/admin/builder/spi-builder-workspace
    write-file /Users/admin/builder/spi-builder-workspace/.derivedData/Build/Intermediates.noindex/Confetti.build/Debug-watchos/ConfettiCore-t.build/Objects-normal/arm64_32/ConfettiCore.LinkFileList
WriteAuxiliaryFile /Users/admin/builder/spi-builder-workspace/.derivedData/Build/Intermediates.noindex/Confetti.build/Debug-watchos/ConfettiCore-t.build/Objects-normal/arm64_32/ConfettiCore-OutputFileMap.json (in target 'ConfettiCore' from project 'Confetti')
    cd /Users/admin/builder/spi-builder-workspace
    write-file /Users/admin/builder/spi-builder-workspace/.derivedData/Build/Intermediates.noindex/Confetti.build/Debug-watchos/ConfettiCore-t.build/Objects-normal/arm64_32/ConfettiCore-OutputFileMap.json
WriteAuxiliaryFile /Users/admin/builder/spi-builder-workspace/.derivedData/Build/Intermediates.noindex/Confetti.build/Debug-watchos/ConfettiCore-t.build/Objects-normal/arm64/ConfettiCore_const_extract_protocols.json (in target 'ConfettiCore' from project 'Confetti')
    cd /Users/admin/builder/spi-builder-workspace
    write-file /Users/admin/builder/spi-builder-workspace/.derivedData/Build/Intermediates.noindex/Confetti.build/Debug-watchos/ConfettiCore-t.build/Objects-normal/arm64/ConfettiCore_const_extract_protocols.json
Copy /Users/admin/builder/spi-builder-workspace/.derivedData/Build/Intermediates.noindex/GeneratedModuleMaps-watchos/ConfettiPlayback.modulemap /Users/admin/builder/spi-builder-workspace/.derivedData/Build/Intermediates.noindex/Confetti.build/Debug-watchos/ConfettiPlayback-t.build/ConfettiPlayback.modulemap (in target 'ConfettiPlayback' from project 'Confetti')
    cd /Users/admin/builder/spi-builder-workspace
    builtin-copy -exclude .DS_Store -exclude CVS -exclude .svn -exclude .git -exclude .hg -resolve-src-symlinks /Users/admin/builder/spi-builder-workspace/.derivedData/Build/Intermediates.noindex/Confetti.build/Debug-watchos/ConfettiPlayback-t.build/ConfettiPlayback.modulemap /Users/admin/builder/spi-builder-workspace/.derivedData/Build/Intermediates.noindex/GeneratedModuleMaps-watchos
WriteAuxiliaryFile /Users/admin/builder/spi-builder-workspace/.derivedData/Build/Intermediates.noindex/Confetti.build/Debug-watchos/ConfettiCore-t.build/Objects-normal/arm64/ConfettiCore.SwiftFileList (in target 'ConfettiCore' from project 'Confetti')
    cd /Users/admin/builder/spi-builder-workspace
    write-file /Users/admin/builder/spi-builder-workspace/.derivedData/Build/Intermediates.noindex/Confetti.build/Debug-watchos/ConfettiCore-t.build/Objects-normal/arm64/ConfettiCore.SwiftFileList
WriteAuxiliaryFile /Users/admin/builder/spi-builder-workspace/.derivedData/Build/Intermediates.noindex/Confetti.build/Debug-watchos/ConfettiCore-t.build/Objects-normal/arm64/ConfettiCore.SwiftConstValuesFileList (in target 'ConfettiCore' from project 'Confetti')
    cd /Users/admin/builder/spi-builder-workspace
    write-file /Users/admin/builder/spi-builder-workspace/.derivedData/Build/Intermediates.noindex/Confetti.build/Debug-watchos/ConfettiCore-t.build/Objects-normal/arm64/ConfettiCore.SwiftConstValuesFileList
WriteAuxiliaryFile /Users/admin/builder/spi-builder-workspace/.derivedData/Build/Intermediates.noindex/Confetti.build/Debug-watchos/ConfettiCore-t.build/Objects-normal/arm64/ConfettiCore.LinkFileList (in target 'ConfettiCore' from project 'Confetti')
    cd /Users/admin/builder/spi-builder-workspace
    write-file /Users/admin/builder/spi-builder-workspace/.derivedData/Build/Intermediates.noindex/Confetti.build/Debug-watchos/ConfettiCore-t.build/Objects-normal/arm64/ConfettiCore.LinkFileList
WriteAuxiliaryFile /Users/admin/builder/spi-builder-workspace/.derivedData/Build/Intermediates.noindex/Confetti.build/Debug-watchos/ConfettiCore-t.build/Objects-normal/arm64/ConfettiCore-OutputFileMap.json (in target 'ConfettiCore' from project 'Confetti')
    cd /Users/admin/builder/spi-builder-workspace
    write-file /Users/admin/builder/spi-builder-workspace/.derivedData/Build/Intermediates.noindex/Confetti.build/Debug-watchos/ConfettiCore-t.build/Objects-normal/arm64/ConfettiCore-OutputFileMap.json
WriteAuxiliaryFile /Users/admin/builder/spi-builder-workspace/.derivedData/Build/Intermediates.noindex/Confetti.build/Debug-watchos/ConfettiCore-t.build/ConfettiCore.modulemap (in target 'ConfettiCore' from project 'Confetti')
    cd /Users/admin/builder/spi-builder-workspace
    write-file /Users/admin/builder/spi-builder-workspace/.derivedData/Build/Intermediates.noindex/Confetti.build/Debug-watchos/ConfettiCore-t.build/ConfettiCore.modulemap
WriteAuxiliaryFile /Users/admin/builder/spi-builder-workspace/.derivedData/Build/Intermediates.noindex/Confetti.build/Debug-watchos/ConfettiCore-t.build/ConfettiCore.DependencyStaticMetadataFileList (in target 'ConfettiCore' from project 'Confetti')
    cd /Users/admin/builder/spi-builder-workspace
    write-file /Users/admin/builder/spi-builder-workspace/.derivedData/Build/Intermediates.noindex/Confetti.build/Debug-watchos/ConfettiCore-t.build/ConfettiCore.DependencyStaticMetadataFileList
WriteAuxiliaryFile /Users/admin/builder/spi-builder-workspace/.derivedData/Build/Intermediates.noindex/Confetti.build/Debug-watchos/ConfettiCore-t.build/ConfettiCore.DependencyMetadataFileList (in target 'ConfettiCore' from project 'Confetti')
    cd /Users/admin/builder/spi-builder-workspace
    write-file /Users/admin/builder/spi-builder-workspace/.derivedData/Build/Intermediates.noindex/Confetti.build/Debug-watchos/ConfettiCore-t.build/ConfettiCore.DependencyMetadataFileList
Copy /Users/admin/builder/spi-builder-workspace/.derivedData/Build/Intermediates.noindex/GeneratedModuleMaps-watchos/ConfettiCore.modulemap /Users/admin/builder/spi-builder-workspace/.derivedData/Build/Intermediates.noindex/Confetti.build/Debug-watchos/ConfettiCore-t.build/ConfettiCore.modulemap (in target 'ConfettiCore' from project 'Confetti')
    cd /Users/admin/builder/spi-builder-workspace
    builtin-copy -exclude .DS_Store -exclude CVS -exclude .svn -exclude .git -exclude .hg -resolve-src-symlinks /Users/admin/builder/spi-builder-workspace/.derivedData/Build/Intermediates.noindex/Confetti.build/Debug-watchos/ConfettiCore-t.build/ConfettiCore.modulemap /Users/admin/builder/spi-builder-workspace/.derivedData/Build/Intermediates.noindex/GeneratedModuleMaps-watchos
MkDir /Users/admin/builder/spi-builder-workspace/.derivedData/Build/Intermediates.noindex/Confetti.build/Debug-watchos/Confetti_ConfettiPlayback-b.build/assetcatalog_output/unthinned (in target 'Confetti_ConfettiPlayback' from project 'Confetti')
    cd /Users/admin/builder/spi-builder-workspace
    /bin/mkdir -p /Users/admin/builder/spi-builder-workspace/.derivedData/Build/Intermediates.noindex/Confetti.build/Debug-watchos/Confetti_ConfettiPlayback-b.build/assetcatalog_output/unthinned
MkDir /Users/admin/builder/spi-builder-workspace/.derivedData/Build/Intermediates.noindex/Confetti.build/Debug-watchos/Confetti_ConfettiPlayback-b.build/assetcatalog_output/thinned (in target 'Confetti_ConfettiPlayback' from project 'Confetti')
    cd /Users/admin/builder/spi-builder-workspace
    /bin/mkdir -p /Users/admin/builder/spi-builder-workspace/.derivedData/Build/Intermediates.noindex/Confetti.build/Debug-watchos/Confetti_ConfettiPlayback-b.build/assetcatalog_output/thinned
CompileAssetCatalogVariant thinned /Users/admin/builder/spi-builder-workspace/.derivedData/Build/Products/Debug-watchos/Confetti_ConfettiPlayback.bundle /Users/admin/builder/spi-builder-workspace/Sources/ConfettiPlayback/Resources/Assets.xcassets (in target 'Confetti_ConfettiPlayback' from project 'Confetti')
    cd /Users/admin/builder/spi-builder-workspace
    /Applications/Xcode-27.0.0-Release.Candidate.app/Contents/Developer/usr/bin/actool /Users/admin/builder/spi-builder-workspace/Sources/ConfettiPlayback/Resources/Assets.xcassets --compile /Users/admin/builder/spi-builder-workspace/.derivedData/Build/Intermediates.noindex/Confetti.build/Debug-watchos/Confetti_ConfettiPlayback-b.build/assetcatalog_output/thinned --output-format human-readable-text --notices --warnings --export-dependency-info /Users/admin/builder/spi-builder-workspace/.derivedData/Build/Intermediates.noindex/Confetti.build/Debug-watchos/Confetti_ConfettiPlayback-b.build/assetcatalog_dependencies_thinned --output-partial-info-plist /Users/admin/builder/spi-builder-workspace/.derivedData/Build/Intermediates.noindex/Confetti.build/Debug-watchos/Confetti_ConfettiPlayback-b.build/assetcatalog_generated_info.plist_thinned --compress-pngs --enable-on-demand-resources NO --development-region en --target-device watch --minimum-deployment-target 11.0 --platform watchos
/* com.apple.actool.compilation-results */
/Users/admin/builder/spi-builder-workspace/.derivedData/Build/Intermediates.noindex/Confetti.build/Debug-watchos/Confetti_ConfettiPlayback-b.build/assetcatalog_generated_info.plist_thinned
/Users/admin/builder/spi-builder-workspace/.derivedData/Build/Intermediates.noindex/Confetti.build/Debug-watchos/Confetti_ConfettiPlayback-b.build/assetcatalog_output/thinned/Assets.car
LinkAssetCatalog /Users/admin/builder/spi-builder-workspace/Sources/ConfettiPlayback/Resources/Assets.xcassets (in target 'Confetti_ConfettiPlayback' from project 'Confetti')
    cd /Users/admin/builder/spi-builder-workspace
    builtin-linkAssetCatalog --thinned /Users/admin/builder/spi-builder-workspace/.derivedData/Build/Intermediates.noindex/Confetti.build/Debug-watchos/Confetti_ConfettiPlayback-b.build/assetcatalog_output/thinned --thinned-dependencies /Users/admin/builder/spi-builder-workspace/.derivedData/Build/Intermediates.noindex/Confetti.build/Debug-watchos/Confetti_ConfettiPlayback-b.build/assetcatalog_dependencies_thinned --thinned-info-plist-content /Users/admin/builder/spi-builder-workspace/.derivedData/Build/Intermediates.noindex/Confetti.build/Debug-watchos/Confetti_ConfettiPlayback-b.build/assetcatalog_generated_info.plist_thinned --unthinned /Users/admin/builder/spi-builder-workspace/.derivedData/Build/Intermediates.noindex/Confetti.build/Debug-watchos/Confetti_ConfettiPlayback-b.build/assetcatalog_output/unthinned --unthinned-dependencies /Users/admin/builder/spi-builder-workspace/.derivedData/Build/Intermediates.noindex/Confetti.build/Debug-watchos/Confetti_ConfettiPlayback-b.build/assetcatalog_dependencies_unthinned --unthinned-info-plist-content /Users/admin/builder/spi-builder-workspace/.derivedData/Build/Intermediates.noindex/Confetti.build/Debug-watchos/Confetti_ConfettiPlayback-b.build/assetcatalog_generated_info.plist_unthinned --output /Users/admin/builder/spi-builder-workspace/.derivedData/Build/Products/Debug-watchos/Confetti_ConfettiPlayback.bundle --plist-output /Users/admin/builder/spi-builder-workspace/.derivedData/Build/Intermediates.noindex/Confetti.build/Debug-watchos/Confetti_ConfettiPlayback-b.build/assetcatalog_generated_info.plist
note: Emplaced /Users/admin/builder/spi-builder-workspace/.derivedData/Build/Products/Debug-watchos/Confetti_ConfettiPlayback.bundle/Assets.car (in target 'Confetti_ConfettiPlayback' from project 'Confetti')
ProcessInfoPlistFile /Users/admin/builder/spi-builder-workspace/.derivedData/Build/Products/Debug-watchos/Confetti_ConfettiPlayback.bundle/Info.plist /Users/admin/builder/spi-builder-workspace/.derivedData/Build/Intermediates.noindex/Confetti.build/Debug-watchos/Confetti_ConfettiPlayback-b.build/empty-Confetti_ConfettiPlayback.plist (in target 'Confetti_ConfettiPlayback' from project 'Confetti')
    cd /Users/admin/builder/spi-builder-workspace
    builtin-infoPlistUtility /Users/admin/builder/spi-builder-workspace/.derivedData/Build/Intermediates.noindex/Confetti.build/Debug-watchos/Confetti_ConfettiPlayback-b.build/empty-Confetti_ConfettiPlayback.plist -producttype com.apple.product-type.bundle -expandbuildsettings -format binary -platform watchos -additionalcontentfile /Users/admin/builder/spi-builder-workspace/.derivedData/Build/Intermediates.noindex/Confetti.build/Debug-watchos/Confetti_ConfettiPlayback-b.build/assetcatalog_generated_info.plist -o /Users/admin/builder/spi-builder-workspace/.derivedData/Build/Products/Debug-watchos/Confetti_ConfettiPlayback.bundle/Info.plist
RegisterExecutionPolicyException /Users/admin/builder/spi-builder-workspace/.derivedData/Build/Products/Debug-watchos/Confetti_ConfettiPlayback.bundle (in target 'Confetti_ConfettiPlayback' from project 'Confetti')
    cd /Users/admin/builder/spi-builder-workspace
    builtin-RegisterExecutionPolicyException /Users/admin/builder/spi-builder-workspace/.derivedData/Build/Products/Debug-watchos/Confetti_ConfettiPlayback.bundle
Touch /Users/admin/builder/spi-builder-workspace/.derivedData/Build/Products/Debug-watchos/Confetti_ConfettiPlayback.bundle (in target 'Confetti_ConfettiPlayback' from project 'Confetti')
    cd /Users/admin/builder/spi-builder-workspace
    /usr/bin/touch -c /Users/admin/builder/spi-builder-workspace/.derivedData/Build/Products/Debug-watchos/Confetti_ConfettiPlayback.bundle
SwiftDriver ConfettiCore normal arm64_32 com.apple.xcode.tools.swift.compiler (in target 'ConfettiCore' from project 'Confetti')
    cd /Users/admin/builder/spi-builder-workspace/.swiftpm/xcode
    builtin-SwiftDriver -- /Applications/Xcode-27.0.0-Release.Candidate.app/Contents/Developer/Toolchains/XcodeDefault.xctoolchain/usr/bin/swiftc -parse-as-library -module-name ConfettiCore -Onone @/Users/admin/builder/spi-builder-workspace/.derivedData/Build/Intermediates.noindex/Confetti.build/Debug-watchos/ConfettiCore-t.build/Objects-normal/arm64_32/ConfettiCore.SwiftFileList -DSWIFT_PACKAGE -DDEBUG -DSWIFT_MODULE_RESOURCE_BUNDLE_UNAVAILABLE -DXcode -plugin-path /Applications/Xcode-27.0.0-Release.Candidate.app/Contents/Developer/Toolchains/XcodeDefault.xctoolchain/usr/lib/swift/host/plugins/testing -enable-experimental-feature DebugDescriptionMacro -sdk /Applications/Xcode-27.0.0-Release.Candidate.app/Contents/Developer/Platforms/WatchOS.platform/Developer/SDKs/WatchOS27.0.sdk -target arm64_32-apple-watchos11.0 -g -module-cache-path /Users/admin/builder/spi-builder-workspace/.derivedData/ModuleCache.noindex -Xfrontend -serialize-debugging-options -profile-coverage-mapping -profile-generate -enable-testing -index-store-path /Users/admin/builder/spi-builder-workspace/.derivedData/Index.noindex/DataStore -Xcc -D_LIBCPP_HARDENING_MODE\=_LIBCPP_HARDENING_MODE_DEBUG -swift-version 6 -I /Users/admin/builder/spi-builder-workspace/.derivedData/Build/Products/Debug-watchos -Isystem /Applications/Xcode-27.0.0-Release.Candidate.app/Contents/Developer/Platforms/WatchOS.platform/Developer/usr/lib -F /Users/admin/builder/spi-builder-workspace/.derivedData/Build/Products/Debug-watchos -F /Applications/Xcode-27.0.0-Release.Candidate.app/Contents/Developer/Platforms/WatchOS.platform/Developer/Library/Frameworks -F /Applications/Xcode-27.0.0-Release.Candidate.app/Contents/Developer/Platforms/WatchOS.platform/Developer/SDKs/WatchOS27.0.sdk/Developer/Library/Frameworks -c -j10 -enable-batch-mode -incremental -Xcc -ivfsstatcache -Xcc /Users/admin/builder/spi-builder-workspace/.derivedData/SDKStatCaches.noindex/watchos27.0-24R360-e829b21a6f8c9b70876ba0858053c04477534ef55a1706bf4c1112bbb242f0a2.sdkstatcache -output-file-map /Users/admin/builder/spi-builder-workspace/.derivedData/Build/Intermediates.noindex/Confetti.build/Debug-watchos/ConfettiCore-t.build/Objects-normal/arm64_32/ConfettiCore-OutputFileMap.json -save-temps -no-color-diagnostics -explicit-module-build -module-cache-path /Users/admin/builder/spi-builder-workspace/.derivedData/Build/Intermediates.noindex/SwiftExplicitPrecompiledModules -clang-scanner-module-cache-path /Users/admin/builder/spi-builder-workspace/.derivedData/ModuleCache.noindex -sdk-module-cache-path /Users/admin/builder/spi-builder-workspace/.derivedData/SDKExplicitPrecompiledModules -emit-dependencies -emit-module -emit-module-path /Users/admin/builder/spi-builder-workspace/.derivedData/Build/Intermediates.noindex/Confetti.build/Debug-watchos/ConfettiCore-t.build/Objects-normal/arm64_32/ConfettiCore.swiftmodule -serialize-diagnostics -dependency-scan-serialize-diagnostics-path /Users/admin/builder/spi-builder-workspace/.derivedData/Build/Intermediates.noindex/Confetti.build/Debug-watchos/ConfettiCore-t.build/Objects-normal/arm64_32/ConfettiCore-dependency-scan.dia -validate-clang-modules-once -clang-build-session-file /Users/admin/builder/spi-builder-workspace/.derivedData/ModuleCache.noindex/Session.modulevalidation -Xcc -fmodules-prune-interval\=86400 -Xcc -fmodules-prune-after\=345600 -package-name spi_builder_workspace -emit-const-values -const-gather-protocols-list /Users/admin/builder/spi-builder-workspace/.derivedData/Build/Intermediates.noindex/Confetti.build/Debug-watchos/ConfettiCore-t.build/Objects-normal/arm64_32/ConfettiCore_const_extract_protocols.json -Xcc -I/Users/admin/builder/spi-builder-workspace/.derivedData/Build/Products/Debug-watchos/include -Xcc -I/Users/admin/builder/spi-builder-workspace/.derivedData/Build/Intermediates.noindex/Confetti.build/Debug-watchos/ConfettiCore-t.build/DerivedSources-normal/arm64_32 -Xcc -I/Users/admin/builder/spi-builder-workspace/.derivedData/Build/Intermediates.noindex/Confetti.build/Debug-watchos/ConfettiCore-t.build/DerivedSources/arm64_32 -Xcc -I/Users/admin/builder/spi-builder-workspace/.derivedData/Build/Intermediates.noindex/Confetti.build/Debug-watchos/ConfettiCore-t.build/DerivedSources -Xcc -DSWIFT_PACKAGE -Xcc -DDEBUG\=1 -emit-objc-header -emit-objc-header-path /Users/admin/builder/spi-builder-workspace/.derivedData/Build/Intermediates.noindex/Confetti.build/Debug-watchos/ConfettiCore-t.build/Objects-normal/arm64_32/ConfettiCore-Swift.h -working-directory /Users/admin/builder/spi-builder-workspace/.swiftpm/xcode -experimental-emit-module-separately -disable-cmo
SwiftDriver ConfettiCore normal arm64 com.apple.xcode.tools.swift.compiler (in target 'ConfettiCore' from project 'Confetti')
    cd /Users/admin/builder/spi-builder-workspace/.swiftpm/xcode
    builtin-SwiftDriver -- /Applications/Xcode-27.0.0-Release.Candidate.app/Contents/Developer/Toolchains/XcodeDefault.xctoolchain/usr/bin/swiftc -parse-as-library -module-name ConfettiCore -Onone @/Users/admin/builder/spi-builder-workspace/.derivedData/Build/Intermediates.noindex/Confetti.build/Debug-watchos/ConfettiCore-t.build/Objects-normal/arm64/ConfettiCore.SwiftFileList -DSWIFT_PACKAGE -DDEBUG -DSWIFT_MODULE_RESOURCE_BUNDLE_UNAVAILABLE -DXcode -plugin-path /Applications/Xcode-27.0.0-Release.Candidate.app/Contents/Developer/Toolchains/XcodeDefault.xctoolchain/usr/lib/swift/host/plugins/testing -enable-experimental-feature DebugDescriptionMacro -sdk /Applications/Xcode-27.0.0-Release.Candidate.app/Contents/Developer/Platforms/WatchOS.platform/Developer/SDKs/WatchOS27.0.sdk -target arm64-apple-watchos11.0 -g -module-cache-path /Users/admin/builder/spi-builder-workspace/.derivedData/ModuleCache.noindex -Xfrontend -serialize-debugging-options -profile-coverage-mapping -profile-generate -enable-testing -index-store-path /Users/admin/builder/spi-builder-workspace/.derivedData/Index.noindex/DataStore -Xcc -D_LIBCPP_HARDENING_MODE\=_LIBCPP_HARDENING_MODE_DEBUG -swift-version 6 -I /Users/admin/builder/spi-builder-workspace/.derivedData/Build/Products/Debug-watchos -Isystem /Applications/Xcode-27.0.0-Release.Candidate.app/Contents/Developer/Platforms/WatchOS.platform/Developer/usr/lib -F /Users/admin/builder/spi-builder-workspace/.derivedData/Build/Products/Debug-watchos -F /Applications/Xcode-27.0.0-Release.Candidate.app/Contents/Developer/Platforms/WatchOS.platform/Developer/Library/Frameworks -F /Applications/Xcode-27.0.0-Release.Candidate.app/Contents/Developer/Platforms/WatchOS.platform/Developer/SDKs/WatchOS27.0.sdk/Developer/Library/Frameworks -c -j10 -enable-batch-mode -incremental -Xcc -ivfsstatcache -Xcc /Users/admin/builder/spi-builder-workspace/.derivedData/SDKStatCaches.noindex/watchos27.0-24R360-e829b21a6f8c9b70876ba0858053c04477534ef55a1706bf4c1112bbb242f0a2.sdkstatcache -output-file-map /Users/admin/builder/spi-builder-workspace/.derivedData/Build/Intermediates.noindex/Confetti.build/Debug-watchos/ConfettiCore-t.build/Objects-normal/arm64/ConfettiCore-OutputFileMap.json -save-temps -no-color-diagnostics -explicit-module-build -module-cache-path /Users/admin/builder/spi-builder-workspace/.derivedData/Build/Intermediates.noindex/SwiftExplicitPrecompiledModules -clang-scanner-module-cache-path /Users/admin/builder/spi-builder-workspace/.derivedData/ModuleCache.noindex -sdk-module-cache-path /Users/admin/builder/spi-builder-workspace/.derivedData/SDKExplicitPrecompiledModules -emit-dependencies -emit-module -emit-module-path /Users/admin/builder/spi-builder-workspace/.derivedData/Build/Intermediates.noindex/Confetti.build/Debug-watchos/ConfettiCore-t.build/Objects-normal/arm64/ConfettiCore.swiftmodule -serialize-diagnostics -dependency-scan-serialize-diagnostics-path /Users/admin/builder/spi-builder-workspace/.derivedData/Build/Intermediates.noindex/Confetti.build/Debug-watchos/ConfettiCore-t.build/Objects-normal/arm64/ConfettiCore-dependency-scan.dia -validate-clang-modules-once -clang-build-session-file /Users/admin/builder/spi-builder-workspace/.derivedData/ModuleCache.noindex/Session.modulevalidation -Xcc -fmodules-prune-interval\=86400 -Xcc -fmodules-prune-after\=345600 -package-name spi_builder_workspace -emit-const-values -const-gather-protocols-list /Users/admin/builder/spi-builder-workspace/.derivedData/Build/Intermediates.noindex/Confetti.build/Debug-watchos/ConfettiCore-t.build/Objects-normal/arm64/ConfettiCore_const_extract_protocols.json -Xcc -I/Users/admin/builder/spi-builder-workspace/.derivedData/Build/Products/Debug-watchos/include -Xcc -I/Users/admin/builder/spi-builder-workspace/.derivedData/Build/Intermediates.noindex/Confetti.build/Debug-watchos/ConfettiCore-t.build/DerivedSources-normal/arm64 -Xcc -I/Users/admin/builder/spi-builder-workspace/.derivedData/Build/Intermediates.noindex/Confetti.build/Debug-watchos/ConfettiCore-t.build/DerivedSources/arm64 -Xcc -I/Users/admin/builder/spi-builder-workspace/.derivedData/Build/Intermediates.noindex/Confetti.build/Debug-watchos/ConfettiCore-t.build/DerivedSources -Xcc -DSWIFT_PACKAGE -Xcc -DDEBUG\=1 -emit-objc-header -emit-objc-header-path /Users/admin/builder/spi-builder-workspace/.derivedData/Build/Intermediates.noindex/Confetti.build/Debug-watchos/ConfettiCore-t.build/Objects-normal/arm64/ConfettiCore-Swift.h -working-directory /Users/admin/builder/spi-builder-workspace/.swiftpm/xcode -experimental-emit-module-separately -disable-cmo
SwiftExplicitDependencyGeneratePcm arm64 /Users/admin/builder/spi-builder-workspace/.derivedData/SDKExplicitPrecompiledModules/_SwiftConcurrencyShims-CTPSFSTDCBVSSQFHL6I305U72.pcm
SwiftExplicitDependencyGeneratePcm arm64 /Users/admin/builder/spi-builder-workspace/.derivedData/SDKExplicitPrecompiledModules/SwiftShims-AJ4AZYHQNC33R5RLN7AGEIOMP.pcm
SwiftExplicitDependencyGeneratePcm arm64_32 /Users/admin/builder/spi-builder-workspace/.derivedData/SDKExplicitPrecompiledModules/ptrauth-EW7YZZ7LEZE1QZF2T8148IPSA.pcm
SwiftExplicitDependencyGeneratePcm arm64_32 /Users/admin/builder/spi-builder-workspace/.derivedData/SDKExplicitPrecompiledModules/_Builtin_float-372PLGDQ1U3B6Z5EA5DJMDORJ.pcm
SwiftExplicitDependencyGeneratePcm arm64_32 /Users/admin/builder/spi-builder-workspace/.derivedData/SDKExplicitPrecompiledModules/SwiftShims-D9VBB138U50XYYGW2C2V21N3L.pcm
SwiftExplicitDependencyGeneratePcm arm64_32 /Users/admin/builder/spi-builder-workspace/.derivedData/SDKExplicitPrecompiledModules/_SwiftConcurrencyShims-58G4ISYSYDV3AT1DDGEE0QCUF.pcm
SwiftExplicitDependencyGeneratePcm arm64_32 /Users/admin/builder/spi-builder-workspace/.derivedData/SDKExplicitPrecompiledModules/ptrcheck-EAZ3I917ZFA9H6ZCL6PGLG4TR.pcm
SwiftExplicitDependencyGeneratePcm arm64_32 /Users/admin/builder/spi-builder-workspace/.derivedData/SDKExplicitPrecompiledModules/_Builtin_stdarg-EYJP6DFYQL9GJLH1TJ84A8MHV.pcm
SwiftExplicitDependencyGeneratePcm arm64 /Users/admin/builder/spi-builder-workspace/.derivedData/SDKExplicitPrecompiledModules/_Builtin_float-E4M4A8689VXF1T7P7BV56IKBT.pcm
SwiftExplicitDependencyGeneratePcm arm64 /Users/admin/builder/spi-builder-workspace/.derivedData/SDKExplicitPrecompiledModules/ptrcheck-8K07997SIHO7YGY7UQ3LOQ3TJ.pcm
SwiftExplicitDependencyGeneratePcm arm64_32 /Users/admin/builder/spi-builder-workspace/.derivedData/SDKExplicitPrecompiledModules/_AvailabilityInternal-22ZP1ILSQW16KHXZS5GBZHOCS.pcm
SwiftExplicitDependencyGeneratePcm arm64_32 /Users/admin/builder/spi-builder-workspace/.derivedData/SDKExplicitPrecompiledModules/_Builtin_stddef-2F9BFIPBQ5EWNSK5G7G7V4EKL.pcm
SwiftExplicitDependencyGeneratePcm arm64 /Users/admin/builder/spi-builder-workspace/.derivedData/SDKExplicitPrecompiledModules/_Builtin_stdbool-B692L2PMR118794VVYBG37897.pcm
SwiftExplicitDependencyGeneratePcm arm64_32 /Users/admin/builder/spi-builder-workspace/.derivedData/SDKExplicitPrecompiledModules/_Builtin_stdbool-84ZA1VDW90AGWZ2LF5KOCM8DZ.pcm
SwiftExplicitDependencyGeneratePcm arm64 /Users/admin/builder/spi-builder-workspace/.derivedData/SDKExplicitPrecompiledModules/_AvailabilityInternal-42EVAC8Q6P1ZT6G3A168N97G4.pcm
SwiftExplicitDependencyGeneratePcm arm64 /Users/admin/builder/spi-builder-workspace/.derivedData/SDKExplicitPrecompiledModules/_Builtin_stdarg-3X4KLXUYEI0UGBILP4X7D0CYW.pcm
SwiftExplicitDependencyGeneratePcm arm64 /Users/admin/builder/spi-builder-workspace/.derivedData/SDKExplicitPrecompiledModules/_Builtin_stddef-5OH846KKUPSJJT7GCX9XU1TKG.pcm
SwiftExplicitDependencyGeneratePcm arm64 /Users/admin/builder/spi-builder-workspace/.derivedData/SDKExplicitPrecompiledModules/ptrauth-C7VQASAJ967Q4Q6SRD4I3CFWZ.pcm
SwiftExplicitDependencyGeneratePcm arm64_32 /Users/admin/builder/spi-builder-workspace/.derivedData/SDKExplicitPrecompiledModules/_DarwinFoundation1-5SNIO0SFHX9KJZTLQGIPAPXUZ.pcm
SwiftExplicitDependencyGeneratePcm arm64 /Users/admin/builder/spi-builder-workspace/.derivedData/SDKExplicitPrecompiledModules/_DarwinFoundation1-7YQ9TVI7XTOGQU9OADRXP33D1.pcm
SwiftExplicitDependencyGeneratePcm arm64_32 /Users/admin/builder/spi-builder-workspace/.derivedData/SDKExplicitPrecompiledModules/_Builtin_limits-AQMEC9CLG0FZQN6TLGDQ6WF78.pcm
SwiftExplicitDependencyGeneratePcm arm64_32 /Users/admin/builder/spi-builder-workspace/.derivedData/SDKExplicitPrecompiledModules/_DarwinFoundation2-FP2Q8F1Q2HR151SBYKTU6Q8B.pcm
SwiftExplicitDependencyGeneratePcm arm64 /Users/admin/builder/spi-builder-workspace/.derivedData/SDKExplicitPrecompiledModules/_Builtin_limits-75TRA1C7IHYOFCG3KJXQVTHJ4.pcm
SwiftExplicitDependencyGeneratePcm arm64 /Users/admin/builder/spi-builder-workspace/.derivedData/SDKExplicitPrecompiledModules/_DarwinFoundation2-CUPL4FH2SA95GMALQP4M6O8UA.pcm
SwiftExplicitDependencyGeneratePcm arm64_32 /Users/admin/builder/spi-builder-workspace/.derivedData/SDKExplicitPrecompiledModules/string_h-8QY7P4ZQXQAF14WVDITTM4R70.pcm
SwiftExplicitDependencyGeneratePcm arm64_32 /Users/admin/builder/spi-builder-workspace/.derivedData/SDKExplicitPrecompiledModules/_Builtin_stdint-6IWJLTRH2WB6RCG4THPA65RDS.pcm
SwiftExplicitDependencyGeneratePcm arm64_32 /Users/admin/builder/spi-builder-workspace/.derivedData/SDKExplicitPrecompiledModules/sys_types-65NN51P1G7GN2GUAUPC53JJ7N.pcm
SwiftExplicitDependencyGeneratePcm arm64 /Users/admin/builder/spi-builder-workspace/.derivedData/SDKExplicitPrecompiledModules/_Builtin_stdint-6TUACK4YPMARFT56PLIO388SJ.pcm
SwiftExplicitDependencyGeneratePcm arm64 /Users/admin/builder/spi-builder-workspace/.derivedData/SDKExplicitPrecompiledModules/sys_types-9KPVYINL86WUSHF45TU8PWZZ1.pcm
SwiftExplicitDependencyGeneratePcm arm64 /Users/admin/builder/spi-builder-workspace/.derivedData/SDKExplicitPrecompiledModules/string_h-4N9Z22C0HUO8GV7GFPCLZRZA2.pcm
SwiftExplicitDependencyGeneratePcm arm64_32 /Users/admin/builder/spi-builder-workspace/.derivedData/SDKExplicitPrecompiledModules/_DarwinFoundation3-3YOBOPIW2MF1LRNQH7JBUBY4G.pcm
SwiftExplicitDependencyGeneratePcm arm64 /Users/admin/builder/spi-builder-workspace/.derivedData/SDKExplicitPrecompiledModules/_DarwinFoundation3-EJXZKD8LN9EYM9OWP9VLJ49PK.pcm
SwiftExplicitDependencyGeneratePcm arm64_32 /Users/admin/builder/spi-builder-workspace/.derivedData/SDKExplicitPrecompiledModules/_Builtin_inttypes-BPZJ68HW1IMYWSHROAZ0IMUJP.pcm
SwiftExplicitDependencyGeneratePcm arm64 /Users/admin/builder/spi-builder-workspace/.derivedData/SDKExplicitPrecompiledModules/_Builtin_inttypes-86YTNV5YADPJXFMJ82N3R4GWQ.pcm
SwiftExplicitDependencyGeneratePcm arm64_32 /Users/admin/builder/spi-builder-workspace/.derivedData/SDKExplicitPrecompiledModules/Darwin-10D35ZJWCWG7LJAF579U7I5V7.pcm
SwiftExplicitDependencyGeneratePcm arm64 /Users/admin/builder/spi-builder-workspace/.derivedData/SDKExplicitPrecompiledModules/Darwin-CSB8C43KELVSFIQVR0803IZPN.pcm
SwiftExplicitDependencyGeneratePcm arm64 /Users/admin/builder/spi-builder-workspace/.derivedData/SDKExplicitPrecompiledModules/ObjectiveC-22CZPC4WYQC9G8T393WT2KKLW.pcm
SwiftExplicitDependencyGeneratePcm arm64_32 /Users/admin/builder/spi-builder-workspace/.derivedData/SDKExplicitPrecompiledModules/ObjectiveC-71AGZNHLBMR2QK817EJNUN54E.pcm
SwiftExplicitDependencyGeneratePcm arm64 /Users/admin/builder/spi-builder-workspace/.derivedData/SDKExplicitPrecompiledModules/os_object-6KYGGZ4DPVZ3BBAZ6QICZN8LI.pcm
SwiftExplicitDependencyGeneratePcm arm64_32 /Users/admin/builder/spi-builder-workspace/.derivedData/SDKExplicitPrecompiledModules/os_object-CTXVQBCWDOH6JHUXIFDUOWFRL.pcm
SwiftExplicitDependencyGeneratePcm arm64 /Users/admin/builder/spi-builder-workspace/.derivedData/SDKExplicitPrecompiledModules/os_workgroup-AHE7ULDQBKER38CYPIKDTZF4M.pcm
SwiftExplicitDependencyGeneratePcm arm64_32 /Users/admin/builder/spi-builder-workspace/.derivedData/SDKExplicitPrecompiledModules/os_workgroup-9L9R05BT5LTFRZ2NM68BZTVV2.pcm
SwiftExplicitDependencyGeneratePcm arm64 /Users/admin/builder/spi-builder-workspace/.derivedData/SDKExplicitPrecompiledModules/Dispatch-39VR0G01IUJ09PQKMFGOHXZ4L.pcm
SwiftExplicitDependencyGeneratePcm arm64_32 /Users/admin/builder/spi-builder-workspace/.derivedData/SDKExplicitPrecompiledModules/Dispatch-CGIMI9KQKHNRQHR2IECIPRG14.pcm
SwiftExplicitDependencyGeneratePcm arm64_32 /Users/admin/builder/spi-builder-workspace/.derivedData/SDKExplicitPrecompiledModules/CoreFoundation-76B9WJP9MDYT33HZQVSNNZQZD.pcm
SwiftExplicitDependencyGeneratePcm arm64_32 /Users/admin/builder/spi-builder-workspace/.derivedData/SDKExplicitPrecompiledModules/XPC-7SLKI45KYLKXH9QET2WYS3UZ4.pcm
SwiftExplicitDependencyGeneratePcm arm64 /Users/admin/builder/spi-builder-workspace/.derivedData/SDKExplicitPrecompiledModules/CoreFoundation-59XKO8YNRGGYNC5U5LK8B4EM.pcm
SwiftExplicitDependencyGeneratePcm arm64 /Users/admin/builder/spi-builder-workspace/.derivedData/SDKExplicitPrecompiledModules/XPC-650JAZBTM6I0OMHYO6CKM0CWJ.pcm
SwiftExplicitDependencyGeneratePcm arm64_32 /Users/admin/builder/spi-builder-workspace/.derivedData/SDKExplicitPrecompiledModules/Security-1W411BS4UH2UNMNII2341429S.pcm
SwiftExplicitDependencyGeneratePcm arm64_32 /Users/admin/builder/spi-builder-workspace/.derivedData/SDKExplicitPrecompiledModules/CoreGraphics-A4WOQTM8SYZAQP223LI6RRPEK.pcm
SwiftExplicitDependencyGeneratePcm arm64 /Users/admin/builder/spi-builder-workspace/.derivedData/SDKExplicitPrecompiledModules/Security-69WNGEAVQP55EDBQHP3BLE8QU.pcm
SwiftExplicitDependencyGeneratePcm arm64 /Users/admin/builder/spi-builder-workspace/.derivedData/SDKExplicitPrecompiledModules/CoreGraphics-5488DA9QVJJ7QOFXPYOYIYFUX.pcm
SwiftExplicitDependencyGeneratePcm arm64_32 /Users/admin/builder/spi-builder-workspace/.derivedData/SDKExplicitPrecompiledModules/Foundation-AIQ30TCDC2B0LBUU6FPQZ0HWI.pcm
SwiftExplicitDependencyGeneratePcm arm64 /Users/admin/builder/spi-builder-workspace/.derivedData/SDKExplicitPrecompiledModules/Foundation-B3IXODHI7VO4VRX2RWRXLVJZT.pcm
SwiftCompile normal arm64_32 Compiling\ ConfettiRenderer.swift /Users/admin/builder/spi-builder-workspace/Sources/ConfettiCore/Rendering/ConfettiRenderer.swift (in target 'ConfettiCore' from project 'Confetti')
SwiftCompile normal arm64_32 /Users/admin/builder/spi-builder-workspace/Sources/ConfettiCore/Rendering/ConfettiRenderer.swift (in target 'ConfettiCore' from project 'Confetti')
    cd /Users/admin/builder/spi-builder-workspace/.swiftpm/xcode
    builtin-SwiftPerFileCompile ConfettiRenderer.swift
SwiftCompile normal arm64_32 Compiling\ ConfettiSimulation.swift /Users/admin/builder/spi-builder-workspace/Sources/ConfettiCore/Simulation/ConfettiSimulation.swift (in target 'ConfettiCore' from project 'Confetti')
SwiftCompile normal arm64_32 /Users/admin/builder/spi-builder-workspace/Sources/ConfettiCore/Simulation/ConfettiSimulation.swift (in target 'ConfettiCore' from project 'Confetti')
    cd /Users/admin/builder/spi-builder-workspace/.swiftpm/xcode
    builtin-SwiftPerFileCompile ConfettiSimulation.swift
SwiftEmitModule normal arm64_32 Emitting\ module\ for\ ConfettiCore (in target 'ConfettiCore' from project 'Confetti')
SwiftCompile normal arm64_32 (in target 'ConfettiCore' from project 'Confetti')
    cd /Users/admin/builder/spi-builder-workspace/.swiftpm/xcode

SwiftCompile normal arm64_32 Compiling\ ConfettiConfig.swift /Users/admin/builder/spi-builder-workspace/Sources/ConfettiCore/Config/ConfettiConfig.swift (in target 'ConfettiCore' from project 'Confetti')
SwiftCompile normal arm64_32 /Users/admin/builder/spi-builder-workspace/Sources/ConfettiCore/Config/ConfettiConfig.swift (in target 'ConfettiCore' from project 'Confetti')
    cd /Users/admin/builder/spi-builder-workspace/.swiftpm/xcode
    builtin-SwiftPerFileCompile ConfettiConfig.swift
SwiftCompile normal arm64_32 Compiling\ ParticleRenderState.swift /Users/admin/builder/spi-builder-workspace/Sources/ConfettiCore/Rendering/ParticleRenderState.swift (in target 'ConfettiCore' from project 'Confetti')
SwiftCompile normal arm64_32 /Users/admin/builder/spi-builder-workspace/Sources/ConfettiCore/Rendering/ParticleRenderState.swift (in target 'ConfettiCore' from project 'Confetti')
    cd /Users/admin/builder/spi-builder-workspace/.swiftpm/xcode
    builtin-SwiftPerFileCompile ParticleRenderState.swift
SwiftCompile normal arm64_32 Compiling\ ConfettiCloud.swift /Users/admin/builder/spi-builder-workspace/Sources/ConfettiCore/Domain/ConfettiCloud.swift (in target 'ConfettiCore' from project 'Confetti')
SwiftCompile normal arm64_32 /Users/admin/builder/spi-builder-workspace/Sources/ConfettiCore/Domain/ConfettiCloud.swift (in target 'ConfettiCore' from project 'Confetti')
    cd /Users/admin/builder/spi-builder-workspace/.swiftpm/xcode
    builtin-SwiftPerFileCompile ConfettiCloud.swift
SwiftCompile normal arm64_32 Compiling\ ConfettiColorSource.swift /Users/admin/builder/spi-builder-workspace/Sources/ConfettiCore/Protocols/ConfettiColorSource.swift (in target 'ConfettiCore' from project 'Confetti')
SwiftCompile normal arm64_32 /Users/admin/builder/spi-builder-workspace/Sources/ConfettiCore/Protocols/ConfettiColorSource.swift (in target 'ConfettiCore' from project 'Confetti')
    cd /Users/admin/builder/spi-builder-workspace/.swiftpm/xcode
    builtin-SwiftPerFileCompile ConfettiColorSource.swift
SwiftCompile normal arm64_32 Compiling\ Confetto.swift /Users/admin/builder/spi-builder-workspace/Sources/ConfettiCore/Domain/Confetto.swift (in target 'ConfettiCore' from project 'Confetti')
SwiftCompile normal arm64_32 /Users/admin/builder/spi-builder-workspace/Sources/ConfettiCore/Domain/Confetto.swift (in target 'ConfettiCore' from project 'Confetti')
    cd /Users/admin/builder/spi-builder-workspace/.swiftpm/xcode
    builtin-SwiftPerFileCompile Confetto.swift
SwiftEmitModule normal arm64 Emitting\ module\ for\ ConfettiCore (in target 'ConfettiCore' from project 'Confetti')
SwiftCompile normal arm64 (in target 'ConfettiCore' from project 'Confetti')
    cd /Users/admin/builder/spi-builder-workspace/.swiftpm/xcode

SwiftCompile normal arm64 Compiling\ ConfettiRenderer.swift /Users/admin/builder/spi-builder-workspace/Sources/ConfettiCore/Rendering/ConfettiRenderer.swift (in target 'ConfettiCore' from project 'Confetti')
SwiftCompile normal arm64 /Users/admin/builder/spi-builder-workspace/Sources/ConfettiCore/Rendering/ConfettiRenderer.swift (in target 'ConfettiCore' from project 'Confetti')
    cd /Users/admin/builder/spi-builder-workspace/.swiftpm/xcode
    builtin-SwiftPerFileCompile ConfettiRenderer.swift
SwiftCompile normal arm64 Compiling\ ConfettiConfig.swift /Users/admin/builder/spi-builder-workspace/Sources/ConfettiCore/Config/ConfettiConfig.swift (in target 'ConfettiCore' from project 'Confetti')
SwiftCompile normal arm64 /Users/admin/builder/spi-builder-workspace/Sources/ConfettiCore/Config/ConfettiConfig.swift (in target 'ConfettiCore' from project 'Confetti')
    cd /Users/admin/builder/spi-builder-workspace/.swiftpm/xcode
    builtin-SwiftPerFileCompile ConfettiConfig.swift
SwiftDriverJobDiscovery normal arm64 Emitting module for ConfettiCore (in target 'ConfettiCore' from project 'Confetti')
SwiftCompile normal arm64 Compiling\ ConfettiColorSource.swift /Users/admin/builder/spi-builder-workspace/Sources/ConfettiCore/Protocols/ConfettiColorSource.swift (in target 'ConfettiCore' from project 'Confetti')
SwiftCompile normal arm64 /Users/admin/builder/spi-builder-workspace/Sources/ConfettiCore/Protocols/ConfettiColorSource.swift (in target 'ConfettiCore' from project 'Confetti')
    cd /Users/admin/builder/spi-builder-workspace/.swiftpm/xcode
    builtin-SwiftPerFileCompile ConfettiColorSource.swift
SwiftDriverJobDiscovery normal arm64_32 Emitting module for ConfettiCore (in target 'ConfettiCore' from project 'Confetti')
SwiftDriver\ Compilation\ Requirements ConfettiCore normal arm64_32 com.apple.xcode.tools.swift.compiler (in target 'ConfettiCore' from project 'Confetti')
    cd /Users/admin/builder/spi-builder-workspace/.swiftpm/xcode
    builtin-Swift-Compilation-Requirements -- /Applications/Xcode-27.0.0-Release.Candidate.app/Contents/Developer/Toolchains/XcodeDefault.xctoolchain/usr/bin/swiftc -parse-as-library -module-name ConfettiCore -Onone @/Users/admin/builder/spi-builder-workspace/.derivedData/Build/Intermediates.noindex/Confetti.build/Debug-watchos/ConfettiCore-t.build/Objects-normal/arm64_32/ConfettiCore.SwiftFileList -DSWIFT_PACKAGE -DDEBUG -DSWIFT_MODULE_RESOURCE_BUNDLE_UNAVAILABLE -DXcode -plugin-path /Applications/Xcode-27.0.0-Release.Candidate.app/Contents/Developer/Toolchains/XcodeDefault.xctoolchain/usr/lib/swift/host/plugins/testing -enable-experimental-feature DebugDescriptionMacro -sdk /Applications/Xcode-27.0.0-Release.Candidate.app/Contents/Developer/Platforms/WatchOS.platform/Developer/SDKs/WatchOS27.0.sdk -target arm64_32-apple-watchos11.0 -g -module-cache-path /Users/admin/builder/spi-builder-workspace/.derivedData/ModuleCache.noindex -Xfrontend -serialize-debugging-options -profile-coverage-mapping -profile-generate -enable-testing -index-store-path /Users/admin/builder/spi-builder-workspace/.derivedData/Index.noindex/DataStore -Xcc -D_LIBCPP_HARDENING_MODE\=_LIBCPP_HARDENING_MODE_DEBUG -swift-version 6 -I /Users/admin/builder/spi-builder-workspace/.derivedData/Build/Products/Debug-watchos -Isystem /Applications/Xcode-27.0.0-Release.Candidate.app/Contents/Developer/Platforms/WatchOS.platform/Developer/usr/lib -F /Users/admin/builder/spi-builder-workspace/.derivedData/Build/Products/Debug-watchos -F /Applications/Xcode-27.0.0-Release.Candidate.app/Contents/Developer/Platforms/WatchOS.platform/Developer/Library/Frameworks -F /Applications/Xcode-27.0.0-Release.Candidate.app/Contents/Developer/Platforms/WatchOS.platform/Developer/SDKs/WatchOS27.0.sdk/Developer/Library/Frameworks -c -j10 -enable-batch-mode -incremental -Xcc -ivfsstatcache -Xcc /Users/admin/builder/spi-builder-workspace/.derivedData/SDKStatCaches.noindex/watchos27.0-24R360-e829b21a6f8c9b70876ba0858053c04477534ef55a1706bf4c1112bbb242f0a2.sdkstatcache -output-file-map /Users/admin/builder/spi-builder-workspace/.derivedData/Build/Intermediates.noindex/Confetti.build/Debug-watchos/ConfettiCore-t.build/Objects-normal/arm64_32/ConfettiCore-OutputFileMap.json -save-temps -no-color-diagnostics -explicit-module-build -module-cache-path /Users/admin/builder/spi-builder-workspace/.derivedData/Build/Intermediates.noindex/SwiftExplicitPrecompiledModules -clang-scanner-module-cache-path /Users/admin/builder/spi-builder-workspace/.derivedData/ModuleCache.noindex -sdk-module-cache-path /Users/admin/builder/spi-builder-workspace/.derivedData/SDKExplicitPrecompiledModules -emit-dependencies -emit-module -emit-module-path /Users/admin/builder/spi-builder-workspace/.derivedData/Build/Intermediates.noindex/Confetti.build/Debug-watchos/ConfettiCore-t.build/Objects-normal/arm64_32/ConfettiCore.swiftmodule -serialize-diagnostics -dependency-scan-serialize-diagnostics-path /Users/admin/builder/spi-builder-workspace/.derivedData/Build/Intermediates.noindex/Confetti.build/Debug-watchos/ConfettiCore-t.build/Objects-normal/arm64_32/ConfettiCore-dependency-scan.dia -validate-clang-modules-once -clang-build-session-file /Users/admin/builder/spi-builder-workspace/.derivedData/ModuleCache.noindex/Session.modulevalidation -Xcc -fmodules-prune-interval\=86400 -Xcc -fmodules-prune-after\=345600 -package-name spi_builder_workspace -emit-const-values -const-gather-protocols-list /Users/admin/builder/spi-builder-workspace/.derivedData/Build/Intermediates.noindex/Confetti.build/Debug-watchos/ConfettiCore-t.build/Objects-normal/arm64_32/ConfettiCore_const_extract_protocols.json -Xcc -I/Users/admin/builder/spi-builder-workspace/.derivedData/Build/Products/Debug-watchos/include -Xcc -I/Users/admin/builder/spi-builder-workspace/.derivedData/Build/Intermediates.noindex/Confetti.build/Debug-watchos/ConfettiCore-t.build/DerivedSources-normal/arm64_32 -Xcc -I/Users/admin/builder/spi-builder-workspace/.derivedData/Build/Intermediates.noindex/Confetti.build/Debug-watchos/ConfettiCore-t.build/DerivedSources/arm64_32 -Xcc -I/Users/admin/builder/spi-builder-workspace/.derivedData/Build/Intermediates.noindex/Confetti.build/Debug-watchos/ConfettiCore-t.build/DerivedSources -Xcc -DSWIFT_PACKAGE -Xcc -DDEBUG\=1 -emit-objc-header -emit-objc-header-path /Users/admin/builder/spi-builder-workspace/.derivedData/Build/Intermediates.noindex/Confetti.build/Debug-watchos/ConfettiCore-t.build/Objects-normal/arm64_32/ConfettiCore-Swift.h -working-directory /Users/admin/builder/spi-builder-workspace/.swiftpm/xcode -experimental-emit-module-separately -disable-cmo
SwiftDriverJobDiscovery normal arm64 Compiling ConfettiRenderer.swift (in target 'ConfettiCore' from project 'Confetti')
SwiftDriver\ Compilation\ Requirements ConfettiCore normal arm64 com.apple.xcode.tools.swift.compiler (in target 'ConfettiCore' from project 'Confetti')
    cd /Users/admin/builder/spi-builder-workspace/.swiftpm/xcode
    builtin-Swift-Compilation-Requirements -- /Applications/Xcode-27.0.0-Release.Candidate.app/Contents/Developer/Toolchains/XcodeDefault.xctoolchain/usr/bin/swiftc -parse-as-library -module-name ConfettiCore -Onone @/Users/admin/builder/spi-builder-workspace/.derivedData/Build/Intermediates.noindex/Confetti.build/Debug-watchos/ConfettiCore-t.build/Objects-normal/arm64/ConfettiCore.SwiftFileList -DSWIFT_PACKAGE -DDEBUG -DSWIFT_MODULE_RESOURCE_BUNDLE_UNAVAILABLE -DXcode -plugin-path /Applications/Xcode-27.0.0-Release.Candidate.app/Contents/Developer/Toolchains/XcodeDefault.xctoolchain/usr/lib/swift/host/plugins/testing -enable-experimental-feature DebugDescriptionMacro -sdk /Applications/Xcode-27.0.0-Release.Candidate.app/Contents/Developer/Platforms/WatchOS.platform/Developer/SDKs/WatchOS27.0.sdk -target arm64-apple-watchos11.0 -g -module-cache-path /Users/admin/builder/spi-builder-workspace/.derivedData/ModuleCache.noindex -Xfrontend -serialize-debugging-options -profile-coverage-mapping -profile-generate -enable-testing -index-store-path /Users/admin/builder/spi-builder-workspace/.derivedData/Index.noindex/DataStore -Xcc -D_LIBCPP_HARDENING_MODE\=_LIBCPP_HARDENING_MODE_DEBUG -swift-version 6 -I /Users/admin/builder/spi-builder-workspace/.derivedData/Build/Products/Debug-watchos -Isystem /Applications/Xcode-27.0.0-Release.Candidate.app/Contents/Developer/Platforms/WatchOS.platform/Developer/usr/lib -F /Users/admin/builder/spi-builder-workspace/.derivedData/Build/Products/Debug-watchos -F /Applications/Xcode-27.0.0-Release.Candidate.app/Contents/Developer/Platforms/WatchOS.platform/Developer/Library/Frameworks -F /Applications/Xcode-27.0.0-Release.Candidate.app/Contents/Developer/Platforms/WatchOS.platform/Developer/SDKs/WatchOS27.0.sdk/Developer/Library/Frameworks -c -j10 -enable-batch-mode -incremental -Xcc -ivfsstatcache -Xcc /Users/admin/builder/spi-builder-workspace/.derivedData/SDKStatCaches.noindex/watchos27.0-24R360-e829b21a6f8c9b70876ba0858053c04477534ef55a1706bf4c1112bbb242f0a2.sdkstatcache -output-file-map /Users/admin/builder/spi-builder-workspace/.derivedData/Build/Intermediates.noindex/Confetti.build/Debug-watchos/ConfettiCore-t.build/Objects-normal/arm64/ConfettiCore-OutputFileMap.json -save-temps -no-color-diagnostics -explicit-module-build -module-cache-path /Users/admin/builder/spi-builder-workspace/.derivedData/Build/Intermediates.noindex/SwiftExplicitPrecompiledModules -clang-scanner-module-cache-path /Users/admin/builder/spi-builder-workspace/.derivedData/ModuleCache.noindex -sdk-module-cache-path /Users/admin/builder/spi-builder-workspace/.derivedData/SDKExplicitPrecompiledModules -emit-dependencies -emit-module -emit-module-path /Users/admin/builder/spi-builder-workspace/.derivedData/Build/Intermediates.noindex/Confetti.build/Debug-watchos/ConfettiCore-t.build/Objects-normal/arm64/ConfettiCore.swiftmodule -serialize-diagnostics -dependency-scan-serialize-diagnostics-path /Users/admin/builder/spi-builder-workspace/.derivedData/Build/Intermediates.noindex/Confetti.build/Debug-watchos/ConfettiCore-t.build/Objects-normal/arm64/ConfettiCore-dependency-scan.dia -validate-clang-modules-once -clang-build-session-file /Users/admin/builder/spi-builder-workspace/.derivedData/ModuleCache.noindex/Session.modulevalidation -Xcc -fmodules-prune-interval\=86400 -Xcc -fmodules-prune-after\=345600 -package-name spi_builder_workspace -emit-const-values -const-gather-protocols-list /Users/admin/builder/spi-builder-workspace/.derivedData/Build/Intermediates.noindex/Confetti.build/Debug-watchos/ConfettiCore-t.build/Objects-normal/arm64/ConfettiCore_const_extract_protocols.json -Xcc -I/Users/admin/builder/spi-builder-workspace/.derivedData/Build/Products/Debug-watchos/include -Xcc -I/Users/admin/builder/spi-builder-workspace/.derivedData/Build/Intermediates.noindex/Confetti.build/Debug-watchos/ConfettiCore-t.build/DerivedSources-normal/arm64 -Xcc -I/Users/admin/builder/spi-builder-workspace/.derivedData/Build/Intermediates.noindex/Confetti.build/Debug-watchos/ConfettiCore-t.build/DerivedSources/arm64 -Xcc -I/Users/admin/builder/spi-builder-workspace/.derivedData/Build/Intermediates.noindex/Confetti.build/Debug-watchos/ConfettiCore-t.build/DerivedSources -Xcc -DSWIFT_PACKAGE -Xcc -DDEBUG\=1 -emit-objc-header -emit-objc-header-path /Users/admin/builder/spi-builder-workspace/.derivedData/Build/Intermediates.noindex/Confetti.build/Debug-watchos/ConfettiCore-t.build/Objects-normal/arm64/ConfettiCore-Swift.h -working-directory /Users/admin/builder/spi-builder-workspace/.swiftpm/xcode -experimental-emit-module-separately -disable-cmo
SwiftCompile normal arm64 Compiling\ ParticleRenderState.swift /Users/admin/builder/spi-builder-workspace/Sources/ConfettiCore/Rendering/ParticleRenderState.swift (in target 'ConfettiCore' from project 'Confetti')
SwiftCompile normal arm64 /Users/admin/builder/spi-builder-workspace/Sources/ConfettiCore/Rendering/ParticleRenderState.swift (in target 'ConfettiCore' from project 'Confetti')
    cd /Users/admin/builder/spi-builder-workspace/.swiftpm/xcode
    builtin-SwiftPerFileCompile ParticleRenderState.swift
SwiftMergeGeneratedHeaders /Users/admin/builder/spi-builder-workspace/.derivedData/Build/Intermediates.noindex/GeneratedModuleMaps-watchos/ConfettiCore-Swift.h /Users/admin/builder/spi-builder-workspace/.derivedData/Build/Intermediates.noindex/Confetti.build/Debug-watchos/ConfettiCore-t.build/Objects-normal/arm64/ConfettiCore-Swift.h /Users/admin/builder/spi-builder-workspace/.derivedData/Build/Intermediates.noindex/Confetti.build/Debug-watchos/ConfettiCore-t.build/Objects-normal/arm64_32/ConfettiCore-Swift.h (in target 'ConfettiCore' from project 'Confetti')
    cd /Users/admin/builder/spi-builder-workspace
    builtin-swiftHeaderTool -arch arm64 /Users/admin/builder/spi-builder-workspace/.derivedData/Build/Intermediates.noindex/Confetti.build/Debug-watchos/ConfettiCore-t.build/Objects-normal/arm64/ConfettiCore-Swift.h -arch arm64_32 /Users/admin/builder/spi-builder-workspace/.derivedData/Build/Intermediates.noindex/Confetti.build/Debug-watchos/ConfettiCore-t.build/Objects-normal/arm64_32/ConfettiCore-Swift.h -o /Users/admin/builder/spi-builder-workspace/.derivedData/Build/Intermediates.noindex/GeneratedModuleMaps-watchos/ConfettiCore-Swift.h
SwiftDriverJobDiscovery normal arm64_32 Compiling ConfettiCloud.swift (in target 'ConfettiCore' from project 'Confetti')
Copy /Users/admin/builder/spi-builder-workspace/.derivedData/Build/Products/Debug-watchos/ConfettiCore.swiftmodule/arm64_32-apple-watchos.swiftmodule /Users/admin/builder/spi-builder-workspace/.derivedData/Build/Intermediates.noindex/Confetti.build/Debug-watchos/ConfettiCore-t.build/Objects-normal/arm64_32/ConfettiCore.swiftmodule (in target 'ConfettiCore' from project 'Confetti')
    cd /Users/admin/builder/spi-builder-workspace
    builtin-copy -exclude .DS_Store -exclude CVS -exclude .svn -exclude .git -exclude .hg -resolve-src-symlinks -rename /Users/admin/builder/spi-builder-workspace/.derivedData/Build/Intermediates.noindex/Confetti.build/Debug-watchos/ConfettiCore-t.build/Objects-normal/arm64_32/ConfettiCore.swiftmodule /Users/admin/builder/spi-builder-workspace/.derivedData/Build/Products/Debug-watchos/ConfettiCore.swiftmodule/arm64_32-apple-watchos.swiftmodule
Copy /Users/admin/builder/spi-builder-workspace/.derivedData/Build/Products/Debug-watchos/ConfettiCore.swiftmodule/arm64_32-apple-watchos.swiftdoc /Users/admin/builder/spi-builder-workspace/.derivedData/Build/Intermediates.noindex/Confetti.build/Debug-watchos/ConfettiCore-t.build/Objects-normal/arm64_32/ConfettiCore.swiftdoc (in target 'ConfettiCore' from project 'Confetti')
    cd /Users/admin/builder/spi-builder-workspace
    builtin-copy -exclude .DS_Store -exclude CVS -exclude .svn -exclude .git -exclude .hg -resolve-src-symlinks -rename /Users/admin/builder/spi-builder-workspace/.derivedData/Build/Intermediates.noindex/Confetti.build/Debug-watchos/ConfettiCore-t.build/Objects-normal/arm64_32/ConfettiCore.swiftdoc /Users/admin/builder/spi-builder-workspace/.derivedData/Build/Products/Debug-watchos/ConfettiCore.swiftmodule/arm64_32-apple-watchos.swiftdoc
SwiftDriverJobDiscovery normal arm64_32 Compiling ConfettiRenderer.swift (in target 'ConfettiCore' from project 'Confetti')
Copy /Users/admin/builder/spi-builder-workspace/.derivedData/Build/Products/Debug-watchos/ConfettiCore.swiftmodule/arm64_32-apple-watchos.abi.json /Users/admin/builder/spi-builder-workspace/.derivedData/Build/Intermediates.noindex/Confetti.build/Debug-watchos/ConfettiCore-t.build/Objects-normal/arm64_32/ConfettiCore.abi.json (in target 'ConfettiCore' from project 'Confetti')
    cd /Users/admin/builder/spi-builder-workspace
    builtin-copy -exclude .DS_Store -exclude CVS -exclude .svn -exclude .git -exclude .hg -resolve-src-symlinks -rename /Users/admin/builder/spi-builder-workspace/.derivedData/Build/Intermediates.noindex/Confetti.build/Debug-watchos/ConfettiCore-t.build/Objects-normal/arm64_32/ConfettiCore.abi.json /Users/admin/builder/spi-builder-workspace/.derivedData/Build/Products/Debug-watchos/ConfettiCore.swiftmodule/arm64_32-apple-watchos.abi.json
Copy /Users/admin/builder/spi-builder-workspace/.derivedData/Build/Products/Debug-watchos/ConfettiCore.swiftmodule/arm64-apple-watchos.swiftmodule /Users/admin/builder/spi-builder-workspace/.derivedData/Build/Intermediates.noindex/Confetti.build/Debug-watchos/ConfettiCore-t.build/Objects-normal/arm64/ConfettiCore.swiftmodule (in target 'ConfettiCore' from project 'Confetti')
    cd /Users/admin/builder/spi-builder-workspace
    builtin-copy -exclude .DS_Store -exclude CVS -exclude .svn -exclude .git -exclude .hg -resolve-src-symlinks -rename /Users/admin/builder/spi-builder-workspace/.derivedData/Build/Intermediates.noindex/Confetti.build/Debug-watchos/ConfettiCore-t.build/Objects-normal/arm64/ConfettiCore.swiftmodule /Users/admin/builder/spi-builder-workspace/.derivedData/Build/Products/Debug-watchos/ConfettiCore.swiftmodule/arm64-apple-watchos.swiftmodule
Copy /Users/admin/builder/spi-builder-workspace/.derivedData/Build/Products/Debug-watchos/ConfettiCore.swiftmodule/arm64-apple-watchos.swiftdoc /Users/admin/builder/spi-builder-workspace/.derivedData/Build/Intermediates.noindex/Confetti.build/Debug-watchos/ConfettiCore-t.build/Objects-normal/arm64/ConfettiCore.swiftdoc (in target 'ConfettiCore' from project 'Confetti')
    cd /Users/admin/builder/spi-builder-workspace
    builtin-copy -exclude .DS_Store -exclude CVS -exclude .svn -exclude .git -exclude .hg -resolve-src-symlinks -rename /Users/admin/builder/spi-builder-workspace/.derivedData/Build/Intermediates.noindex/Confetti.build/Debug-watchos/ConfettiCore-t.build/Objects-normal/arm64/ConfettiCore.swiftdoc /Users/admin/builder/spi-builder-workspace/.derivedData/Build/Products/Debug-watchos/ConfettiCore.swiftmodule/arm64-apple-watchos.swiftdoc
Copy /Users/admin/builder/spi-builder-workspace/.derivedData/Build/Products/Debug-watchos/ConfettiCore.swiftmodule/arm64-apple-watchos.abi.json /Users/admin/builder/spi-builder-workspace/.derivedData/Build/Intermediates.noindex/Confetti.build/Debug-watchos/ConfettiCore-t.build/Objects-normal/arm64/ConfettiCore.abi.json (in target 'ConfettiCore' from project 'Confetti')
    cd /Users/admin/builder/spi-builder-workspace
    builtin-copy -exclude .DS_Store -exclude CVS -exclude .svn -exclude .git -exclude .hg -resolve-src-symlinks -rename /Users/admin/builder/spi-builder-workspace/.derivedData/Build/Intermediates.noindex/Confetti.build/Debug-watchos/ConfettiCore-t.build/Objects-normal/arm64/ConfettiCore.abi.json /Users/admin/builder/spi-builder-workspace/.derivedData/Build/Products/Debug-watchos/ConfettiCore.swiftmodule/arm64-apple-watchos.abi.json
Copy /Users/admin/builder/spi-builder-workspace/.derivedData/Build/Products/Debug-watchos/ConfettiCore.swiftmodule/Project/arm64_32-apple-watchos.swiftsourceinfo /Users/admin/builder/spi-builder-workspace/.derivedData/Build/Intermediates.noindex/Confetti.build/Debug-watchos/ConfettiCore-t.build/Objects-normal/arm64_32/ConfettiCore.swiftsourceinfo (in target 'ConfettiCore' from project 'Confetti')
    cd /Users/admin/builder/spi-builder-workspace
    builtin-copy -exclude .DS_Store -exclude CVS -exclude .svn -exclude .git -exclude .hg -resolve-src-symlinks -rename /Users/admin/builder/spi-builder-workspace/.derivedData/Build/Intermediates.noindex/Confetti.build/Debug-watchos/ConfettiCore-t.build/Objects-normal/arm64_32/ConfettiCore.swiftsourceinfo /Users/admin/builder/spi-builder-workspace/.derivedData/Build/Products/Debug-watchos/ConfettiCore.swiftmodule/Project/arm64_32-apple-watchos.swiftsourceinfo
Copy /Users/admin/builder/spi-builder-workspace/.derivedData/Build/Products/Debug-watchos/ConfettiCore.swiftmodule/Project/arm64-apple-watchos.swiftsourceinfo /Users/admin/builder/spi-builder-workspace/.derivedData/Build/Intermediates.noindex/Confetti.build/Debug-watchos/ConfettiCore-t.build/Objects-normal/arm64/ConfettiCore.swiftsourceinfo (in target 'ConfettiCore' from project 'Confetti')
    cd /Users/admin/builder/spi-builder-workspace
    builtin-copy -exclude .DS_Store -exclude CVS -exclude .svn -exclude .git -exclude .hg -resolve-src-symlinks -rename /Users/admin/builder/spi-builder-workspace/.derivedData/Build/Intermediates.noindex/Confetti.build/Debug-watchos/ConfettiCore-t.build/Objects-normal/arm64/ConfettiCore.swiftsourceinfo /Users/admin/builder/spi-builder-workspace/.derivedData/Build/Products/Debug-watchos/ConfettiCore.swiftmodule/Project/arm64-apple-watchos.swiftsourceinfo
SwiftCompile normal arm64 Compiling\ ConfettiCloud.swift /Users/admin/builder/spi-builder-workspace/Sources/ConfettiCore/Domain/ConfettiCloud.swift (in target 'ConfettiCore' from project 'Confetti')
SwiftCompile normal arm64 /Users/admin/builder/spi-builder-workspace/Sources/ConfettiCore/Domain/ConfettiCloud.swift (in target 'ConfettiCore' from project 'Confetti')
    cd /Users/admin/builder/spi-builder-workspace/.swiftpm/xcode
    builtin-SwiftPerFileCompile ConfettiCloud.swift
SwiftCompile normal arm64 Compiling\ ConfettiSimulation.swift /Users/admin/builder/spi-builder-workspace/Sources/ConfettiCore/Simulation/ConfettiSimulation.swift (in target 'ConfettiCore' from project 'Confetti')
SwiftCompile normal arm64 /Users/admin/builder/spi-builder-workspace/Sources/ConfettiCore/Simulation/ConfettiSimulation.swift (in target 'ConfettiCore' from project 'Confetti')
    cd /Users/admin/builder/spi-builder-workspace/.swiftpm/xcode
    builtin-SwiftPerFileCompile ConfettiSimulation.swift
SwiftDriverJobDiscovery normal arm64 Compiling ParticleRenderState.swift (in target 'ConfettiCore' from project 'Confetti')
SwiftCompile normal arm64 Compiling\ Confetto.swift /Users/admin/builder/spi-builder-workspace/Sources/ConfettiCore/Domain/Confetto.swift (in target 'ConfettiCore' from project 'Confetti')
SwiftCompile normal arm64 /Users/admin/builder/spi-builder-workspace/Sources/ConfettiCore/Domain/Confetto.swift (in target 'ConfettiCore' from project 'Confetti')
    cd /Users/admin/builder/spi-builder-workspace/.swiftpm/xcode
    builtin-SwiftPerFileCompile Confetto.swift
SwiftDriverJobDiscovery normal arm64_32 Compiling ConfettiColorSource.swift (in target 'ConfettiCore' from project 'Confetti')
GenerateAssetSymbols /Users/admin/builder/spi-builder-workspace/Sources/ConfettiPlayback/Resources/Assets.xcassets (in target 'ConfettiPlayback' from project 'Confetti')
    cd /Users/admin/builder/spi-builder-workspace
    /Applications/Xcode-27.0.0-Release.Candidate.app/Contents/Developer/usr/bin/actool /Users/admin/builder/spi-builder-workspace/Sources/ConfettiPlayback/Resources/Assets.xcassets --compile /Users/admin/builder/spi-builder-workspace/.derivedData/Build/Products/Debug-watchos --output-format human-readable-text --notices --warnings --export-dependency-info /Users/admin/builder/spi-builder-workspace/.derivedData/Build/Intermediates.noindex/Confetti.build/Debug-watchos/ConfettiPlayback-t.build/assetcatalog_dependencies --output-partial-info-plist /Users/admin/builder/spi-builder-workspace/.derivedData/Build/Intermediates.noindex/Confetti.build/Debug-watchos/ConfettiPlayback-t.build/assetcatalog_generated_info.plist --compress-pngs --enable-on-demand-resources NO --development-region en --target-device watch --minimum-deployment-target 11.0 --platform watchos --bundle-identifier spi-builder-workspace.ConfettiPlayback --generate-swift-asset-symbol-extensions NO --generate-swift-asset-symbols /Users/admin/builder/spi-builder-workspace/.derivedData/Build/Intermediates.noindex/Confetti.build/Debug-watchos/ConfettiPlayback-t.build/DerivedSources/GeneratedAssetSymbols.swift --generate-objc-asset-symbols /Users/admin/builder/spi-builder-workspace/.derivedData/Build/Intermediates.noindex/Confetti.build/Debug-watchos/ConfettiPlayback-t.build/DerivedSources/GeneratedAssetSymbols.h --generate-asset-symbol-index /Users/admin/builder/spi-builder-workspace/.derivedData/Build/Intermediates.noindex/Confetti.build/Debug-watchos/ConfettiPlayback-t.build/DerivedSources/GeneratedAssetSymbols-Index.plist
/* com.apple.actool.compilation-results */
/Users/admin/builder/spi-builder-workspace/.derivedData/Build/Intermediates.noindex/Confetti.build/Debug-watchos/ConfettiPlayback-t.build/DerivedSources/GeneratedAssetSymbols-Index.plist
/Users/admin/builder/spi-builder-workspace/.derivedData/Build/Intermediates.noindex/Confetti.build/Debug-watchos/ConfettiPlayback-t.build/DerivedSources/GeneratedAssetSymbols.h
/Users/admin/builder/spi-builder-workspace/.derivedData/Build/Intermediates.noindex/Confetti.build/Debug-watchos/ConfettiPlayback-t.build/DerivedSources/GeneratedAssetSymbols.swift
SwiftDriverJobDiscovery normal arm64 Compiling ConfettiColorSource.swift (in target 'ConfettiCore' from project 'Confetti')
SwiftDriverJobDiscovery normal arm64_32 Compiling ParticleRenderState.swift (in target 'ConfettiCore' from project 'Confetti')
SwiftDriverJobDiscovery normal arm64_32 Compiling Confetto.swift (in target 'ConfettiCore' from project 'Confetti')
SwiftDriver ConfettiPlayback normal arm64 com.apple.xcode.tools.swift.compiler (in target 'ConfettiPlayback' from project 'Confetti')
    cd /Users/admin/builder/spi-builder-workspace/.swiftpm/xcode
    builtin-SwiftDriver -- /Applications/Xcode-27.0.0-Release.Candidate.app/Contents/Developer/Toolchains/XcodeDefault.xctoolchain/usr/bin/swiftc -parse-as-library -module-name ConfettiPlayback -Onone @/Users/admin/builder/spi-builder-workspace/.derivedData/Build/Intermediates.noindex/Confetti.build/Debug-watchos/ConfettiPlayback-t.build/Objects-normal/arm64/ConfettiPlayback.SwiftFileList -DSWIFT_PACKAGE -DDEBUG -DSWIFT_MODULE_RESOURCE_BUNDLE_AVAILABLE -DXcode -plugin-path /Applications/Xcode-27.0.0-Release.Candidate.app/Contents/Developer/Toolchains/XcodeDefault.xctoolchain/usr/lib/swift/host/plugins/testing -enable-experimental-feature DebugDescriptionMacro -sdk /Applications/Xcode-27.0.0-Release.Candidate.app/Contents/Developer/Platforms/WatchOS.platform/Developer/SDKs/WatchOS27.0.sdk -target arm64-apple-watchos11.0 -g -module-cache-path /Users/admin/builder/spi-builder-workspace/.derivedData/ModuleCache.noindex -Xfrontend -serialize-debugging-options -profile-coverage-mapping -profile-generate -enable-testing -index-store-path /Users/admin/builder/spi-builder-workspace/.derivedData/Index.noindex/DataStore -Xcc -D_LIBCPP_HARDENING_MODE\=_LIBCPP_HARDENING_MODE_DEBUG -swift-version 6 -I /Users/admin/builder/spi-builder-workspace/.derivedData/Build/Products/Debug-watchos -Isystem /Applications/Xcode-27.0.0-Release.Candidate.app/Contents/Developer/Platforms/WatchOS.platform/Developer/usr/lib -F /Users/admin/builder/spi-builder-workspace/.derivedData/Build/Products/Debug-watchos/PackageFrameworks -F /Users/admin/builder/spi-builder-workspace/.derivedData/Build/Products/Debug-watchos -F /Applications/Xcode-27.0.0-Release.Candidate.app/Contents/Developer/Platforms/WatchOS.platform/Developer/Library/Frameworks -F /Applications/Xcode-27.0.0-Release.Candidate.app/Contents/Developer/Platforms/WatchOS.platform/Developer/SDKs/WatchOS27.0.sdk/Developer/Library/Frameworks -c -j10 -enable-batch-mode -incremental -Xcc -ivfsstatcache -Xcc /Users/admin/builder/spi-builder-workspace/.derivedData/SDKStatCaches.noindex/watchos27.0-24R360-e829b21a6f8c9b70876ba0858053c04477534ef55a1706bf4c1112bbb242f0a2.sdkstatcache -output-file-map /Users/admin/builder/spi-builder-workspace/.derivedData/Build/Intermediates.noindex/Confetti.build/Debug-watchos/ConfettiPlayback-t.build/Objects-normal/arm64/ConfettiPlayback-OutputFileMap.json -save-temps -no-color-diagnostics -explicit-module-build -module-cache-path /Users/admin/builder/spi-builder-workspace/.derivedData/Build/Intermediates.noindex/SwiftExplicitPrecompiledModules -clang-scanner-module-cache-path /Users/admin/builder/spi-builder-workspace/.derivedData/ModuleCache.noindex -sdk-module-cache-path /Users/admin/builder/spi-builder-workspace/.derivedData/SDKExplicitPrecompiledModules -emit-dependencies -emit-module -emit-module-path /Users/admin/builder/spi-builder-workspace/.derivedData/Build/Intermediates.noindex/Confetti.build/Debug-watchos/ConfettiPlayback-t.build/Objects-normal/arm64/ConfettiPlayback.swiftmodule -serialize-diagnostics -dependency-scan-serialize-diagnostics-path /Users/admin/builder/spi-builder-workspace/.derivedData/Build/Intermediates.noindex/Confetti.build/Debug-watchos/ConfettiPlayback-t.build/Objects-normal/arm64/ConfettiPlayback-dependency-scan.dia -validate-clang-modules-once -clang-build-session-file /Users/admin/builder/spi-builder-workspace/.derivedData/ModuleCache.noindex/Session.modulevalidation -Xcc -fmodules-prune-interval\=86400 -Xcc -fmodules-prune-after\=345600 -package-name spi_builder_workspace -emit-const-values -const-gather-protocols-list /Users/admin/builder/spi-builder-workspace/.derivedData/Build/Intermediates.noindex/Confetti.build/Debug-watchos/ConfettiPlayback-t.build/Objects-normal/arm64/ConfettiPlayback_const_extract_protocols.json -Xcc -I/Users/admin/builder/spi-builder-workspace/.derivedData/Build/Products/Debug-watchos/include -Xcc -I/Users/admin/builder/spi-builder-workspace/.derivedData/Build/Intermediates.noindex/Confetti.build/Debug-watchos/ConfettiPlayback-t.build/DerivedSources-normal/arm64 -Xcc -I/Users/admin/builder/spi-builder-workspace/.derivedData/Build/Intermediates.noindex/Confetti.build/Debug-watchos/ConfettiPlayback-t.build/DerivedSources/arm64 -Xcc -I/Users/admin/builder/spi-builder-workspace/.derivedData/Build/Intermediates.noindex/Confetti.build/Debug-watchos/ConfettiPlayback-t.build/DerivedSources -Xcc -DSWIFT_PACKAGE -Xcc -DDEBUG\=1 -emit-objc-header -emit-objc-header-path /Users/admin/builder/spi-builder-workspace/.derivedData/Build/Intermediates.noindex/Confetti.build/Debug-watchos/ConfettiPlayback-t.build/Objects-normal/arm64/ConfettiPlayback-Swift.h -working-directory /Users/admin/builder/spi-builder-workspace/.swiftpm/xcode -experimental-emit-module-separately -disable-cmo
SwiftDriver ConfettiPlayback normal arm64_32 com.apple.xcode.tools.swift.compiler (in target 'ConfettiPlayback' from project 'Confetti')
    cd /Users/admin/builder/spi-builder-workspace/.swiftpm/xcode
    builtin-SwiftDriver -- /Applications/Xcode-27.0.0-Release.Candidate.app/Contents/Developer/Toolchains/XcodeDefault.xctoolchain/usr/bin/swiftc -parse-as-library -module-name ConfettiPlayback -Onone @/Users/admin/builder/spi-builder-workspace/.derivedData/Build/Intermediates.noindex/Confetti.build/Debug-watchos/ConfettiPlayback-t.build/Objects-normal/arm64_32/ConfettiPlayback.SwiftFileList -DSWIFT_PACKAGE -DDEBUG -DSWIFT_MODULE_RESOURCE_BUNDLE_AVAILABLE -DXcode -plugin-path /Applications/Xcode-27.0.0-Release.Candidate.app/Contents/Developer/Toolchains/XcodeDefault.xctoolchain/usr/lib/swift/host/plugins/testing -enable-experimental-feature DebugDescriptionMacro -sdk /Applications/Xcode-27.0.0-Release.Candidate.app/Contents/Developer/Platforms/WatchOS.platform/Developer/SDKs/WatchOS27.0.sdk -target arm64_32-apple-watchos11.0 -g -module-cache-path /Users/admin/builder/spi-builder-workspace/.derivedData/ModuleCache.noindex -Xfrontend -serialize-debugging-options -profile-coverage-mapping -profile-generate -enable-testing -index-store-path /Users/admin/builder/spi-builder-workspace/.derivedData/Index.noindex/DataStore -Xcc -D_LIBCPP_HARDENING_MODE\=_LIBCPP_HARDENING_MODE_DEBUG -swift-version 6 -I /Users/admin/builder/spi-builder-workspace/.derivedData/Build/Products/Debug-watchos -Isystem /Applications/Xcode-27.0.0-Release.Candidate.app/Contents/Developer/Platforms/WatchOS.platform/Developer/usr/lib -F /Users/admin/builder/spi-builder-workspace/.derivedData/Build/Products/Debug-watchos/PackageFrameworks -F /Users/admin/builder/spi-builder-workspace/.derivedData/Build/Products/Debug-watchos -F /Applications/Xcode-27.0.0-Release.Candidate.app/Contents/Developer/Platforms/WatchOS.platform/Developer/Library/Frameworks -F /Applications/Xcode-27.0.0-Release.Candidate.app/Contents/Developer/Platforms/WatchOS.platform/Developer/SDKs/WatchOS27.0.sdk/Developer/Library/Frameworks -c -j10 -enable-batch-mode -incremental -Xcc -ivfsstatcache -Xcc /Users/admin/builder/spi-builder-workspace/.derivedData/SDKStatCaches.noindex/watchos27.0-24R360-e829b21a6f8c9b70876ba0858053c04477534ef55a1706bf4c1112bbb242f0a2.sdkstatcache -output-file-map /Users/admin/builder/spi-builder-workspace/.derivedData/Build/Intermediates.noindex/Confetti.build/Debug-watchos/ConfettiPlayback-t.build/Objects-normal/arm64_32/ConfettiPlayback-OutputFileMap.json -save-temps -no-color-diagnostics -explicit-module-build -module-cache-path /Users/admin/builder/spi-builder-workspace/.derivedData/Build/Intermediates.noindex/SwiftExplicitPrecompiledModules -clang-scanner-module-cache-path /Users/admin/builder/spi-builder-workspace/.derivedData/ModuleCache.noindex -sdk-module-cache-path /Users/admin/builder/spi-builder-workspace/.derivedData/SDKExplicitPrecompiledModules -emit-dependencies -emit-module -emit-module-path /Users/admin/builder/spi-builder-workspace/.derivedData/Build/Intermediates.noindex/Confetti.build/Debug-watchos/ConfettiPlayback-t.build/Objects-normal/arm64_32/ConfettiPlayback.swiftmodule -serialize-diagnostics -dependency-scan-serialize-diagnostics-path /Users/admin/builder/spi-builder-workspace/.derivedData/Build/Intermediates.noindex/Confetti.build/Debug-watchos/ConfettiPlayback-t.build/Objects-normal/arm64_32/ConfettiPlayback-dependency-scan.dia -validate-clang-modules-once -clang-build-session-file /Users/admin/builder/spi-builder-workspace/.derivedData/ModuleCache.noindex/Session.modulevalidation -Xcc -fmodules-prune-interval\=86400 -Xcc -fmodules-prune-after\=345600 -package-name spi_builder_workspace -emit-const-values -const-gather-protocols-list /Users/admin/builder/spi-builder-workspace/.derivedData/Build/Intermediates.noindex/Confetti.build/Debug-watchos/ConfettiPlayback-t.build/Objects-normal/arm64_32/ConfettiPlayback_const_extract_protocols.json -Xcc -I/Users/admin/builder/spi-builder-workspace/.derivedData/Build/Products/Debug-watchos/include -Xcc -I/Users/admin/builder/spi-builder-workspace/.derivedData/Build/Intermediates.noindex/Confetti.build/Debug-watchos/ConfettiPlayback-t.build/DerivedSources-normal/arm64_32 -Xcc -I/Users/admin/builder/spi-builder-workspace/.derivedData/Build/Intermediates.noindex/Confetti.build/Debug-watchos/ConfettiPlayback-t.build/DerivedSources/arm64_32 -Xcc -I/Users/admin/builder/spi-builder-workspace/.derivedData/Build/Intermediates.noindex/Confetti.build/Debug-watchos/ConfettiPlayback-t.build/DerivedSources -Xcc -DSWIFT_PACKAGE -Xcc -DDEBUG\=1 -emit-objc-header -emit-objc-header-path /Users/admin/builder/spi-builder-workspace/.derivedData/Build/Intermediates.noindex/Confetti.build/Debug-watchos/ConfettiPlayback-t.build/Objects-normal/arm64_32/ConfettiPlayback-Swift.h -working-directory /Users/admin/builder/spi-builder-workspace/.swiftpm/xcode -experimental-emit-module-separately -disable-cmo
SwiftDriverJobDiscovery normal arm64_32 Compiling ConfettiConfig.swift (in target 'ConfettiCore' from project 'Confetti')
SwiftDriverJobDiscovery normal arm64 Compiling ConfettiConfig.swift (in target 'ConfettiCore' from project 'Confetti')
SwiftDriverJobDiscovery normal arm64 Compiling ConfettiCloud.swift (in target 'ConfettiCore' from project 'Confetti')
SwiftDriverJobDiscovery normal arm64_32 Compiling ConfettiSimulation.swift (in target 'ConfettiCore' from project 'Confetti')
SwiftDriver\ Compilation ConfettiCore normal arm64_32 com.apple.xcode.tools.swift.compiler (in target 'ConfettiCore' from project 'Confetti')
    cd /Users/admin/builder/spi-builder-workspace/.swiftpm/xcode
    builtin-Swift-Compilation -- /Applications/Xcode-27.0.0-Release.Candidate.app/Contents/Developer/Toolchains/XcodeDefault.xctoolchain/usr/bin/swiftc -parse-as-library -module-name ConfettiCore -Onone @/Users/admin/builder/spi-builder-workspace/.derivedData/Build/Intermediates.noindex/Confetti.build/Debug-watchos/ConfettiCore-t.build/Objects-normal/arm64_32/ConfettiCore.SwiftFileList -DSWIFT_PACKAGE -DDEBUG -DSWIFT_MODULE_RESOURCE_BUNDLE_UNAVAILABLE -DXcode -plugin-path /Applications/Xcode-27.0.0-Release.Candidate.app/Contents/Developer/Toolchains/XcodeDefault.xctoolchain/usr/lib/swift/host/plugins/testing -enable-experimental-feature DebugDescriptionMacro -sdk /Applications/Xcode-27.0.0-Release.Candidate.app/Contents/Developer/Platforms/WatchOS.platform/Developer/SDKs/WatchOS27.0.sdk -target arm64_32-apple-watchos11.0 -g -module-cache-path /Users/admin/builder/spi-builder-workspace/.derivedData/ModuleCache.noindex -Xfrontend -serialize-debugging-options -profile-coverage-mapping -profile-generate -enable-testing -index-store-path /Users/admin/builder/spi-builder-workspace/.derivedData/Index.noindex/DataStore -Xcc -D_LIBCPP_HARDENING_MODE\=_LIBCPP_HARDENING_MODE_DEBUG -swift-version 6 -I /Users/admin/builder/spi-builder-workspace/.derivedData/Build/Products/Debug-watchos -Isystem /Applications/Xcode-27.0.0-Release.Candidate.app/Contents/Developer/Platforms/WatchOS.platform/Developer/usr/lib -F /Users/admin/builder/spi-builder-workspace/.derivedData/Build/Products/Debug-watchos -F /Applications/Xcode-27.0.0-Release.Candidate.app/Contents/Developer/Platforms/WatchOS.platform/Developer/Library/Frameworks -F /Applications/Xcode-27.0.0-Release.Candidate.app/Contents/Developer/Platforms/WatchOS.platform/Developer/SDKs/WatchOS27.0.sdk/Developer/Library/Frameworks -c -j10 -enable-batch-mode -incremental -Xcc -ivfsstatcache -Xcc /Users/admin/builder/spi-builder-workspace/.derivedData/SDKStatCaches.noindex/watchos27.0-24R360-e829b21a6f8c9b70876ba0858053c04477534ef55a1706bf4c1112bbb242f0a2.sdkstatcache -output-file-map /Users/admin/builder/spi-builder-workspace/.derivedData/Build/Intermediates.noindex/Confetti.build/Debug-watchos/ConfettiCore-t.build/Objects-normal/arm64_32/ConfettiCore-OutputFileMap.json -save-temps -no-color-diagnostics -explicit-module-build -module-cache-path /Users/admin/builder/spi-builder-workspace/.derivedData/Build/Intermediates.noindex/SwiftExplicitPrecompiledModules -clang-scanner-module-cache-path /Users/admin/builder/spi-builder-workspace/.derivedData/ModuleCache.noindex -sdk-module-cache-path /Users/admin/builder/spi-builder-workspace/.derivedData/SDKExplicitPrecompiledModules -emit-dependencies -emit-module -emit-module-path /Users/admin/builder/spi-builder-workspace/.derivedData/Build/Intermediates.noindex/Confetti.build/Debug-watchos/ConfettiCore-t.build/Objects-normal/arm64_32/ConfettiCore.swiftmodule -serialize-diagnostics -dependency-scan-serialize-diagnostics-path /Users/admin/builder/spi-builder-workspace/.derivedData/Build/Intermediates.noindex/Confetti.build/Debug-watchos/ConfettiCore-t.build/Objects-normal/arm64_32/ConfettiCore-dependency-scan.dia -validate-clang-modules-once -clang-build-session-file /Users/admin/builder/spi-builder-workspace/.derivedData/ModuleCache.noindex/Session.modulevalidation -Xcc -fmodules-prune-interval\=86400 -Xcc -fmodules-prune-after\=345600 -package-name spi_builder_workspace -emit-const-values -const-gather-protocols-list /Users/admin/builder/spi-builder-workspace/.derivedData/Build/Intermediates.noindex/Confetti.build/Debug-watchos/ConfettiCore-t.build/Objects-normal/arm64_32/ConfettiCore_const_extract_protocols.json -Xcc -I/Users/admin/builder/spi-builder-workspace/.derivedData/Build/Products/Debug-watchos/include -Xcc -I/Users/admin/builder/spi-builder-workspace/.derivedData/Build/Intermediates.noindex/Confetti.build/Debug-watchos/ConfettiCore-t.build/DerivedSources-normal/arm64_32 -Xcc -I/Users/admin/builder/spi-builder-workspace/.derivedData/Build/Intermediates.noindex/Confetti.build/Debug-watchos/ConfettiCore-t.build/DerivedSources/arm64_32 -Xcc -I/Users/admin/builder/spi-builder-workspace/.derivedData/Build/Intermediates.noindex/Confetti.build/Debug-watchos/ConfettiCore-t.build/DerivedSources -Xcc -DSWIFT_PACKAGE -Xcc -DDEBUG\=1 -emit-objc-header -emit-objc-header-path /Users/admin/builder/spi-builder-workspace/.derivedData/Build/Intermediates.noindex/Confetti.build/Debug-watchos/ConfettiCore-t.build/Objects-normal/arm64_32/ConfettiCore-Swift.h -working-directory /Users/admin/builder/spi-builder-workspace/.swiftpm/xcode -experimental-emit-module-separately -disable-cmo
Ld /Users/admin/builder/spi-builder-workspace/.derivedData/Build/Intermediates.noindex/Confetti.build/Debug-watchos/ConfettiCore-t.build/Objects-normal/arm64_32/Binary/ConfettiCore.o normal arm64_32 (in target 'ConfettiCore' from project 'Confetti')
    cd /Users/admin/builder/spi-builder-workspace
    /Applications/Xcode-27.0.0-Release.Candidate.app/Contents/Developer/Toolchains/XcodeDefault.xctoolchain/usr/bin/clang -Xlinker -reproducible -target arm64_32-apple-watchos11.0 -r -isysroot /Applications/Xcode-27.0.0-Release.Candidate.app/Contents/Developer/Platforms/WatchOS.platform/Developer/SDKs/WatchOS27.0.sdk -O0 -Xlinker -no_warn_duplicate_libraries -F/Users/admin/builder/spi-builder-workspace/.derivedData/Build/Intermediates.noindex/EagerLinkingTBDs/Debug-watchos -F/Users/admin/builder/spi-builder-workspace/.derivedData/Build/Products/Debug-watchos -iframework /Applications/Xcode-27.0.0-Release.Candidate.app/Contents/Developer/Platforms/WatchOS.platform/Developer/Library/Frameworks -iframework /Applications/Xcode-27.0.0-Release.Candidate.app/Contents/Developer/Platforms/WatchOS.platform/Developer/SDKs/WatchOS27.0.sdk/Developer/Library/Frameworks -filelist /Users/admin/builder/spi-builder-workspace/.derivedData/Build/Intermediates.noindex/Confetti.build/Debug-watchos/ConfettiCore-t.build/Objects-normal/arm64_32/ConfettiCore.LinkFileList -nostdlib -Xlinker -object_path_lto -Xlinker /Users/admin/builder/spi-builder-workspace/.derivedData/Build/Intermediates.noindex/Confetti.build/Debug-watchos/ConfettiCore-t.build/Objects-normal/arm64_32/ConfettiCore_lto.o -Xlinker -no_deduplicate -Xlinker -debug_variant -Xlinker -dependency_info -Xlinker /Users/admin/builder/spi-builder-workspace/.derivedData/Build/Intermediates.noindex/Confetti.build/Debug-watchos/ConfettiCore-t.build/Objects-normal/arm64_32/ConfettiCore_dependency_info.dat -fobjc-link-runtime -L/Applications/Xcode-27.0.0-Release.Candidate.app/Contents/Developer/Toolchains/XcodeDefault.xctoolchain/usr/lib/swift/watchos -L/usr/lib/swift -Xlinker -add_ast_path -Xlinker /Users/admin/builder/spi-builder-workspace/.derivedData/Build/Intermediates.noindex/Confetti.build/Debug-watchos/ConfettiCore-t.build/Objects-normal/arm64_32/ConfettiCore.swiftmodule -o /Users/admin/builder/spi-builder-workspace/.derivedData/Build/Intermediates.noindex/Confetti.build/Debug-watchos/ConfettiCore-t.build/Objects-normal/arm64_32/Binary/ConfettiCore.o
SwiftDriverJobDiscovery normal arm64 Compiling Confetto.swift (in target 'ConfettiCore' from project 'Confetti')
SwiftDriverJobDiscovery normal arm64 Compiling ConfettiSimulation.swift (in target 'ConfettiCore' from project 'Confetti')
SwiftDriver\ Compilation ConfettiCore normal arm64 com.apple.xcode.tools.swift.compiler (in target 'ConfettiCore' from project 'Confetti')
    cd /Users/admin/builder/spi-builder-workspace/.swiftpm/xcode
    builtin-Swift-Compilation -- /Applications/Xcode-27.0.0-Release.Candidate.app/Contents/Developer/Toolchains/XcodeDefault.xctoolchain/usr/bin/swiftc -parse-as-library -module-name ConfettiCore -Onone @/Users/admin/builder/spi-builder-workspace/.derivedData/Build/Intermediates.noindex/Confetti.build/Debug-watchos/ConfettiCore-t.build/Objects-normal/arm64/ConfettiCore.SwiftFileList -DSWIFT_PACKAGE -DDEBUG -DSWIFT_MODULE_RESOURCE_BUNDLE_UNAVAILABLE -DXcode -plugin-path /Applications/Xcode-27.0.0-Release.Candidate.app/Contents/Developer/Toolchains/XcodeDefault.xctoolchain/usr/lib/swift/host/plugins/testing -enable-experimental-feature DebugDescriptionMacro -sdk /Applications/Xcode-27.0.0-Release.Candidate.app/Contents/Developer/Platforms/WatchOS.platform/Developer/SDKs/WatchOS27.0.sdk -target arm64-apple-watchos11.0 -g -module-cache-path /Users/admin/builder/spi-builder-workspace/.derivedData/ModuleCache.noindex -Xfrontend -serialize-debugging-options -profile-coverage-mapping -profile-generate -enable-testing -index-store-path /Users/admin/builder/spi-builder-workspace/.derivedData/Index.noindex/DataStore -Xcc -D_LIBCPP_HARDENING_MODE\=_LIBCPP_HARDENING_MODE_DEBUG -swift-version 6 -I /Users/admin/builder/spi-builder-workspace/.derivedData/Build/Products/Debug-watchos -Isystem /Applications/Xcode-27.0.0-Release.Candidate.app/Contents/Developer/Platforms/WatchOS.platform/Developer/usr/lib -F /Users/admin/builder/spi-builder-workspace/.derivedData/Build/Products/Debug-watchos -F /Applications/Xcode-27.0.0-Release.Candidate.app/Contents/Developer/Platforms/WatchOS.platform/Developer/Library/Frameworks -F /Applications/Xcode-27.0.0-Release.Candidate.app/Contents/Developer/Platforms/WatchOS.platform/Developer/SDKs/WatchOS27.0.sdk/Developer/Library/Frameworks -c -j10 -enable-batch-mode -incremental -Xcc -ivfsstatcache -Xcc /Users/admin/builder/spi-builder-workspace/.derivedData/SDKStatCaches.noindex/watchos27.0-24R360-e829b21a6f8c9b70876ba0858053c04477534ef55a1706bf4c1112bbb242f0a2.sdkstatcache -output-file-map /Users/admin/builder/spi-builder-workspace/.derivedData/Build/Intermediates.noindex/Confetti.build/Debug-watchos/ConfettiCore-t.build/Objects-normal/arm64/ConfettiCore-OutputFileMap.json -save-temps -no-color-diagnostics -explicit-module-build -module-cache-path /Users/admin/builder/spi-builder-workspace/.derivedData/Build/Intermediates.noindex/SwiftExplicitPrecompiledModules -clang-scanner-module-cache-path /Users/admin/builder/spi-builder-workspace/.derivedData/ModuleCache.noindex -sdk-module-cache-path /Users/admin/builder/spi-builder-workspace/.derivedData/SDKExplicitPrecompiledModules -emit-dependencies -emit-module -emit-module-path /Users/admin/builder/spi-builder-workspace/.derivedData/Build/Intermediates.noindex/Confetti.build/Debug-watchos/ConfettiCore-t.build/Objects-normal/arm64/ConfettiCore.swiftmodule -serialize-diagnostics -dependency-scan-serialize-diagnostics-path /Users/admin/builder/spi-builder-workspace/.derivedData/Build/Intermediates.noindex/Confetti.build/Debug-watchos/ConfettiCore-t.build/Objects-normal/arm64/ConfettiCore-dependency-scan.dia -validate-clang-modules-once -clang-build-session-file /Users/admin/builder/spi-builder-workspace/.derivedData/ModuleCache.noindex/Session.modulevalidation -Xcc -fmodules-prune-interval\=86400 -Xcc -fmodules-prune-after\=345600 -package-name spi_builder_workspace -emit-const-values -const-gather-protocols-list /Users/admin/builder/spi-builder-workspace/.derivedData/Build/Intermediates.noindex/Confetti.build/Debug-watchos/ConfettiCore-t.build/Objects-normal/arm64/ConfettiCore_const_extract_protocols.json -Xcc -I/Users/admin/builder/spi-builder-workspace/.derivedData/Build/Products/Debug-watchos/include -Xcc -I/Users/admin/builder/spi-builder-workspace/.derivedData/Build/Intermediates.noindex/Confetti.build/Debug-watchos/ConfettiCore-t.build/DerivedSources-normal/arm64 -Xcc -I/Users/admin/builder/spi-builder-workspace/.derivedData/Build/Intermediates.noindex/Confetti.build/Debug-watchos/ConfettiCore-t.build/DerivedSources/arm64 -Xcc -I/Users/admin/builder/spi-builder-workspace/.derivedData/Build/Intermediates.noindex/Confetti.build/Debug-watchos/ConfettiCore-t.build/DerivedSources -Xcc -DSWIFT_PACKAGE -Xcc -DDEBUG\=1 -emit-objc-header -emit-objc-header-path /Users/admin/builder/spi-builder-workspace/.derivedData/Build/Intermediates.noindex/Confetti.build/Debug-watchos/ConfettiCore-t.build/Objects-normal/arm64/ConfettiCore-Swift.h -working-directory /Users/admin/builder/spi-builder-workspace/.swiftpm/xcode -experimental-emit-module-separately -disable-cmo
Ld /Users/admin/builder/spi-builder-workspace/.derivedData/Build/Intermediates.noindex/Confetti.build/Debug-watchos/ConfettiCore-t.build/Objects-normal/arm64/Binary/ConfettiCore.o normal arm64 (in target 'ConfettiCore' from project 'Confetti')
    cd /Users/admin/builder/spi-builder-workspace
    /Applications/Xcode-27.0.0-Release.Candidate.app/Contents/Developer/Toolchains/XcodeDefault.xctoolchain/usr/bin/clang -Xlinker -reproducible -target arm64-apple-watchos11.0 -r -isysroot /Applications/Xcode-27.0.0-Release.Candidate.app/Contents/Developer/Platforms/WatchOS.platform/Developer/SDKs/WatchOS27.0.sdk -O0 -Xlinker -no_warn_duplicate_libraries -F/Users/admin/builder/spi-builder-workspace/.derivedData/Build/Intermediates.noindex/EagerLinkingTBDs/Debug-watchos -F/Users/admin/builder/spi-builder-workspace/.derivedData/Build/Products/Debug-watchos -iframework /Applications/Xcode-27.0.0-Release.Candidate.app/Contents/Developer/Platforms/WatchOS.platform/Developer/Library/Frameworks -iframework /Applications/Xcode-27.0.0-Release.Candidate.app/Contents/Developer/Platforms/WatchOS.platform/Developer/SDKs/WatchOS27.0.sdk/Developer/Library/Frameworks -filelist /Users/admin/builder/spi-builder-workspace/.derivedData/Build/Intermediates.noindex/Confetti.build/Debug-watchos/ConfettiCore-t.build/Objects-normal/arm64/ConfettiCore.LinkFileList -nostdlib -Xlinker -object_path_lto -Xlinker /Users/admin/builder/spi-builder-workspace/.derivedData/Build/Intermediates.noindex/Confetti.build/Debug-watchos/ConfettiCore-t.build/Objects-normal/arm64/ConfettiCore_lto.o -Xlinker -no_deduplicate -Xlinker -debug_variant -Xlinker -dependency_info -Xlinker /Users/admin/builder/spi-builder-workspace/.derivedData/Build/Intermediates.noindex/Confetti.build/Debug-watchos/ConfettiCore-t.build/Objects-normal/arm64/ConfettiCore_dependency_info.dat -fobjc-link-runtime -L/Applications/Xcode-27.0.0-Release.Candidate.app/Contents/Developer/Toolchains/XcodeDefault.xctoolchain/usr/lib/swift/watchos -L/usr/lib/swift -Xlinker -add_ast_path -Xlinker /Users/admin/builder/spi-builder-workspace/.derivedData/Build/Intermediates.noindex/Confetti.build/Debug-watchos/ConfettiCore-t.build/Objects-normal/arm64/ConfettiCore.swiftmodule -o /Users/admin/builder/spi-builder-workspace/.derivedData/Build/Intermediates.noindex/Confetti.build/Debug-watchos/ConfettiCore-t.build/Objects-normal/arm64/Binary/ConfettiCore.o
CreateUniversalBinary /Users/admin/builder/spi-builder-workspace/.derivedData/Build/Products/Debug-watchos/ConfettiCore.o normal arm64\ arm64_32 (in target 'ConfettiCore' from project 'Confetti')
    cd /Users/admin/builder/spi-builder-workspace
    /Applications/Xcode-27.0.0-Release.Candidate.app/Contents/Developer/Toolchains/XcodeDefault.xctoolchain/usr/bin/lipo -create /Users/admin/builder/spi-builder-workspace/.derivedData/Build/Intermediates.noindex/Confetti.build/Debug-watchos/ConfettiCore-t.build/Objects-normal/arm64/Binary/ConfettiCore.o /Users/admin/builder/spi-builder-workspace/.derivedData/Build/Intermediates.noindex/Confetti.build/Debug-watchos/ConfettiCore-t.build/Objects-normal/arm64_32/Binary/ConfettiCore.o -output /Users/admin/builder/spi-builder-workspace/.derivedData/Build/Products/Debug-watchos/ConfettiCore.o
ExtractAppIntentsMetadata (in target 'ConfettiCore' from project 'Confetti')
    cd /Users/admin/builder/spi-builder-workspace
    /Applications/Xcode-27.0.0-Release.Candidate.app/Contents/Developer/Toolchains/XcodeDefault.xctoolchain/usr/bin/appintentsmetadataprocessor --toolchain-dir /var/run/com.apple.security.cryptexd/mnt/com.apple.MobileAsset.MetalToolchain-v27.1.266.1.nysRcj/Metal.xctoolchain --module-name ConfettiCore --sdk-root /Applications/Xcode-27.0.0-Release.Candidate.app/Contents/Developer/Platforms/WatchOS.platform/Developer/SDKs/WatchOS27.0.sdk --xcode-version 27A266a --platform-family watchOS --deployment-target 11.0 --bundle-identifier spi-builder-workspace.ConfettiCore --output /Users/admin/builder/spi-builder-workspace/.derivedData/Build/Products/Debug-watchos/ConfettiCore.appintents --target-triple arm64-apple-watchos11.0 --target-triple arm64_32-apple-watchos11.0 --binary-file /Users/admin/builder/spi-builder-workspace/.derivedData/Build/Products/Debug-watchos/ConfettiCore.o --dependency-file /Users/admin/builder/spi-builder-workspace/.derivedData/Build/Intermediates.noindex/Confetti.build/Debug-watchos/ConfettiCore-t.build/Objects-normal/arm64/ConfettiCore_dependency_info.dat --dependency-file /Users/admin/builder/spi-builder-workspace/.derivedData/Build/Intermediates.noindex/Confetti.build/Debug-watchos/ConfettiCore-t.build/Objects-normal/arm64_32/ConfettiCore_dependency_info.dat --stringsdata-file /Users/admin/builder/spi-builder-workspace/.derivedData/Build/Intermediates.noindex/Confetti.build/Debug-watchos/ConfettiCore-t.build/Objects-normal/arm64/ExtractedAppShortcutsMetadata.stringsdata --stringsdata-file /Users/admin/builder/spi-builder-workspace/.derivedData/Build/Intermediates.noindex/Confetti.build/Debug-watchos/ConfettiCore-t.build/Objects-normal/arm64_32/ExtractedAppShortcutsMetadata.stringsdata --source-file-list /Users/admin/builder/spi-builder-workspace/.derivedData/Build/Intermediates.noindex/Confetti.build/Debug-watchos/ConfettiCore-t.build/Objects-normal/arm64/ConfettiCore.SwiftFileList --source-file-list /Users/admin/builder/spi-builder-workspace/.derivedData/Build/Intermediates.noindex/Confetti.build/Debug-watchos/ConfettiCore-t.build/Objects-normal/arm64_32/ConfettiCore.SwiftFileList --metadata-file-list /Users/admin/builder/spi-builder-workspace/.derivedData/Build/Intermediates.noindex/Confetti.build/Debug-watchos/ConfettiCore-t.build/ConfettiCore.DependencyMetadataFileList --static-metadata-file-list /Users/admin/builder/spi-builder-workspace/.derivedData/Build/Intermediates.noindex/Confetti.build/Debug-watchos/ConfettiCore-t.build/ConfettiCore.DependencyStaticMetadataFileList --swift-const-vals-list /Users/admin/builder/spi-builder-workspace/.derivedData/Build/Intermediates.noindex/Confetti.build/Debug-watchos/ConfettiCore-t.build/Objects-normal/arm64/ConfettiCore.SwiftConstValuesFileList --swift-const-vals-list /Users/admin/builder/spi-builder-workspace/.derivedData/Build/Intermediates.noindex/Confetti.build/Debug-watchos/ConfettiCore-t.build/Objects-normal/arm64_32/ConfettiCore.SwiftConstValuesFileList --force --compile-time-extraction --deployment-aware-processing --no-app-shortcuts-localization
2026-09-23 14:11:43.571 appintentsmetadataprocessor[758:4667] Starting appintentsmetadataprocessor export
2026-09-23 14:11:43.665 appintentsmetadataprocessor[758:4667] Extracted no relevant App Intents symbols, skipping writing output
SwiftExplicitDependencyGeneratePcm arm64_32 /Users/admin/builder/spi-builder-workspace/.derivedData/SDKExplicitPrecompiledModules/DataDetection-8EDL8T61430CB5CU94L1E3L0C.pcm
SwiftExplicitDependencyGeneratePcm arm64_32 /Users/admin/builder/spi-builder-workspace/.derivedData/SDKExplicitPrecompiledModules/_Builtin_stdatomic-D2FE5M7JS5NQA5JDADVERWJM4.pcm
SwiftExplicitDependencyGeneratePcm arm64_32 /Users/admin/builder/spi-builder-workspace/.derivedData/SDKExplicitPrecompiledModules/UserNotifications-F5AOMF9V2Y10QV8U00QNX8B7Q.pcm
SwiftExplicitDependencyGeneratePcm arm64_32 /Users/admin/builder/spi-builder-workspace/.derivedData/SDKExplicitPrecompiledModules/Symbols-DP67QJL9W7VSYP70ZVEBE3KRT.pcm
SwiftExplicitDependencyGeneratePcm arm64_32 /Users/admin/builder/spi-builder-workspace/.derivedData/SDKExplicitPrecompiledModules/CoreTransferable-DSXZOKFM7XQLZ0FRNNKFDWZT0.pcm
SwiftExplicitDependencyGeneratePcm arm64_32 /Users/admin/builder/spi-builder-workspace/.derivedData/SDKExplicitPrecompiledModules/Accessibility-BBXP8Z81UOB3UBBTO3GG9FEEO.pcm
SwiftExplicitDependencyGeneratePcm arm64_32 /Users/admin/builder/spi-builder-workspace/.derivedData/SDKExplicitPrecompiledModules/DeveloperToolsSupport-3FQKKPF3BW0SWE1YUZ86OZWIB.pcm
SwiftExplicitDependencyGeneratePcm arm64_32 /Users/admin/builder/spi-builder-workspace/.derivedData/SDKExplicitPrecompiledModules/_Builtin_intrinsics-2K07JIG9ZANIKHSNPO3O6L1K6.pcm
SwiftExplicitDependencyGeneratePcm arm64_32 /Users/admin/builder/spi-builder-workspace/.derivedData/SDKExplicitPrecompiledModules/CoreVideo-BX0NALWCB2F1YOTF0NZGV9FWU.pcm
SwiftExplicitDependencyGeneratePcm arm64_32 /Users/admin/builder/spi-builder-workspace/.derivedData/SDKExplicitPrecompiledModules/MachO-F47JQRYVH1SLPOQSJD8RK9MSX.pcm
SwiftExplicitDependencyGeneratePcm arm64 /Users/admin/builder/spi-builder-workspace/.derivedData/SDKExplicitPrecompiledModules/CoreText-BEC0M2J7FJN53VXNFDZDKL9U2.pcm
SwiftExplicitDependencyGeneratePcm arm64_32 /Users/admin/builder/spi-builder-workspace/.derivedData/SDKExplicitPrecompiledModules/_Builtin_tgmath-414CVW1GW3IL0HRLCNNCS6Q0U.pcm
SwiftExplicitDependencyGeneratePcm arm64 /Users/admin/builder/spi-builder-workspace/.derivedData/SDKExplicitPrecompiledModules/_Builtin_tgmath-7JP2AE1NQHA1DV5JYP2OHQ3BF.pcm
SwiftExplicitDependencyGeneratePcm arm64 /Users/admin/builder/spi-builder-workspace/.derivedData/SDKExplicitPrecompiledModules/Accessibility-DB0V1GY4JDAXG2CZ5MW826DDE.pcm
SwiftExplicitDependencyGeneratePcm arm64_32 /Users/admin/builder/spi-builder-workspace/.derivedData/SDKExplicitPrecompiledModules/_LocationEssentials-1XWTF8V96VX3IAHKJO7PJZDU0.pcm
SwiftExplicitDependencyGeneratePcm arm64_32 /Users/admin/builder/spi-builder-workspace/.derivedData/SDKExplicitPrecompiledModules/UniformTypeIdentifiers-EH256724QTCKT0XATY095QHVP.pcm
SwiftExplicitDependencyGeneratePcm arm64 /Users/admin/builder/spi-builder-workspace/.derivedData/SDKExplicitPrecompiledModules/UserNotifications-7VIERZPAA371031RT8VBKFYKJ.pcm
SwiftExplicitDependencyGeneratePcm arm64 /Users/admin/builder/spi-builder-workspace/.derivedData/SDKExplicitPrecompiledModules/_Builtin_stdatomic-25T9UW3XDYID74302F31PX0RP.pcm
SwiftExplicitDependencyGeneratePcm arm64 /Users/admin/builder/spi-builder-workspace/.derivedData/SDKExplicitPrecompiledModules/DeveloperToolsSupport-CL5QT3CW0ZM498PFTWG64QMLA.pcm
SwiftExplicitDependencyGeneratePcm arm64 /Users/admin/builder/spi-builder-workspace/.derivedData/SDKExplicitPrecompiledModules/UniformTypeIdentifiers-47SS6PHE8KOUZX5UOQUNKH397.pcm
SwiftExplicitDependencyGeneratePcm arm64 /Users/admin/builder/spi-builder-workspace/.derivedData/SDKExplicitPrecompiledModules/_Builtin_intrinsics-SQV576LJA0QE7RW5HF7CQ1BX.pcm
SwiftExplicitDependencyGeneratePcm arm64 /Users/admin/builder/spi-builder-workspace/.derivedData/SDKExplicitPrecompiledModules/Symbols-B8SNL2YULCKW9SYIL0T5QLMV.pcm
SwiftExplicitDependencyGeneratePcm arm64_32 /Users/admin/builder/spi-builder-workspace/.derivedData/SDKExplicitPrecompiledModules/CoreLocation-4AZRAZ8X3W0CS36SZ1GS4LT05.pcm
SwiftExplicitDependencyGeneratePcm arm64 /Users/admin/builder/spi-builder-workspace/.derivedData/SDKExplicitPrecompiledModules/CoreTransferable-EULYJN53RZTIP2D6F171CT1YZ.pcm
SwiftExplicitDependencyGeneratePcm arm64_32 /Users/admin/builder/spi-builder-workspace/.derivedData/SDKExplicitPrecompiledModules/os-D9NWGT7PQGY2OD43XMA2KGLJK.pcm
SwiftExplicitDependencyGeneratePcm arm64_32 /Users/admin/builder/spi-builder-workspace/.derivedData/SDKExplicitPrecompiledModules/CoreText-34U50N378SZT64826L0B62MN6.pcm
SwiftExplicitDependencyGeneratePcm arm64_32 /Users/admin/builder/spi-builder-workspace/.derivedData/SDKExplicitPrecompiledModules/QuartzCore-72UYR37X0O2APTD1XMSJ20X5X.pcm
SwiftExplicitDependencyGeneratePcm arm64 /Users/admin/builder/spi-builder-workspace/.derivedData/SDKExplicitPrecompiledModules/CoreVideo-2YRZ292TS6QDW2V2V92NZMPWM.pcm
SwiftExplicitDependencyGeneratePcm arm64 /Users/admin/builder/spi-builder-workspace/.derivedData/SDKExplicitPrecompiledModules/MachO-4RYXFVY68ZDEUZYFMVL57WEKU.pcm
SwiftExplicitDependencyGeneratePcm arm64 /Users/admin/builder/spi-builder-workspace/.derivedData/SDKExplicitPrecompiledModules/_LocationEssentials-C3HYVW8P89QAUDLD9VRHUF48Q.pcm
SwiftExplicitDependencyGeneratePcm arm64_32 /Users/admin/builder/spi-builder-workspace/.derivedData/SDKExplicitPrecompiledModules/UIUtilities-ABH83C7CSGMIJAARTF384TV0L.pcm
SwiftExplicitDependencyGeneratePcm arm64 /Users/admin/builder/spi-builder-workspace/.derivedData/SDKExplicitPrecompiledModules/UIUtilities-AR3EDJH6PMDGNUXQGV2JND65S.pcm
SwiftExplicitDependencyGeneratePcm arm64_32 /Users/admin/builder/spi-builder-workspace/.derivedData/SDKExplicitPrecompiledModules/OSLog-DXCLJ0K1EEBRV5MFYJOV1HIUX.pcm
SwiftExplicitDependencyGeneratePcm arm64_32 /Users/admin/builder/spi-builder-workspace/.derivedData/SDKExplicitPrecompiledModules/CoreMotion-E9C6K7MOTJF3RC93DULCZ130U.pcm
SwiftExplicitDependencyGeneratePcm arm64_32 /Users/admin/builder/spi-builder-workspace/.derivedData/SDKExplicitPrecompiledModules/simd-1W6O8NR1QUSWJGAN44DNNWVHX.pcm
SwiftExplicitDependencyGeneratePcm arm64 /Users/admin/builder/spi-builder-workspace/.derivedData/SDKExplicitPrecompiledModules/QuartzCore-BRDP6VIMJ6A6HG4W4NYXZ8BI3.pcm
SwiftExplicitDependencyGeneratePcm arm64 /Users/admin/builder/spi-builder-workspace/.derivedData/SDKExplicitPrecompiledModules/DataDetection-8RQ09UCIV0XSYRF8TQQD54MWN.pcm
SwiftExplicitDependencyGeneratePcm arm64 /Users/admin/builder/spi-builder-workspace/.derivedData/SDKExplicitPrecompiledModules/CoreLocation-B0A9Z3B1UDU8OLBQROLWD03N3.pcm
SwiftExplicitDependencyGeneratePcm arm64 /Users/admin/builder/spi-builder-workspace/.derivedData/SDKExplicitPrecompiledModules/os-6BCTB8I5DCBBKFJ0Y0G4WQDDJ.pcm
SwiftExplicitDependencyGeneratePcm arm64_32 /Users/admin/builder/spi-builder-workspace/.derivedData/SDKExplicitPrecompiledModules/SwiftUICore-TURER010MQ2QH6SN4BGDJJKP.pcm
SwiftExplicitDependencyGeneratePcm arm64_32 /Users/admin/builder/spi-builder-workspace/.derivedData/SDKExplicitPrecompiledModules/UIKit-BGAQE5HOOTG6M9C46O1HHPCDR.pcm
SwiftExplicitDependencyGeneratePcm arm64 /Users/admin/builder/spi-builder-workspace/.derivedData/SDKExplicitPrecompiledModules/OSLog-ESJZZ70KT229YQNKF5CWYQVLA.pcm
SwiftExplicitDependencyGeneratePcm arm64 /Users/admin/builder/spi-builder-workspace/.derivedData/SDKExplicitPrecompiledModules/simd-2C11HKTI5TJB05T724EWNFZXD.pcm
SwiftExplicitDependencyGeneratePcm arm64 /Users/admin/builder/spi-builder-workspace/.derivedData/SDKExplicitPrecompiledModules/CoreMotion-70RNUQRT1QM2F8WR42WPP4KQV.pcm
SwiftExplicitDependencyGeneratePcm arm64 /Users/admin/builder/spi-builder-workspace/.derivedData/SDKExplicitPrecompiledModules/SwiftUICore-D4BOUT6VJWDXKNATG8P2F95W3.pcm
SwiftExplicitDependencyGeneratePcm arm64 /Users/admin/builder/spi-builder-workspace/.derivedData/SDKExplicitPrecompiledModules/UIKit-2XWL6VFNA7WRWSTXI42YLU909.pcm
SwiftExplicitDependencyGeneratePcm arm64_32 /Users/admin/builder/spi-builder-workspace/.derivedData/SDKExplicitPrecompiledModules/Spatial-4XS0QRL16224ZE9KE9TMKASKT.pcm
SwiftExplicitDependencyGeneratePcm arm64 /Users/admin/builder/spi-builder-workspace/.derivedData/SDKExplicitPrecompiledModules/Spatial-EZKKX4XFW72RZCTOIG80Z93AP.pcm
SwiftCompile normal arm64_32 Compiling\ GeneratedAssetSymbols.swift /Users/admin/builder/spi-builder-workspace/.derivedData/Build/Intermediates.noindex/Confetti.build/Debug-watchos/ConfettiPlayback-t.build/DerivedSources/GeneratedAssetSymbols.swift (in target 'ConfettiPlayback' from project 'Confetti')
SwiftCompile normal arm64_32 /Users/admin/builder/spi-builder-workspace/.derivedData/Build/Intermediates.noindex/Confetti.build/Debug-watchos/ConfettiPlayback-t.build/DerivedSources/GeneratedAssetSymbols.swift (in target 'ConfettiPlayback' from project 'Confetti')
    cd /Users/admin/builder/spi-builder-workspace/.swiftpm/xcode
    builtin-SwiftPerFileCompile GeneratedAssetSymbols.swift
SwiftCompile normal arm64_32 Compiling\ DisplayLinkDriver.swift /Users/admin/builder/spi-builder-workspace/Sources/ConfettiPlayback/Support/DisplayLinkDriver.swift (in target 'ConfettiPlayback' from project 'Confetti')
/Users/admin/builder/spi-builder-workspace/Sources/ConfettiPlayback/Support/DisplayLinkDriver.swift:12:30: error: 'CADisplayLink' is unavailable in watchOS
10 |     // MARK: - Properties
11 |
12 |     private var displayLink: CADisplayLink?
   |                              `- error: 'CADisplayLink' is unavailable in watchOS
13 |     private var handler: ((Date) -> Void)?
14 |
/Applications/Xcode-27.0.0-Release.Candidate.app/Contents/Developer/Platforms/WatchOS.platform/Developer/SDKs/WatchOS27.0.sdk/System/Library/Frameworks/QuartzCore.framework/Headers/CADisplayLink.h:21:12: note: 'CADisplayLink' has been explicitly marked unavailable here
 19 | API_AVAILABLE(macos(14.0))
 20 |
 21 | @interface CADisplayLink : NSObject
    |            `- note: 'CADisplayLink' has been explicitly marked unavailable here
 22 | {
 23 | @private
/Users/admin/builder/spi-builder-workspace/Sources/ConfettiPlayback/Support/DisplayLinkDriver.swift:37:57: error: 'CADisplayLink' is unavailable in watchOS
35 |     // MARK: - Private
36 |
37 |     @objc private func handleDisplayLink(_ displayLink: CADisplayLink) {
   |                                                         `- error: 'CADisplayLink' is unavailable in watchOS
38 |         // Use CADisplayLink's monotonic timestamp instead of Date.now to avoid jitter and
39 |         // to correctly reflect display refresh cadence.
/Applications/Xcode-27.0.0-Release.Candidate.app/Contents/Developer/Platforms/WatchOS.platform/Developer/SDKs/WatchOS27.0.sdk/System/Library/Frameworks/QuartzCore.framework/Headers/CADisplayLink.h:21:12: note: 'CADisplayLink' has been explicitly marked unavailable here
 19 | API_AVAILABLE(macos(14.0))
 20 |
 21 | @interface CADisplayLink : NSObject
    |            `- note: 'CADisplayLink' has been explicitly marked unavailable here
 22 | {
 23 | @private
SwiftCompile normal arm64_32 /Users/admin/builder/spi-builder-workspace/Sources/ConfettiPlayback/Support/DisplayLinkDriver.swift (in target 'ConfettiPlayback' from project 'Confetti')
    cd /Users/admin/builder/spi-builder-workspace/.swiftpm/xcode
    builtin-SwiftPerFileCompile DisplayLinkDriver.swift
SwiftEmitModule normal arm64_32 Emitting\ module\ for\ ConfettiPlayback (in target 'ConfettiPlayback' from project 'Confetti')
/Users/admin/builder/spi-builder-workspace/Sources/ConfettiPlayback/Support/DisplayLinkDriver.swift:12:30: error: 'CADisplayLink' is unavailable in watchOS
10 |     // MARK: - Properties
11 |
12 |     private var displayLink: CADisplayLink?
   |                              `- error: 'CADisplayLink' is unavailable in watchOS
13 |     private var handler: ((Date) -> Void)?
14 |
/Applications/Xcode-27.0.0-Release.Candidate.app/Contents/Developer/Platforms/WatchOS.platform/Developer/SDKs/WatchOS27.0.sdk/System/Library/Frameworks/QuartzCore.framework/Headers/CADisplayLink.h:21:12: note: 'CADisplayLink' has been explicitly marked unavailable here
 19 | API_AVAILABLE(macos(14.0))
 20 |
 21 | @interface CADisplayLink : NSObject
    |            `- note: 'CADisplayLink' has been explicitly marked unavailable here
 22 | {
 23 | @private
/Users/admin/builder/spi-builder-workspace/Sources/ConfettiPlayback/Support/DisplayLinkDriver.swift:37:57: error: 'CADisplayLink' is unavailable in watchOS
35 |     // MARK: - Private
36 |
37 |     @objc private func handleDisplayLink(_ displayLink: CADisplayLink) {
   |                                                         `- error: 'CADisplayLink' is unavailable in watchOS
38 |         // Use CADisplayLink's monotonic timestamp instead of Date.now to avoid jitter and
39 |         // to correctly reflect display refresh cadence.
/Applications/Xcode-27.0.0-Release.Candidate.app/Contents/Developer/Platforms/WatchOS.platform/Developer/SDKs/WatchOS27.0.sdk/System/Library/Frameworks/QuartzCore.framework/Headers/CADisplayLink.h:21:12: note: 'CADisplayLink' has been explicitly marked unavailable here
 19 | API_AVAILABLE(macos(14.0))
 20 |
 21 | @interface CADisplayLink : NSObject
    |            `- note: 'CADisplayLink' has been explicitly marked unavailable here
 22 | {
 23 | @private
Failed frontend command:
/Applications/Xcode-27.0.0-Release.Candidate.app/Contents/Developer/Toolchains/XcodeDefault.xctoolchain/usr/bin/swift-frontend -frontend -emit-module -experimental-skip-non-inlinable-function-bodies-without-types /Users/admin/builder/spi-builder-workspace/.derivedData/Build/Intermediates.noindex/Confetti.build/Debug-watchos/ConfettiPlayback-t.build/DerivedSources/resource_bundle_accessor.swift /Users/admin/builder/spi-builder-workspace/Sources/ConfettiPlayback/Color/DefaultColorSource.swift /Users/admin/builder/spi-builder-workspace/Sources/ConfettiPlayback/Exports.swift /Users/admin/builder/spi-builder-workspace/Sources/ConfettiPlayback/Playback/ConfettiPlayer.swift /Users/admin/builder/spi-builder-workspace/Sources/ConfettiPlayback/Rendering/ParticleRenderStates.swift /Users/admin/builder/spi-builder-workspace/Sources/ConfettiPlayback/Support/DisplayLinkDriver.swift /Users/admin/builder/spi-builder-workspace/.derivedData/Build/Intermediates.noindex/Confetti.build/Debug-watchos/ConfettiPlayback-t.build/DerivedSources/GeneratedAssetSymbols.swift -target arm64_32-apple-watchos11.0 -module-can-import-version DeveloperToolsSupport 24.0.24 24.0.24 -module-can-import-version UIKit 9127.0.84.1 9127.0.84 -disable-cross-import-overlay-search -load-resolved-plugin /Applications/Xcode-27.0.0-Release.Candidate.app/Contents/Developer/Platforms/WatchOS.platform/Developer/usr/lib/swift/host/plugins/libFoundationMacros.dylib\#/Applications/Xcode-27.0.0-Release.Candidate.app/Contents/Developer/Platforms/WatchOS.platform/Developer/usr/bin/swift-plugin-server\#FoundationMacros -load-resolved-plugin /Applications/Xcode-27.0.0-Release.Candidate.app/Contents/Developer/Platforms/WatchOS.platform/Developer/usr/lib/swift/host/plugins/libObservationMacros.dylib\#/Applications/Xcode-27.0.0-Release.Candidate.app/Contents/Developer/Platforms/WatchOS.platform/Developer/usr/bin/swift-plugin-server\#ObservationMacros -load-resolved-plugin /Applications/Xcode-27.0.0-Release.Candidate.app/Contents/Developer/Platforms/WatchOS.platform/Developer/usr/lib/swift/host/plugins/libSwiftMacros.dylib\#/Applications/Xcode-27.0.0-Release.Candidate.app/Contents/Developer/Platforms/WatchOS.platform/Developer/usr/bin/swift-plugin-server\#SwiftMacros -load-resolved-plugin /Applications/Xcode-27.0.0-Release.Candidate.app/Contents/Developer/Platforms/WatchOS.platform/Developer/usr/lib/swift/host/plugins/libSwiftUIMacros.dylib\#/Applications/Xcode-27.0.0-Release.Candidate.app/Contents/Developer/Platforms/WatchOS.platform/Developer/usr/bin/swift-plugin-server\#SwiftUIMacros -disable-implicit-swift-modules -Xcc -fno-implicit-modules -Xcc -fno-implicit-module-maps -explicit-swift-module-map-file /Users/admin/builder/spi-builder-workspace/.derivedData/Build/Intermediates.noindex/Confetti.build/Debug-watchos/ConfettiPlayback-t.build/Objects-normal/arm64_32/ConfettiPlayback-dependencies-2.json -enable-objc-interop -sdk /Applications/Xcode-27.0.0-Release.Candidate.app/Contents/Developer/Platforms/WatchOS.platform/Developer/SDKs/WatchOS27.0.sdk -I /Users/admin/builder/spi-builder-workspace/.derivedData/Build/Products/Debug-watchos -Isystem /Applications/Xcode-27.0.0-Release.Candidate.app/Contents/Developer/Platforms/WatchOS.platform/Developer/usr/lib -F /Users/admin/builder/spi-builder-workspace/.derivedData/Build/Products/Debug-watchos/PackageFrameworks -F /Users/admin/builder/spi-builder-workspace/.derivedData/Build/Products/Debug-watchos -F /Applications/Xcode-27.0.0-Release.Candidate.app/Contents/Developer/Platforms/WatchOS.platform/Developer/Library/Frameworks -F /Applications/Xcode-27.0.0-Release.Candidate.app/Contents/Developer/Platforms/WatchOS.platform/Developer/SDKs/WatchOS27.0.sdk/Developer/Library/Frameworks -module-cache-path /Users/admin/builder/spi-builder-workspace/.derivedData/Build/Intermediates.noindex/SwiftExplicitPrecompiledModules -no-color-diagnostics -Xcc -fno-color-diagnostics -enable-testing -g -debug-info-format\=dwarf -dwarf-version\=5 -profile-generate -profile-coverage-mapping -swift-version 6 -Onone -D SWIFT_PACKAGE -D DEBUG -D SWIFT_MODULE_RESOURCE_BUNDLE_AVAILABLE -D Xcode -serialize-debugging-options -enable-experimental-feature DebugDescriptionMacro -empty-abi-descriptor -validate-clang-modules-once -clang-build-session-file /Users/admin/builder/spi-builder-workspace/.derivedData/ModuleCache.noindex/Session.modulevalidation -Xcc -working-directory -Xcc /Users/admin/builder/spi-builder-workspace/.swiftpm/xcode -enable-anonymous-context-mangled-names -file-compilation-dir /Users/admin/builder/spi-builder-workspace/.swiftpm/xcode -Xcc -D_LIBCPP_HARDENING_MODE\=_LIBCPP_HARDENING_MODE_DEBUG -Xcc -ivfsstatcache -Xcc /Users/admin/builder/spi-builder-workspace/.derivedData/SDKStatCaches.noindex/watchos27.0-24R360-e829b21a6f8c9b70876ba0858053c04477534ef55a1706bf4c1112bbb242f0a2.sdkstatcache -Xcc -fmodules-prune-interval\=86400 -Xcc -fmodules-prune-after\=345600 -Xcc -I/Users/admin/builder/spi-builder-workspace/.derivedData/Build/Products/Debug-watchos/include -Xcc -I/Users/admin/builder/spi-builder-workspace/.derivedData/Build/Intermediates.noindex/Confetti.build/Debug-watchos/ConfettiPlayback-t.build/DerivedSources-normal/arm64_32 -Xcc -I/Users/admin/builder/spi-builder-workspace/.derivedData/Build/Intermediates.noindex/Confetti.build/Debug-watchos/ConfettiPlayback-t.build/DerivedSources/arm64_32 -Xcc -I/Users/admin/builder/spi-builder-workspace/.derivedData/Build/Intermediates.noindex/Confetti.build/Debug-watchos/ConfettiPlayback-t.build/DerivedSources -Xcc -DSWIFT_PACKAGE -Xcc -DDEBUG\=1 -no-auto-bridging-header-chaining -module-name ConfettiPlayback -package-name spi_builder_workspace -const-gather-protocols-file /Users/admin/builder/spi-builder-workspace/.derivedData/Build/Intermediates.noindex/Confetti.build/Debug-watchos/ConfettiPlayback-t.build/Objects-normal/arm64_32/ConfettiPlayback_const_extract_protocols.json -disable-clang-spi -clang-target arm64_32-apple-watchos27.0 -target-sdk-version 27.0 -target-sdk-name watchos27.0 -in-process-plugin-server-path /Applications/Xcode-27.0.0-Release.Candidate.app/Contents/Developer/Toolchains/XcodeDefault.xctoolchain/usr/lib/swift/host/libSwiftInProcPluginServer.dylib -emit-module-doc-path /Users/admin/builder/spi-builder-workspace/.derivedData/Build/Intermediates.noindex/Confetti.build/Debug-watchos/ConfettiPlayback-t.build/Objects-normal/arm64_32/ConfettiPlayback.swiftdoc -emit-module-source-info-path /Users/admin/builder/spi-builder-workspace/.derivedData/Build/Intermediates.noindex/Confetti.build/Debug-watchos/ConfettiPlayback-t.build/Objects-normal/arm64_32/ConfettiPlayback.swiftsourceinfo -emit-objc-header-path /Users/admin/builder/spi-builder-workspace/.derivedData/Build/Intermediates.noindex/Confetti.build/Debug-watchos/ConfettiPlayback-t.build/Objects-normal/arm64_32/ConfettiPlayback-Swift.h -serialize-diagnostics-path /Users/admin/builder/spi-builder-workspace/.derivedData/Build/Intermediates.noindex/Confetti.build/Debug-watchos/ConfettiPlayback-t.build/Objects-normal/arm64_32/ConfettiPlayback-primary-emit-module.dia -emit-dependencies-path /Users/admin/builder/spi-builder-workspace/.derivedData/Build/Intermediates.noindex/Confetti.build/Debug-watchos/ConfettiPlayback-t.build/Objects-normal/arm64_32/ConfettiPlayback-primary-emit-module.d -parse-as-library -o /Users/admin/builder/spi-builder-workspace/.derivedData/Build/Intermediates.noindex/Confetti.build/Debug-watchos/ConfettiPlayback-t.build/Objects-normal/arm64_32/ConfettiPlayback.swiftmodule -emit-abi-descriptor-path /Users/admin/builder/spi-builder-workspace/.derivedData/Build/Intermediates.noindex/Confetti.build/Debug-watchos/ConfettiPlayback-t.build/Objects-normal/arm64_32/ConfettiPlayback.abi.json
SwiftCompile normal arm64_32 (in target 'ConfettiPlayback' from project 'Confetti')
    cd /Users/admin/builder/spi-builder-workspace/.swiftpm/xcode

SwiftCompile normal arm64_32 Compiling\ Exports.swift /Users/admin/builder/spi-builder-workspace/Sources/ConfettiPlayback/Exports.swift (in target 'ConfettiPlayback' from project 'Confetti')
SwiftCompile normal arm64_32 /Users/admin/builder/spi-builder-workspace/Sources/ConfettiPlayback/Exports.swift (in target 'ConfettiPlayback' from project 'Confetti')
    cd /Users/admin/builder/spi-builder-workspace/.swiftpm/xcode
    builtin-SwiftPerFileCompile Exports.swift
SwiftCompile normal arm64_32 Compiling\ ParticleRenderStates.swift /Users/admin/builder/spi-builder-workspace/Sources/ConfettiPlayback/Rendering/ParticleRenderStates.swift (in target 'ConfettiPlayback' from project 'Confetti')
SwiftCompile normal arm64_32 /Users/admin/builder/spi-builder-workspace/Sources/ConfettiPlayback/Rendering/ParticleRenderStates.swift (in target 'ConfettiPlayback' from project 'Confetti')
    cd /Users/admin/builder/spi-builder-workspace/.swiftpm/xcode
    builtin-SwiftPerFileCompile ParticleRenderStates.swift
SwiftCompile normal arm64_32 Compiling\ ConfettiPlayer.swift /Users/admin/builder/spi-builder-workspace/Sources/ConfettiPlayback/Playback/ConfettiPlayer.swift (in target 'ConfettiPlayback' from project 'Confetti')
SwiftCompile normal arm64_32 /Users/admin/builder/spi-builder-workspace/Sources/ConfettiPlayback/Playback/ConfettiPlayer.swift (in target 'ConfettiPlayback' from project 'Confetti')
    cd /Users/admin/builder/spi-builder-workspace/.swiftpm/xcode
    builtin-SwiftPerFileCompile ConfettiPlayer.swift
SwiftCompile normal arm64_32 Compiling\ resource_bundle_accessor.swift /Users/admin/builder/spi-builder-workspace/.derivedData/Build/Intermediates.noindex/Confetti.build/Debug-watchos/ConfettiPlayback-t.build/DerivedSources/resource_bundle_accessor.swift (in target 'ConfettiPlayback' from project 'Confetti')
SwiftCompile normal arm64_32 /Users/admin/builder/spi-builder-workspace/.derivedData/Build/Intermediates.noindex/Confetti.build/Debug-watchos/ConfettiPlayback-t.build/DerivedSources/resource_bundle_accessor.swift (in target 'ConfettiPlayback' from project 'Confetti')
    cd /Users/admin/builder/spi-builder-workspace/.swiftpm/xcode
    builtin-SwiftPerFileCompile resource_bundle_accessor.swift
SwiftCompile normal arm64_32 Compiling\ DefaultColorSource.swift /Users/admin/builder/spi-builder-workspace/Sources/ConfettiPlayback/Color/DefaultColorSource.swift (in target 'ConfettiPlayback' from project 'Confetti')
SwiftCompile normal arm64_32 /Users/admin/builder/spi-builder-workspace/Sources/ConfettiPlayback/Color/DefaultColorSource.swift (in target 'ConfettiPlayback' from project 'Confetti')
    cd /Users/admin/builder/spi-builder-workspace/.swiftpm/xcode
    builtin-SwiftPerFileCompile DefaultColorSource.swift
SwiftDriverJobDiscovery normal arm64_32 Compiling Exports.swift (in target 'ConfettiPlayback' from project 'Confetti')
SwiftCompile normal arm64 Compiling\ ParticleRenderStates.swift /Users/admin/builder/spi-builder-workspace/Sources/ConfettiPlayback/Rendering/ParticleRenderStates.swift (in target 'ConfettiPlayback' from project 'Confetti')
SwiftCompile normal arm64 /Users/admin/builder/spi-builder-workspace/Sources/ConfettiPlayback/Rendering/ParticleRenderStates.swift (in target 'ConfettiPlayback' from project 'Confetti')
    cd /Users/admin/builder/spi-builder-workspace/.swiftpm/xcode
    builtin-SwiftPerFileCompile ParticleRenderStates.swift
SwiftEmitModule normal arm64 Emitting\ module\ for\ ConfettiPlayback (in target 'ConfettiPlayback' from project 'Confetti')
SwiftCompile normal arm64 (in target 'ConfettiPlayback' from project 'Confetti')
    cd /Users/admin/builder/spi-builder-workspace/.swiftpm/xcode

SwiftCompile normal arm64 Compiling\ resource_bundle_accessor.swift /Users/admin/builder/spi-builder-workspace/.derivedData/Build/Intermediates.noindex/Confetti.build/Debug-watchos/ConfettiPlayback-t.build/DerivedSources/resource_bundle_accessor.swift (in target 'ConfettiPlayback' from project 'Confetti')
SwiftCompile normal arm64 /Users/admin/builder/spi-builder-workspace/.derivedData/Build/Intermediates.noindex/Confetti.build/Debug-watchos/ConfettiPlayback-t.build/DerivedSources/resource_bundle_accessor.swift (in target 'ConfettiPlayback' from project 'Confetti')
    cd /Users/admin/builder/spi-builder-workspace/.swiftpm/xcode
    builtin-SwiftPerFileCompile resource_bundle_accessor.swift
SwiftCompile normal arm64 Compiling\ ConfettiPlayer.swift /Users/admin/builder/spi-builder-workspace/Sources/ConfettiPlayback/Playback/ConfettiPlayer.swift (in target 'ConfettiPlayback' from project 'Confetti')
SwiftCompile normal arm64 /Users/admin/builder/spi-builder-workspace/Sources/ConfettiPlayback/Playback/ConfettiPlayer.swift (in target 'ConfettiPlayback' from project 'Confetti')
    cd /Users/admin/builder/spi-builder-workspace/.swiftpm/xcode
    builtin-SwiftPerFileCompile ConfettiPlayer.swift
SwiftDriverJobDiscovery normal arm64_32 Compiling resource_bundle_accessor.swift (in target 'ConfettiPlayback' from project 'Confetti')
SwiftCompile normal arm64 Compiling\ Exports.swift /Users/admin/builder/spi-builder-workspace/Sources/ConfettiPlayback/Exports.swift (in target 'ConfettiPlayback' from project 'Confetti')
SwiftCompile normal arm64 /Users/admin/builder/spi-builder-workspace/Sources/ConfettiPlayback/Exports.swift (in target 'ConfettiPlayback' from project 'Confetti')
    cd /Users/admin/builder/spi-builder-workspace/.swiftpm/xcode
    builtin-SwiftPerFileCompile Exports.swift
SwiftDriverJobDiscovery normal arm64_32 Compiling ConfettiPlayer.swift (in target 'ConfettiPlayback' from project 'Confetti')
SwiftCompile normal arm64 Compiling\ DefaultColorSource.swift /Users/admin/builder/spi-builder-workspace/Sources/ConfettiPlayback/Color/DefaultColorSource.swift (in target 'ConfettiPlayback' from project 'Confetti')
SwiftCompile normal arm64 /Users/admin/builder/spi-builder-workspace/Sources/ConfettiPlayback/Color/DefaultColorSource.swift (in target 'ConfettiPlayback' from project 'Confetti')
    cd /Users/admin/builder/spi-builder-workspace/.swiftpm/xcode
    builtin-SwiftPerFileCompile DefaultColorSource.swift
SwiftDriverJobDiscovery normal arm64_32 Compiling ParticleRenderStates.swift (in target 'ConfettiPlayback' from project 'Confetti')
SwiftCompile normal arm64 Compiling\ DisplayLinkDriver.swift /Users/admin/builder/spi-builder-workspace/Sources/ConfettiPlayback/Support/DisplayLinkDriver.swift (in target 'ConfettiPlayback' from project 'Confetti')
SwiftCompile normal arm64 /Users/admin/builder/spi-builder-workspace/Sources/ConfettiPlayback/Support/DisplayLinkDriver.swift (in target 'ConfettiPlayback' from project 'Confetti')
    cd /Users/admin/builder/spi-builder-workspace/.swiftpm/xcode
    builtin-SwiftPerFileCompile DisplayLinkDriver.swift
PruneExplicitPrecompiledModules /Users/admin/builder/spi-builder-workspace/.derivedData/Build/Intermediates.noindex/ExplicitPrecompiledModules
PruneExplicitPrecompiledModules /Users/admin/builder/spi-builder-workspace/.derivedData/Build/Intermediates.noindex/SwiftExplicitPrecompiledModules
PruneExplicitPrecompiledModules /Users/admin/builder/spi-builder-workspace/.derivedData/SDKExplicitPrecompiledModules
2026-09-23 14:11:35.920 xcodebuild[627:3900] [MT] IDERunDestination: Supported platforms for the buildables in the current scheme is empty.
** BUILD FAILED **
The following build commands failed:
	SwiftEmitModule normal arm64_32 Emitting\ module\ for\ ConfettiPlayback (in target 'ConfettiPlayback' from project 'Confetti')
	SwiftCompile normal arm64_32 (in target 'ConfettiPlayback' from project 'Confetti')
	Building workspace Confetti with scheme Confetti-Package
(3 failures)
Command line invocation:
    /Applications/Xcode-27.0.0-Release.Candidate.app/Contents/Developer/usr/bin/xcodebuild -IDEClonedSourcePackagesDirPathOverride=/Users/admin/builder/spi-builder-workspace/.dependencies -resolvePackageDependencies
Resolve Package Graph
Resolved source packages:
  Confetti: /Users/admin/builder/spi-builder-workspace
resolved source packages: Confetti
2026-09-23 14:11:46.217 xcodebuild[824:4850] [MT] IDERunDestination: Supported platforms for the buildables in the current scheme is empty.
{
  "dependencies" : [
  ],
  "manifest_display_name" : "Confetti",
  "name" : "Confetti",
  "path" : "/Users/admin/builder/spi-builder-workspace",
  "platforms" : [
    {
      "name" : "macos",
      "version" : "15.0"
    },
    {
      "name" : "ios",
      "version" : "18.0"
    }
  ],
  "products" : [
    {
      "name" : "ConfettiPlayback",
      "targets" : [
        "ConfettiPlayback"
      ],
      "type" : {
        "library" : [
          "automatic"
        ]
      }
    },
    {
      "name" : "ConfettiUI",
      "targets" : [
        "ConfettiUI"
      ],
      "type" : {
        "library" : [
          "automatic"
        ]
      }
    }
  ],
  "targets" : [
    {
      "c99name" : "ConfettiUITests",
      "module_type" : "SwiftTarget",
      "name" : "ConfettiUITests",
      "path" : "Tests/ConfettiUITests",
      "sources" : [
        "ConfettiUITests.swift"
      ],
      "target_dependencies" : [
        "ConfettiPlayback",
        "ConfettiUI"
      ],
      "type" : "test"
    },
    {
      "c99name" : "ConfettiUI",
      "module_type" : "SwiftTarget",
      "name" : "ConfettiUI",
      "path" : "Sources/ConfettiUI",
      "product_memberships" : [
        "ConfettiUI"
      ],
      "sources" : [
        "Components/ConfettiTriggerButton.swift",
        "Components/ConfettiTriggerButtonStyle+Environment.swift",
        "Components/ConfettiTriggerButtonStyle.swift",
        "Components/PlaybackControls.swift",
        "Components/TimeSlider.swift",
        "Design/ConfettiDesignTokens+Environment.swift",
        "Design/ConfettiDesignTokens.swift",
        "Exports.swift",
        "Views/ConfettiCanvas.swift",
        "Views/ConfettiPlayerScreen.swift",
        "Views/ConfettiScreen.swift"
      ],
      "target_dependencies" : [
        "ConfettiPlayback"
      ],
      "type" : "library"
    },
    {
      "c99name" : "ConfettiPlayback",
      "module_type" : "SwiftTarget",
      "name" : "ConfettiPlayback",
      "path" : "Sources/ConfettiPlayback",
      "product_memberships" : [
        "ConfettiPlayback",
        "ConfettiUI"
      ],
      "resources" : [
        {
          "path" : "/Users/admin/builder/spi-builder-workspace/Sources/ConfettiPlayback/Resources/Assets.xcassets",
          "rule" : {
            "process" : {
            }
          }
        }
      ],
      "sources" : [
        "Color/DefaultColorSource.swift",
        "Exports.swift",
        "Playback/ConfettiPlayer.swift",
        "Rendering/ParticleRenderStates.swift",
        "Support/DisplayLinkDriver.swift"
      ],
      "target_dependencies" : [
        "ConfettiCore"
      ],
      "type" : "library"
    },
    {
      "c99name" : "ConfettiCoreTests",
      "module_type" : "SwiftTarget",
      "name" : "ConfettiCoreTests",
      "path" : "Tests/ConfettiCoreTests",
      "sources" : [
        "ConfettiRendererTests.swift",
        "ConfettiSimulationTests.swift",
        "Support/SeededRandomNumberGenerator.swift"
      ],
      "target_dependencies" : [
        "ConfettiCore"
      ],
      "type" : "test"
    },
    {
      "c99name" : "ConfettiCore",
      "module_type" : "SwiftTarget",
      "name" : "ConfettiCore",
      "path" : "Sources/ConfettiCore",
      "product_memberships" : [
        "ConfettiPlayback",
        "ConfettiUI"
      ],
      "sources" : [
        "Config/ConfettiConfig.swift",
        "Domain/ConfettiCloud.swift",
        "Domain/Confetto.swift",
        "Protocols/ConfettiColorSource.swift",
        "Rendering/ConfettiRenderer.swift",
        "Rendering/ParticleRenderState.swift",
        "Simulation/ConfettiSimulation.swift"
      ],
      "type" : "library"
    }
  ],
  "tools_version" : "6.0"
}
{
  "workspace" : {
    "name" : "Confetti",
    "schemes" : [
      "Confetti-Package",
      "ConfettiPlayback",
      "ConfettiUI"
    ]
  }
}
2026-09-23 14:11:47.457 xcodebuild[832:4919] [MT] IDERunDestination: Supported platforms for the buildables in the current scheme is empty.
Running build ...
env DEVELOPER_DIR=/Applications/Xcode-27.0.0-Release.Candidate.app xcrun xcodebuild -IDEClonedSourcePackagesDirPathOverride=$PWD/.dependencies -skipMacroValidation -skipPackagePluginValidation -derivedDataPath $PWD/.derivedData build -scheme Confetti-Package -destination generic/platform=watchOS
Command line invocation:
    /Applications/Xcode-27.0.0-Release.Candidate.app/Contents/Developer/usr/bin/xcodebuild -IDEClonedSourcePackagesDirPathOverride=/Users/admin/builder/spi-builder-workspace/.dependencies -skipMacroValidation -skipPackagePluginValidation -derivedDataPath /Users/admin/builder/spi-builder-workspace/.derivedData build -scheme Confetti-Package -destination generic/platform=watchOS
Resolve Package Graph
Resolved source packages:
  Confetti: /Users/admin/builder/spi-builder-workspace
ComputePackagePrebuildTargetDependencyGraph
Prepare packages
CreateBuildRequest
SendProjectDescription
CreateBuildOperation
ComputeTargetDependencyGraph
note: Building targets in dependency order
note: Target dependency graph (6 targets)
    Target 'ConfettiUI-product' in project 'Confetti'
        ➜ Explicit dependency on target 'ConfettiUI' in project 'Confetti'
        ➜ Explicit dependency on target 'ConfettiCore' in project 'Confetti'
        ➜ Explicit dependency on target 'ConfettiPlayback' in project 'Confetti'
    Target 'ConfettiUI' in project 'Confetti'
        ➜ Explicit dependency on target 'ConfettiCore' in project 'Confetti'
        ➜ Explicit dependency on target 'ConfettiPlayback' in project 'Confetti'
    Target 'ConfettiPlayback-product' in project 'Confetti'
        ➜ Explicit dependency on target 'ConfettiPlayback' in project 'Confetti'
        ➜ Explicit dependency on target 'Confetti_ConfettiPlayback' in project 'Confetti'
        ➜ Explicit dependency on target 'ConfettiCore' in project 'Confetti'
    Target 'ConfettiPlayback' in project 'Confetti'
        ➜ Explicit dependency on target 'Confetti_ConfettiPlayback' in project 'Confetti'
        ➜ Explicit dependency on target 'ConfettiCore' in project 'Confetti'
    Target 'ConfettiCore' in project 'Confetti' (no dependencies)
    Target 'Confetti_ConfettiPlayback' in project 'Confetti' (no dependencies)
GatherProvisioningInputs
CreateBuildDescription
ClangStatCache /Applications/Xcode-27.0.0-Release.Candidate.app/Contents/Developer/Toolchains/XcodeDefault.xctoolchain/usr/bin/clang-stat-cache /Applications/Xcode-27.0.0-Release.Candidate.app/Contents/Developer/Platforms/WatchOS.platform/Developer/SDKs/WatchOS27.0.sdk /Users/admin/builder/spi-builder-workspace/.derivedData/SDKStatCaches.noindex/watchos27.0-24R360-e829b21a6f8c9b70876ba0858053c04477534ef55a1706bf4c1112bbb242f0a2.sdkstatcache
    cd /Users/admin/builder/spi-builder-workspace/.swiftpm/xcode
    /Applications/Xcode-27.0.0-Release.Candidate.app/Contents/Developer/Toolchains/XcodeDefault.xctoolchain/usr/bin/clang-stat-cache /Applications/Xcode-27.0.0-Release.Candidate.app/Contents/Developer/Platforms/WatchOS.platform/Developer/SDKs/WatchOS27.0.sdk -o /Users/admin/builder/spi-builder-workspace/.derivedData/SDKStatCaches.noindex/watchos27.0-24R360-e829b21a6f8c9b70876ba0858053c04477534ef55a1706bf4c1112bbb242f0a2.sdkstatcache
SwiftDriver ConfettiPlayback normal arm64 com.apple.xcode.tools.swift.compiler (in target 'ConfettiPlayback' from project 'Confetti')
    cd /Users/admin/builder/spi-builder-workspace/.swiftpm/xcode
    builtin-SwiftDriver -- /Applications/Xcode-27.0.0-Release.Candidate.app/Contents/Developer/Toolchains/XcodeDefault.xctoolchain/usr/bin/swiftc -parse-as-library -module-name ConfettiPlayback -Onone @/Users/admin/builder/spi-builder-workspace/.derivedData/Build/Intermediates.noindex/Confetti.build/Debug-watchos/ConfettiPlayback-t.build/Objects-normal/arm64/ConfettiPlayback.SwiftFileList -DSWIFT_PACKAGE -DDEBUG -DSWIFT_MODULE_RESOURCE_BUNDLE_AVAILABLE -DXcode -plugin-path /Applications/Xcode-27.0.0-Release.Candidate.app/Contents/Developer/Toolchains/XcodeDefault.xctoolchain/usr/lib/swift/host/plugins/testing -enable-experimental-feature DebugDescriptionMacro -sdk /Applications/Xcode-27.0.0-Release.Candidate.app/Contents/Developer/Platforms/WatchOS.platform/Developer/SDKs/WatchOS27.0.sdk -target arm64-apple-watchos11.0 -g -module-cache-path /Users/admin/builder/spi-builder-workspace/.derivedData/ModuleCache.noindex -Xfrontend -serialize-debugging-options -profile-coverage-mapping -profile-generate -enable-testing -index-store-path /Users/admin/builder/spi-builder-workspace/.derivedData/Index.noindex/DataStore -Xcc -D_LIBCPP_HARDENING_MODE\=_LIBCPP_HARDENING_MODE_DEBUG -swift-version 6 -I /Users/admin/builder/spi-builder-workspace/.derivedData/Build/Products/Debug-watchos -Isystem /Applications/Xcode-27.0.0-Release.Candidate.app/Contents/Developer/Platforms/WatchOS.platform/Developer/usr/lib -F /Users/admin/builder/spi-builder-workspace/.derivedData/Build/Products/Debug-watchos/PackageFrameworks -F /Users/admin/builder/spi-builder-workspace/.derivedData/Build/Products/Debug-watchos -F /Applications/Xcode-27.0.0-Release.Candidate.app/Contents/Developer/Platforms/WatchOS.platform/Developer/Library/Frameworks -F /Applications/Xcode-27.0.0-Release.Candidate.app/Contents/Developer/Platforms/WatchOS.platform/Developer/SDKs/WatchOS27.0.sdk/Developer/Library/Frameworks -c -j10 -enable-batch-mode -incremental -Xcc -ivfsstatcache -Xcc /Users/admin/builder/spi-builder-workspace/.derivedData/SDKStatCaches.noindex/watchos27.0-24R360-e829b21a6f8c9b70876ba0858053c04477534ef55a1706bf4c1112bbb242f0a2.sdkstatcache -output-file-map /Users/admin/builder/spi-builder-workspace/.derivedData/Build/Intermediates.noindex/Confetti.build/Debug-watchos/ConfettiPlayback-t.build/Objects-normal/arm64/ConfettiPlayback-OutputFileMap.json -save-temps -no-color-diagnostics -explicit-module-build -module-cache-path /Users/admin/builder/spi-builder-workspace/.derivedData/Build/Intermediates.noindex/SwiftExplicitPrecompiledModules -clang-scanner-module-cache-path /Users/admin/builder/spi-builder-workspace/.derivedData/ModuleCache.noindex -sdk-module-cache-path /Users/admin/builder/spi-builder-workspace/.derivedData/SDKExplicitPrecompiledModules -emit-dependencies -emit-module -emit-module-path /Users/admin/builder/spi-builder-workspace/.derivedData/Build/Intermediates.noindex/Confetti.build/Debug-watchos/ConfettiPlayback-t.build/Objects-normal/arm64/ConfettiPlayback.swiftmodule -serialize-diagnostics -dependency-scan-serialize-diagnostics-path /Users/admin/builder/spi-builder-workspace/.derivedData/Build/Intermediates.noindex/Confetti.build/Debug-watchos/ConfettiPlayback-t.build/Objects-normal/arm64/ConfettiPlayback-dependency-scan.dia -validate-clang-modules-once -clang-build-session-file /Users/admin/builder/spi-builder-workspace/.derivedData/ModuleCache.noindex/Session.modulevalidation -Xcc -fmodules-prune-interval\=86400 -Xcc -fmodules-prune-after\=345600 -package-name spi_builder_workspace -emit-const-values -const-gather-protocols-list /Users/admin/builder/spi-builder-workspace/.derivedData/Build/Intermediates.noindex/Confetti.build/Debug-watchos/ConfettiPlayback-t.build/Objects-normal/arm64/ConfettiPlayback_const_extract_protocols.json -Xcc -I/Users/admin/builder/spi-builder-workspace/.derivedData/Build/Products/Debug-watchos/include -Xcc -I/Users/admin/builder/spi-builder-workspace/.derivedData/Build/Intermediates.noindex/Confetti.build/Debug-watchos/ConfettiPlayback-t.build/DerivedSources-normal/arm64 -Xcc -I/Users/admin/builder/spi-builder-workspace/.derivedData/Build/Intermediates.noindex/Confetti.build/Debug-watchos/ConfettiPlayback-t.build/DerivedSources/arm64 -Xcc -I/Users/admin/builder/spi-builder-workspace/.derivedData/Build/Intermediates.noindex/Confetti.build/Debug-watchos/ConfettiPlayback-t.build/DerivedSources -Xcc -DSWIFT_PACKAGE -Xcc -DDEBUG\=1 -emit-objc-header -emit-objc-header-path /Users/admin/builder/spi-builder-workspace/.derivedData/Build/Intermediates.noindex/Confetti.build/Debug-watchos/ConfettiPlayback-t.build/Objects-normal/arm64/ConfettiPlayback-Swift.h -working-directory /Users/admin/builder/spi-builder-workspace/.swiftpm/xcode -experimental-emit-module-separately -disable-cmo
SwiftDriver ConfettiPlayback normal arm64_32 com.apple.xcode.tools.swift.compiler (in target 'ConfettiPlayback' from project 'Confetti')
    cd /Users/admin/builder/spi-builder-workspace/.swiftpm/xcode
    builtin-SwiftDriver -- /Applications/Xcode-27.0.0-Release.Candidate.app/Contents/Developer/Toolchains/XcodeDefault.xctoolchain/usr/bin/swiftc -parse-as-library -module-name ConfettiPlayback -Onone @/Users/admin/builder/spi-builder-workspace/.derivedData/Build/Intermediates.noindex/Confetti.build/Debug-watchos/ConfettiPlayback-t.build/Objects-normal/arm64_32/ConfettiPlayback.SwiftFileList -DSWIFT_PACKAGE -DDEBUG -DSWIFT_MODULE_RESOURCE_BUNDLE_AVAILABLE -DXcode -plugin-path /Applications/Xcode-27.0.0-Release.Candidate.app/Contents/Developer/Toolchains/XcodeDefault.xctoolchain/usr/lib/swift/host/plugins/testing -enable-experimental-feature DebugDescriptionMacro -sdk /Applications/Xcode-27.0.0-Release.Candidate.app/Contents/Developer/Platforms/WatchOS.platform/Developer/SDKs/WatchOS27.0.sdk -target arm64_32-apple-watchos11.0 -g -module-cache-path /Users/admin/builder/spi-builder-workspace/.derivedData/ModuleCache.noindex -Xfrontend -serialize-debugging-options -profile-coverage-mapping -profile-generate -enable-testing -index-store-path /Users/admin/builder/spi-builder-workspace/.derivedData/Index.noindex/DataStore -Xcc -D_LIBCPP_HARDENING_MODE\=_LIBCPP_HARDENING_MODE_DEBUG -swift-version 6 -I /Users/admin/builder/spi-builder-workspace/.derivedData/Build/Products/Debug-watchos -Isystem /Applications/Xcode-27.0.0-Release.Candidate.app/Contents/Developer/Platforms/WatchOS.platform/Developer/usr/lib -F /Users/admin/builder/spi-builder-workspace/.derivedData/Build/Products/Debug-watchos/PackageFrameworks -F /Users/admin/builder/spi-builder-workspace/.derivedData/Build/Products/Debug-watchos -F /Applications/Xcode-27.0.0-Release.Candidate.app/Contents/Developer/Platforms/WatchOS.platform/Developer/Library/Frameworks -F /Applications/Xcode-27.0.0-Release.Candidate.app/Contents/Developer/Platforms/WatchOS.platform/Developer/SDKs/WatchOS27.0.sdk/Developer/Library/Frameworks -c -j10 -enable-batch-mode -incremental -Xcc -ivfsstatcache -Xcc /Users/admin/builder/spi-builder-workspace/.derivedData/SDKStatCaches.noindex/watchos27.0-24R360-e829b21a6f8c9b70876ba0858053c04477534ef55a1706bf4c1112bbb242f0a2.sdkstatcache -output-file-map /Users/admin/builder/spi-builder-workspace/.derivedData/Build/Intermediates.noindex/Confetti.build/Debug-watchos/ConfettiPlayback-t.build/Objects-normal/arm64_32/ConfettiPlayback-OutputFileMap.json -save-temps -no-color-diagnostics -explicit-module-build -module-cache-path /Users/admin/builder/spi-builder-workspace/.derivedData/Build/Intermediates.noindex/SwiftExplicitPrecompiledModules -clang-scanner-module-cache-path /Users/admin/builder/spi-builder-workspace/.derivedData/ModuleCache.noindex -sdk-module-cache-path /Users/admin/builder/spi-builder-workspace/.derivedData/SDKExplicitPrecompiledModules -emit-dependencies -emit-module -emit-module-path /Users/admin/builder/spi-builder-workspace/.derivedData/Build/Intermediates.noindex/Confetti.build/Debug-watchos/ConfettiPlayback-t.build/Objects-normal/arm64_32/ConfettiPlayback.swiftmodule -serialize-diagnostics -dependency-scan-serialize-diagnostics-path /Users/admin/builder/spi-builder-workspace/.derivedData/Build/Intermediates.noindex/Confetti.build/Debug-watchos/ConfettiPlayback-t.build/Objects-normal/arm64_32/ConfettiPlayback-dependency-scan.dia -validate-clang-modules-once -clang-build-session-file /Users/admin/builder/spi-builder-workspace/.derivedData/ModuleCache.noindex/Session.modulevalidation -Xcc -fmodules-prune-interval\=86400 -Xcc -fmodules-prune-after\=345600 -package-name spi_builder_workspace -emit-const-values -const-gather-protocols-list /Users/admin/builder/spi-builder-workspace/.derivedData/Build/Intermediates.noindex/Confetti.build/Debug-watchos/ConfettiPlayback-t.build/Objects-normal/arm64_32/ConfettiPlayback_const_extract_protocols.json -Xcc -I/Users/admin/builder/spi-builder-workspace/.derivedData/Build/Products/Debug-watchos/include -Xcc -I/Users/admin/builder/spi-builder-workspace/.derivedData/Build/Intermediates.noindex/Confetti.build/Debug-watchos/ConfettiPlayback-t.build/DerivedSources-normal/arm64_32 -Xcc -I/Users/admin/builder/spi-builder-workspace/.derivedData/Build/Intermediates.noindex/Confetti.build/Debug-watchos/ConfettiPlayback-t.build/DerivedSources/arm64_32 -Xcc -I/Users/admin/builder/spi-builder-workspace/.derivedData/Build/Intermediates.noindex/Confetti.build/Debug-watchos/ConfettiPlayback-t.build/DerivedSources -Xcc -DSWIFT_PACKAGE -Xcc -DDEBUG\=1 -emit-objc-header -emit-objc-header-path /Users/admin/builder/spi-builder-workspace/.derivedData/Build/Intermediates.noindex/Confetti.build/Debug-watchos/ConfettiPlayback-t.build/Objects-normal/arm64_32/ConfettiPlayback-Swift.h -working-directory /Users/admin/builder/spi-builder-workspace/.swiftpm/xcode -experimental-emit-module-separately -disable-cmo
SwiftEmitModule normal arm64_32 Emitting\ module\ for\ ConfettiPlayback (in target 'ConfettiPlayback' from project 'Confetti')
SwiftCompile normal arm64_32 (in target 'ConfettiPlayback' from project 'Confetti')
    cd /Users/admin/builder/spi-builder-workspace/.swiftpm/xcode

/Users/admin/builder/spi-builder-workspace/Sources/ConfettiPlayback/Support/DisplayLinkDriver.swift:12:30: error: 'CADisplayLink' is unavailable in watchOS
10 |     // MARK: - Properties
11 |
12 |     private var displayLink: CADisplayLink?
   |                              `- error: 'CADisplayLink' is unavailable in watchOS
13 |     private var handler: ((Date) -> Void)?
14 |
/Applications/Xcode-27.0.0-Release.Candidate.app/Contents/Developer/Platforms/WatchOS.platform/Developer/SDKs/WatchOS27.0.sdk/System/Library/Frameworks/QuartzCore.framework/Headers/CADisplayLink.h:21:12: note: 'CADisplayLink' has been explicitly marked unavailable here
 19 | API_AVAILABLE(macos(14.0))
 20 |
 21 | @interface CADisplayLink : NSObject
    |            `- note: 'CADisplayLink' has been explicitly marked unavailable here
 22 | {
 23 | @private
/Users/admin/builder/spi-builder-workspace/Sources/ConfettiPlayback/Support/DisplayLinkDriver.swift:37:57: error: 'CADisplayLink' is unavailable in watchOS
35 |     // MARK: - Private
36 |
37 |     @objc private func handleDisplayLink(_ displayLink: CADisplayLink) {
   |                                                         `- error: 'CADisplayLink' is unavailable in watchOS
38 |         // Use CADisplayLink's monotonic timestamp instead of Date.now to avoid jitter and
39 |         // to correctly reflect display refresh cadence.
/Applications/Xcode-27.0.0-Release.Candidate.app/Contents/Developer/Platforms/WatchOS.platform/Developer/SDKs/WatchOS27.0.sdk/System/Library/Frameworks/QuartzCore.framework/Headers/CADisplayLink.h:21:12: note: 'CADisplayLink' has been explicitly marked unavailable here
 19 | API_AVAILABLE(macos(14.0))
 20 |
 21 | @interface CADisplayLink : NSObject
    |            `- note: 'CADisplayLink' has been explicitly marked unavailable here
 22 | {
 23 | @private
Failed frontend command:
/Applications/Xcode-27.0.0-Release.Candidate.app/Contents/Developer/Toolchains/XcodeDefault.xctoolchain/usr/bin/swift-frontend -frontend -emit-module -experimental-skip-non-inlinable-function-bodies-without-types /Users/admin/builder/spi-builder-workspace/.derivedData/Build/Intermediates.noindex/Confetti.build/Debug-watchos/ConfettiPlayback-t.build/DerivedSources/resource_bundle_accessor.swift /Users/admin/builder/spi-builder-workspace/Sources/ConfettiPlayback/Color/DefaultColorSource.swift /Users/admin/builder/spi-builder-workspace/Sources/ConfettiPlayback/Exports.swift /Users/admin/builder/spi-builder-workspace/Sources/ConfettiPlayback/Playback/ConfettiPlayer.swift /Users/admin/builder/spi-builder-workspace/Sources/ConfettiPlayback/Rendering/ParticleRenderStates.swift /Users/admin/builder/spi-builder-workspace/Sources/ConfettiPlayback/Support/DisplayLinkDriver.swift /Users/admin/builder/spi-builder-workspace/.derivedData/Build/Intermediates.noindex/Confetti.build/Debug-watchos/ConfettiPlayback-t.build/DerivedSources/GeneratedAssetSymbols.swift -target arm64_32-apple-watchos11.0 -module-can-import-version DeveloperToolsSupport 24.0.24 24.0.24 -module-can-import-version UIKit 9127.0.84.1 9127.0.84 -disable-cross-import-overlay-search -load-resolved-plugin /Applications/Xcode-27.0.0-Release.Candidate.app/Contents/Developer/Platforms/WatchOS.platform/Developer/usr/lib/swift/host/plugins/libFoundationMacros.dylib\#/Applications/Xcode-27.0.0-Release.Candidate.app/Contents/Developer/Platforms/WatchOS.platform/Developer/usr/bin/swift-plugin-server\#FoundationMacros -load-resolved-plugin /Applications/Xcode-27.0.0-Release.Candidate.app/Contents/Developer/Platforms/WatchOS.platform/Developer/usr/lib/swift/host/plugins/libObservationMacros.dylib\#/Applications/Xcode-27.0.0-Release.Candidate.app/Contents/Developer/Platforms/WatchOS.platform/Developer/usr/bin/swift-plugin-server\#ObservationMacros -load-resolved-plugin /Applications/Xcode-27.0.0-Release.Candidate.app/Contents/Developer/Platforms/WatchOS.platform/Developer/usr/lib/swift/host/plugins/libSwiftMacros.dylib\#/Applications/Xcode-27.0.0-Release.Candidate.app/Contents/Developer/Platforms/WatchOS.platform/Developer/usr/bin/swift-plugin-server\#SwiftMacros -load-resolved-plugin /Applications/Xcode-27.0.0-Release.Candidate.app/Contents/Developer/Platforms/WatchOS.platform/Developer/usr/lib/swift/host/plugins/libSwiftUIMacros.dylib\#/Applications/Xcode-27.0.0-Release.Candidate.app/Contents/Developer/Platforms/WatchOS.platform/Developer/usr/bin/swift-plugin-server\#SwiftUIMacros -disable-implicit-swift-modules -Xcc -fno-implicit-modules -Xcc -fno-implicit-module-maps -explicit-swift-module-map-file /Users/admin/builder/spi-builder-workspace/.derivedData/Build/Intermediates.noindex/Confetti.build/Debug-watchos/ConfettiPlayback-t.build/Objects-normal/arm64_32/ConfettiPlayback-dependencies-2.json -enable-objc-interop -sdk /Applications/Xcode-27.0.0-Release.Candidate.app/Contents/Developer/Platforms/WatchOS.platform/Developer/SDKs/WatchOS27.0.sdk -I /Users/admin/builder/spi-builder-workspace/.derivedData/Build/Products/Debug-watchos -Isystem /Applications/Xcode-27.0.0-Release.Candidate.app/Contents/Developer/Platforms/WatchOS.platform/Developer/usr/lib -F /Users/admin/builder/spi-builder-workspace/.derivedData/Build/Products/Debug-watchos/PackageFrameworks -F /Users/admin/builder/spi-builder-workspace/.derivedData/Build/Products/Debug-watchos -F /Applications/Xcode-27.0.0-Release.Candidate.app/Contents/Developer/Platforms/WatchOS.platform/Developer/Library/Frameworks -F /Applications/Xcode-27.0.0-Release.Candidate.app/Contents/Developer/Platforms/WatchOS.platform/Developer/SDKs/WatchOS27.0.sdk/Developer/Library/Frameworks -module-cache-path /Users/admin/builder/spi-builder-workspace/.derivedData/Build/Intermediates.noindex/SwiftExplicitPrecompiledModules -no-color-diagnostics -Xcc -fno-color-diagnostics -enable-testing -g -debug-info-format\=dwarf -dwarf-version\=5 -profile-generate -profile-coverage-mapping -swift-version 6 -Onone -D SWIFT_PACKAGE -D DEBUG -D SWIFT_MODULE_RESOURCE_BUNDLE_AVAILABLE -D Xcode -serialize-debugging-options -enable-experimental-feature DebugDescriptionMacro -empty-abi-descriptor -validate-clang-modules-once -clang-build-session-file /Users/admin/builder/spi-builder-workspace/.derivedData/ModuleCache.noindex/Session.modulevalidation -Xcc -working-directory -Xcc /Users/admin/builder/spi-builder-workspace/.swiftpm/xcode -enable-anonymous-context-mangled-names -file-compilation-dir /Users/admin/builder/spi-builder-workspace/.swiftpm/xcode -Xcc -D_LIBCPP_HARDENING_MODE\=_LIBCPP_HARDENING_MODE_DEBUG -Xcc -ivfsstatcache -Xcc /Users/admin/builder/spi-builder-workspace/.derivedData/SDKStatCaches.noindex/watchos27.0-24R360-e829b21a6f8c9b70876ba0858053c04477534ef55a1706bf4c1112bbb242f0a2.sdkstatcache -Xcc -fmodules-prune-interval\=86400 -Xcc -fmodules-prune-after\=345600 -Xcc -I/Users/admin/builder/spi-builder-workspace/.derivedData/Build/Products/Debug-watchos/include -Xcc -I/Users/admin/builder/spi-builder-workspace/.derivedData/Build/Intermediates.noindex/Confetti.build/Debug-watchos/ConfettiPlayback-t.build/DerivedSources-normal/arm64_32 -Xcc -I/Users/admin/builder/spi-builder-workspace/.derivedData/Build/Intermediates.noindex/Confetti.build/Debug-watchos/ConfettiPlayback-t.build/DerivedSources/arm64_32 -Xcc -I/Users/admin/builder/spi-builder-workspace/.derivedData/Build/Intermediates.noindex/Confetti.build/Debug-watchos/ConfettiPlayback-t.build/DerivedSources -Xcc -DSWIFT_PACKAGE -Xcc -DDEBUG\=1 -no-auto-bridging-header-chaining -module-name ConfettiPlayback -package-name spi_builder_workspace -const-gather-protocols-file /Users/admin/builder/spi-builder-workspace/.derivedData/Build/Intermediates.noindex/Confetti.build/Debug-watchos/ConfettiPlayback-t.build/Objects-normal/arm64_32/ConfettiPlayback_const_extract_protocols.json -disable-clang-spi -clang-target arm64_32-apple-watchos27.0 -target-sdk-version 27.0 -target-sdk-name watchos27.0 -in-process-plugin-server-path /Applications/Xcode-27.0.0-Release.Candidate.app/Contents/Developer/Toolchains/XcodeDefault.xctoolchain/usr/lib/swift/host/libSwiftInProcPluginServer.dylib -emit-module-doc-path /Users/admin/builder/spi-builder-workspace/.derivedData/Build/Intermediates.noindex/Confetti.build/Debug-watchos/ConfettiPlayback-t.build/Objects-normal/arm64_32/ConfettiPlayback.swiftdoc -emit-module-source-info-path /Users/admin/builder/spi-builder-workspace/.derivedData/Build/Intermediates.noindex/Confetti.build/Debug-watchos/ConfettiPlayback-t.build/Objects-normal/arm64_32/ConfettiPlayback.swiftsourceinfo -emit-objc-header-path /Users/admin/builder/spi-builder-workspace/.derivedData/Build/Intermediates.noindex/Confetti.build/Debug-watchos/ConfettiPlayback-t.build/Objects-normal/arm64_32/ConfettiPlayback-Swift.h -serialize-diagnostics-path /Users/admin/builder/spi-builder-workspace/.derivedData/Build/Intermediates.noindex/Confetti.build/Debug-watchos/ConfettiPlayback-t.build/Objects-normal/arm64_32/ConfettiPlayback-primary-emit-module.dia -emit-dependencies-path /Users/admin/builder/spi-builder-workspace/.derivedData/Build/Intermediates.noindex/Confetti.build/Debug-watchos/ConfettiPlayback-t.build/Objects-normal/arm64_32/ConfettiPlayback-primary-emit-module.d -parse-as-library -o /Users/admin/builder/spi-builder-workspace/.derivedData/Build/Intermediates.noindex/Confetti.build/Debug-watchos/ConfettiPlayback-t.build/Objects-normal/arm64_32/ConfettiPlayback.swiftmodule -emit-abi-descriptor-path /Users/admin/builder/spi-builder-workspace/.derivedData/Build/Intermediates.noindex/Confetti.build/Debug-watchos/ConfettiPlayback-t.build/Objects-normal/arm64_32/ConfettiPlayback.abi.json
SwiftCompile normal arm64_32 Compiling\ DisplayLinkDriver.swift /Users/admin/builder/spi-builder-workspace/Sources/ConfettiPlayback/Support/DisplayLinkDriver.swift (in target 'ConfettiPlayback' from project 'Confetti')
SwiftCompile normal arm64_32 /Users/admin/builder/spi-builder-workspace/Sources/ConfettiPlayback/Support/DisplayLinkDriver.swift (in target 'ConfettiPlayback' from project 'Confetti')
    cd /Users/admin/builder/spi-builder-workspace/.swiftpm/xcode
    builtin-SwiftPerFileCompile DisplayLinkDriver.swift
/Users/admin/builder/spi-builder-workspace/Sources/ConfettiPlayback/Support/DisplayLinkDriver.swift:12:30: error: 'CADisplayLink' is unavailable in watchOS
10 |     // MARK: - Properties
11 |
12 |     private var displayLink: CADisplayLink?
   |                              `- error: 'CADisplayLink' is unavailable in watchOS
13 |     private var handler: ((Date) -> Void)?
14 |
/Applications/Xcode-27.0.0-Release.Candidate.app/Contents/Developer/Platforms/WatchOS.platform/Developer/SDKs/WatchOS27.0.sdk/System/Library/Frameworks/QuartzCore.framework/Headers/CADisplayLink.h:21:12: note: 'CADisplayLink' has been explicitly marked unavailable here
 19 | API_AVAILABLE(macos(14.0))
 20 |
 21 | @interface CADisplayLink : NSObject
    |            `- note: 'CADisplayLink' has been explicitly marked unavailable here
 22 | {
 23 | @private
/Users/admin/builder/spi-builder-workspace/Sources/ConfettiPlayback/Support/DisplayLinkDriver.swift:37:57: error: 'CADisplayLink' is unavailable in watchOS
35 |     // MARK: - Private
36 |
37 |     @objc private func handleDisplayLink(_ displayLink: CADisplayLink) {
   |                                                         `- error: 'CADisplayLink' is unavailable in watchOS
38 |         // Use CADisplayLink's monotonic timestamp instead of Date.now to avoid jitter and
39 |         // to correctly reflect display refresh cadence.
/Applications/Xcode-27.0.0-Release.Candidate.app/Contents/Developer/Platforms/WatchOS.platform/Developer/SDKs/WatchOS27.0.sdk/System/Library/Frameworks/QuartzCore.framework/Headers/CADisplayLink.h:21:12: note: 'CADisplayLink' has been explicitly marked unavailable here
 19 | API_AVAILABLE(macos(14.0))
 20 |
 21 | @interface CADisplayLink : NSObject
    |            `- note: 'CADisplayLink' has been explicitly marked unavailable here
 22 | {
 23 | @private
SwiftCompile normal arm64 Compiling\ DefaultColorSource.swift /Users/admin/builder/spi-builder-workspace/Sources/ConfettiPlayback/Color/DefaultColorSource.swift (in target 'ConfettiPlayback' from project 'Confetti')
SwiftCompile normal arm64 /Users/admin/builder/spi-builder-workspace/Sources/ConfettiPlayback/Color/DefaultColorSource.swift (in target 'ConfettiPlayback' from project 'Confetti')
    cd /Users/admin/builder/spi-builder-workspace/.swiftpm/xcode
    builtin-SwiftPerFileCompile DefaultColorSource.swift
SwiftCompile normal arm64 Compiling\ Exports.swift /Users/admin/builder/spi-builder-workspace/Sources/ConfettiPlayback/Exports.swift (in target 'ConfettiPlayback' from project 'Confetti')
SwiftCompile normal arm64 /Users/admin/builder/spi-builder-workspace/Sources/ConfettiPlayback/Exports.swift (in target 'ConfettiPlayback' from project 'Confetti')
    cd /Users/admin/builder/spi-builder-workspace/.swiftpm/xcode
    builtin-SwiftPerFileCompile Exports.swift
SwiftCompile normal arm64 Compiling\ resource_bundle_accessor.swift /Users/admin/builder/spi-builder-workspace/.derivedData/Build/Intermediates.noindex/Confetti.build/Debug-watchos/ConfettiPlayback-t.build/DerivedSources/resource_bundle_accessor.swift (in target 'ConfettiPlayback' from project 'Confetti')
SwiftCompile normal arm64 /Users/admin/builder/spi-builder-workspace/.derivedData/Build/Intermediates.noindex/Confetti.build/Debug-watchos/ConfettiPlayback-t.build/DerivedSources/resource_bundle_accessor.swift (in target 'ConfettiPlayback' from project 'Confetti')
    cd /Users/admin/builder/spi-builder-workspace/.swiftpm/xcode
    builtin-SwiftPerFileCompile resource_bundle_accessor.swift
SwiftCompile normal arm64 Compiling\ GeneratedAssetSymbols.swift /Users/admin/builder/spi-builder-workspace/.derivedData/Build/Intermediates.noindex/Confetti.build/Debug-watchos/ConfettiPlayback-t.build/DerivedSources/GeneratedAssetSymbols.swift (in target 'ConfettiPlayback' from project 'Confetti')
SwiftCompile normal arm64 /Users/admin/builder/spi-builder-workspace/.derivedData/Build/Intermediates.noindex/Confetti.build/Debug-watchos/ConfettiPlayback-t.build/DerivedSources/GeneratedAssetSymbols.swift (in target 'ConfettiPlayback' from project 'Confetti')
    cd /Users/admin/builder/spi-builder-workspace/.swiftpm/xcode
    builtin-SwiftPerFileCompile GeneratedAssetSymbols.swift
SwiftCompile normal arm64 Compiling\ ConfettiPlayer.swift /Users/admin/builder/spi-builder-workspace/Sources/ConfettiPlayback/Playback/ConfettiPlayer.swift (in target 'ConfettiPlayback' from project 'Confetti')
SwiftCompile normal arm64 /Users/admin/builder/spi-builder-workspace/Sources/ConfettiPlayback/Playback/ConfettiPlayer.swift (in target 'ConfettiPlayback' from project 'Confetti')
    cd /Users/admin/builder/spi-builder-workspace/.swiftpm/xcode
    builtin-SwiftPerFileCompile ConfettiPlayer.swift
SwiftCompile normal arm64 Compiling\ DisplayLinkDriver.swift /Users/admin/builder/spi-builder-workspace/Sources/ConfettiPlayback/Support/DisplayLinkDriver.swift (in target 'ConfettiPlayback' from project 'Confetti')
/Users/admin/builder/spi-builder-workspace/Sources/ConfettiPlayback/Support/DisplayLinkDriver.swift:12:30: error: 'CADisplayLink' is unavailable in watchOS
10 |     // MARK: - Properties
11 |
12 |     private var displayLink: CADisplayLink?
   |                              `- error: 'CADisplayLink' is unavailable in watchOS
13 |     private var handler: ((Date) -> Void)?
14 |
/Applications/Xcode-27.0.0-Release.Candidate.app/Contents/Developer/Platforms/WatchOS.platform/Developer/SDKs/WatchOS27.0.sdk/System/Library/Frameworks/QuartzCore.framework/Headers/CADisplayLink.h:21:12: note: 'CADisplayLink' has been explicitly marked unavailable here
 19 | API_AVAILABLE(macos(14.0))
 20 |
 21 | @interface CADisplayLink : NSObject
    |            `- note: 'CADisplayLink' has been explicitly marked unavailable here
 22 | {
 23 | @private
/Users/admin/builder/spi-builder-workspace/Sources/ConfettiPlayback/Support/DisplayLinkDriver.swift:37:57: error: 'CADisplayLink' is unavailable in watchOS
35 |     // MARK: - Private
36 |
37 |     @objc private func handleDisplayLink(_ displayLink: CADisplayLink) {
   |                                                         `- error: 'CADisplayLink' is unavailable in watchOS
38 |         // Use CADisplayLink's monotonic timestamp instead of Date.now to avoid jitter and
39 |         // to correctly reflect display refresh cadence.
/Applications/Xcode-27.0.0-Release.Candidate.app/Contents/Developer/Platforms/WatchOS.platform/Developer/SDKs/WatchOS27.0.sdk/System/Library/Frameworks/QuartzCore.framework/Headers/CADisplayLink.h:21:12: note: 'CADisplayLink' has been explicitly marked unavailable here
 19 | API_AVAILABLE(macos(14.0))
 20 |
 21 | @interface CADisplayLink : NSObject
    |            `- note: 'CADisplayLink' has been explicitly marked unavailable here
 22 | {
 23 | @private
SwiftCompile normal arm64 /Users/admin/builder/spi-builder-workspace/Sources/ConfettiPlayback/Support/DisplayLinkDriver.swift (in target 'ConfettiPlayback' from project 'Confetti')
    cd /Users/admin/builder/spi-builder-workspace/.swiftpm/xcode
    builtin-SwiftPerFileCompile DisplayLinkDriver.swift
SwiftCompile normal arm64_32 Compiling\ GeneratedAssetSymbols.swift /Users/admin/builder/spi-builder-workspace/.derivedData/Build/Intermediates.noindex/Confetti.build/Debug-watchos/ConfettiPlayback-t.build/DerivedSources/GeneratedAssetSymbols.swift (in target 'ConfettiPlayback' from project 'Confetti')
SwiftCompile normal arm64_32 /Users/admin/builder/spi-builder-workspace/.derivedData/Build/Intermediates.noindex/Confetti.build/Debug-watchos/ConfettiPlayback-t.build/DerivedSources/GeneratedAssetSymbols.swift (in target 'ConfettiPlayback' from project 'Confetti')
    cd /Users/admin/builder/spi-builder-workspace/.swiftpm/xcode
    builtin-SwiftPerFileCompile GeneratedAssetSymbols.swift
SwiftEmitModule normal arm64 Emitting\ module\ for\ ConfettiPlayback (in target 'ConfettiPlayback' from project 'Confetti')
/Users/admin/builder/spi-builder-workspace/Sources/ConfettiPlayback/Support/DisplayLinkDriver.swift:12:30: error: 'CADisplayLink' is unavailable in watchOS
10 |     // MARK: - Properties
11 |
12 |     private var displayLink: CADisplayLink?
   |                              `- error: 'CADisplayLink' is unavailable in watchOS
13 |     private var handler: ((Date) -> Void)?
14 |
/Applications/Xcode-27.0.0-Release.Candidate.app/Contents/Developer/Platforms/WatchOS.platform/Developer/SDKs/WatchOS27.0.sdk/System/Library/Frameworks/QuartzCore.framework/Headers/CADisplayLink.h:21:12: note: 'CADisplayLink' has been explicitly marked unavailable here
 19 | API_AVAILABLE(macos(14.0))
 20 |
 21 | @interface CADisplayLink : NSObject
    |            `- note: 'CADisplayLink' has been explicitly marked unavailable here
 22 | {
 23 | @private
/Users/admin/builder/spi-builder-workspace/Sources/ConfettiPlayback/Support/DisplayLinkDriver.swift:37:57: error: 'CADisplayLink' is unavailable in watchOS
35 |     // MARK: - Private
36 |
37 |     @objc private func handleDisplayLink(_ displayLink: CADisplayLink) {
   |                                                         `- error: 'CADisplayLink' is unavailable in watchOS
38 |         // Use CADisplayLink's monotonic timestamp instead of Date.now to avoid jitter and
39 |         // to correctly reflect display refresh cadence.
/Applications/Xcode-27.0.0-Release.Candidate.app/Contents/Developer/Platforms/WatchOS.platform/Developer/SDKs/WatchOS27.0.sdk/System/Library/Frameworks/QuartzCore.framework/Headers/CADisplayLink.h:21:12: note: 'CADisplayLink' has been explicitly marked unavailable here
 19 | API_AVAILABLE(macos(14.0))
 20 |
 21 | @interface CADisplayLink : NSObject
    |            `- note: 'CADisplayLink' has been explicitly marked unavailable here
 22 | {
 23 | @private
Failed frontend command:
/Applications/Xcode-27.0.0-Release.Candidate.app/Contents/Developer/Toolchains/XcodeDefault.xctoolchain/usr/bin/swift-frontend -frontend -emit-module -experimental-skip-non-inlinable-function-bodies-without-types /Users/admin/builder/spi-builder-workspace/.derivedData/Build/Intermediates.noindex/Confetti.build/Debug-watchos/ConfettiPlayback-t.build/DerivedSources/resource_bundle_accessor.swift /Users/admin/builder/spi-builder-workspace/Sources/ConfettiPlayback/Color/DefaultColorSource.swift /Users/admin/builder/spi-builder-workspace/Sources/ConfettiPlayback/Exports.swift /Users/admin/builder/spi-builder-workspace/Sources/ConfettiPlayback/Playback/ConfettiPlayer.swift /Users/admin/builder/spi-builder-workspace/Sources/ConfettiPlayback/Rendering/ParticleRenderStates.swift /Users/admin/builder/spi-builder-workspace/Sources/ConfettiPlayback/Support/DisplayLinkDriver.swift /Users/admin/builder/spi-builder-workspace/.derivedData/Build/Intermediates.noindex/Confetti.build/Debug-watchos/ConfettiPlayback-t.build/DerivedSources/GeneratedAssetSymbols.swift -target arm64-apple-watchos11.0 -module-can-import-version DeveloperToolsSupport 24.0.24 24.0.24 -module-can-import-version UIKit 9127.0.84.1 9127.0.84 -disable-cross-import-overlay-search -load-resolved-plugin /Applications/Xcode-27.0.0-Release.Candidate.app/Contents/Developer/Platforms/WatchOS.platform/Developer/usr/lib/swift/host/plugins/libFoundationMacros.dylib\#/Applications/Xcode-27.0.0-Release.Candidate.app/Contents/Developer/Platforms/WatchOS.platform/Developer/usr/bin/swift-plugin-server\#FoundationMacros -load-resolved-plugin /Applications/Xcode-27.0.0-Release.Candidate.app/Contents/Developer/Platforms/WatchOS.platform/Developer/usr/lib/swift/host/plugins/libObservationMacros.dylib\#/Applications/Xcode-27.0.0-Release.Candidate.app/Contents/Developer/Platforms/WatchOS.platform/Developer/usr/bin/swift-plugin-server\#ObservationMacros -load-resolved-plugin /Applications/Xcode-27.0.0-Release.Candidate.app/Contents/Developer/Platforms/WatchOS.platform/Developer/usr/lib/swift/host/plugins/libSwiftMacros.dylib\#/Applications/Xcode-27.0.0-Release.Candidate.app/Contents/Developer/Platforms/WatchOS.platform/Developer/usr/bin/swift-plugin-server\#SwiftMacros -load-resolved-plugin /Applications/Xcode-27.0.0-Release.Candidate.app/Contents/Developer/Platforms/WatchOS.platform/Developer/usr/lib/swift/host/plugins/libSwiftUIMacros.dylib\#/Applications/Xcode-27.0.0-Release.Candidate.app/Contents/Developer/Platforms/WatchOS.platform/Developer/usr/bin/swift-plugin-server\#SwiftUIMacros -disable-implicit-swift-modules -Xcc -fno-implicit-modules -Xcc -fno-implicit-module-maps -explicit-swift-module-map-file /Users/admin/builder/spi-builder-workspace/.derivedData/Build/Intermediates.noindex/Confetti.build/Debug-watchos/ConfettiPlayback-t.build/Objects-normal/arm64/ConfettiPlayback-dependencies-1.json -Xllvm -aarch64-use-tbi -enable-objc-interop -stack-check -sdk /Applications/Xcode-27.0.0-Release.Candidate.app/Contents/Developer/Platforms/WatchOS.platform/Developer/SDKs/WatchOS27.0.sdk -I /Users/admin/builder/spi-builder-workspace/.derivedData/Build/Products/Debug-watchos -Isystem /Applications/Xcode-27.0.0-Release.Candidate.app/Contents/Developer/Platforms/WatchOS.platform/Developer/usr/lib -F /Users/admin/builder/spi-builder-workspace/.derivedData/Build/Products/Debug-watchos/PackageFrameworks -F /Users/admin/builder/spi-builder-workspace/.derivedData/Build/Products/Debug-watchos -F /Applications/Xcode-27.0.0-Release.Candidate.app/Contents/Developer/Platforms/WatchOS.platform/Developer/Library/Frameworks -F /Applications/Xcode-27.0.0-Release.Candidate.app/Contents/Developer/Platforms/WatchOS.platform/Developer/SDKs/WatchOS27.0.sdk/Developer/Library/Frameworks -module-cache-path /Users/admin/builder/spi-builder-workspace/.derivedData/Build/Intermediates.noindex/SwiftExplicitPrecompiledModules -no-color-diagnostics -Xcc -fno-color-diagnostics -enable-testing -g -debug-info-format\=dwarf -dwarf-version\=5 -profile-generate -profile-coverage-mapping -swift-version 6 -Onone -D SWIFT_PACKAGE -D DEBUG -D SWIFT_MODULE_RESOURCE_BUNDLE_AVAILABLE -D Xcode -serialize-debugging-options -enable-experimental-feature DebugDescriptionMacro -empty-abi-descriptor -validate-clang-modules-once -clang-build-session-file /Users/admin/builder/spi-builder-workspace/.derivedData/ModuleCache.noindex/Session.modulevalidation -Xcc -working-directory -Xcc /Users/admin/builder/spi-builder-workspace/.swiftpm/xcode -enable-anonymous-context-mangled-names -file-compilation-dir /Users/admin/builder/spi-builder-workspace/.swiftpm/xcode -Xcc -D_LIBCPP_HARDENING_MODE\=_LIBCPP_HARDENING_MODE_DEBUG -Xcc -ivfsstatcache -Xcc /Users/admin/builder/spi-builder-workspace/.derivedData/SDKStatCaches.noindex/watchos27.0-24R360-e829b21a6f8c9b70876ba0858053c04477534ef55a1706bf4c1112bbb242f0a2.sdkstatcache -Xcc -fmodules-prune-interval\=86400 -Xcc -fmodules-prune-after\=345600 -Xcc -I/Users/admin/builder/spi-builder-workspace/.derivedData/Build/Products/Debug-watchos/include -Xcc -I/Users/admin/builder/spi-builder-workspace/.derivedData/Build/Intermediates.noindex/Confetti.build/Debug-watchos/ConfettiPlayback-t.build/DerivedSources-normal/arm64 -Xcc -I/Users/admin/builder/spi-builder-workspace/.derivedData/Build/Intermediates.noindex/Confetti.build/Debug-watchos/ConfettiPlayback-t.build/DerivedSources/arm64 -Xcc -I/Users/admin/builder/spi-builder-workspace/.derivedData/Build/Intermediates.noindex/Confetti.build/Debug-watchos/ConfettiPlayback-t.build/DerivedSources -Xcc -DSWIFT_PACKAGE -Xcc -DDEBUG\=1 -no-auto-bridging-header-chaining -module-name ConfettiPlayback -package-name spi_builder_workspace -const-gather-protocols-file /Users/admin/builder/spi-builder-workspace/.derivedData/Build/Intermediates.noindex/Confetti.build/Debug-watchos/ConfettiPlayback-t.build/Objects-normal/arm64/ConfettiPlayback_const_extract_protocols.json -disable-clang-spi -clang-target arm64-apple-watchos27.0 -target-sdk-version 27.0 -target-sdk-name watchos27.0 -in-process-plugin-server-path /Applications/Xcode-27.0.0-Release.Candidate.app/Contents/Developer/Toolchains/XcodeDefault.xctoolchain/usr/lib/swift/host/libSwiftInProcPluginServer.dylib -emit-module-doc-path /Users/admin/builder/spi-builder-workspace/.derivedData/Build/Intermediates.noindex/Confetti.build/Debug-watchos/ConfettiPlayback-t.build/Objects-normal/arm64/ConfettiPlayback.swiftdoc -emit-module-source-info-path /Users/admin/builder/spi-builder-workspace/.derivedData/Build/Intermediates.noindex/Confetti.build/Debug-watchos/ConfettiPlayback-t.build/Objects-normal/arm64/ConfettiPlayback.swiftsourceinfo -emit-objc-header-path /Users/admin/builder/spi-builder-workspace/.derivedData/Build/Intermediates.noindex/Confetti.build/Debug-watchos/ConfettiPlayback-t.build/Objects-normal/arm64/ConfettiPlayback-Swift.h -serialize-diagnostics-path /Users/admin/builder/spi-builder-workspace/.derivedData/Build/Intermediates.noindex/Confetti.build/Debug-watchos/ConfettiPlayback-t.build/Objects-normal/arm64/ConfettiPlayback-primary-emit-module.dia -emit-dependencies-path /Users/admin/builder/spi-builder-workspace/.derivedData/Build/Intermediates.noindex/Confetti.build/Debug-watchos/ConfettiPlayback-t.build/Objects-normal/arm64/ConfettiPlayback-primary-emit-module.d -parse-as-library -o /Users/admin/builder/spi-builder-workspace/.derivedData/Build/Intermediates.noindex/Confetti.build/Debug-watchos/ConfettiPlayback-t.build/Objects-normal/arm64/ConfettiPlayback.swiftmodule -emit-abi-descriptor-path /Users/admin/builder/spi-builder-workspace/.derivedData/Build/Intermediates.noindex/Confetti.build/Debug-watchos/ConfettiPlayback-t.build/Objects-normal/arm64/ConfettiPlayback.abi.json
SwiftCompile normal arm64 (in target 'ConfettiPlayback' from project 'Confetti')
    cd /Users/admin/builder/spi-builder-workspace/.swiftpm/xcode

SwiftCompile normal arm64_32 Compiling\ DefaultColorSource.swift /Users/admin/builder/spi-builder-workspace/Sources/ConfettiPlayback/Color/DefaultColorSource.swift (in target 'ConfettiPlayback' from project 'Confetti')
SwiftCompile normal arm64_32 /Users/admin/builder/spi-builder-workspace/Sources/ConfettiPlayback/Color/DefaultColorSource.swift (in target 'ConfettiPlayback' from project 'Confetti')
    cd /Users/admin/builder/spi-builder-workspace/.swiftpm/xcode
    builtin-SwiftPerFileCompile DefaultColorSource.swift
SwiftDriverJobDiscovery normal arm64 Compiling Exports.swift (in target 'ConfettiPlayback' from project 'Confetti')
SwiftCompile normal arm64 Compiling\ ParticleRenderStates.swift /Users/admin/builder/spi-builder-workspace/Sources/ConfettiPlayback/Rendering/ParticleRenderStates.swift (in target 'ConfettiPlayback' from project 'Confetti')
SwiftCompile normal arm64 /Users/admin/builder/spi-builder-workspace/Sources/ConfettiPlayback/Rendering/ParticleRenderStates.swift (in target 'ConfettiPlayback' from project 'Confetti')
    cd /Users/admin/builder/spi-builder-workspace/.swiftpm/xcode
    builtin-SwiftPerFileCompile ParticleRenderStates.swift
SwiftDriverJobDiscovery normal arm64_32 Compiling GeneratedAssetSymbols.swift (in target 'ConfettiPlayback' from project 'Confetti')
SwiftDriverJobDiscovery normal arm64 Compiling resource_bundle_accessor.swift (in target 'ConfettiPlayback' from project 'Confetti')
SwiftDriverJobDiscovery normal arm64 Compiling ConfettiPlayer.swift (in target 'ConfettiPlayback' from project 'Confetti')
PruneExplicitPrecompiledModules /Users/admin/builder/spi-builder-workspace/.derivedData/Build/Intermediates.noindex/ExplicitPrecompiledModules
PruneExplicitPrecompiledModules /Users/admin/builder/spi-builder-workspace/.derivedData/Build/Intermediates.noindex/SwiftExplicitPrecompiledModules
PruneExplicitPrecompiledModules /Users/admin/builder/spi-builder-workspace/.derivedData/SDKExplicitPrecompiledModules
2026-09-23 14:11:48.459 xcodebuild[833:4946] [MT] IDERunDestination: Supported platforms for the buildables in the current scheme is empty.
** BUILD FAILED **
The following build commands failed:
	SwiftCompile normal arm64_32 (in target 'ConfettiPlayback' from project 'Confetti')
	SwiftEmitModule normal arm64_32 Emitting\ module\ for\ ConfettiPlayback (in target 'ConfettiPlayback' from project 'Confetti')
	SwiftEmitModule normal arm64 Emitting\ module\ for\ ConfettiPlayback (in target 'ConfettiPlayback' from project 'Confetti')
	SwiftCompile normal arm64 (in target 'ConfettiPlayback' from project 'Confetti')
	Building workspace Confetti with scheme Confetti-Package
(5 failures)
BUILD FAILURE 6.4 watchOS