Build Information
Failed to build Watcher, reference main (8ca512), with Swift 6.3 for Android on 28 Jun 2026 19:06:25 UTC.
Build Command
bash -c docker run --pull=always --rm -v "checkouts-53886768-0":/host -w "$PWD" -e JAVA_HOME="/root/.sdkman/candidates/java/current" -e SPI_BUILD="1" -e SPI_PROCESSING="1" registry.gitlab.com/saguaro1/spi-images:android-6.3-latest swift build --swift-sdk aarch64-unknown-linux-android28 2>&1Build Log
========================================
RunAll
========================================
Builder version: 0e64495ecc1688c3b3e031a5ef1348b5c05091ae
Interrupt handler set up.
========================================
Checkout
========================================
Clone URL: https://github.com/brennanMKE/Watcher.git
Reference: main
Initialized empty Git repository in /host/spi-builder-workspace/.git/
hint: Using 'master' as the name for the initial branch. This default branch name
hint: is subject to change. To configure the initial branch name to use in all
hint: of your new repositories, which will suppress this warning, call:
hint:
hint: git config --global init.defaultBranch <name>
hint:
hint: Names commonly chosen instead of 'master' are 'main', 'trunk' and
hint: 'development'. The just-created branch can be renamed via this command:
hint:
hint: git branch -m <name>
From https://github.com/brennanMKE/Watcher
* branch main -> FETCH_HEAD
* [new branch] main -> origin/main
HEAD is now at 8ca512d Add project config
Cloned https://github.com/brennanMKE/Watcher.git
Revision (git rev-parse @):
8ca512d8362f6144e5c1f9720dd5de567a8f684e
SUCCESS checkout https://github.com/brennanMKE/Watcher.git at main
========================================
Build
========================================
Selected platform: android
Swift version: 6.3
Building package at path: $PWD
https://github.com/brennanMKE/Watcher.git
Running build ...
bash -c docker run --pull=always --rm -v "checkouts-53886768-0":/host -w "$PWD" -e JAVA_HOME="/root/.sdkman/candidates/java/current" -e SPI_BUILD="1" -e SPI_PROCESSING="1" registry.gitlab.com/saguaro1/spi-images:android-6.3-latest swift build --swift-sdk aarch64-unknown-linux-android28 2>&1
android-6.3-latest: Pulling from saguaro1/spi-images
Digest: sha256:451958f7df55f9af673f8b0851dc526f2aee3222db374ae53b89fa21ad564bc8
Status: Image is up to date for registry.gitlab.com/saguaro1/spi-images:android-6.3-latest
Building for debugging...
[0/2] Write sources
[1/2] Write swift-version-272D24FF697CF451.txt
[3/12] Compiling Watcher PathCanonicalization.swift
/host/spi-builder-workspace/Sources/Watcher/Internal/FileEngine.swift:3:8: error: no such module 'os'
1 | import Foundation
2 | import Dispatch
3 | import os
| `- error: no such module 'os'
4 | #if canImport(Darwin)
5 | import Darwin
[4/13] Compiling Watcher FileEngine.swift
/host/spi-builder-workspace/Sources/Watcher/Internal/FileEngine.swift:3:8: error: no such module 'os'
1 | import Foundation
2 | import Dispatch
3 | import os
| `- error: no such module 'os'
4 | #if canImport(Darwin)
5 | import Darwin
[5/13] Compiling Watcher FolderEngine.swift
/host/spi-builder-workspace/Sources/Watcher/Internal/FileEngine.swift:3:8: error: no such module 'os'
1 | import Foundation
2 | import Dispatch
3 | import os
| `- error: no such module 'os'
4 | #if canImport(Darwin)
5 | import Darwin
[6/13] Compiling Watcher Options.swift
/host/spi-builder-workspace/Sources/Watcher/Internal/FileEngine.swift:3:8: error: no such module 'os'
1 | import Foundation
2 | import Dispatch
3 | import os
| `- error: no such module 'os'
4 | #if canImport(Darwin)
5 | import Darwin
error: emit-module command failed with exit code 1 (use -v to see invocation)
[7/13] Emitting module Watcher
/host/spi-builder-workspace/Sources/Watcher/Internal/FileEngine.swift:3:8: error: no such module 'os'
1 | import Foundation
2 | import Dispatch
3 | import os
| `- error: no such module 'os'
4 | #if canImport(Darwin)
5 | import Darwin
[8/13] Compiling Watcher Event.swift
/host/spi-builder-workspace/Sources/Watcher/Internal/FileEngine.swift:3:8: error: no such module 'os'
1 | import Foundation
2 | import Dispatch
3 | import os
| `- error: no such module 'os'
4 | #if canImport(Darwin)
5 | import Darwin
[9/13] Compiling Watcher Engine.swift
/host/spi-builder-workspace/Sources/Watcher/Internal/FileEngine.swift:3:8: error: no such module 'os'
1 | import Foundation
2 | import Dispatch
3 | import os
| `- error: no such module 'os'
4 | #if canImport(Darwin)
5 | import Darwin
[10/13] Compiling Watcher SecurityScope.swift
/host/spi-builder-workspace/Sources/Watcher/Internal/FileEngine.swift:3:8: error: no such module 'os'
1 | import Foundation
2 | import Dispatch
3 | import os
| `- error: no such module 'os'
4 | #if canImport(Darwin)
5 | import Darwin
[11/13] Compiling Watcher WatcherError.swift
/host/spi-builder-workspace/Sources/Watcher/Internal/FileEngine.swift:3:8: error: no such module 'os'
1 | import Foundation
2 | import Dispatch
3 | import os
| `- error: no such module 'os'
4 | #if canImport(Darwin)
5 | import Darwin
[12/13] Compiling Watcher Session.swift
/host/spi-builder-workspace/Sources/Watcher/Internal/FileEngine.swift:3:8: error: no such module 'os'
1 | import Foundation
2 | import Dispatch
3 | import os
| `- error: no such module 'os'
4 | #if canImport(Darwin)
5 | import Darwin
[13/13] Compiling Watcher Watcher.swift
/host/spi-builder-workspace/Sources/Watcher/Internal/FileEngine.swift:3:8: error: no such module 'os'
1 | import Foundation
2 | import Dispatch
3 | import os
| `- error: no such module 'os'
4 | #if canImport(Darwin)
5 | import Darwin
BUILD FAILURE 6.3 android