Build Information
Failed to build SwiftFormat, reference 0.63.1 (77d3f8), with Swift 6.1 for watchOS using Xcode 16.3 on 3 Oct 2026 08:41:53 UTC.
Build Command
env DEVELOPER_DIR=/Applications/Xcode-16.3.0.app xcrun xcodebuild -IDEClonedSourcePackagesDirPathOverride=$PWD/.dependencies -skipMacroValidation -skipPackagePluginValidation -derivedDataPath $PWD/.derivedData build -scheme SwiftFormat-Package -destination generic/platform=watchOSBuild Log
cd /Users/admin/builder/spi-builder-workspace/.swiftpm/xcode
/Users/admin/builder/spi-builder-workspace/Sources/Rules/PreferExplicitFalse.swift:14:16: warning: static property 'preferExplicitFalse' is not concurrency-safe because non-'Sendable' type 'FormatRule' may have shared mutable state; this is an error in the Swift 6 language mode
static let preferExplicitFalse = FormatRule(
^
/Users/admin/builder/spi-builder-workspace/Sources/FormatRule.swift:34:20: note: class 'FormatRule' does not conform to the 'Sendable' protocol
public final class FormatRule: Hashable, Comparable, CustomStringConvertible {
^
/Users/admin/builder/spi-builder-workspace/Sources/Rules/PreferExplicitFalse.swift:14:16: note: add '@MainActor' to make static property 'preferExplicitFalse' part of global actor 'MainActor'
static let preferExplicitFalse = FormatRule(
^
@MainActor
/Users/admin/builder/spi-builder-workspace/Sources/Rules/PreferExplicitFalse.swift:14:16: note: disable concurrency-safety checks if accesses are protected by an external synchronization mechanism
static let preferExplicitFalse = FormatRule(
^
nonisolated(unsafe)
SwiftCompile normal arm64 /Users/admin/builder/spi-builder-workspace/Sources/Rules/PreferFinalClasses.swift (in target 'swiftformat' from project 'SwiftFormat')
cd /Users/admin/builder/spi-builder-workspace/.swiftpm/xcode
/Users/admin/builder/spi-builder-workspace/Sources/Rules/PreferFinalClasses.swift:13:16: warning: static property 'preferFinalClasses' is not concurrency-safe because non-'Sendable' type 'FormatRule' may have shared mutable state; this is an error in the Swift 6 language mode
static let preferFinalClasses = FormatRule(
^
/Users/admin/builder/spi-builder-workspace/Sources/FormatRule.swift:34:20: note: class 'FormatRule' does not conform to the 'Sendable' protocol
public final class FormatRule: Hashable, Comparable, CustomStringConvertible {
^
/Users/admin/builder/spi-builder-workspace/Sources/Rules/PreferFinalClasses.swift:13:16: note: add '@MainActor' to make static property 'preferFinalClasses' part of global actor 'MainActor'
static let preferFinalClasses = FormatRule(
^
@MainActor
/Users/admin/builder/spi-builder-workspace/Sources/Rules/PreferFinalClasses.swift:13:16: note: disable concurrency-safety checks if accesses are protected by an external synchronization mechanism
static let preferFinalClasses = FormatRule(
^
nonisolated(unsafe)
SwiftCompile normal arm64 /Users/admin/builder/spi-builder-workspace/Sources/Rules/PreferFirstWhere.swift (in target 'swiftformat' from project 'SwiftFormat')
cd /Users/admin/builder/spi-builder-workspace/.swiftpm/xcode
/Users/admin/builder/spi-builder-workspace/Sources/Rules/PreferFirstWhere.swift:12:16: warning: static property 'preferFirstWhere' is not concurrency-safe because non-'Sendable' type 'FormatRule' may have shared mutable state; this is an error in the Swift 6 language mode
static let preferFirstWhere = FormatRule(
^
/Users/admin/builder/spi-builder-workspace/Sources/FormatRule.swift:34:20: note: class 'FormatRule' does not conform to the 'Sendable' protocol
public final class FormatRule: Hashable, Comparable, CustomStringConvertible {
^
/Users/admin/builder/spi-builder-workspace/Sources/Rules/PreferFirstWhere.swift:12:16: note: add '@MainActor' to make static property 'preferFirstWhere' part of global actor 'MainActor'
static let preferFirstWhere = FormatRule(
^
@MainActor
/Users/admin/builder/spi-builder-workspace/Sources/Rules/PreferFirstWhere.swift:12:16: note: disable concurrency-safety checks if accesses are protected by an external synchronization mechanism
static let preferFirstWhere = FormatRule(
^
nonisolated(unsafe)
SwiftCompile normal arm64 /Users/admin/builder/spi-builder-workspace/Sources/Rules/PreferFlatMap.swift (in target 'swiftformat' from project 'SwiftFormat')
cd /Users/admin/builder/spi-builder-workspace/.swiftpm/xcode
/Users/admin/builder/spi-builder-workspace/Sources/Rules/PreferFlatMap.swift:12:16: warning: static property 'preferFlatMap' is not concurrency-safe because non-'Sendable' type 'FormatRule' may have shared mutable state; this is an error in the Swift 6 language mode
static let preferFlatMap = FormatRule(
^
/Users/admin/builder/spi-builder-workspace/Sources/FormatRule.swift:34:20: note: class 'FormatRule' does not conform to the 'Sendable' protocol
public final class FormatRule: Hashable, Comparable, CustomStringConvertible {
^
/Users/admin/builder/spi-builder-workspace/Sources/Rules/PreferFlatMap.swift:12:16: note: add '@MainActor' to make static property 'preferFlatMap' part of global actor 'MainActor'
static let preferFlatMap = FormatRule(
^
@MainActor
/Users/admin/builder/spi-builder-workspace/Sources/Rules/PreferFlatMap.swift:12:16: note: disable concurrency-safety checks if accesses are protected by an external synchronization mechanism
static let preferFlatMap = FormatRule(
^
nonisolated(unsafe)
SwiftCompile normal arm64 /Users/admin/builder/spi-builder-workspace/Sources/Rules/PreferForLoop.swift (in target 'swiftformat' from project 'SwiftFormat')
cd /Users/admin/builder/spi-builder-workspace/.swiftpm/xcode
/Users/admin/builder/spi-builder-workspace/Sources/Rules/PreferForLoop.swift:12:16: warning: static property 'preferForLoop' is not concurrency-safe because non-'Sendable' type 'FormatRule' may have shared mutable state; this is an error in the Swift 6 language mode
static let preferForLoop = FormatRule(
^
/Users/admin/builder/spi-builder-workspace/Sources/FormatRule.swift:34:20: note: class 'FormatRule' does not conform to the 'Sendable' protocol
public final class FormatRule: Hashable, Comparable, CustomStringConvertible {
^
/Users/admin/builder/spi-builder-workspace/Sources/Rules/PreferForLoop.swift:12:16: note: add '@MainActor' to make static property 'preferForLoop' part of global actor 'MainActor'
static let preferForLoop = FormatRule(
^
@MainActor
/Users/admin/builder/spi-builder-workspace/Sources/Rules/PreferForLoop.swift:12:16: note: disable concurrency-safety checks if accesses are protected by an external synchronization mechanism
static let preferForLoop = FormatRule(
^
nonisolated(unsafe)
SwiftCompile normal arm64 /Users/admin/builder/spi-builder-workspace/Sources/Rules/PreferKeyPath.swift (in target 'swiftformat' from project 'SwiftFormat')
cd /Users/admin/builder/spi-builder-workspace/.swiftpm/xcode
/Users/admin/builder/spi-builder-workspace/Sources/Rules/PreferKeyPath.swift:12:16: warning: static property 'preferKeyPath' is not concurrency-safe because non-'Sendable' type 'FormatRule' may have shared mutable state; this is an error in the Swift 6 language mode
static let preferKeyPath = FormatRule(
^
/Users/admin/builder/spi-builder-workspace/Sources/FormatRule.swift:34:20: note: class 'FormatRule' does not conform to the 'Sendable' protocol
public final class FormatRule: Hashable, Comparable, CustomStringConvertible {
^
/Users/admin/builder/spi-builder-workspace/Sources/Rules/PreferKeyPath.swift:12:16: note: add '@MainActor' to make static property 'preferKeyPath' part of global actor 'MainActor'
static let preferKeyPath = FormatRule(
^
@MainActor
/Users/admin/builder/spi-builder-workspace/Sources/Rules/PreferKeyPath.swift:12:16: note: disable concurrency-safety checks if accesses are protected by an external synchronization mechanism
static let preferKeyPath = FormatRule(
^
nonisolated(unsafe)
SwiftCompile normal arm64 /Users/admin/builder/spi-builder-workspace/Sources/Rules/PreferLazyMap.swift (in target 'swiftformat' from project 'SwiftFormat')
cd /Users/admin/builder/spi-builder-workspace/.swiftpm/xcode
/Users/admin/builder/spi-builder-workspace/Sources/Rules/PreferLazyMap.swift:12:16: warning: static property 'preferLazyMap' is not concurrency-safe because non-'Sendable' type 'FormatRule' may have shared mutable state; this is an error in the Swift 6 language mode
static let preferLazyMap = FormatRule(
^
/Users/admin/builder/spi-builder-workspace/Sources/FormatRule.swift:34:20: note: class 'FormatRule' does not conform to the 'Sendable' protocol
public final class FormatRule: Hashable, Comparable, CustomStringConvertible {
^
/Users/admin/builder/spi-builder-workspace/Sources/Rules/PreferLazyMap.swift:12:16: note: add '@MainActor' to make static property 'preferLazyMap' part of global actor 'MainActor'
static let preferLazyMap = FormatRule(
^
@MainActor
/Users/admin/builder/spi-builder-workspace/Sources/Rules/PreferLazyMap.swift:12:16: note: disable concurrency-safety checks if accesses are protected by an external synchronization mechanism
static let preferLazyMap = FormatRule(
^
nonisolated(unsafe)
SwiftCompile normal arm64 /Users/admin/builder/spi-builder-workspace/Sources/Rules/PreferMinOverSorted.swift (in target 'swiftformat' from project 'SwiftFormat')
cd /Users/admin/builder/spi-builder-workspace/.swiftpm/xcode
/Users/admin/builder/spi-builder-workspace/Sources/Rules/PreferMinOverSorted.swift:12:16: warning: static property 'preferMinOverSorted' is not concurrency-safe because non-'Sendable' type 'FormatRule' may have shared mutable state; this is an error in the Swift 6 language mode
static let preferMinOverSorted = FormatRule(
^
/Users/admin/builder/spi-builder-workspace/Sources/FormatRule.swift:34:20: note: class 'FormatRule' does not conform to the 'Sendable' protocol
public final class FormatRule: Hashable, Comparable, CustomStringConvertible {
^
/Users/admin/builder/spi-builder-workspace/Sources/Rules/PreferMinOverSorted.swift:12:16: note: add '@MainActor' to make static property 'preferMinOverSorted' part of global actor 'MainActor'
static let preferMinOverSorted = FormatRule(
^
@MainActor
/Users/admin/builder/spi-builder-workspace/Sources/Rules/PreferMinOverSorted.swift:12:16: note: disable concurrency-safety checks if accesses are protected by an external synchronization mechanism
static let preferMinOverSorted = FormatRule(
^
nonisolated(unsafe)
SwiftCompile normal arm64 /Users/admin/builder/spi-builder-workspace/Sources/Rules/PreferSwiftStringAPI.swift (in target 'swiftformat' from project 'SwiftFormat')
cd /Users/admin/builder/spi-builder-workspace/.swiftpm/xcode
/Users/admin/builder/spi-builder-workspace/Sources/Rules/PreferSwiftStringAPI.swift:14:16: warning: static property 'preferSwiftStringAPI' is not concurrency-safe because non-'Sendable' type 'FormatRule' may have shared mutable state; this is an error in the Swift 6 language mode
static let preferSwiftStringAPI = FormatRule(
^
/Users/admin/builder/spi-builder-workspace/Sources/FormatRule.swift:34:20: note: class 'FormatRule' does not conform to the 'Sendable' protocol
public final class FormatRule: Hashable, Comparable, CustomStringConvertible {
^
/Users/admin/builder/spi-builder-workspace/Sources/Rules/PreferSwiftStringAPI.swift:14:16: note: add '@MainActor' to make static property 'preferSwiftStringAPI' part of global actor 'MainActor'
static let preferSwiftStringAPI = FormatRule(
^
@MainActor
/Users/admin/builder/spi-builder-workspace/Sources/Rules/PreferSwiftStringAPI.swift:14:16: note: disable concurrency-safety checks if accesses are protected by an external synchronization mechanism
static let preferSwiftStringAPI = FormatRule(
^
nonisolated(unsafe)
SwiftCompile normal arm64 /Users/admin/builder/spi-builder-workspace/Sources/Rules/PreferSwiftTesting.swift (in target 'swiftformat' from project 'SwiftFormat')
cd /Users/admin/builder/spi-builder-workspace/.swiftpm/xcode
/Users/admin/builder/spi-builder-workspace/Sources/Rules/PreferSwiftTesting.swift:12:16: warning: static property 'preferSwiftTesting' is not concurrency-safe because non-'Sendable' type 'FormatRule' may have shared mutable state; this is an error in the Swift 6 language mode
static let preferSwiftTesting = FormatRule(
^
/Users/admin/builder/spi-builder-workspace/Sources/FormatRule.swift:34:20: note: class 'FormatRule' does not conform to the 'Sendable' protocol
public final class FormatRule: Hashable, Comparable, CustomStringConvertible {
^
/Users/admin/builder/spi-builder-workspace/Sources/Rules/PreferSwiftTesting.swift:12:16: note: add '@MainActor' to make static property 'preferSwiftTesting' part of global actor 'MainActor'
static let preferSwiftTesting = FormatRule(
^
@MainActor
/Users/admin/builder/spi-builder-workspace/Sources/Rules/PreferSwiftTesting.swift:12:16: note: disable concurrency-safety checks if accesses are protected by an external synchronization mechanism
static let preferSwiftTesting = FormatRule(
^
nonisolated(unsafe)
SwiftCompile normal arm64 /Users/admin/builder/spi-builder-workspace/Sources/Rules/PrivateStateVariables.swift (in target 'swiftformat' from project 'SwiftFormat')
cd /Users/admin/builder/spi-builder-workspace/.swiftpm/xcode
/Users/admin/builder/spi-builder-workspace/Sources/Rules/PrivateStateVariables.swift:12:16: warning: static property 'privateStateVariables' is not concurrency-safe because non-'Sendable' type 'FormatRule' may have shared mutable state; this is an error in the Swift 6 language mode
static let privateStateVariables = FormatRule(
^
/Users/admin/builder/spi-builder-workspace/Sources/FormatRule.swift:34:20: note: class 'FormatRule' does not conform to the 'Sendable' protocol
public final class FormatRule: Hashable, Comparable, CustomStringConvertible {
^
/Users/admin/builder/spi-builder-workspace/Sources/Rules/PrivateStateVariables.swift:12:16: note: add '@MainActor' to make static property 'privateStateVariables' part of global actor 'MainActor'
static let privateStateVariables = FormatRule(
^
@MainActor
/Users/admin/builder/spi-builder-workspace/Sources/Rules/PrivateStateVariables.swift:12:16: note: disable concurrency-safety checks if accesses are protected by an external synchronization mechanism
static let privateStateVariables = FormatRule(
^
nonisolated(unsafe)
SwiftCompile normal arm64 /Users/admin/builder/spi-builder-workspace/Sources/Rules/PropertyTypes.swift (in target 'swiftformat' from project 'SwiftFormat')
cd /Users/admin/builder/spi-builder-workspace/.swiftpm/xcode
/Users/admin/builder/spi-builder-workspace/Sources/Rules/PropertyTypes.swift:12:16: warning: static property 'propertyTypes' is not concurrency-safe because non-'Sendable' type 'FormatRule' may have shared mutable state; this is an error in the Swift 6 language mode
static let propertyTypes = FormatRule(
^
/Users/admin/builder/spi-builder-workspace/Sources/FormatRule.swift:34:20: note: class 'FormatRule' does not conform to the 'Sendable' protocol
public final class FormatRule: Hashable, Comparable, CustomStringConvertible {
^
/Users/admin/builder/spi-builder-workspace/Sources/Rules/PropertyTypes.swift:12:16: note: add '@MainActor' to make static property 'propertyTypes' part of global actor 'MainActor'
static let propertyTypes = FormatRule(
^
@MainActor
/Users/admin/builder/spi-builder-workspace/Sources/Rules/PropertyTypes.swift:12:16: note: disable concurrency-safety checks if accesses are protected by an external synchronization mechanism
static let propertyTypes = FormatRule(
^
nonisolated(unsafe)
SwiftCompile normal arm64 /Users/admin/builder/spi-builder-workspace/Sources/Rules/RedundantAsync.swift (in target 'swiftformat' from project 'SwiftFormat')
cd /Users/admin/builder/spi-builder-workspace/.swiftpm/xcode
/Users/admin/builder/spi-builder-workspace/Sources/Rules/RedundantAsync.swift:12:16: warning: static property 'redundantAsync' is not concurrency-safe because non-'Sendable' type 'FormatRule' may have shared mutable state; this is an error in the Swift 6 language mode
static let redundantAsync = FormatRule(
^
/Users/admin/builder/spi-builder-workspace/Sources/FormatRule.swift:34:20: note: class 'FormatRule' does not conform to the 'Sendable' protocol
public final class FormatRule: Hashable, Comparable, CustomStringConvertible {
^
/Users/admin/builder/spi-builder-workspace/Sources/Rules/RedundantAsync.swift:12:16: note: add '@MainActor' to make static property 'redundantAsync' part of global actor 'MainActor'
static let redundantAsync = FormatRule(
^
@MainActor
/Users/admin/builder/spi-builder-workspace/Sources/Rules/RedundantAsync.swift:12:16: note: disable concurrency-safety checks if accesses are protected by an external synchronization mechanism
static let redundantAsync = FormatRule(
^
nonisolated(unsafe)
SwiftCompile normal arm64 /Users/admin/builder/spi-builder-workspace/Sources/Rules/RedundantBackticks.swift (in target 'swiftformat' from project 'SwiftFormat')
cd /Users/admin/builder/spi-builder-workspace/.swiftpm/xcode
/Users/admin/builder/spi-builder-workspace/Sources/Rules/RedundantBackticks.swift:13:16: warning: static property 'redundantBackticks' is not concurrency-safe because non-'Sendable' type 'FormatRule' may have shared mutable state; this is an error in the Swift 6 language mode
static let redundantBackticks = FormatRule(
^
/Users/admin/builder/spi-builder-workspace/Sources/FormatRule.swift:34:20: note: class 'FormatRule' does not conform to the 'Sendable' protocol
public final class FormatRule: Hashable, Comparable, CustomStringConvertible {
^
/Users/admin/builder/spi-builder-workspace/Sources/Rules/RedundantBackticks.swift:13:16: note: add '@MainActor' to make static property 'redundantBackticks' part of global actor 'MainActor'
static let redundantBackticks = FormatRule(
^
@MainActor
/Users/admin/builder/spi-builder-workspace/Sources/Rules/RedundantBackticks.swift:13:16: note: disable concurrency-safety checks if accesses are protected by an external synchronization mechanism
static let redundantBackticks = FormatRule(
^
nonisolated(unsafe)
SwiftCompile normal arm64 /Users/admin/builder/spi-builder-workspace/Sources/Rules/RedundantBreak.swift (in target 'swiftformat' from project 'SwiftFormat')
cd /Users/admin/builder/spi-builder-workspace/.swiftpm/xcode
/Users/admin/builder/spi-builder-workspace/Sources/Rules/RedundantBreak.swift:13:16: warning: static property 'redundantBreak' is not concurrency-safe because non-'Sendable' type 'FormatRule' may have shared mutable state; this is an error in the Swift 6 language mode
static let redundantBreak = FormatRule(
^
/Users/admin/builder/spi-builder-workspace/Sources/FormatRule.swift:34:20: note: class 'FormatRule' does not conform to the 'Sendable' protocol
public final class FormatRule: Hashable, Comparable, CustomStringConvertible {
^
/Users/admin/builder/spi-builder-workspace/Sources/Rules/RedundantBreak.swift:13:16: note: add '@MainActor' to make static property 'redundantBreak' part of global actor 'MainActor'
static let redundantBreak = FormatRule(
^
@MainActor
/Users/admin/builder/spi-builder-workspace/Sources/Rules/RedundantBreak.swift:13:16: note: disable concurrency-safety checks if accesses are protected by an external synchronization mechanism
static let redundantBreak = FormatRule(
^
nonisolated(unsafe)
SwiftCompile normal arm64 /Users/admin/builder/spi-builder-workspace/Sources/Rules/RedundantClosure.swift (in target 'swiftformat' from project 'SwiftFormat')
cd /Users/admin/builder/spi-builder-workspace/.swiftpm/xcode
/Users/admin/builder/spi-builder-workspace/Sources/Rules/RedundantClosure.swift:12:16: warning: static property 'redundantClosure' is not concurrency-safe because non-'Sendable' type 'FormatRule' may have shared mutable state; this is an error in the Swift 6 language mode
static let redundantClosure = FormatRule(
^
/Users/admin/builder/spi-builder-workspace/Sources/FormatRule.swift:34:20: note: class 'FormatRule' does not conform to the 'Sendable' protocol
public final class FormatRule: Hashable, Comparable, CustomStringConvertible {
^
/Users/admin/builder/spi-builder-workspace/Sources/Rules/RedundantClosure.swift:12:16: note: add '@MainActor' to make static property 'redundantClosure' part of global actor 'MainActor'
static let redundantClosure = FormatRule(
^
@MainActor
/Users/admin/builder/spi-builder-workspace/Sources/Rules/RedundantClosure.swift:12:16: note: disable concurrency-safety checks if accesses are protected by an external synchronization mechanism
static let redundantClosure = FormatRule(
^
nonisolated(unsafe)
SwiftCompile normal arm64 /Users/admin/builder/spi-builder-workspace/Sources/Rules/RedundantEmptyView.swift (in target 'swiftformat' from project 'SwiftFormat')
cd /Users/admin/builder/spi-builder-workspace/.swiftpm/xcode
/Users/admin/builder/spi-builder-workspace/Sources/Rules/RedundantEmptyView.swift:13:16: warning: static property 'redundantEmptyView' is not concurrency-safe because non-'Sendable' type 'FormatRule' may have shared mutable state; this is an error in the Swift 6 language mode
static let redundantEmptyView = FormatRule(
^
/Users/admin/builder/spi-builder-workspace/Sources/FormatRule.swift:34:20: note: class 'FormatRule' does not conform to the 'Sendable' protocol
public final class FormatRule: Hashable, Comparable, CustomStringConvertible {
^
/Users/admin/builder/spi-builder-workspace/Sources/Rules/RedundantEmptyView.swift:13:16: note: add '@MainActor' to make static property 'redundantEmptyView' part of global actor 'MainActor'
static let redundantEmptyView = FormatRule(
^
@MainActor
/Users/admin/builder/spi-builder-workspace/Sources/Rules/RedundantEmptyView.swift:13:16: note: disable concurrency-safety checks if accesses are protected by an external synchronization mechanism
static let redundantEmptyView = FormatRule(
^
nonisolated(unsafe)
SwiftDriverJobDiscovery normal arm64 Compiling RedundantEquatable.swift, RedundantExtendedLifetime.swift, RedundantExtensionACL.swift, RedundantFileprivate.swift, RedundantGet.swift, RedundantInit.swift, RedundantInternal.swift, RedundantLet.swift, RedundantLetError.swift, RedundantMemberwiseInit.swift, RedundantNilInit.swift, RedundantObjc.swift, RedundantOptionalBinding.swift, RedundantParens.swift, RedundantPattern.swift, RedundantProperty.swift, RedundantPublic.swift, RedundantRawValues.swift (in target 'swiftformat' from project 'SwiftFormat')
SwiftCompile normal armv7k Compiling\ SortTypealiases.swift,\ SortedImports.swift,\ SortedSwitchCases.swift,\ SpaceAroundBraces.swift,\ SpaceAroundBrackets.swift,\ SpaceAroundComments.swift,\ SpaceAroundGenerics.swift,\ SpaceAroundOperators.swift,\ SpaceAroundParens.swift,\ SpaceInsideBraces.swift,\ SpaceInsideBrackets.swift,\ SpaceInsideComments.swift,\ SpaceInsideGenerics.swift,\ SpaceInsideParens.swift,\ Specifiers.swift,\ StrongOutlets.swift,\ StrongifiedSelf.swift,\ SwiftTestingTestCaseNames.swift /Users/admin/builder/spi-builder-workspace/Sources/Rules/SortTypealiases.swift /Users/admin/builder/spi-builder-workspace/Sources/Rules/SortedImports.swift /Users/admin/builder/spi-builder-workspace/Sources/Rules/SortedSwitchCases.swift /Users/admin/builder/spi-builder-workspace/Sources/Rules/SpaceAroundBraces.swift /Users/admin/builder/spi-builder-workspace/Sources/Rules/SpaceAroundBrackets.swift /Users/admin/builder/spi-builder-workspace/Sources/Rules/SpaceAroundComments.swift /Users/admin/builder/spi-builder-workspace/Sources/Rules/SpaceAroundGenerics.swift /Users/admin/builder/spi-builder-workspace/Sources/Rules/SpaceAroundOperators.swift /Users/admin/builder/spi-builder-workspace/Sources/Rules/SpaceAroundParens.swift /Users/admin/builder/spi-builder-workspace/Sources/Rules/SpaceInsideBraces.swift /Users/admin/builder/spi-builder-workspace/Sources/Rules/SpaceInsideBrackets.swift /Users/admin/builder/spi-builder-workspace/Sources/Rules/SpaceInsideComments.swift /Users/admin/builder/spi-builder-workspace/Sources/Rules/SpaceInsideGenerics.swift /Users/admin/builder/spi-builder-workspace/Sources/Rules/SpaceInsideParens.swift /Users/admin/builder/spi-builder-workspace/Sources/Rules/Specifiers.swift /Users/admin/builder/spi-builder-workspace/Sources/Rules/StrongOutlets.swift /Users/admin/builder/spi-builder-workspace/Sources/Rules/StrongifiedSelf.swift /Users/admin/builder/spi-builder-workspace/Sources/Rules/SwiftTestingTestCaseNames.swift (in target 'swiftformat' from project 'SwiftFormat')
SwiftCompile normal armv7k /Users/admin/builder/spi-builder-workspace/Sources/Rules/SortTypealiases.swift (in target 'swiftformat' from project 'SwiftFormat')
cd /Users/admin/builder/spi-builder-workspace/.swiftpm/xcode
/Users/admin/builder/spi-builder-workspace/Sources/Rules/SortTypealiases.swift:12:16: warning: static property 'sortTypealiases' is not concurrency-safe because non-'Sendable' type 'FormatRule' may have shared mutable state; this is an error in the Swift 6 language mode
static let sortTypealiases = FormatRule(
^
/Users/admin/builder/spi-builder-workspace/Sources/FormatRule.swift:34:20: note: class 'FormatRule' does not conform to the 'Sendable' protocol
public final class FormatRule: Hashable, Comparable, CustomStringConvertible {
^
/Users/admin/builder/spi-builder-workspace/Sources/Rules/SortTypealiases.swift:12:16: note: add '@MainActor' to make static property 'sortTypealiases' part of global actor 'MainActor'
static let sortTypealiases = FormatRule(
^
@MainActor
/Users/admin/builder/spi-builder-workspace/Sources/Rules/SortTypealiases.swift:12:16: note: disable concurrency-safety checks if accesses are protected by an external synchronization mechanism
static let sortTypealiases = FormatRule(
^
nonisolated(unsafe)
SwiftCompile normal armv7k /Users/admin/builder/spi-builder-workspace/Sources/Rules/SortedImports.swift (in target 'swiftformat' from project 'SwiftFormat')
cd /Users/admin/builder/spi-builder-workspace/.swiftpm/xcode
/Users/admin/builder/spi-builder-workspace/Sources/Rules/SortedImports.swift:13:16: warning: static property 'sortedImports' is not concurrency-safe because non-'Sendable' type 'FormatRule' may have shared mutable state; this is an error in the Swift 6 language mode
static let sortedImports = FormatRule(
^
/Users/admin/builder/spi-builder-workspace/Sources/FormatRule.swift:34:20: note: class 'FormatRule' does not conform to the 'Sendable' protocol
public final class FormatRule: Hashable, Comparable, CustomStringConvertible {
^
/Users/admin/builder/spi-builder-workspace/Sources/Rules/SortedImports.swift:13:16: note: add '@MainActor' to make static property 'sortedImports' part of global actor 'MainActor'
static let sortedImports = FormatRule(
^
@MainActor
/Users/admin/builder/spi-builder-workspace/Sources/Rules/SortedImports.swift:13:16: note: disable concurrency-safety checks if accesses are protected by an external synchronization mechanism
static let sortedImports = FormatRule(
^
nonisolated(unsafe)
SwiftCompile normal armv7k /Users/admin/builder/spi-builder-workspace/Sources/Rules/SortedSwitchCases.swift (in target 'swiftformat' from project 'SwiftFormat')
cd /Users/admin/builder/spi-builder-workspace/.swiftpm/xcode
/Users/admin/builder/spi-builder-workspace/Sources/Rules/SortedSwitchCases.swift:13:16: warning: static property 'sortedSwitchCases' is not concurrency-safe because non-'Sendable' type 'FormatRule' may have shared mutable state; this is an error in the Swift 6 language mode
static let sortedSwitchCases = FormatRule(
^
/Users/admin/builder/spi-builder-workspace/Sources/FormatRule.swift:34:20: note: class 'FormatRule' does not conform to the 'Sendable' protocol
public final class FormatRule: Hashable, Comparable, CustomStringConvertible {
^
/Users/admin/builder/spi-builder-workspace/Sources/Rules/SortedSwitchCases.swift:13:16: note: add '@MainActor' to make static property 'sortedSwitchCases' part of global actor 'MainActor'
static let sortedSwitchCases = FormatRule(
^
@MainActor
/Users/admin/builder/spi-builder-workspace/Sources/Rules/SortedSwitchCases.swift:13:16: note: disable concurrency-safety checks if accesses are protected by an external synchronization mechanism
static let sortedSwitchCases = FormatRule(
^
nonisolated(unsafe)
SwiftCompile normal armv7k /Users/admin/builder/spi-builder-workspace/Sources/Rules/SpaceAroundBraces.swift (in target 'swiftformat' from project 'SwiftFormat')
cd /Users/admin/builder/spi-builder-workspace/.swiftpm/xcode
/Users/admin/builder/spi-builder-workspace/Sources/Rules/SpaceAroundBraces.swift:14:16: warning: static property 'spaceAroundBraces' is not concurrency-safe because non-'Sendable' type 'FormatRule' may have shared mutable state; this is an error in the Swift 6 language mode
static let spaceAroundBraces = FormatRule(
^
/Users/admin/builder/spi-builder-workspace/Sources/FormatRule.swift:34:20: note: class 'FormatRule' does not conform to the 'Sendable' protocol
public final class FormatRule: Hashable, Comparable, CustomStringConvertible {
^
/Users/admin/builder/spi-builder-workspace/Sources/Rules/SpaceAroundBraces.swift:14:16: note: add '@MainActor' to make static property 'spaceAroundBraces' part of global actor 'MainActor'
static let spaceAroundBraces = FormatRule(
^
@MainActor
/Users/admin/builder/spi-builder-workspace/Sources/Rules/SpaceAroundBraces.swift:14:16: note: disable concurrency-safety checks if accesses are protected by an external synchronization mechanism
static let spaceAroundBraces = FormatRule(
^
nonisolated(unsafe)
SwiftCompile normal armv7k /Users/admin/builder/spi-builder-workspace/Sources/Rules/SpaceAroundBrackets.swift (in target 'swiftformat' from project 'SwiftFormat')
cd /Users/admin/builder/spi-builder-workspace/.swiftpm/xcode
/Users/admin/builder/spi-builder-workspace/Sources/Rules/SpaceAroundBrackets.swift:19:16: warning: static property 'spaceAroundBrackets' is not concurrency-safe because non-'Sendable' type 'FormatRule' may have shared mutable state; this is an error in the Swift 6 language mode
static let spaceAroundBrackets = FormatRule(
^
/Users/admin/builder/spi-builder-workspace/Sources/FormatRule.swift:34:20: note: class 'FormatRule' does not conform to the 'Sendable' protocol
public final class FormatRule: Hashable, Comparable, CustomStringConvertible {
^
/Users/admin/builder/spi-builder-workspace/Sources/Rules/SpaceAroundBrackets.swift:19:16: note: add '@MainActor' to make static property 'spaceAroundBrackets' part of global actor 'MainActor'
static let spaceAroundBrackets = FormatRule(
^
@MainActor
/Users/admin/builder/spi-builder-workspace/Sources/Rules/SpaceAroundBrackets.swift:19:16: note: disable concurrency-safety checks if accesses are protected by an external synchronization mechanism
static let spaceAroundBrackets = FormatRule(
^
nonisolated(unsafe)
SwiftCompile normal armv7k /Users/admin/builder/spi-builder-workspace/Sources/Rules/SpaceAroundComments.swift (in target 'swiftformat' from project 'SwiftFormat')
cd /Users/admin/builder/spi-builder-workspace/.swiftpm/xcode
/Users/admin/builder/spi-builder-workspace/Sources/Rules/SpaceAroundComments.swift:13:16: warning: static property 'spaceAroundComments' is not concurrency-safe because non-'Sendable' type 'FormatRule' may have shared mutable state; this is an error in the Swift 6 language mode
static let spaceAroundComments = FormatRule(
^
/Users/admin/builder/spi-builder-workspace/Sources/FormatRule.swift:34:20: note: class 'FormatRule' does not conform to the 'Sendable' protocol
public final class FormatRule: Hashable, Comparable, CustomStringConvertible {
^
/Users/admin/builder/spi-builder-workspace/Sources/Rules/SpaceAroundComments.swift:13:16: note: add '@MainActor' to make static property 'spaceAroundComments' part of global actor 'MainActor'
static let spaceAroundComments = FormatRule(
^
@MainActor
/Users/admin/builder/spi-builder-workspace/Sources/Rules/SpaceAroundComments.swift:13:16: note: disable concurrency-safety checks if accesses are protected by an external synchronization mechanism
static let spaceAroundComments = FormatRule(
^
nonisolated(unsafe)
SwiftCompile normal armv7k /Users/admin/builder/spi-builder-workspace/Sources/Rules/SpaceAroundGenerics.swift (in target 'swiftformat' from project 'SwiftFormat')
cd /Users/admin/builder/spi-builder-workspace/.swiftpm/xcode
/Users/admin/builder/spi-builder-workspace/Sources/Rules/SpaceAroundGenerics.swift:13:16: warning: static property 'spaceAroundGenerics' is not concurrency-safe because non-'Sendable' type 'FormatRule' may have shared mutable state; this is an error in the Swift 6 language mode
static let spaceAroundGenerics = FormatRule(
^
/Users/admin/builder/spi-builder-workspace/Sources/FormatRule.swift:34:20: note: class 'FormatRule' does not conform to the 'Sendable' protocol
public final class FormatRule: Hashable, Comparable, CustomStringConvertible {
^
/Users/admin/builder/spi-builder-workspace/Sources/Rules/SpaceAroundGenerics.swift:13:16: note: add '@MainActor' to make static property 'spaceAroundGenerics' part of global actor 'MainActor'
static let spaceAroundGenerics = FormatRule(
^
@MainActor
/Users/admin/builder/spi-builder-workspace/Sources/Rules/SpaceAroundGenerics.swift:13:16: note: disable concurrency-safety checks if accesses are protected by an external synchronization mechanism
static let spaceAroundGenerics = FormatRule(
^
nonisolated(unsafe)
SwiftCompile normal armv7k /Users/admin/builder/spi-builder-workspace/Sources/Rules/SpaceAroundOperators.swift (in target 'swiftformat' from project 'SwiftFormat')
cd /Users/admin/builder/spi-builder-workspace/.swiftpm/xcode
/Users/admin/builder/spi-builder-workspace/Sources/Rules/SpaceAroundOperators.swift:18:16: warning: static property 'spaceAroundOperators' is not concurrency-safe because non-'Sendable' type 'FormatRule' may have shared mutable state; this is an error in the Swift 6 language mode
static let spaceAroundOperators = FormatRule(
^
/Users/admin/builder/spi-builder-workspace/Sources/FormatRule.swift:34:20: note: class 'FormatRule' does not conform to the 'Sendable' protocol
public final class FormatRule: Hashable, Comparable, CustomStringConvertible {
^
/Users/admin/builder/spi-builder-workspace/Sources/Rules/SpaceAroundOperators.swift:18:16: note: add '@MainActor' to make static property 'spaceAroundOperators' part of global actor 'MainActor'
static let spaceAroundOperators = FormatRule(
^
@MainActor
/Users/admin/builder/spi-builder-workspace/Sources/Rules/SpaceAroundOperators.swift:18:16: note: disable concurrency-safety checks if accesses are protected by an external synchronization mechanism
static let spaceAroundOperators = FormatRule(
^
nonisolated(unsafe)
SwiftCompile normal armv7k /Users/admin/builder/spi-builder-workspace/Sources/Rules/SpaceAroundParens.swift (in target 'swiftformat' from project 'SwiftFormat')
cd /Users/admin/builder/spi-builder-workspace/.swiftpm/xcode
/Users/admin/builder/spi-builder-workspace/Sources/Rules/SpaceAroundParens.swift:20:16: warning: static property 'spaceAroundParens' is not concurrency-safe because non-'Sendable' type 'FormatRule' may have shared mutable state; this is an error in the Swift 6 language mode
static let spaceAroundParens = FormatRule(
^
/Users/admin/builder/spi-builder-workspace/Sources/FormatRule.swift:34:20: note: class 'FormatRule' does not conform to the 'Sendable' protocol
public final class FormatRule: Hashable, Comparable, CustomStringConvertible {
^
/Users/admin/builder/spi-builder-workspace/Sources/Rules/SpaceAroundParens.swift:20:16: note: add '@MainActor' to make static property 'spaceAroundParens' part of global actor 'MainActor'
static let spaceAroundParens = FormatRule(
^
@MainActor
/Users/admin/builder/spi-builder-workspace/Sources/Rules/SpaceAroundParens.swift:20:16: note: disable concurrency-safety checks if accesses are protected by an external synchronization mechanism
static let spaceAroundParens = FormatRule(
^
nonisolated(unsafe)
SwiftCompile normal armv7k /Users/admin/builder/spi-builder-workspace/Sources/Rules/SpaceInsideBraces.swift (in target 'swiftformat' from project 'SwiftFormat')
cd /Users/admin/builder/spi-builder-workspace/.swiftpm/xcode
/Users/admin/builder/spi-builder-workspace/Sources/Rules/SpaceInsideBraces.swift:13:16: warning: static property 'spaceInsideBraces' is not concurrency-safe because non-'Sendable' type 'FormatRule' may have shared mutable state; this is an error in the Swift 6 language mode
static let spaceInsideBraces = FormatRule(
^
/Users/admin/builder/spi-builder-workspace/Sources/FormatRule.swift:34:20: note: class 'FormatRule' does not conform to the 'Sendable' protocol
public final class FormatRule: Hashable, Comparable, CustomStringConvertible {
^
/Users/admin/builder/spi-builder-workspace/Sources/Rules/SpaceInsideBraces.swift:13:16: note: add '@MainActor' to make static property 'spaceInsideBraces' part of global actor 'MainActor'
static let spaceInsideBraces = FormatRule(
^
@MainActor
/Users/admin/builder/spi-builder-workspace/Sources/Rules/SpaceInsideBraces.swift:13:16: note: disable concurrency-safety checks if accesses are protected by an external synchronization mechanism
static let spaceInsideBraces = FormatRule(
^
nonisolated(unsafe)
SwiftCompile normal armv7k /Users/admin/builder/spi-builder-workspace/Sources/Rules/SpaceInsideBrackets.swift (in target 'swiftformat' from project 'SwiftFormat')
cd /Users/admin/builder/spi-builder-workspace/.swiftpm/xcode
/Users/admin/builder/spi-builder-workspace/Sources/Rules/SpaceInsideBrackets.swift:13:16: warning: static property 'spaceInsideBrackets' is not concurrency-safe because non-'Sendable' type 'FormatRule' may have shared mutable state; this is an error in the Swift 6 language mode
static let spaceInsideBrackets = FormatRule(
^
/Users/admin/builder/spi-builder-workspace/Sources/FormatRule.swift:34:20: note: class 'FormatRule' does not conform to the 'Sendable' protocol
public final class FormatRule: Hashable, Comparable, CustomStringConvertible {
^
/Users/admin/builder/spi-builder-workspace/Sources/Rules/SpaceInsideBrackets.swift:13:16: note: add '@MainActor' to make static property 'spaceInsideBrackets' part of global actor 'MainActor'
static let spaceInsideBrackets = FormatRule(
^
@MainActor
/Users/admin/builder/spi-builder-workspace/Sources/Rules/SpaceInsideBrackets.swift:13:16: note: disable concurrency-safety checks if accesses are protected by an external synchronization mechanism
static let spaceInsideBrackets = FormatRule(
^
nonisolated(unsafe)
SwiftCompile normal armv7k /Users/admin/builder/spi-builder-workspace/Sources/Rules/SpaceInsideComments.swift (in target 'swiftformat' from project 'SwiftFormat')
cd /Users/admin/builder/spi-builder-workspace/.swiftpm/xcode
/Users/admin/builder/spi-builder-workspace/Sources/Rules/SpaceInsideComments.swift:14:16: warning: static property 'spaceInsideComments' is not concurrency-safe because non-'Sendable' type 'FormatRule' may have shared mutable state; this is an error in the Swift 6 language mode
static let spaceInsideComments = FormatRule(
^
/Users/admin/builder/spi-builder-workspace/Sources/FormatRule.swift:34:20: note: class 'FormatRule' does not conform to the 'Sendable' protocol
public final class FormatRule: Hashable, Comparable, CustomStringConvertible {
^
/Users/admin/builder/spi-builder-workspace/Sources/Rules/SpaceInsideComments.swift:14:16: note: add '@MainActor' to make static property 'spaceInsideComments' part of global actor 'MainActor'
static let spaceInsideComments = FormatRule(
^
@MainActor
/Users/admin/builder/spi-builder-workspace/Sources/Rules/SpaceInsideComments.swift:14:16: note: disable concurrency-safety checks if accesses are protected by an external synchronization mechanism
static let spaceInsideComments = FormatRule(
^
nonisolated(unsafe)
SwiftCompile normal armv7k /Users/admin/builder/spi-builder-workspace/Sources/Rules/SpaceInsideGenerics.swift (in target 'swiftformat' from project 'SwiftFormat')
cd /Users/admin/builder/spi-builder-workspace/.swiftpm/xcode
/Users/admin/builder/spi-builder-workspace/Sources/Rules/SpaceInsideGenerics.swift:13:16: warning: static property 'spaceInsideGenerics' is not concurrency-safe because non-'Sendable' type 'FormatRule' may have shared mutable state; this is an error in the Swift 6 language mode
static let spaceInsideGenerics = FormatRule(
^
/Users/admin/builder/spi-builder-workspace/Sources/FormatRule.swift:34:20: note: class 'FormatRule' does not conform to the 'Sendable' protocol
public final class FormatRule: Hashable, Comparable, CustomStringConvertible {
^
/Users/admin/builder/spi-builder-workspace/Sources/Rules/SpaceInsideGenerics.swift:13:16: note: add '@MainActor' to make static property 'spaceInsideGenerics' part of global actor 'MainActor'
static let spaceInsideGenerics = FormatRule(
^
@MainActor
/Users/admin/builder/spi-builder-workspace/Sources/Rules/SpaceInsideGenerics.swift:13:16: note: disable concurrency-safety checks if accesses are protected by an external synchronization mechanism
static let spaceInsideGenerics = FormatRule(
^
nonisolated(unsafe)
SwiftCompile normal armv7k /Users/admin/builder/spi-builder-workspace/Sources/Rules/SpaceInsideParens.swift (in target 'swiftformat' from project 'SwiftFormat')
cd /Users/admin/builder/spi-builder-workspace/.swiftpm/xcode
/Users/admin/builder/spi-builder-workspace/Sources/Rules/SpaceInsideParens.swift:13:16: warning: static property 'spaceInsideParens' is not concurrency-safe because non-'Sendable' type 'FormatRule' may have shared mutable state; this is an error in the Swift 6 language mode
static let spaceInsideParens = FormatRule(
^
/Users/admin/builder/spi-builder-workspace/Sources/FormatRule.swift:34:20: note: class 'FormatRule' does not conform to the 'Sendable' protocol
public final class FormatRule: Hashable, Comparable, CustomStringConvertible {
^
/Users/admin/builder/spi-builder-workspace/Sources/Rules/SpaceInsideParens.swift:13:16: note: add '@MainActor' to make static property 'spaceInsideParens' part of global actor 'MainActor'
static let spaceInsideParens = FormatRule(
^
@MainActor
/Users/admin/builder/spi-builder-workspace/Sources/Rules/SpaceInsideParens.swift:13:16: note: disable concurrency-safety checks if accesses are protected by an external synchronization mechanism
static let spaceInsideParens = FormatRule(
^
nonisolated(unsafe)
SwiftCompile normal armv7k /Users/admin/builder/spi-builder-workspace/Sources/Rules/Specifiers.swift (in target 'swiftformat' from project 'SwiftFormat')
cd /Users/admin/builder/spi-builder-workspace/.swiftpm/xcode
/Users/admin/builder/spi-builder-workspace/Sources/Rules/Specifiers.swift:13:16: warning: static property 'specifiers' is not concurrency-safe because non-'Sendable' type 'FormatRule' may have shared mutable state; this is an error in the Swift 6 language mode
static let specifiers = FormatRule(
^
/Users/admin/builder/spi-builder-workspace/Sources/FormatRule.swift:34:20: note: class 'FormatRule' does not conform to the 'Sendable' protocol
public final class FormatRule: Hashable, Comparable, CustomStringConvertible {
^
/Users/admin/builder/spi-builder-workspace/Sources/Rules/Specifiers.swift:13:16: note: add '@MainActor' to make static property 'specifiers' part of global actor 'MainActor'
static let specifiers = FormatRule(
^
@MainActor
/Users/admin/builder/spi-builder-workspace/Sources/Rules/Specifiers.swift:13:16: note: disable concurrency-safety checks if accesses are protected by an external synchronization mechanism
static let specifiers = FormatRule(
^
nonisolated(unsafe)
SwiftCompile normal armv7k /Users/admin/builder/spi-builder-workspace/Sources/Rules/StrongOutlets.swift (in target 'swiftformat' from project 'SwiftFormat')
cd /Users/admin/builder/spi-builder-workspace/.swiftpm/xcode
/Users/admin/builder/spi-builder-workspace/Sources/Rules/StrongOutlets.swift:13:16: warning: static property 'strongOutlets' is not concurrency-safe because non-'Sendable' type 'FormatRule' may have shared mutable state; this is an error in the Swift 6 language mode
static let strongOutlets = FormatRule(
^
/Users/admin/builder/spi-builder-workspace/Sources/FormatRule.swift:34:20: note: class 'FormatRule' does not conform to the 'Sendable' protocol
public final class FormatRule: Hashable, Comparable, CustomStringConvertible {
^
/Users/admin/builder/spi-builder-workspace/Sources/Rules/StrongOutlets.swift:13:16: note: add '@MainActor' to make static property 'strongOutlets' part of global actor 'MainActor'
static let strongOutlets = FormatRule(
^
@MainActor
/Users/admin/builder/spi-builder-workspace/Sources/Rules/StrongOutlets.swift:13:16: note: disable concurrency-safety checks if accesses are protected by an external synchronization mechanism
static let strongOutlets = FormatRule(
^
nonisolated(unsafe)
SwiftCompile normal armv7k /Users/admin/builder/spi-builder-workspace/Sources/Rules/StrongifiedSelf.swift (in target 'swiftformat' from project 'SwiftFormat')
cd /Users/admin/builder/spi-builder-workspace/.swiftpm/xcode
/Users/admin/builder/spi-builder-workspace/Sources/Rules/StrongifiedSelf.swift:13:16: warning: static property 'strongifiedSelf' is not concurrency-safe because non-'Sendable' type 'FormatRule' may have shared mutable state; this is an error in the Swift 6 language mode
static let strongifiedSelf = FormatRule(
^
/Users/admin/builder/spi-builder-workspace/Sources/FormatRule.swift:34:20: note: class 'FormatRule' does not conform to the 'Sendable' protocol
public final class FormatRule: Hashable, Comparable, CustomStringConvertible {
^
/Users/admin/builder/spi-builder-workspace/Sources/Rules/StrongifiedSelf.swift:13:16: note: add '@MainActor' to make static property 'strongifiedSelf' part of global actor 'MainActor'
static let strongifiedSelf = FormatRule(
^
@MainActor
/Users/admin/builder/spi-builder-workspace/Sources/Rules/StrongifiedSelf.swift:13:16: note: disable concurrency-safety checks if accesses are protected by an external synchronization mechanism
static let strongifiedSelf = FormatRule(
^
nonisolated(unsafe)
SwiftCompile normal armv7k /Users/admin/builder/spi-builder-workspace/Sources/Rules/SwiftTestingTestCaseNames.swift (in target 'swiftformat' from project 'SwiftFormat')
cd /Users/admin/builder/spi-builder-workspace/.swiftpm/xcode
/Users/admin/builder/spi-builder-workspace/Sources/Rules/SwiftTestingTestCaseNames.swift:7:16: warning: static property 'swiftTestingTestCaseNames' is not concurrency-safe because non-'Sendable' type 'FormatRule' may have shared mutable state; this is an error in the Swift 6 language mode
static let swiftTestingTestCaseNames = FormatRule(
^
/Users/admin/builder/spi-builder-workspace/Sources/FormatRule.swift:34:20: note: class 'FormatRule' does not conform to the 'Sendable' protocol
public final class FormatRule: Hashable, Comparable, CustomStringConvertible {
^
/Users/admin/builder/spi-builder-workspace/Sources/Rules/SwiftTestingTestCaseNames.swift:7:16: note: add '@MainActor' to make static property 'swiftTestingTestCaseNames' part of global actor 'MainActor'
static let swiftTestingTestCaseNames = FormatRule(
^
@MainActor
/Users/admin/builder/spi-builder-workspace/Sources/Rules/SwiftTestingTestCaseNames.swift:7:16: note: disable concurrency-safety checks if accesses are protected by an external synchronization mechanism
static let swiftTestingTestCaseNames = FormatRule(
^
nonisolated(unsafe)
SwiftDriverJobDiscovery normal arm64_32 Compiling Arguments.swift, CommandLine.swift, Declaration.swift, DeclarationType.swift, EnumAssociable.swift, FormatRule.swift, Formatter.swift, FormattingHelpers.swift, GitFileInfo.swift, GithubActionsLogReporter.swift, Globs.swift, Inference.swift, JSONReporter.swift, OptionDescriptor.swift, Options.swift, ParsingHelpers.swift, Reporter.swift, RuleRegistry.generated.swift (in target 'SwiftFormat' from project 'SwiftFormat')
SwiftCompile normal armv7k Compiling\ ConsecutiveSpaces.swift,\ ConsistentSwitchCaseSpacing.swift,\ DocComments.swift,\ DocCommentsBeforeModifiers.swift,\ DuplicateImports.swift,\ ElseOnSameLine.swift,\ EmptyBraces.swift,\ EmptyExtensions.swift,\ EnumNamespaces.swift,\ EnvironmentEntry.swift,\ ExtensionAccessControl.swift,\ FileHeader.swift,\ FileMacro.swift,\ GenericExtensions.swift,\ HeaderFileName.swift,\ HoistAwait.swift,\ HoistPatternLet.swift,\ HoistTry.swift /Users/admin/builder/spi-builder-workspace/Sources/Rules/ConsecutiveSpaces.swift /Users/admin/builder/spi-builder-workspace/Sources/Rules/ConsistentSwitchCaseSpacing.swift /Users/admin/builder/spi-builder-workspace/Sources/Rules/DocComments.swift /Users/admin/builder/spi-builder-workspace/Sources/Rules/DocCommentsBeforeModifiers.swift /Users/admin/builder/spi-builder-workspace/Sources/Rules/DuplicateImports.swift /Users/admin/builder/spi-builder-workspace/Sources/Rules/ElseOnSameLine.swift /Users/admin/builder/spi-builder-workspace/Sources/Rules/EmptyBraces.swift /Users/admin/builder/spi-builder-workspace/Sources/Rules/EmptyExtensions.swift /Users/admin/builder/spi-builder-workspace/Sources/Rules/EnumNamespaces.swift /Users/admin/builder/spi-builder-workspace/Sources/Rules/EnvironmentEntry.swift /Users/admin/builder/spi-builder-workspace/Sources/Rules/ExtensionAccessControl.swift /Users/admin/builder/spi-builder-workspace/Sources/Rules/FileHeader.swift /Users/admin/builder/spi-builder-workspace/Sources/Rules/FileMacro.swift /Users/admin/builder/spi-builder-workspace/Sources/Rules/GenericExtensions.swift /Users/admin/builder/spi-builder-workspace/Sources/Rules/HeaderFileName.swift /Users/admin/builder/spi-builder-workspace/Sources/Rules/HoistAwait.swift /Users/admin/builder/spi-builder-workspace/Sources/Rules/HoistPatternLet.swift /Users/admin/builder/spi-builder-workspace/Sources/Rules/HoistTry.swift (in target 'swiftformat' from project 'SwiftFormat')
SwiftCompile normal armv7k /Users/admin/builder/spi-builder-workspace/Sources/Rules/ConsecutiveSpaces.swift (in target 'swiftformat' from project 'SwiftFormat')
cd /Users/admin/builder/spi-builder-workspace/.swiftpm/xcode
SwiftCompile normal armv7k /Users/admin/builder/spi-builder-workspace/Sources/Rules/ConsistentSwitchCaseSpacing.swift (in target 'swiftformat' from project 'SwiftFormat')
cd /Users/admin/builder/spi-builder-workspace/.swiftpm/xcode
SwiftCompile normal armv7k /Users/admin/builder/spi-builder-workspace/Sources/Rules/DocComments.swift (in target 'swiftformat' from project 'SwiftFormat')
cd /Users/admin/builder/spi-builder-workspace/.swiftpm/xcode
SwiftCompile normal armv7k /Users/admin/builder/spi-builder-workspace/Sources/Rules/DocCommentsBeforeModifiers.swift (in target 'swiftformat' from project 'SwiftFormat')
cd /Users/admin/builder/spi-builder-workspace/.swiftpm/xcode
SwiftCompile normal armv7k /Users/admin/builder/spi-builder-workspace/Sources/Rules/DuplicateImports.swift (in target 'swiftformat' from project 'SwiftFormat')
cd /Users/admin/builder/spi-builder-workspace/.swiftpm/xcode
SwiftCompile normal armv7k /Users/admin/builder/spi-builder-workspace/Sources/Rules/ElseOnSameLine.swift (in target 'swiftformat' from project 'SwiftFormat')
cd /Users/admin/builder/spi-builder-workspace/.swiftpm/xcode
SwiftCompile normal armv7k /Users/admin/builder/spi-builder-workspace/Sources/Rules/EmptyBraces.swift (in target 'swiftformat' from project 'SwiftFormat')
cd /Users/admin/builder/spi-builder-workspace/.swiftpm/xcode
SwiftCompile normal armv7k /Users/admin/builder/spi-builder-workspace/Sources/Rules/EmptyExtensions.swift (in target 'swiftformat' from project 'SwiftFormat')
cd /Users/admin/builder/spi-builder-workspace/.swiftpm/xcode
SwiftCompile normal armv7k /Users/admin/builder/spi-builder-workspace/Sources/Rules/EnumNamespaces.swift (in target 'swiftformat' from project 'SwiftFormat')
cd /Users/admin/builder/spi-builder-workspace/.swiftpm/xcode
SwiftCompile normal armv7k /Users/admin/builder/spi-builder-workspace/Sources/Rules/EnvironmentEntry.swift (in target 'swiftformat' from project 'SwiftFormat')
cd /Users/admin/builder/spi-builder-workspace/.swiftpm/xcode
SwiftCompile normal armv7k /Users/admin/builder/spi-builder-workspace/Sources/Rules/ExtensionAccessControl.swift (in target 'swiftformat' from project 'SwiftFormat')
cd /Users/admin/builder/spi-builder-workspace/.swiftpm/xcode
SwiftCompile normal armv7k /Users/admin/builder/spi-builder-workspace/Sources/Rules/FileHeader.swift (in target 'swiftformat' from project 'SwiftFormat')
cd /Users/admin/builder/spi-builder-workspace/.swiftpm/xcode
SwiftCompile normal armv7k /Users/admin/builder/spi-builder-workspace/Sources/Rules/FileMacro.swift (in target 'swiftformat' from project 'SwiftFormat')
cd /Users/admin/builder/spi-builder-workspace/.swiftpm/xcode
SwiftCompile normal armv7k /Users/admin/builder/spi-builder-workspace/Sources/Rules/GenericExtensions.swift (in target 'swiftformat' from project 'SwiftFormat')
cd /Users/admin/builder/spi-builder-workspace/.swiftpm/xcode
SwiftCompile normal armv7k /Users/admin/builder/spi-builder-workspace/Sources/Rules/HeaderFileName.swift (in target 'swiftformat' from project 'SwiftFormat')
cd /Users/admin/builder/spi-builder-workspace/.swiftpm/xcode
SwiftCompile normal armv7k /Users/admin/builder/spi-builder-workspace/Sources/Rules/HoistAwait.swift (in target 'swiftformat' from project 'SwiftFormat')
cd /Users/admin/builder/spi-builder-workspace/.swiftpm/xcode
SwiftCompile normal armv7k /Users/admin/builder/spi-builder-workspace/Sources/Rules/HoistPatternLet.swift (in target 'swiftformat' from project 'SwiftFormat')
cd /Users/admin/builder/spi-builder-workspace/.swiftpm/xcode
SwiftCompile normal armv7k /Users/admin/builder/spi-builder-workspace/Sources/Rules/HoistTry.swift (in target 'swiftformat' from project 'SwiftFormat')
cd /Users/admin/builder/spi-builder-workspace/.swiftpm/xcode
SwiftDriverJobDiscovery normal armv7k Compiling IfExpressions.swift, Indent.swift, InitCoderUnavailable.swift, IsEmpty.swift, LeadingDelimiters.swift, LinebreakAtEndOfFile.swift, Linebreaks.swift, MarkTypes.swift, ModifierOrder.swift, ModifiersOnSameLine.swift, NoExplicitOwnership.swift, NoForceTryInTests.swift, NoForceUnwrapInTests.swift, NoGuardInTests.swift, NumberFormatting.swift, OpaqueGenericParameters.swift, OrganizeDeclarations.swift, PreferContains.swift (in target 'swiftformat' from project 'SwiftFormat')
SwiftCompile normal arm64_32 Compiling\ ConsecutiveSpaces.swift,\ ConsistentSwitchCaseSpacing.swift,\ DocComments.swift,\ DocCommentsBeforeModifiers.swift,\ DuplicateImports.swift,\ ElseOnSameLine.swift,\ EmptyBraces.swift,\ EmptyExtensions.swift,\ EnumNamespaces.swift,\ EnvironmentEntry.swift,\ ExtensionAccessControl.swift,\ FileHeader.swift,\ FileMacro.swift,\ GenericExtensions.swift,\ HeaderFileName.swift,\ HoistAwait.swift,\ HoistPatternLet.swift,\ HoistTry.swift /Users/admin/builder/spi-builder-workspace/Sources/Rules/ConsecutiveSpaces.swift /Users/admin/builder/spi-builder-workspace/Sources/Rules/ConsistentSwitchCaseSpacing.swift /Users/admin/builder/spi-builder-workspace/Sources/Rules/DocComments.swift /Users/admin/builder/spi-builder-workspace/Sources/Rules/DocCommentsBeforeModifiers.swift /Users/admin/builder/spi-builder-workspace/Sources/Rules/DuplicateImports.swift /Users/admin/builder/spi-builder-workspace/Sources/Rules/ElseOnSameLine.swift /Users/admin/builder/spi-builder-workspace/Sources/Rules/EmptyBraces.swift /Users/admin/builder/spi-builder-workspace/Sources/Rules/EmptyExtensions.swift /Users/admin/builder/spi-builder-workspace/Sources/Rules/EnumNamespaces.swift /Users/admin/builder/spi-builder-workspace/Sources/Rules/EnvironmentEntry.swift /Users/admin/builder/spi-builder-workspace/Sources/Rules/ExtensionAccessControl.swift /Users/admin/builder/spi-builder-workspace/Sources/Rules/FileHeader.swift /Users/admin/builder/spi-builder-workspace/Sources/Rules/FileMacro.swift /Users/admin/builder/spi-builder-workspace/Sources/Rules/GenericExtensions.swift /Users/admin/builder/spi-builder-workspace/Sources/Rules/HeaderFileName.swift /Users/admin/builder/spi-builder-workspace/Sources/Rules/HoistAwait.swift /Users/admin/builder/spi-builder-workspace/Sources/Rules/HoistPatternLet.swift /Users/admin/builder/spi-builder-workspace/Sources/Rules/HoistTry.swift (in target 'swiftformat' from project 'SwiftFormat')
SwiftCompile normal arm64_32 /Users/admin/builder/spi-builder-workspace/Sources/Rules/ConsecutiveSpaces.swift (in target 'swiftformat' from project 'SwiftFormat')
cd /Users/admin/builder/spi-builder-workspace/.swiftpm/xcode
SwiftCompile normal arm64_32 /Users/admin/builder/spi-builder-workspace/Sources/Rules/ConsistentSwitchCaseSpacing.swift (in target 'swiftformat' from project 'SwiftFormat')
cd /Users/admin/builder/spi-builder-workspace/.swiftpm/xcode
SwiftCompile normal arm64_32 /Users/admin/builder/spi-builder-workspace/Sources/Rules/DocComments.swift (in target 'swiftformat' from project 'SwiftFormat')
cd /Users/admin/builder/spi-builder-workspace/.swiftpm/xcode
SwiftCompile normal arm64_32 /Users/admin/builder/spi-builder-workspace/Sources/Rules/DocCommentsBeforeModifiers.swift (in target 'swiftformat' from project 'SwiftFormat')
cd /Users/admin/builder/spi-builder-workspace/.swiftpm/xcode
SwiftCompile normal arm64_32 /Users/admin/builder/spi-builder-workspace/Sources/Rules/DuplicateImports.swift (in target 'swiftformat' from project 'SwiftFormat')
cd /Users/admin/builder/spi-builder-workspace/.swiftpm/xcode
SwiftCompile normal arm64_32 /Users/admin/builder/spi-builder-workspace/Sources/Rules/ElseOnSameLine.swift (in target 'swiftformat' from project 'SwiftFormat')
cd /Users/admin/builder/spi-builder-workspace/.swiftpm/xcode
SwiftCompile normal arm64_32 /Users/admin/builder/spi-builder-workspace/Sources/Rules/EmptyBraces.swift (in target 'swiftformat' from project 'SwiftFormat')
cd /Users/admin/builder/spi-builder-workspace/.swiftpm/xcode
SwiftCompile normal arm64_32 /Users/admin/builder/spi-builder-workspace/Sources/Rules/EmptyExtensions.swift (in target 'swiftformat' from project 'SwiftFormat')
cd /Users/admin/builder/spi-builder-workspace/.swiftpm/xcode
SwiftCompile normal arm64_32 /Users/admin/builder/spi-builder-workspace/Sources/Rules/EnumNamespaces.swift (in target 'swiftformat' from project 'SwiftFormat')
cd /Users/admin/builder/spi-builder-workspace/.swiftpm/xcode
SwiftCompile normal arm64_32 /Users/admin/builder/spi-builder-workspace/Sources/Rules/EnvironmentEntry.swift (in target 'swiftformat' from project 'SwiftFormat')
cd /Users/admin/builder/spi-builder-workspace/.swiftpm/xcode
SwiftCompile normal arm64_32 /Users/admin/builder/spi-builder-workspace/Sources/Rules/ExtensionAccessControl.swift (in target 'swiftformat' from project 'SwiftFormat')
cd /Users/admin/builder/spi-builder-workspace/.swiftpm/xcode
SwiftCompile normal arm64_32 /Users/admin/builder/spi-builder-workspace/Sources/Rules/FileHeader.swift (in target 'swiftformat' from project 'SwiftFormat')
cd /Users/admin/builder/spi-builder-workspace/.swiftpm/xcode
SwiftCompile normal arm64_32 /Users/admin/builder/spi-builder-workspace/Sources/Rules/FileMacro.swift (in target 'swiftformat' from project 'SwiftFormat')
cd /Users/admin/builder/spi-builder-workspace/.swiftpm/xcode
SwiftCompile normal arm64_32 /Users/admin/builder/spi-builder-workspace/Sources/Rules/GenericExtensions.swift (in target 'swiftformat' from project 'SwiftFormat')
cd /Users/admin/builder/spi-builder-workspace/.swiftpm/xcode
SwiftCompile normal arm64_32 /Users/admin/builder/spi-builder-workspace/Sources/Rules/HeaderFileName.swift (in target 'swiftformat' from project 'SwiftFormat')
cd /Users/admin/builder/spi-builder-workspace/.swiftpm/xcode
SwiftCompile normal arm64_32 /Users/admin/builder/spi-builder-workspace/Sources/Rules/HoistAwait.swift (in target 'swiftformat' from project 'SwiftFormat')
cd /Users/admin/builder/spi-builder-workspace/.swiftpm/xcode
SwiftCompile normal arm64_32 /Users/admin/builder/spi-builder-workspace/Sources/Rules/HoistPatternLet.swift (in target 'swiftformat' from project 'SwiftFormat')
cd /Users/admin/builder/spi-builder-workspace/.swiftpm/xcode
SwiftCompile normal arm64_32 /Users/admin/builder/spi-builder-workspace/Sources/Rules/HoistTry.swift (in target 'swiftformat' from project 'SwiftFormat')
cd /Users/admin/builder/spi-builder-workspace/.swiftpm/xcode
SwiftDriverJobDiscovery normal armv7k Compiling PreferCountWhere.swift, PreferExplicitFalse.swift, PreferFinalClasses.swift, PreferFirstWhere.swift, PreferFlatMap.swift, PreferForLoop.swift, PreferKeyPath.swift, PreferLazyMap.swift, PreferMinOverSorted.swift, PreferSwiftStringAPI.swift, PreferSwiftTesting.swift, PrivateStateVariables.swift, PropertyTypes.swift, RedundantAsync.swift, RedundantBackticks.swift, RedundantBreak.swift, RedundantClosure.swift, RedundantEmptyView.swift (in target 'swiftformat' from project 'SwiftFormat')
SwiftCompile normal armv7k Compiling\ RedundantReturn.swift,\ RedundantSelf.swift,\ RedundantSendable.swift,\ RedundantStaticSelf.swift,\ RedundantSwiftTestingSuite.swift,\ RedundantSwiftUIGroup.swift,\ RedundantThrows.swift,\ RedundantType.swift,\ RedundantTypedThrows.swift,\ RedundantVariable.swift,\ RedundantViewBuilder.swift,\ RedundantVoidReturnType.swift,\ Semicolons.swift,\ SimplifyGenericConstraints.swift,\ SinglePropertyPerLine.swift,\ SortDeclarations.swift,\ SortImports.swift,\ SortSwitchCases.swift /Users/admin/builder/spi-builder-workspace/Sources/Rules/RedundantReturn.swift /Users/admin/builder/spi-builder-workspace/Sources/Rules/RedundantSelf.swift /Users/admin/builder/spi-builder-workspace/Sources/Rules/RedundantSendable.swift /Users/admin/builder/spi-builder-workspace/Sources/Rules/RedundantStaticSelf.swift /Users/admin/builder/spi-builder-workspace/Sources/Rules/RedundantSwiftTestingSuite.swift /Users/admin/builder/spi-builder-workspace/Sources/Rules/RedundantSwiftUIGroup.swift /Users/admin/builder/spi-builder-workspace/Sources/Rules/RedundantThrows.swift /Users/admin/builder/spi-builder-workspace/Sources/Rules/RedundantType.swift /Users/admin/builder/spi-builder-workspace/Sources/Rules/RedundantTypedThrows.swift /Users/admin/builder/spi-builder-workspace/Sources/Rules/RedundantVariable.swift /Users/admin/builder/spi-builder-workspace/Sources/Rules/RedundantViewBuilder.swift /Users/admin/builder/spi-builder-workspace/Sources/Rules/RedundantVoidReturnType.swift /Users/admin/builder/spi-builder-workspace/Sources/Rules/Semicolons.swift /Users/admin/builder/spi-builder-workspace/Sources/Rules/SimplifyGenericConstraints.swift /Users/admin/builder/spi-builder-workspace/Sources/Rules/SinglePropertyPerLine.swift /Users/admin/builder/spi-builder-workspace/Sources/Rules/SortDeclarations.swift /Users/admin/builder/spi-builder-workspace/Sources/Rules/SortImports.swift /Users/admin/builder/spi-builder-workspace/Sources/Rules/SortSwitchCases.swift (in target 'swiftformat' from project 'SwiftFormat')
SwiftDriverJobDiscovery normal arm64 Compiling PreferCountWhere.swift, PreferExplicitFalse.swift, PreferFinalClasses.swift, PreferFirstWhere.swift, PreferFlatMap.swift, PreferForLoop.swift, PreferKeyPath.swift, PreferLazyMap.swift, PreferMinOverSorted.swift, PreferSwiftStringAPI.swift, PreferSwiftTesting.swift, PrivateStateVariables.swift, PropertyTypes.swift, RedundantAsync.swift, RedundantBackticks.swift, RedundantBreak.swift, RedundantClosure.swift, RedundantEmptyView.swift (in target 'swiftformat' from project 'SwiftFormat')
SwiftDriver\ Compilation SwiftFormat normal armv7k com.apple.xcode.tools.swift.compiler (in target 'SwiftFormat' from project 'SwiftFormat')
cd /Users/admin/builder/spi-builder-workspace/.swiftpm/xcode
builtin-Swift-Compilation -- /Applications/Xcode-16.3.0.app/Contents/Developer/Toolchains/XcodeDefault.xctoolchain/usr/bin/swiftc -module-name SwiftFormat -Onone -enforce-exclusivity\=checked @/Users/admin/builder/spi-builder-workspace/.derivedData/Build/Intermediates.noindex/SwiftFormat.build/Debug-watchos/SwiftFormat.build/Objects-normal/armv7k/SwiftFormat.SwiftFileList -DSWIFT_PACKAGE -DDEBUG -stats-output-dir .stats -strict-concurrency\=complete -enable-upcoming-feature StrictConcurrency -enable-upcoming-feature DisableOutwardActorInference -enable-upcoming-feature GlobalActorIsolatedTypesUsability -enable-upcoming-feature InferSendableFromCaptures -plugin-path /Applications/Xcode-16.3.0.app/Contents/Developer/Toolchains/XcodeDefault.xctoolchain/usr/lib/swift/host/plugins/testing -enable-experimental-feature DebugDescriptionMacro -sdk /Applications/Xcode-16.3.0.app/Contents/Developer/Platforms/WatchOS.platform/Developer/SDKs/WatchOS11.4.sdk -target armv7k-apple-watchos5.0 -g -module-cache-path /Users/admin/builder/spi-builder-workspace/.derivedData/ModuleCache.noindex -Xfrontend -serialize-debugging-options -profile-coverage-mapping -profile-generate -enable-testing -index-store-path /Users/admin/builder/spi-builder-workspace/.derivedData/Index.noindex/DataStore -swift-version 5 -I /Users/admin/builder/spi-builder-workspace/.derivedData/Build/Products/Debug-watchos -I /Applications/Xcode-16.3.0.app/Contents/Developer/Platforms/WatchOS.platform/Developer/usr/lib -F /Users/admin/builder/spi-builder-workspace/.derivedData/Build/Products/Debug-watchos -F /Applications/Xcode-16.3.0.app/Contents/Developer/Platforms/WatchOS.platform/Developer/Library/Frameworks -F /Applications/Xcode-16.3.0.app/Contents/Developer/Platforms/WatchOS.platform/Developer/SDKs/WatchOS11.4.sdk/Developer/Library/Frameworks -c -j10 -enable-batch-mode -incremental -Xcc -ivfsstatcache -Xcc /Users/admin/builder/spi-builder-workspace/.derivedData/SDKStatCaches.noindex/watchos11.4-22T246-43efb940ff07ba2497b70ec94253f576.sdkstatcache -output-file-map /Users/admin/builder/spi-builder-workspace/.derivedData/Build/Intermediates.noindex/SwiftFormat.build/Debug-watchos/SwiftFormat.build/Objects-normal/armv7k/SwiftFormat-OutputFileMap.json -use-frontend-parseable-output -save-temps -no-color-diagnostics -serialize-diagnostics -emit-dependencies -emit-module -emit-module-path /Users/admin/builder/spi-builder-workspace/.derivedData/Build/Intermediates.noindex/SwiftFormat.build/Debug-watchos/SwiftFormat.build/Objects-normal/armv7k/SwiftFormat.swiftmodule -validate-clang-modules-once -clang-build-session-file /Users/admin/builder/spi-builder-workspace/.derivedData/ModuleCache.noindex/Session.modulevalidation -Xcc -I/Users/admin/builder/spi-builder-workspace/.derivedData/Build/Intermediates.noindex/SwiftFormat.build/Debug-watchos/SwiftFormat.build/swift-overrides.hmap -emit-const-values -Xfrontend -const-gather-protocols-file -Xfrontend /Users/admin/builder/spi-builder-workspace/.derivedData/Build/Intermediates.noindex/SwiftFormat.build/Debug-watchos/SwiftFormat.build/Objects-normal/armv7k/SwiftFormat_const_extract_protocols.json -Xcc -I/Users/admin/builder/spi-builder-workspace/.derivedData/Build/Products/Debug-watchos/include -Xcc -I/Users/admin/builder/spi-builder-workspace/.derivedData/Build/Intermediates.noindex/SwiftFormat.build/Debug-watchos/SwiftFormat.build/DerivedSources-normal/armv7k -Xcc -I/Users/admin/builder/spi-builder-workspace/.derivedData/Build/Intermediates.noindex/SwiftFormat.build/Debug-watchos/SwiftFormat.build/DerivedSources/armv7k -Xcc -I/Users/admin/builder/spi-builder-workspace/.derivedData/Build/Intermediates.noindex/SwiftFormat.build/Debug-watchos/SwiftFormat.build/DerivedSources -Xcc -DSWIFT_PACKAGE -Xcc -DDEBUG\=1 -emit-objc-header -emit-objc-header-path /Users/admin/builder/spi-builder-workspace/.derivedData/Build/Intermediates.noindex/SwiftFormat.build/Debug-watchos/SwiftFormat.build/Objects-normal/armv7k/SwiftFormat-Swift.h -working-directory /Users/admin/builder/spi-builder-workspace/.swiftpm/xcode -experimental-emit-module-separately -disable-cmo
error: unable to open dependencies file (/Users/admin/builder/spi-builder-workspace/.derivedData/Build/Intermediates.noindex/SwiftFormat.build/Debug-watchos/SwiftFormat.build/Objects-normal/armv7k/Arguments.d) (in target 'SwiftFormat' from project 'SwiftFormat')
SwiftDriver\ Compilation SwiftFormat normal arm64_32 com.apple.xcode.tools.swift.compiler (in target 'SwiftFormat' from project 'SwiftFormat')
cd /Users/admin/builder/spi-builder-workspace/.swiftpm/xcode
builtin-Swift-Compilation -- /Applications/Xcode-16.3.0.app/Contents/Developer/Toolchains/XcodeDefault.xctoolchain/usr/bin/swiftc -module-name SwiftFormat -Onone -enforce-exclusivity\=checked @/Users/admin/builder/spi-builder-workspace/.derivedData/Build/Intermediates.noindex/SwiftFormat.build/Debug-watchos/SwiftFormat.build/Objects-normal/arm64_32/SwiftFormat.SwiftFileList -DSWIFT_PACKAGE -DDEBUG -stats-output-dir .stats -strict-concurrency\=complete -enable-upcoming-feature StrictConcurrency -enable-upcoming-feature DisableOutwardActorInference -enable-upcoming-feature GlobalActorIsolatedTypesUsability -enable-upcoming-feature InferSendableFromCaptures -plugin-path /Applications/Xcode-16.3.0.app/Contents/Developer/Toolchains/XcodeDefault.xctoolchain/usr/lib/swift/host/plugins/testing -enable-experimental-feature DebugDescriptionMacro -sdk /Applications/Xcode-16.3.0.app/Contents/Developer/Platforms/WatchOS.platform/Developer/SDKs/WatchOS11.4.sdk -target arm64_32-apple-watchos5.0 -g -module-cache-path /Users/admin/builder/spi-builder-workspace/.derivedData/ModuleCache.noindex -Xfrontend -serialize-debugging-options -profile-coverage-mapping -profile-generate -enable-testing -index-store-path /Users/admin/builder/spi-builder-workspace/.derivedData/Index.noindex/DataStore -swift-version 5 -I /Users/admin/builder/spi-builder-workspace/.derivedData/Build/Products/Debug-watchos -I /Applications/Xcode-16.3.0.app/Contents/Developer/Platforms/WatchOS.platform/Developer/usr/lib -F /Users/admin/builder/spi-builder-workspace/.derivedData/Build/Products/Debug-watchos -F /Applications/Xcode-16.3.0.app/Contents/Developer/Platforms/WatchOS.platform/Developer/Library/Frameworks -F /Applications/Xcode-16.3.0.app/Contents/Developer/Platforms/WatchOS.platform/Developer/SDKs/WatchOS11.4.sdk/Developer/Library/Frameworks -c -j10 -enable-batch-mode -incremental -Xcc -ivfsstatcache -Xcc /Users/admin/builder/spi-builder-workspace/.derivedData/SDKStatCaches.noindex/watchos11.4-22T246-43efb940ff07ba2497b70ec94253f576.sdkstatcache -output-file-map /Users/admin/builder/spi-builder-workspace/.derivedData/Build/Intermediates.noindex/SwiftFormat.build/Debug-watchos/SwiftFormat.build/Objects-normal/arm64_32/SwiftFormat-OutputFileMap.json -use-frontend-parseable-output -save-temps -no-color-diagnostics -serialize-diagnostics -emit-dependencies -emit-module -emit-module-path /Users/admin/builder/spi-builder-workspace/.derivedData/Build/Intermediates.noindex/SwiftFormat.build/Debug-watchos/SwiftFormat.build/Objects-normal/arm64_32/SwiftFormat.swiftmodule -validate-clang-modules-once -clang-build-session-file /Users/admin/builder/spi-builder-workspace/.derivedData/ModuleCache.noindex/Session.modulevalidation -Xcc -I/Users/admin/builder/spi-builder-workspace/.derivedData/Build/Intermediates.noindex/SwiftFormat.build/Debug-watchos/SwiftFormat.build/swift-overrides.hmap -emit-const-values -Xfrontend -const-gather-protocols-file -Xfrontend /Users/admin/builder/spi-builder-workspace/.derivedData/Build/Intermediates.noindex/SwiftFormat.build/Debug-watchos/SwiftFormat.build/Objects-normal/arm64_32/SwiftFormat_const_extract_protocols.json -Xcc -I/Users/admin/builder/spi-builder-workspace/.derivedData/Build/Products/Debug-watchos/include -Xcc -I/Users/admin/builder/spi-builder-workspace/.derivedData/Build/Intermediates.noindex/SwiftFormat.build/Debug-watchos/SwiftFormat.build/DerivedSources-normal/arm64_32 -Xcc -I/Users/admin/builder/spi-builder-workspace/.derivedData/Build/Intermediates.noindex/SwiftFormat.build/Debug-watchos/SwiftFormat.build/DerivedSources/arm64_32 -Xcc -I/Users/admin/builder/spi-builder-workspace/.derivedData/Build/Intermediates.noindex/SwiftFormat.build/Debug-watchos/SwiftFormat.build/DerivedSources -Xcc -DSWIFT_PACKAGE -Xcc -DDEBUG\=1 -emit-objc-header -emit-objc-header-path /Users/admin/builder/spi-builder-workspace/.derivedData/Build/Intermediates.noindex/SwiftFormat.build/Debug-watchos/SwiftFormat.build/Objects-normal/arm64_32/SwiftFormat-Swift.h -working-directory /Users/admin/builder/spi-builder-workspace/.swiftpm/xcode -experimental-emit-module-separately -disable-cmo
remark: Incremental compilation has been disabled: SortTypealiases.swift has no swiftDeps file
remark: Incremental compilation has been disabled: SortTypealiases.swift has no swiftDeps file
remark: Incremental compilation has been disabled: malformed dependencies file 'none?!'
remark: Incremental compilation has been disabled: SortedImports.swift has no swiftDeps file
remark: Incremental compilation has been disabled: SortedImports.swift has no swiftDeps file
remark: Incremental compilation has been disabled: malformed dependencies file 'none?!'
remark: Incremental compilation has been disabled: SortedSwitchCases.swift has no swiftDeps file
remark: Incremental compilation has been disabled: SortedSwitchCases.swift has no swiftDeps file
remark: Incremental compilation has been disabled: malformed dependencies file 'none?!'
remark: Incremental compilation has been disabled: SpaceAroundBraces.swift has no swiftDeps file
remark: Incremental compilation has been disabled: SpaceAroundBraces.swift has no swiftDeps file
remark: Incremental compilation has been disabled: malformed dependencies file 'none?!'
remark: Incremental compilation has been disabled: SpaceAroundBrackets.swift has no swiftDeps file
remark: Incremental compilation has been disabled: SpaceAroundBrackets.swift has no swiftDeps file
remark: Incremental compilation has been disabled: malformed dependencies file 'none?!'
remark: Incremental compilation has been disabled: SpaceAroundComments.swift has no swiftDeps file
remark: Incremental compilation has been disabled: SpaceAroundComments.swift has no swiftDeps file
remark: Incremental compilation has been disabled: malformed dependencies file 'none?!'
remark: Incremental compilation has been disabled: SpaceAroundGenerics.swift has no swiftDeps file
remark: Incremental compilation has been disabled: SpaceAroundGenerics.swift has no swiftDeps file
remark: Incremental compilation has been disabled: malformed dependencies file 'none?!'
remark: Incremental compilation has been disabled: SpaceAroundOperators.swift has no swiftDeps file
remark: Incremental compilation has been disabled: SpaceAroundOperators.swift has no swiftDeps file
remark: Incremental compilation has been disabled: malformed dependencies file 'none?!'
remark: Incremental compilation has been disabled: SpaceAroundParens.swift has no swiftDeps file
remark: Incremental compilation has been disabled: SpaceAroundParens.swift has no swiftDeps file
remark: Incremental compilation has been disabled: malformed dependencies file 'none?!'
remark: Incremental compilation has been disabled: SpaceInsideBraces.swift has no swiftDeps file
remark: Incremental compilation has been disabled: SpaceInsideBraces.swift has no swiftDeps file
remark: Incremental compilation has been disabled: malformed dependencies file 'none?!'
remark: Incremental compilation has been disabled: SpaceInsideBrackets.swift has no swiftDeps file
remark: Incremental compilation has been disabled: SpaceInsideBrackets.swift has no swiftDeps file
remark: Incremental compilation has been disabled: malformed dependencies file 'none?!'
remark: Incremental compilation has been disabled: SpaceInsideComments.swift has no swiftDeps file
remark: Incremental compilation has been disabled: SpaceInsideComments.swift has no swiftDeps file
remark: Incremental compilation has been disabled: malformed dependencies file 'none?!'
remark: Incremental compilation has been disabled: SpaceInsideGenerics.swift has no swiftDeps file
remark: Incremental compilation has been disabled: SpaceInsideGenerics.swift has no swiftDeps file
remark: Incremental compilation has been disabled: malformed dependencies file 'none?!'
remark: Incremental compilation has been disabled: SpaceInsideParens.swift has no swiftDeps file
remark: Incremental compilation has been disabled: SpaceInsideParens.swift has no swiftDeps file
remark: Incremental compilation has been disabled: malformed dependencies file 'none?!'
remark: Incremental compilation has been disabled: Specifiers.swift has no swiftDeps file
remark: Incremental compilation has been disabled: Specifiers.swift has no swiftDeps file
remark: Incremental compilation has been disabled: malformed dependencies file 'none?!'
remark: Incremental compilation has been disabled: StrongOutlets.swift has no swiftDeps file
remark: Incremental compilation has been disabled: StrongOutlets.swift has no swiftDeps file
remark: Incremental compilation has been disabled: malformed dependencies file 'none?!'
remark: Incremental compilation has been disabled: StrongifiedSelf.swift has no swiftDeps file
remark: Incremental compilation has been disabled: StrongifiedSelf.swift has no swiftDeps file
remark: Incremental compilation has been disabled: malformed dependencies file 'none?!'
remark: Incremental compilation has been disabled: SwiftTestingTestCaseNames.swift has no swiftDeps file
remark: Incremental compilation has been disabled: SwiftTestingTestCaseNames.swift has no swiftDeps file
remark: Incremental compilation has been disabled: malformed dependencies file 'none?!'
remark: Incremental compilation has been disabled: PreferCountWhere.swift has no swiftDeps file
remark: Incremental compilation has been disabled: PreferCountWhere.swift has no swiftDeps file
remark: Incremental compilation has been disabled: malformed dependencies file 'none?!'
remark: Incremental compilation has been disabled: PreferExplicitFalse.swift has no swiftDeps file
remark: Incremental compilation has been disabled: PreferExplicitFalse.swift has no swiftDeps file
remark: Incremental compilation has been disabled: malformed dependencies file 'none?!'
remark: Incremental compilation has been disabled: PreferFinalClasses.swift has no swiftDeps file
remark: Incremental compilation has been disabled: PreferFinalClasses.swift has no swiftDeps file
remark: Incremental compilation has been disabled: malformed dependencies file 'none?!'
remark: Incremental compilation has been disabled: PreferFirstWhere.swift has no swiftDeps file
remark: Incremental compilation has been disabled: PreferFirstWhere.swift has no swiftDeps file
remark: Incremental compilation has been disabled: malformed dependencies file 'none?!'
remark: Incremental compilation has been disabled: PreferFlatMap.swift has no swiftDeps file
remark: Incremental compilation has been disabled: PreferFlatMap.swift has no swiftDeps file
remark: Incremental compilation has been disabled: malformed dependencies file 'none?!'
remark: Incremental compilation has been disabled: PreferForLoop.swift has no swiftDeps file
remark: Incremental compilation has been disabled: PreferForLoop.swift has no swiftDeps file
remark: Incremental compilation has been disabled: malformed dependencies file 'none?!'
remark: Incremental compilation has been disabled: PreferKeyPath.swift has no swiftDeps file
remark: Incremental compilation has been disabled: PreferKeyPath.swift has no swiftDeps file
remark: Incremental compilation has been disabled: malformed dependencies file 'none?!'
remark: Incremental compilation has been disabled: PreferLazyMap.swift has no swiftDeps file
remark: Incremental compilation has been disabled: PreferLazyMap.swift has no swiftDeps file
remark: Incremental compilation has been disabled: malformed dependencies file 'none?!'
remark: Incremental compilation has been disabled: PreferMinOverSorted.swift has no swiftDeps file
remark: Incremental compilation has been disabled: PreferMinOverSorted.swift has no swiftDeps file
remark: Incremental compilation has been disabled: malformed dependencies file 'none?!'
remark: Incremental compilation has been disabled: PreferSwiftStringAPI.swift has no swiftDeps file
remark: Incremental compilation has been disabled: PreferSwiftStringAPI.swift has no swiftDeps file
remark: Incremental compilation has been disabled: malformed dependencies file 'none?!'
remark: Incremental compilation has been disabled: PreferSwiftTesting.swift has no swiftDeps file
remark: Incremental compilation has been disabled: PreferSwiftTesting.swift has no swiftDeps file
remark: Incremental compilation has been disabled: malformed dependencies file 'none?!'
remark: Incremental compilation has been disabled: PrivateStateVariables.swift has no swiftDeps file
remark: Incremental compilation has been disabled: PrivateStateVariables.swift has no swiftDeps file
remark: Incremental compilation has been disabled: malformed dependencies file 'none?!'
remark: Incremental compilation has been disabled: PropertyTypes.swift has no swiftDeps file
remark: Incremental compilation has been disabled: PropertyTypes.swift has no swiftDeps file
remark: Incremental compilation has been disabled: malformed dependencies file 'none?!'
remark: Incremental compilation has been disabled: RedundantAsync.swift has no swiftDeps file
remark: Incremental compilation has been disabled: RedundantAsync.swift has no swiftDeps file
remark: Incremental compilation has been disabled: malformed dependencies file 'none?!'
remark: Incremental compilation has been disabled: RedundantBackticks.swift has no swiftDeps file
remark: Incremental compilation has been disabled: RedundantBackticks.swift has no swiftDeps file
remark: Incremental compilation has been disabled: malformed dependencies file 'none?!'
remark: Incremental compilation has been disabled: RedundantBreak.swift has no swiftDeps file
remark: Incremental compilation has been disabled: RedundantBreak.swift has no swiftDeps file
remark: Incremental compilation has been disabled: malformed dependencies file 'none?!'
remark: Incremental compilation has been disabled: RedundantClosure.swift has no swiftDeps file
remark: Incremental compilation has been disabled: RedundantClosure.swift has no swiftDeps file
remark: Incremental compilation has been disabled: malformed dependencies file 'none?!'
remark: Incremental compilation has been disabled: RedundantEmptyView.swift has no swiftDeps file
remark: Incremental compilation has been disabled: RedundantEmptyView.swift has no swiftDeps file
remark: Incremental compilation has been disabled: malformed dependencies file 'none?!'
remark: Incremental compilation has been disabled: RedundantEquatable.swift has no swiftDeps file
remark: Incremental compilation has been disabled: RedundantEquatable.swift has no swiftDeps file
remark: Incremental compilation has been disabled: malformed dependencies file 'none?!'
remark: Incremental compilation has been disabled: RedundantExtendedLifetime.swift has no swiftDeps file
remark: Incremental compilation has been disabled: RedundantExtendedLifetime.swift has no swiftDeps file
remark: Incremental compilation has been disabled: malformed dependencies file 'none?!'
remark: Incremental compilation has been disabled: RedundantExtensionACL.swift has no swiftDeps file
remark: Incremental compilation has been disabled: RedundantExtensionACL.swift has no swiftDeps file
remark: Incremental compilation has been disabled: malformed dependencies file 'none?!'
remark: Incremental compilation has been disabled: RedundantFileprivate.swift has no swiftDeps file
remark: Incremental compilation has been disabled: RedundantFileprivate.swift has no swiftDeps file
remark: Incremental compilation has been disabled: malformed dependencies file 'none?!'
remark: Incremental compilation has been disabled: RedundantGet.swift has no swiftDeps file
remark: Incremental compilation has been disabled: RedundantGet.swift has no swiftDeps file
remark: Incremental compilation has been disabled: malformed dependencies file 'none?!'
remark: Incremental compilation has been disabled: RedundantInit.swift has no swiftDeps file
remark: Incremental compilation has been disabled: RedundantInit.swift has no swiftDeps file
remark: Incremental compilation has been disabled: malformed dependencies file 'none?!'
remark: Incremental compilation has been disabled: RedundantInternal.swift has no swiftDeps file
remark: Incremental compilation has been disabled: RedundantInternal.swift has no swiftDeps file
remark: Incremental compilation has been disabled: malformed dependencies file 'none?!'
remark: Incremental compilation has been disabled: RedundantLet.swift has no swiftDeps file
remark: Incremental compilation has been disabled: RedundantLet.swift has no swiftDeps file
remark: Incremental compilation has been disabled: malformed dependencies file 'none?!'
remark: Incremental compilation has been disabled: RedundantLetError.swift has no swiftDeps file
remark: Incremental compilation has been disabled: RedundantLetError.swift has no swiftDeps file
remark: Incremental compilation has been disabled: malformed dependencies file 'none?!'
remark: Incremental compilation has been disabled: RedundantMemberwiseInit.swift has no swiftDeps file
remark: Incremental compilation has been disabled: RedundantMemberwiseInit.swift has no swiftDeps file
remark: Incremental compilation has been disabled: malformed dependencies file 'none?!'
remark: Incremental compilation has been disabled: RedundantNilInit.swift has no swiftDeps file
remark: Incremental compilation has been disabled: RedundantNilInit.swift has no swiftDeps file
remark: Incremental compilation has been disabled: malformed dependencies file 'none?!'
remark: Incremental compilation has been disabled: RedundantObjc.swift has no swiftDeps file
remark: Incremental compilation has been disabled: RedundantObjc.swift has no swiftDeps file
remark: Incremental compilation has been disabled: malformed dependencies file 'none?!'
remark: Incremental compilation has been disabled: RedundantOptionalBinding.swift has no swiftDeps file
remark: Incremental compilation has been disabled: RedundantOptionalBinding.swift has no swiftDeps file
remark: Incremental compilation has been disabled: malformed dependencies file 'none?!'
remark: Incremental compilation has been disabled: RedundantParens.swift has no swiftDeps file
remark: Incremental compilation has been disabled: RedundantParens.swift has no swiftDeps file
remark: Incremental compilation has been disabled: malformed dependencies file 'none?!'
remark: Incremental compilation has been disabled: RedundantPattern.swift has no swiftDeps file
remark: Incremental compilation has been disabled: RedundantPattern.swift has no swiftDeps file
remark: Incremental compilation has been disabled: malformed dependencies file 'none?!'
remark: Incremental compilation has been disabled: RedundantProperty.swift has no swiftDeps file
remark: Incremental compilation has been disabled: RedundantProperty.swift has no swiftDeps file
remark: Incremental compilation has been disabled: malformed dependencies file 'none?!'
remark: Incremental compilation has been disabled: RedundantPublic.swift has no swiftDeps file
remark: Incremental compilation has been disabled: RedundantPublic.swift has no swiftDeps file
remark: Incremental compilation has been disabled: malformed dependencies file 'none?!'
remark: Incremental compilation has been disabled: RedundantRawValues.swift has no swiftDeps file
remark: Incremental compilation has been disabled: RedundantRawValues.swift has no swiftDeps file
remark: Incremental compilation has been disabled: malformed dependencies file 'none?!'
remark: Incremental compilation has been disabled: RedundantReturn.swift has no swiftDeps file
remark: Incremental compilation has been disabled: RedundantReturn.swift has no swiftDeps file
remark: Incremental compilation has been disabled: malformed dependencies file 'none?!'
remark: Incremental compilation has been disabled: RedundantSelf.swift has no swiftDeps file
remark: Incremental compilation has been disabled: RedundantSelf.swift has no swiftDeps file
remark: Incremental compilation has been disabled: malformed dependencies file 'none?!'
remark: Incremental compilation has been disabled: RedundantSendable.swift has no swiftDeps file
remark: Incremental compilation has been disabled: RedundantSendable.swift has no swiftDeps file
remark: Incremental compilation has been disabled: malformed dependencies file 'none?!'
remark: Incremental compilation has been disabled: RedundantStaticSelf.swift has no swiftDeps file
remark: Incremental compilation has been disabled: RedundantStaticSelf.swift has no swiftDeps file
remark: Incremental compilation has been disabled: malformed dependencies file 'none?!'
remark: Incremental compilation has been disabled: RedundantSwiftTestingSuite.swift has no swiftDeps file
remark: Incremental compilation has been disabled: RedundantSwiftTestingSuite.swift has no swiftDeps file
remark: Incremental compilation has been disabled: malformed dependencies file 'none?!'
remark: Incremental compilation has been disabled: RedundantSwiftUIGroup.swift has no swiftDeps file
remark: Incremental compilation has been disabled: RedundantSwiftUIGroup.swift has no swiftDeps file
remark: Incremental compilation has been disabled: malformed dependencies file 'none?!'
remark: Incremental compilation has been disabled: RedundantThrows.swift has no swiftDeps file
remark: Incremental compilation has been disabled: RedundantThrows.swift has no swiftDeps file
remark: Incremental compilation has been disabled: malformed dependencies file 'none?!'
remark: Incremental compilation has been disabled: RedundantType.swift has no swiftDeps file
remark: Incremental compilation has been disabled: RedundantType.swift has no swiftDeps file
remark: Incremental compilation has been disabled: malformed dependencies file 'none?!'
remark: Incremental compilation has been disabled: RedundantTypedThrows.swift has no swiftDeps file
remark: Incremental compilation has been disabled: RedundantTypedThrows.swift has no swiftDeps file
remark: Incremental compilation has been disabled: malformed dependencies file 'none?!'
remark: Incremental compilation has been disabled: RedundantVariable.swift has no swiftDeps file
remark: Incremental compilation has been disabled: RedundantVariable.swift has no swiftDeps file
remark: Incremental compilation has been disabled: malformed dependencies file 'none?!'
remark: Incremental compilation has been disabled: RedundantViewBuilder.swift has no swiftDeps file
remark: Incremental compilation has been disabled: RedundantViewBuilder.swift has no swiftDeps file
remark: Incremental compilation has been disabled: malformed dependencies file 'none?!'
remark: Incremental compilation has been disabled: RedundantVoidReturnType.swift has no swiftDeps file
remark: Incremental compilation has been disabled: RedundantVoidReturnType.swift has no swiftDeps file
remark: Incremental compilation has been disabled: malformed dependencies file 'none?!'
remark: Incremental compilation has been disabled: Semicolons.swift has no swiftDeps file
remark: Incremental compilation has been disabled: Semicolons.swift has no swiftDeps file
remark: Incremental compilation has been disabled: malformed dependencies file 'none?!'
remark: Incremental compilation has been disabled: SimplifyGenericConstraints.swift has no swiftDeps file
remark: Incremental compilation has been disabled: SimplifyGenericConstraints.swift has no swiftDeps file
remark: Incremental compilation has been disabled: malformed dependencies file 'none?!'
remark: Incremental compilation has been disabled: SinglePropertyPerLine.swift has no swiftDeps file
remark: Incremental compilation has been disabled: SinglePropertyPerLine.swift has no swiftDeps file
remark: Incremental compilation has been disabled: malformed dependencies file 'none?!'
remark: Incremental compilation has been disabled: SortDeclarations.swift has no swiftDeps file
remark: Incremental compilation has been disabled: SortDeclarations.swift has no swiftDeps file
remark: Incremental compilation has been disabled: malformed dependencies file 'none?!'
remark: Incremental compilation has been disabled: SortImports.swift has no swiftDeps file
remark: Incremental compilation has been disabled: SortImports.swift has no swiftDeps file
remark: Incremental compilation has been disabled: malformed dependencies file 'none?!'
remark: Incremental compilation has been disabled: SortSwitchCases.swift has no swiftDeps file
remark: Incremental compilation has been disabled: SortSwitchCases.swift has no swiftDeps file
remark: Incremental compilation has been disabled: malformed dependencies file 'none?!'
remark: Incremental compilation has been disabled: ConsecutiveSpaces.swift has no swiftDeps file
remark: Incremental compilation has been disabled: ConsecutiveSpaces.swift has no swiftDeps file
remark: Incremental compilation has been disabled: malformed dependencies file 'none?!'
remark: Incremental compilation has been disabled: ConsistentSwitchCaseSpacing.swift has no swiftDeps file
remark: Incremental compilation has been disabled: ConsistentSwitchCaseSpacing.swift has no swiftDeps file
remark: Incremental compilation has been disabled: malformed dependencies file 'none?!'
remark: Incremental compilation has been disabled: DocComments.swift has no swiftDeps file
remark: Incremental compilation has been disabled: DocComments.swift has no swiftDeps file
remark: Incremental compilation has been disabled: malformed dependencies file 'none?!'
remark: Incremental compilation has been disabled: DocCommentsBeforeModifiers.swift has no swiftDeps file
remark: Incremental compilation has been disabled: DocCommentsBeforeModifiers.swift has no swiftDeps file
remark: Incremental compilation has been disabled: malformed dependencies file 'none?!'
remark: Incremental compilation has been disabled: DuplicateImports.swift has no swiftDeps file
remark: Incremental compilation has been disabled: DuplicateImports.swift has no swiftDeps file
remark: Incremental compilation has been disabled: malformed dependencies file 'none?!'
remark: Incremental compilation has been disabled: ElseOnSameLine.swift has no swiftDeps file
remark: Incremental compilation has been disabled: ElseOnSameLine.swift has no swiftDeps file
remark: Incremental compilation has been disabled: malformed dependencies file 'none?!'
remark: Incremental compilation has been disabled: EmptyBraces.swift has no swiftDeps file
remark: Incremental compilation has been disabled: EmptyBraces.swift has no swiftDeps file
remark: Incremental compilation has been disabled: malformed dependencies file 'none?!'
remark: Incremental compilation has been disabled: EmptyExtensions.swift has no swiftDeps file
remark: Incremental compilation has been disabled: EmptyExtensions.swift has no swiftDeps file
remark: Incremental compilation has been disabled: malformed dependencies file 'none?!'
remark: Incremental compilation has been disabled: EnumNamespaces.swift has no swiftDeps file
remark: Incremental compilation has been disabled: EnumNamespaces.swift has no swiftDeps file
remark: Incremental compilation has been disabled: malformed dependencies file 'none?!'
remark: Incremental compilation has been disabled: EnvironmentEntry.swift has no swiftDeps file
remark: Incremental compilation has been disabled: EnvironmentEntry.swift has no swiftDeps file
remark: Incremental compilation has been disabled: malformed dependencies file 'none?!'
remark: Incremental compilation has been disabled: ExtensionAccessControl.swift has no swiftDeps file
remark: Incremental compilation has been disabled: ExtensionAccessControl.swift has no swiftDeps file
remark: Incremental compilation has been disabled: malformed dependencies file 'none?!'
remark: Incremental compilation has been disabled: FileHeader.swift has no swiftDeps file
remark: Incremental compilation has been disabled: FileHeader.swift has no swiftDeps file
remark: Incremental compilation has been disabled: malformed dependencies file 'none?!'
remark: Incremental compilation has been disabled: FileMacro.swift has no swiftDeps file
remark: Incremental compilation has been disabled: FileMacro.swift has no swiftDeps file
remark: Incremental compilation has been disabled: malformed dependencies file 'none?!'
remark: Incremental compilation has been disabled: GenericExtensions.swift has no swiftDeps file
remark: Incremental compilation has been disabled: GenericExtensions.swift has no swiftDeps file
remark: Incremental compilation has been disabled: malformed dependencies file 'none?!'
remark: Incremental compilation has been disabled: HeaderFileName.swift has no swiftDeps file
remark: Incremental compilation has been disabled: HeaderFileName.swift has no swiftDeps file
remark: Incremental compilation has been disabled: malformed dependencies file 'none?!'
remark: Incremental compilation has been disabled: HoistAwait.swift has no swiftDeps file
remark: Incremental compilation has been disabled: HoistAwait.swift has no swiftDeps file
remark: Incremental compilation has been disabled: malformed dependencies file 'none?!'
remark: Incremental compilation has been disabled: HoistPatternLet.swift has no swiftDeps file
remark: Incremental compilation has been disabled: HoistPatternLet.swift has no swiftDeps file
remark: Incremental compilation has been disabled: malformed dependencies file 'none?!'
remark: Incremental compilation has been disabled: HoistTry.swift has no swiftDeps file
remark: Incremental compilation has been disabled: HoistTry.swift has no swiftDeps file
remark: Incremental compilation has been disabled: malformed dependencies file 'none?!'
remark: Incremental compilation has been disabled: TestSuiteAccessControl.swift has no swiftDeps file
remark: Incremental compilation has been disabled: TestSuiteAccessControl.swift has no swiftDeps file
remark: Incremental compilation has been disabled: malformed dependencies file 'none?!'
remark: Incremental compilation has been disabled: ThrowingTests.swift has no swiftDeps file
remark: Incremental compilation has been disabled: ThrowingTests.swift has no swiftDeps file
remark: Incremental compilation has been disabled: malformed dependencies file 'none?!'
remark: Incremental compilation has been disabled: Todos.swift has no swiftDeps file
remark: Incremental compilation has been disabled: Todos.swift has no swiftDeps file
remark: Incremental compilation has been disabled: malformed dependencies file 'none?!'
remark: Incremental compilation has been disabled: TrailingClosures.swift has no swiftDeps file
remark: Incremental compilation has been disabled: TrailingClosures.swift has no swiftDeps file
remark: Incremental compilation has been disabled: malformed dependencies file 'none?!'
remark: Incremental compilation has been disabled: TrailingCommas.swift has no swiftDeps file
remark: Incremental compilation has been disabled: TrailingCommas.swift has no swiftDeps file
remark: Incremental compilation has been disabled: malformed dependencies file 'none?!'
remark: Incremental compilation has been disabled: TrailingSpace.swift has no swiftDeps file
remark: Incremental compilation has been disabled: TrailingSpace.swift has no swiftDeps file
remark: Incremental compilation has been disabled: malformed dependencies file 'none?!'
remark: Incremental compilation has been disabled: TypeSugar.swift has no swiftDeps file
remark: Incremental compilation has been disabled: TypeSugar.swift has no swiftDeps file
remark: Incremental compilation has been disabled: malformed dependencies file 'none?!'
remark: Incremental compilation has been disabled: URLMacro.swift has no swiftDeps file
remark: Incremental compilation has been disabled: URLMacro.swift has no swiftDeps file
remark: Incremental compilation has been disabled: malformed dependencies file 'none?!'
remark: Incremental compilation has been disabled: UnusedArguments.swift has no swiftDeps file
remark: Incremental compilation has been disabled: UnusedArguments.swift has no swiftDeps file
remark: Incremental compilation has been disabled: malformed dependencies file 'none?!'
remark: Incremental compilation has been disabled: UnusedPrivateDeclarations.swift has no swiftDeps file
remark: Incremental compilation has been disabled: UnusedPrivateDeclarations.swift has no swiftDeps file
remark: Incremental compilation has been disabled: malformed dependencies file 'none?!'
remark: Incremental compilation has been disabled: ValidateTestCases.swift has no swiftDeps file
remark: Incremental compilation has been disabled: ValidateTestCases.swift has no swiftDeps file
remark: Incremental compilation has been disabled: malformed dependencies file 'none?!'
remark: Incremental compilation has been disabled: Void.swift has no swiftDeps file
remark: Incremental compilation has been disabled: Void.swift has no swiftDeps file
remark: Incremental compilation has been disabled: malformed dependencies file 'none?!'
remark: Incremental compilation has been disabled: Wrap.swift has no swiftDeps file
remark: Incremental compilation has been disabled: Wrap.swift has no swiftDeps file
remark: Incremental compilation has been disabled: malformed dependencies file 'none?!'
remark: Incremental compilation has been disabled: WrapArguments.swift has no swiftDeps file
remark: Incremental compilation has been disabled: WrapArguments.swift has no swiftDeps file
remark: Incremental compilation has been disabled: malformed dependencies file 'none?!'
remark: Incremental compilation has been disabled: WrapAttributes.swift has no swiftDeps file
remark: Incremental compilation has been disabled: WrapAttributes.swift has no swiftDeps file
remark: Incremental compilation has been disabled: malformed dependencies file 'none?!'
remark: Incremental compilation has been disabled: WrapCaseBodies.swift has no swiftDeps file
remark: Incremental compilation has been disabled: WrapCaseBodies.swift has no swiftDeps file
remark: Incremental compilation has been disabled: malformed dependencies file 'none?!'
remark: Incremental compilation has been disabled: WrapConditionalBodies.swift has no swiftDeps file
remark: Incremental compilation has been disabled: WrapConditionalBodies.swift has no swiftDeps file
remark: Incremental compilation has been disabled: malformed dependencies file 'none?!'
remark: Incremental compilation has been disabled: WrapEnumCases.swift has no swiftDeps file
remark: Incremental compilation has been disabled: WrapEnumCases.swift has no swiftDeps file
remark: Incremental compilation has been disabled: malformed dependencies file 'none?!'
remark: Incremental compilation has been disabled: IfExpressions.swift has no swiftDeps file
remark: Incremental compilation has been disabled: IfExpressions.swift has no swiftDeps file
remark: Incremental compilation has been disabled: malformed dependencies file 'none?!'
remark: Incremental compilation has been disabled: Indent.swift has no swiftDeps file
remark: Incremental compilation has been disabled: Indent.swift has no swiftDeps file
remark: Incremental compilation has been disabled: malformed dependencies file 'none?!'
remark: Incremental compilation has been disabled: InitCoderUnavailable.swift has no swiftDeps file
remark: Incremental compilation has been disabled: InitCoderUnavailable.swift has no swiftDeps file
remark: Incremental compilation has been disabled: malformed dependencies file 'none?!'
remark: Incremental compilation has been disabled: IsEmpty.swift has no swiftDeps file
remark: Incremental compilation has been disabled: IsEmpty.swift has no swiftDeps file
remark: Incremental compilation has been disabled: malformed dependencies file 'none?!'
remark: Incremental compilation has been disabled: LeadingDelimiters.swift has no swiftDeps file
remark: Incremental compilation has been disabled: LeadingDelimiters.swift has no swiftDeps file
remark: Incremental compilation has been disabled: malformed dependencies file 'none?!'
remark: Incremental compilation has been disabled: LinebreakAtEndOfFile.swift has no swiftDeps file
remark: Incremental compilation has been disabled: LinebreakAtEndOfFile.swift has no swiftDeps file
remark: Incremental compilation has been disabled: malformed dependencies file 'none?!'
remark: Incremental compilation has been disabled: Linebreaks.swift has no swiftDeps file
remark: Incremental compilation has been disabled: Linebreaks.swift has no swiftDeps file
remark: Incremental compilation has been disabled: malformed dependencies file 'none?!'
remark: Incremental compilation has been disabled: MarkTypes.swift has no swiftDeps file
remark: Incremental compilation has been disabled: MarkTypes.swift has no swiftDeps file
remark: Incremental compilation has been disabled: malformed dependencies file 'none?!'
remark: Incremental compilation has been disabled: ModifierOrder.swift has no swiftDeps file
remark: Incremental compilation has been disabled: ModifierOrder.swift has no swiftDeps file
remark: Incremental compilation has been disabled: malformed dependencies file 'none?!'
remark: Incremental compilation has been disabled: ModifiersOnSameLine.swift has no swiftDeps file
remark: Incremental compilation has been disabled: ModifiersOnSameLine.swift has no swiftDeps file
remark: Incremental compilation has been disabled: malformed dependencies file 'none?!'
remark: Incremental compilation has been disabled: NoExplicitOwnership.swift has no swiftDeps file
remark: Incremental compilation has been disabled: NoExplicitOwnership.swift has no swiftDeps file
remark: Incremental compilation has been disabled: malformed dependencies file 'none?!'
remark: Incremental compilation has been disabled: NoForceTryInTests.swift has no swiftDeps file
remark: Incremental compilation has been disabled: NoForceTryInTests.swift has no swiftDeps file
remark: Incremental compilation has been disabled: malformed dependencies file 'none?!'
remark: Incremental compilation has been disabled: NoForceUnwrapInTests.swift has no swiftDeps file
remark: Incremental compilation has been disabled: NoForceUnwrapInTests.swift has no swiftDeps file
remark: Incremental compilation has been disabled: malformed dependencies file 'none?!'
remark: Incremental compilation has been disabled: NoGuardInTests.swift has no swiftDeps file
remark: Incremental compilation has been disabled: NoGuardInTests.swift has no swiftDeps file
remark: Incremental compilation has been disabled: malformed dependencies file 'none?!'
remark: Incremental compilation has been disabled: NumberFormatting.swift has no swiftDeps file
remark: Incremental compilation has been disabled: NumberFormatting.swift has no swiftDeps file
remark: Incremental compilation has been disabled: malformed dependencies file 'none?!'
remark: Incremental compilation has been disabled: OpaqueGenericParameters.swift has no swiftDeps file
remark: Incremental compilation has been disabled: OpaqueGenericParameters.swift has no swiftDeps file
remark: Incremental compilation has been disabled: malformed dependencies file 'none?!'
remark: Incremental compilation has been disabled: OrganizeDeclarations.swift has no swiftDeps file
remark: Incremental compilation has been disabled: OrganizeDeclarations.swift has no swiftDeps file
remark: Incremental compilation has been disabled: malformed dependencies file 'none?!'
remark: Incremental compilation has been disabled: PreferContains.swift has no swiftDeps file
remark: Incremental compilation has been disabled: PreferContains.swift has no swiftDeps file
remark: Incremental compilation has been disabled: malformed dependencies file 'none?!'
remark: Incremental compilation has been disabled: WrapFunctionBodies.swift has no swiftDeps file
remark: Incremental compilation has been disabled: WrapFunctionBodies.swift has no swiftDeps file
remark: Incremental compilation has been disabled: malformed dependencies file 'none?!'
remark: Incremental compilation has been disabled: WrapGuardStatementBodies.swift has no swiftDeps file
remark: Incremental compilation has been disabled: WrapGuardStatementBodies.swift has no swiftDeps file
remark: Incremental compilation has been disabled: malformed dependencies file 'none?!'
remark: Incremental compilation has been disabled: WrapIfExpressionBodies.swift has no swiftDeps file
remark: Incremental compilation has been disabled: WrapIfExpressionBodies.swift has no swiftDeps file
remark: Incremental compilation has been disabled: malformed dependencies file 'none?!'
remark: Incremental compilation has been disabled: WrapIfStatementBodies.swift has no swiftDeps file
remark: Incremental compilation has been disabled: WrapIfStatementBodies.swift has no swiftDeps file
remark: Incremental compilation has been disabled: malformed dependencies file 'none?!'
remark: Incremental compilation has been disabled: WrapLoopBodies.swift has no swiftDeps file
remark: Incremental compilation has been disabled: WrapLoopBodies.swift has no swiftDeps file
remark: Incremental compilation has been disabled: malformed dependencies file 'none?!'
remark: Incremental compilation has been disabled: WrapMultilineConditionalAssignment.swift has no swiftDeps file
remark: Incremental compilation has been disabled: WrapMultilineConditionalAssignment.swift has no swiftDeps file
remark: Incremental compilation has been disabled: malformed dependencies file 'none?!'
remark: Incremental compilation has been disabled: WrapMultilineFunctionChains.swift has no swiftDeps file
remark: Incremental compilation has been disabled: WrapMultilineFunctionChains.swift has no swiftDeps file
remark: Incremental compilation has been disabled: malformed dependencies file 'none?!'
remark: Incremental compilation has been disabled: WrapMultilineStatementBraces.swift has no swiftDeps file
remark: Incremental compilation has been disabled: WrapMultilineStatementBraces.swift has no swiftDeps file
remark: Incremental compilation has been disabled: malformed dependencies file 'none?!'
remark: Incremental compilation has been disabled: WrapPropertyBodies.swift has no swiftDeps file
remark: Incremental compilation has been disabled: WrapPropertyBodies.swift has no swiftDeps file
remark: Incremental compilation has been disabled: malformed dependencies file 'none?!'
remark: Incremental compilation has been disabled: WrapSingleLineComments.swift has no swiftDeps file
remark: Incremental compilation has been disabled: WrapSingleLineComments.swift has no swiftDeps file
remark: Incremental compilation has been disabled: malformed dependencies file 'none?!'
remark: Incremental compilation has been disabled: WrapSwitchCases.swift has no swiftDeps file
remark: Incremental compilation has been disabled: WrapSwitchCases.swift has no swiftDeps file
remark: Incremental compilation has been disabled: malformed dependencies file 'none?!'
remark: Incremental compilation has been disabled: YodaConditions.swift has no swiftDeps file
remark: Incremental compilation has been disabled: YodaConditions.swift has no swiftDeps file
remark: Incremental compilation has been disabled: malformed dependencies file 'none?!'
remark: Incremental compilation has been disabled: SARIFReporter.swift has no swiftDeps file
remark: Incremental compilation has been disabled: SARIFReporter.swift has no swiftDeps file
remark: Incremental compilation has been disabled: malformed dependencies file 'none?!'
remark: Incremental compilation has been disabled: Singularize.swift has no swiftDeps file
remark: Incremental compilation has been disabled: Singularize.swift has no swiftDeps file
remark: Incremental compilation has been disabled: malformed dependencies file 'none?!'
remark: Incremental compilation has been disabled: SwiftFormat.swift has no swiftDeps file
remark: Incremental compilation has been disabled: SwiftFormat.swift has no swiftDeps file
remark: Incremental compilation has been disabled: malformed dependencies file 'none?!'
remark: Incremental compilation has been disabled: Tokenizer.swift has no swiftDeps file
remark: Incremental compilation has been disabled: Tokenizer.swift has no swiftDeps file
remark: Incremental compilation has been disabled: malformed dependencies file 'none?!'
remark: Incremental compilation has been disabled: TypeName.swift has no swiftDeps file
remark: Incremental compilation has been disabled: TypeName.swift has no swiftDeps file
remark: Incremental compilation has been disabled: malformed dependencies file 'none?!'
remark: Incremental compilation has been disabled: XMLReporter.swift has no swiftDeps file
remark: Incremental compilation has been disabled: XMLReporter.swift has no swiftDeps file
remark: Incremental compilation has been disabled: malformed dependencies file 'none?!'
remark: Incremental compilation has been disabled: Acronyms.swift has no swiftDeps file
remark: Incremental compilation has been disabled: Acronyms.swift has no swiftDeps file
remark: Incremental compilation has been disabled: malformed dependencies file 'none?!'
remark: Incremental compilation has been disabled: AndOperator.swift has no swiftDeps file
remark: Incremental compilation has been disabled: AndOperator.swift has no swiftDeps file
remark: Incremental compilation has been disabled: malformed dependencies file 'none?!'
remark: Incremental compilation has been disabled: AnyObjectProtocol.swift has no swiftDeps file
remark: Incremental compilation has been disabled: AnyObjectProtocol.swift has no swiftDeps file
remark: Incremental compilation has been disabled: malformed dependencies file 'none?!'
remark: Incremental compilation has been disabled: ApplicationMain.swift has no swiftDeps file
remark: Incremental compilation has been disabled: ApplicationMain.swift has no swiftDeps file
remark: Incremental compilation has been disabled: malformed dependencies file 'none?!'
remark: Incremental compilation has been disabled: AssertionFailures.swift has no swiftDeps file
remark: Incremental compilation has been disabled: AssertionFailures.swift has no swiftDeps file
remark: Incremental compilation has been disabled: malformed dependencies file 'none?!'
remark: Incremental compilation has been disabled: BlankLineAfterImports.swift has no swiftDeps file
remark: Incremental compilation has been disabled: BlankLineAfterImports.swift has no swiftDeps file
remark: Incremental compilation has been disabled: malformed dependencies file 'none?!'
remark: Incremental compilation has been disabled: BlankLineAfterSwitchCase.swift has no swiftDeps file
remark: Incremental compilation has been disabled: BlankLineAfterSwitchCase.swift has no swiftDeps file
remark: Incremental compilation has been disabled: malformed dependencies file 'none?!'
remark: Incremental compilation has been disabled: BlankLinesAfterGuardStatements.swift has no swiftDeps file
remark: Incremental compilation has been disabled: BlankLinesAfterGuardStatements.swift has no swiftDeps file
remark: Incremental compilation has been disabled: malformed dependencies file 'none?!'
remark: Incremental compilation has been disabled: BlankLinesAroundMark.swift has no swiftDeps file
remark: Incremental compilation has been disabled: BlankLinesAroundMark.swift has no swiftDeps file
remark: Incremental compilation has been disabled: malformed dependencies file 'none?!'
remark: Incremental compilation has been disabled: BlankLinesAtEndOfScope.swift has no swiftDeps file
remark: Incremental compilation has been disabled: BlankLinesAtEndOfScope.swift has no swiftDeps file
remark: Incremental compilation has been disabled: malformed dependencies file 'none?!'
remark: Incremental compilation has been disabled: BlankLinesAtStartOfScope.swift has no swiftDeps file
remark: Incremental compilation has been disabled: BlankLinesAtStartOfScope.swift has no swiftDeps file
remark: Incremental compilation has been disabled: malformed dependencies file 'none?!'
remark: Incremental compilation has been disabled: BlankLinesBetweenChainedFunctions.swift has no swiftDeps file
remark: Incremental compilation has been disabled: BlankLinesBetweenChainedFunctions.swift has no swiftDeps file
remark: Incremental compilation has been disabled: malformed dependencies file 'none?!'
remark: Incremental compilation has been disabled: BlankLinesBetweenImports.swift has no swiftDeps file
remark: Incremental compilation has been disabled: BlankLinesBetweenImports.swift has no swiftDeps file
remark: Incremental compilation has been disabled: malformed dependencies file 'none?!'
remark: Incremental compilation has been disabled: BlankLinesBetweenScopes.swift has no swiftDeps file
remark: Incremental compilation has been disabled: BlankLinesBetweenScopes.swift has no swiftDeps file
remark: Incremental compilation has been disabled: malformed dependencies file 'none?!'
remark: Incremental compilation has been disabled: BlockComments.swift has no swiftDeps file
remark: Incremental compilation has been disabled: BlockComments.swift has no swiftDeps file
remark: Incremental compilation has been disabled: malformed dependencies file 'none?!'
remark: Incremental compilation has been disabled: Braces.swift has no swiftDeps file
remark: Incremental compilation has been disabled: Braces.swift has no swiftDeps file
remark: Incremental compilation has been disabled: malformed dependencies file 'none?!'
remark: Incremental compilation has been disabled: ConditionalAssignment.swift has no swiftDeps file
remark: Incremental compilation has been disabled: ConditionalAssignment.swift has no swiftDeps file
remark: Incremental compilation has been disabled: malformed dependencies file 'none?!'
remark: Incremental compilation has been disabled: ConsecutiveBlankLines.swift has no swiftDeps file
remark: Incremental compilation has been disabled: ConsecutiveBlankLines.swift has no swiftDeps file
remark: Incremental compilation has been disabled: malformed dependencies file 'none?!'
remark: Incremental compilation has been disabled: Arguments.swift has no swiftDeps file
remark: Incremental compilation has been disabled: Arguments.swift has no swiftDeps file
remark: Incremental compilation has been disabled: malformed dependencies file 'none?!'
remark: Incremental compilation has been disabled: CommandLine.swift has no swiftDeps file
remark: Incremental compilation has been disabled: CommandLine.swift has no swiftDeps file
remark: Incremental compilation has been disabled: malformed dependencies file 'none?!'
remark: Incremental compilation has been disabled: Declaration.swift has no swiftDeps file
remark: Incremental compilation has been disabled: Declaration.swift has no swiftDeps file
remark: Incremental compilation has been disabled: malformed dependencies file 'none?!'
remark: Incremental compilation has been disabled: DeclarationType.swift has no swiftDeps file
remark: Incremental compilation has been disabled: DeclarationType.swift has no swiftDeps file
remark: Incremental compilation has been disabled: malformed dependencies file 'none?!'
remark: Incremental compilation has been disabled: EnumAssociable.swift has no swiftDeps file
remark: Incremental compilation has been disabled: EnumAssociable.swift has no swiftDeps file
remark: Incremental compilation has been disabled: malformed dependencies file 'none?!'
remark: Incremental compilation has been disabled: FormatRule.swift has no swiftDeps file
remark: Incremental compilation has been disabled: FormatRule.swift has no swiftDeps file
remark: Incremental compilation has been disabled: malformed dependencies file 'none?!'
remark: Incremental compilation has been disabled: Formatter.swift has no swiftDeps file
remark: Incremental compilation has been disabled: Formatter.swift has no swiftDeps file
remark: Incremental compilation has been disabled: malformed dependencies file 'none?!'
remark: Incremental compilation has been disabled: FormattingHelpers.swift has no swiftDeps file
remark: Incremental compilation has been disabled: FormattingHelpers.swift has no swiftDeps file
remark: Incremental compilation has been disabled: malformed dependencies file 'none?!'
remark: Incremental compilation has been disabled: GitFileInfo.swift has no swiftDeps file
remark: Incremental compilation has been disabled: GitFileInfo.swift has no swiftDeps file
remark: Incremental compilation has been disabled: malformed dependencies file 'none?!'
remark: Incremental compilation has been disabled: GithubActionsLogReporter.swift has no swiftDeps file
remark: Incremental compilation has been disabled: GithubActionsLogReporter.swift has no swiftDeps file
remark: Incremental compilation has been disabled: malformed dependencies file 'none?!'
remark: Incremental compilation has been disabled: Globs.swift has no swiftDeps file
remark: Incremental compilation has been disabled: Globs.swift has no swiftDeps file
remark: Incremental compilation has been disabled: malformed dependencies file 'none?!'
remark: Incremental compilation has been disabled: Inference.swift has no swiftDeps file
remark: Incremental compilation has been disabled: Inference.swift has no swiftDeps file
remark: Incremental compilation has been disabled: malformed dependencies file 'none?!'
remark: Incremental compilation has been disabled: JSONReporter.swift has no swiftDeps file
remark: Incremental compilation has been disabled: JSONReporter.swift has no swiftDeps file
remark: Incremental compilation has been disabled: malformed dependencies file 'none?!'
remark: Incremental compilation has been disabled: OptionDescriptor.swift has no swiftDeps file
remark: Incremental compilation has been disabled: OptionDescriptor.swift has no swiftDeps file
remark: Incremental compilation has been disabled: malformed dependencies file 'none?!'
remark: Incremental compilation has been disabled: Options.swift has no swiftDeps file
remark: Incremental compilation has been disabled: Options.swift has no swiftDeps file
remark: Incremental compilation has been disabled: malformed dependencies file 'none?!'
remark: Incremental compilation has been disabled: ParsingHelpers.swift has no swiftDeps file
remark: Incremental compilation has been disabled: ParsingHelpers.swift has no swiftDeps file
remark: Incremental compilation has been disabled: malformed dependencies file 'none?!'
remark: Incremental compilation has been disabled: Reporter.swift has no swiftDeps file
remark: Incremental compilation has been disabled: Reporter.swift has no swiftDeps file
remark: Incremental compilation has been disabled: malformed dependencies file 'none?!'
remark: Incremental compilation has been disabled: RuleRegistry.generated.swift has no swiftDeps file
remark: Incremental compilation has been disabled: RuleRegistry.generated.swift has no swiftDeps file
remark: Incremental compilation has been disabled: malformed dependencies file 'none?!'
remark: Incremental compilation has been disabled: Acronyms.swift has no swiftDeps file
remark: Incremental compilation has been disabled: Acronyms.swift has no swiftDeps file
remark: Incremental compilation has been disabled: malformed dependencies file 'none?!'
remark: Incremental compilation has been disabled: AndOperator.swift has no swiftDeps file
remark: Incremental compilation has been disabled: AndOperator.swift has no swiftDeps file
remark: Incremental compilation has been disabled: malformed dependencies file 'none?!'
remark: Incremental compilation has been disabled: AnyObjectProtocol.swift has no swiftDeps file
remark: Incremental compilation has been disabled: AnyObjectProtocol.swift has no swiftDeps file
remark: Incremental compilation has been disabled: malformed dependencies file 'none?!'
remark: Incremental compilation has been disabled: ApplicationMain.swift has no swiftDeps file
remark: Incremental compilation has been disabled: ApplicationMain.swift has no swiftDeps file
remark: Incremental compilation has been disabled: malformed dependencies file 'none?!'
remark: Incremental compilation has been disabled: AssertionFailures.swift has no swiftDeps file
remark: Incremental compilation has been disabled: AssertionFailures.swift has no swiftDeps file
remark: Incremental compilation has been disabled: malformed dependencies file 'none?!'
remark: Incremental compilation has been disabled: BlankLineAfterImports.swift has no swiftDeps file
remark: Incremental compilation has been disabled: BlankLineAfterImports.swift has no swiftDeps file
remark: Incremental compilation has been disabled: malformed dependencies file 'none?!'
remark: Incremental compilation has been disabled: BlankLineAfterSwitchCase.swift has no swiftDeps file
remark: Incremental compilation has been disabled: BlankLineAfterSwitchCase.swift has no swiftDeps file
remark: Incremental compilation has been disabled: malformed dependencies file 'none?!'
remark: Incremental compilation has been disabled: BlankLinesAfterGuardStatements.swift has no swiftDeps file
remark: Incremental compilation has been disabled: BlankLinesAfterGuardStatements.swift has no swiftDeps file
remark: Incremental compilation has been disabled: malformed dependencies file 'none?!'
remark: Incremental compilation has been disabled: BlankLinesAroundMark.swift has no swiftDeps file
remark: Incremental compilation has been disabled: BlankLinesAroundMark.swift has no swiftDeps file
remark: Incremental compilation has been disabled: malformed dependencies file 'none?!'
remark: Incremental compilation has been disabled: BlankLinesAtEndOfScope.swift has no swiftDeps file
remark: Incremental compilation has been disabled: BlankLinesAtEndOfScope.swift has no swiftDeps file
remark: Incremental compilation has been disabled: malformed dependencies file 'none?!'
remark: Incremental compilation has been disabled: BlankLinesAtStartOfScope.swift has no swiftDeps file
remark: Incremental compilation has been disabled: BlankLinesAtStartOfScope.swift has no swiftDeps file
remark: Incremental compilation has been disabled: malformed dependencies file 'none?!'
remark: Incremental compilation has been disabled: BlankLinesBetweenChainedFunctions.swift has no swiftDeps file
remark: Incremental compilation has been disabled: BlankLinesBetweenChainedFunctions.swift has no swiftDeps file
remark: Incremental compilation has been disabled: malformed dependencies file 'none?!'
remark: Incremental compilation has been disabled: BlankLinesBetweenImports.swift has no swiftDeps file
remark: Incremental compilation has been disabled: BlankLinesBetweenImports.swift has no swiftDeps file
remark: Incremental compilation has been disabled: malformed dependencies file 'none?!'
remark: Incremental compilation has been disabled: BlankLinesBetweenScopes.swift has no swiftDeps file
remark: Incremental compilation has been disabled: BlankLinesBetweenScopes.swift has no swiftDeps file
remark: Incremental compilation has been disabled: malformed dependencies file 'none?!'
remark: Incremental compilation has been disabled: BlockComments.swift has no swiftDeps file
remark: Incremental compilation has been disabled: BlockComments.swift has no swiftDeps file
remark: Incremental compilation has been disabled: malformed dependencies file 'none?!'
remark: Incremental compilation has been disabled: Braces.swift has no swiftDeps file
remark: Incremental compilation has been disabled: Braces.swift has no swiftDeps file
remark: Incremental compilation has been disabled: malformed dependencies file 'none?!'
remark: Incremental compilation has been disabled: ConditionalAssignment.swift has no swiftDeps file
remark: Incremental compilation has been disabled: ConditionalAssignment.swift has no swiftDeps file
remark: Incremental compilation has been disabled: malformed dependencies file 'none?!'
remark: Incremental compilation has been disabled: ConsecutiveBlankLines.swift has no swiftDeps file
remark: Incremental compilation has been disabled: ConsecutiveBlankLines.swift has no swiftDeps file
remark: Incremental compilation has been disabled: malformed dependencies file 'none?!'
remark: Incremental compilation has been disabled: TestSuiteAccessControl.swift has no swiftDeps file
remark: Incremental compilation has been disabled: TestSuiteAccessControl.swift has no swiftDeps file
remark: Incremental compilation has been disabled: malformed dependencies file 'none?!'
remark: Incremental compilation has been disabled: ThrowingTests.swift has no swiftDeps file
remark: Incremental compilation has been disabled: ThrowingTests.swift has no swiftDeps file
remark: Incremental compilation has been disabled: malformed dependencies file 'none?!'
remark: Incremental compilation has been disabled: Todos.swift has no swiftDeps file
remark: Incremental compilation has been disabled: Todos.swift has no swiftDeps file
remark: Incremental compilation has been disabled: malformed dependencies file 'none?!'
remark: Incremental compilation has been disabled: TrailingClosures.swift has no swiftDeps file
remark: Incremental compilation has been disabled: TrailingClosures.swift has no swiftDeps file
remark: Incremental compilation has been disabled: malformed dependencies file 'none?!'
remark: Incremental compilation has been disabled: TrailingCommas.swift has no swiftDeps file
remark: Incremental compilation has been disabled: TrailingCommas.swift has no swiftDeps file
remark: Incremental compilation has been disabled: malformed dependencies file 'none?!'
remark: Incremental compilation has been disabled: TrailingSpace.swift has no swiftDeps file
remark: Incremental compilation has been disabled: TrailingSpace.swift has no swiftDeps file
remark: Incremental compilation has been disabled: malformed dependencies file 'none?!'
remark: Incremental compilation has been disabled: TypeSugar.swift has no swiftDeps file
remark: Incremental compilation has been disabled: TypeSugar.swift has no swiftDeps file
remark: Incremental compilation has been disabled: malformed dependencies file 'none?!'
remark: Incremental compilation has been disabled: URLMacro.swift has no swiftDeps file
remark: Incremental compilation has been disabled: URLMacro.swift has no swiftDeps file
remark: Incremental compilation has been disabled: malformed dependencies file 'none?!'
remark: Incremental compilation has been disabled: UnusedArguments.swift has no swiftDeps file
remark: Incremental compilation has been disabled: UnusedArguments.swift has no swiftDeps file
remark: Incremental compilation has been disabled: malformed dependencies file 'none?!'
remark: Incremental compilation has been disabled: UnusedPrivateDeclarations.swift has no swiftDeps file
remark: Incremental compilation has been disabled: UnusedPrivateDeclarations.swift has no swiftDeps file
remark: Incremental compilation has been disabled: malformed dependencies file 'none?!'
remark: Incremental compilation has been disabled: ValidateTestCases.swift has no swiftDeps file
remark: Incremental compilation has been disabled: ValidateTestCases.swift has no swiftDeps file
remark: Incremental compilation has been disabled: malformed dependencies file 'none?!'
remark: Incremental compilation has been disabled: Void.swift has no swiftDeps file
remark: Incremental compilation has been disabled: Void.swift has no swiftDeps file
remark: Incremental compilation has been disabled: malformed dependencies file 'none?!'
remark: Incremental compilation has been disabled: Wrap.swift has no swiftDeps file
remark: Incremental compilation has been disabled: Wrap.swift has no swiftDeps file
remark: Incremental compilation has been disabled: malformed dependencies file 'none?!'
remark: Incremental compilation has been disabled: WrapArguments.swift has no swiftDeps file
remark: Incremental compilation has been disabled: WrapArguments.swift has no swiftDeps file
remark: Incremental compilation has been disabled: malformed dependencies file 'none?!'
remark: Incremental compilation has been disabled: WrapAttributes.swift has no swiftDeps file
remark: Incremental compilation has been disabled: WrapAttributes.swift has no swiftDeps file
remark: Incremental compilation has been disabled: malformed dependencies file 'none?!'
remark: Incremental compilation has been disabled: WrapCaseBodies.swift has no swiftDeps file
remark: Incremental compilation has been disabled: WrapCaseBodies.swift has no swiftDeps file
remark: Incremental compilation has been disabled: malformed dependencies file 'none?!'
remark: Incremental compilation has been disabled: WrapConditionalBodies.swift has no swiftDeps file
remark: Incremental compilation has been disabled: WrapConditionalBodies.swift has no swiftDeps file
remark: Incremental compilation has been disabled: malformed dependencies file 'none?!'
remark: Incremental compilation has been disabled: WrapEnumCases.swift has no swiftDeps file
remark: Incremental compilation has been disabled: WrapEnumCases.swift has no swiftDeps file
remark: Incremental compilation has been disabled: malformed dependencies file 'none?!'
remark: Incremental compilation has been disabled: RedundantEquatable.swift has no swiftDeps file
remark: Incremental compilation has been disabled: RedundantEquatable.swift has no swiftDeps file
remark: Incremental compilation has been disabled: malformed dependencies file 'none?!'
remark: Incremental compilation has been disabled: RedundantExtendedLifetime.swift has no swiftDeps file
remark: Incremental compilation has been disabled: RedundantExtendedLifetime.swift has no swiftDeps file
remark: Incremental compilation has been disabled: malformed dependencies file 'none?!'
remark: Incremental compilation has been disabled: RedundantExtensionACL.swift has no swiftDeps file
remark: Incremental compilation has been disabled: RedundantExtensionACL.swift has no swiftDeps file
remark: Incremental compilation has been disabled: malformed dependencies file 'none?!'
remark: Incremental compilation has been disabled: RedundantFileprivate.swift has no swiftDeps file
remark: Incremental compilation has been disabled: RedundantFileprivate.swift has no swiftDeps file
remark: Incremental compilation has been disabled: malformed dependencies file 'none?!'
remark: Incremental compilation has been disabled: RedundantGet.swift has no swiftDeps file
remark: Incremental compilation has been disabled: RedundantGet.swift has no swiftDeps file
remark: Incremental compilation has been disabled: malformed dependencies file 'none?!'
remark: Incremental compilation has been disabled: RedundantInit.swift has no swiftDeps file
remark: Incremental compilation has been disabled: RedundantInit.swift has no swiftDeps file
remark: Incremental compilation has been disabled: malformed dependencies file 'none?!'
remark: Incremental compilation has been disabled: RedundantInternal.swift has no swiftDeps file
remark: Incremental compilation has been disabled: RedundantInternal.swift has no swiftDeps file
remark: Incremental compilation has been disabled: malformed dependencies file 'none?!'
remark: Incremental compilation has been disabled: RedundantLet.swift has no swiftDeps file
remark: Incremental compilation has been disabled: RedundantLet.swift has no swiftDeps file
remark: Incremental compilation has been disabled: malformed dependencies file 'none?!'
remark: Incremental compilation has been disabled: RedundantLetError.swift has no swiftDeps file
remark: Incremental compilation has been disabled: RedundantLetError.swift has no swiftDeps file
remark: Incremental compilation has been disabled: malformed dependencies file 'none?!'
remark: Incremental compilation has been disabled: RedundantMemberwiseInit.swift has no swiftDeps file
remark: Incremental compilation has been disabled: RedundantMemberwiseInit.swift has no swiftDeps file
remark: Incremental compilation has been disabled: malformed dependencies file 'none?!'
remark: Incremental compilation has been disabled: RedundantNilInit.swift has no swiftDeps file
remark: Incremental compilation has been disabled: RedundantNilInit.swift has no swiftDeps file
remark: Incremental compilation has been disabled: malformed dependencies file 'none?!'
remark: Incremental compilation has been disabled: RedundantObjc.swift has no swiftDeps file
remark: Incremental compilation has been disabled: RedundantObjc.swift has no swiftDeps file
remark: Incremental compilation has been disabled: malformed dependencies file 'none?!'
remark: Incremental compilation has been disabled: RedundantOptionalBinding.swift has no swiftDeps file
remark: Incremental compilation has been disabled: RedundantOptionalBinding.swift has no swiftDeps file
remark: Incremental compilation has been disabled: malformed dependencies file 'none?!'
remark: Incremental compilation has been disabled: RedundantParens.swift has no swiftDeps file
remark: Incremental compilation has been disabled: RedundantParens.swift has no swiftDeps file
remark: Incremental compilation has been disabled: malformed dependencies file 'none?!'
remark: Incremental compilation has been disabled: RedundantPattern.swift has no swiftDeps file
remark: Incremental compilation has been disabled: RedundantPattern.swift has no swiftDeps file
remark: Incremental compilation has been disabled: malformed dependencies file 'none?!'
remark: Incremental compilation has been disabled: RedundantProperty.swift has no swiftDeps file
remark: Incremental compilation has been disabled: RedundantProperty.swift has no swiftDeps file
remark: Incremental compilation has been disabled: malformed dependencies file 'none?!'
remark: Incremental compilation has been disabled: RedundantPublic.swift has no swiftDeps file
remark: Incremental compilation has been disabled: RedundantPublic.swift has no swiftDeps file
remark: Incremental compilation has been disabled: malformed dependencies file 'none?!'
remark: Incremental compilation has been disabled: RedundantRawValues.swift has no swiftDeps file
remark: Incremental compilation has been disabled: RedundantRawValues.swift has no swiftDeps file
remark: Incremental compilation has been disabled: malformed dependencies file 'none?!'
remark: Incremental compilation has been disabled: IfExpressions.swift has no swiftDeps file
remark: Incremental compilation has been disabled: IfExpressions.swift has no swiftDeps file
remark: Incremental compilation has been disabled: malformed dependencies file 'none?!'
remark: Incremental compilation has been disabled: Indent.swift has no swiftDeps file
remark: Incremental compilation has been disabled: Indent.swift has no swiftDeps file
remark: Incremental compilation has been disabled: malformed dependencies file 'none?!'
remark: Incremental compilation has been disabled: InitCoderUnavailable.swift has no swiftDeps file
remark: Incremental compilation has been disabled: InitCoderUnavailable.swift has no swiftDeps file
remark: Incremental compilation has been disabled: malformed dependencies file 'none?!'
remark: Incremental compilation has been disabled: IsEmpty.swift has no swiftDeps file
remark: Incremental compilation has been disabled: IsEmpty.swift has no swiftDeps file
remark: Incremental compilation has been disabled: malformed dependencies file 'none?!'
remark: Incremental compilation has been disabled: LeadingDelimiters.swift has no swiftDeps file
remark: Incremental compilation has been disabled: LeadingDelimiters.swift has no swiftDeps file
remark: Incremental compilation has been disabled: malformed dependencies file 'none?!'
remark: Incremental compilation has been disabled: LinebreakAtEndOfFile.swift has no swiftDeps file
remark: Incremental compilation has been disabled: LinebreakAtEndOfFile.swift has no swiftDeps file
remark: Incremental compilation has been disabled: malformed dependencies file 'none?!'
remark: Incremental compilation has been disabled: Linebreaks.swift has no swiftDeps file
remark: Incremental compilation has been disabled: Linebreaks.swift has no swiftDeps file
remark: Incremental compilation has been disabled: malformed dependencies file 'none?!'
remark: Incremental compilation has been disabled: MarkTypes.swift has no swiftDeps file
remark: Incremental compilation has been disabled: MarkTypes.swift has no swiftDeps file
remark: Incremental compilation has been disabled: malformed dependencies file 'none?!'
remark: Incremental compilation has been disabled: ModifierOrder.swift has no swiftDeps file
remark: Incremental compilation has been disabled: ModifierOrder.swift has no swiftDeps file
remark: Incremental compilation has been disabled: malformed dependencies file 'none?!'
remark: Incremental compilation has been disabled: ModifiersOnSameLine.swift has no swiftDeps file
remark: Incremental compilation has been disabled: ModifiersOnSameLine.swift has no swiftDeps file
remark: Incremental compilation has been disabled: malformed dependencies file 'none?!'
remark: Incremental compilation has been disabled: NoExplicitOwnership.swift has no swiftDeps file
remark: Incremental compilation has been disabled: NoExplicitOwnership.swift has no swiftDeps file
remark: Incremental compilation has been disabled: malformed dependencies file 'none?!'
remark: Incremental compilation has been disabled: NoForceTryInTests.swift has no swiftDeps file
remark: Incremental compilation has been disabled: NoForceTryInTests.swift has no swiftDeps file
remark: Incremental compilation has been disabled: malformed dependencies file 'none?!'
remark: Incremental compilation has been disabled: NoForceUnwrapInTests.swift has no swiftDeps file
remark: Incremental compilation has been disabled: NoForceUnwrapInTests.swift has no swiftDeps file
remark: Incremental compilation has been disabled: malformed dependencies file 'none?!'
remark: Incremental compilation has been disabled: NoGuardInTests.swift has no swiftDeps file
remark: Incremental compilation has been disabled: NoGuardInTests.swift has no swiftDeps file
remark: Incremental compilation has been disabled: malformed dependencies file 'none?!'
remark: Incremental compilation has been disabled: NumberFormatting.swift has no swiftDeps file
remark: Incremental compilation has been disabled: NumberFormatting.swift has no swiftDeps file
remark: Incremental compilation has been disabled: malformed dependencies file 'none?!'
remark: Incremental compilation has been disabled: OpaqueGenericParameters.swift has no swiftDeps file
remark: Incremental compilation has been disabled: OpaqueGenericParameters.swift has no swiftDeps file
remark: Incremental compilation has been disabled: malformed dependencies file 'none?!'
remark: Incremental compilation has been disabled: OrganizeDeclarations.swift has no swiftDeps file
remark: Incremental compilation has been disabled: OrganizeDeclarations.swift has no swiftDeps file
remark: Incremental compilation has been disabled: malformed dependencies file 'none?!'
remark: Incremental compilation has been disabled: PreferContains.swift has no swiftDeps file
remark: Incremental compilation has been disabled: PreferContains.swift has no swiftDeps file
remark: Incremental compilation has been disabled: malformed dependencies file 'none?!'
remark: Incremental compilation has been disabled: PreferCountWhere.swift has no swiftDeps file
remark: Incremental compilation has been disabled: PreferCountWhere.swift has no swiftDeps file
remark: Incremental compilation has been disabled: malformed dependencies file 'none?!'
remark: Incremental compilation has been disabled: PreferExplicitFalse.swift has no swiftDeps file
remark: Incremental compilation has been disabled: PreferExplicitFalse.swift has no swiftDeps file
remark: Incremental compilation has been disabled: malformed dependencies file 'none?!'
remark: Incremental compilation has been disabled: PreferFinalClasses.swift has no swiftDeps file
remark: Incremental compilation has been disabled: PreferFinalClasses.swift has no swiftDeps file
remark: Incremental compilation has been disabled: malformed dependencies file 'none?!'
remark: Incremental compilation has been disabled: PreferFirstWhere.swift has no swiftDeps file
remark: Incremental compilation has been disabled: PreferFirstWhere.swift has no swiftDeps file
remark: Incremental compilation has been disabled: malformed dependencies file 'none?!'
remark: Incremental compilation has been disabled: PreferFlatMap.swift has no swiftDeps file
remark: Incremental compilation has been disabled: PreferFlatMap.swift has no swiftDeps file
remark: Incremental compilation has been disabled: malformed dependencies file 'none?!'
remark: Incremental compilation has been disabled: PreferForLoop.swift has no swiftDeps file
remark: Incremental compilation has been disabled: PreferForLoop.swift has no swiftDeps file
remark: Incremental compilation has been disabled: malformed dependencies file 'none?!'
remark: Incremental compilation has been disabled: PreferKeyPath.swift has no swiftDeps file
remark: Incremental compilation has been disabled: PreferKeyPath.swift has no swiftDeps file
remark: Incremental compilation has been disabled: malformed dependencies file 'none?!'
remark: Incremental compilation has been disabled: PreferLazyMap.swift has no swiftDeps file
remark: Incremental compilation has been disabled: PreferLazyMap.swift has no swiftDeps file
remark: Incremental compilation has been disabled: malformed dependencies file 'none?!'
remark: Incremental compilation has been disabled: PreferMinOverSorted.swift has no swiftDeps file
remark: Incremental compilation has been disabled: PreferMinOverSorted.swift has no swiftDeps file
remark: Incremental compilation has been disabled: malformed dependencies file 'none?!'
remark: Incremental compilation has been disabled: PreferSwiftStringAPI.swift has no swiftDeps file
remark: Incremental compilation has been disabled: PreferSwiftStringAPI.swift has no swiftDeps file
remark: Incremental compilation has been disabled: malformed dependencies file 'none?!'
remark: Incremental compilation has been disabled: PreferSwiftTesting.swift has no swiftDeps file
remark: Incremental compilation has been disabled: PreferSwiftTesting.swift has no swiftDeps file
remark: Incremental compilation has been disabled: malformed dependencies file 'none?!'
remark: Incremental compilation has been disabled: PrivateStateVariables.swift has no swiftDeps file
remark: Incremental compilation has been disabled: PrivateStateVariables.swift has no swiftDeps file
remark: Incremental compilation has been disabled: malformed dependencies file 'none?!'
remark: Incremental compilation has been disabled: PropertyTypes.swift has no swiftDeps file
remark: Incremental compilation has been disabled: PropertyTypes.swift has no swiftDeps file
remark: Incremental compilation has been disabled: malformed dependencies file 'none?!'
remark: Incremental compilation has been disabled: RedundantAsync.swift has no swiftDeps file
remark: Incremental compilation has been disabled: RedundantAsync.swift has no swiftDeps file
remark: Incremental compilation has been disabled: malformed dependencies file 'none?!'
remark: Incremental compilation has been disabled: RedundantBackticks.swift has no swiftDeps file
remark: Incremental compilation has been disabled: RedundantBackticks.swift has no swiftDeps file
remark: Incremental compilation has been disabled: malformed dependencies file 'none?!'
remark: Incremental compilation has been disabled: RedundantBreak.swift has no swiftDeps file
remark: Incremental compilation has been disabled: RedundantBreak.swift has no swiftDeps file
remark: Incremental compilation has been disabled: malformed dependencies file 'none?!'
remark: Incremental compilation has been disabled: RedundantClosure.swift has no swiftDeps file
remark: Incremental compilation has been disabled: RedundantClosure.swift has no swiftDeps file
remark: Incremental compilation has been disabled: malformed dependencies file 'none?!'
remark: Incremental compilation has been disabled: RedundantEmptyView.swift has no swiftDeps file
remark: Incremental compilation has been disabled: RedundantEmptyView.swift has no swiftDeps file
remark: Incremental compilation has been disabled: malformed dependencies file 'none?!'
** BUILD FAILED **
The following build commands failed:
SwiftDriver\ Compilation SwiftFormat normal armv7k com.apple.xcode.tools.swift.compiler (in target 'SwiftFormat' from project 'SwiftFormat')
Building workspace spi-builder-workspace with scheme SwiftFormat-Package
(2 failures)
Command line invocation:
/Applications/Xcode-16.3.0.app/Contents/Developer/usr/bin/xcodebuild -IDEClonedSourcePackagesDirPathOverride=/Users/admin/builder/spi-builder-workspace/.dependencies -resolvePackageDependencies
Resolve Package Graph
Resolved source packages:
SwiftFormat: /Users/admin/builder/spi-builder-workspace
resolved source packages: SwiftFormat
{
"dependencies" : [
],
"manifest_display_name" : "SwiftFormat",
"name" : "SwiftFormat",
"path" : "/Users/admin/builder/spi-builder-workspace",
"platforms" : [
],
"products" : [
{
"name" : "swiftformat",
"targets" : [
"CommandLineTool"
],
"type" : {
"executable" : null
}
},
{
"name" : "SwiftFormat",
"targets" : [
"SwiftFormat"
],
"type" : {
"library" : [
"automatic"
]
}
},
{
"name" : "SwiftFormatPlugin",
"targets" : [
"SwiftFormatPlugin"
],
"type" : {
"plugin" : null
}
}
],
"targets" : [
{
"c99name" : "SwiftFormatTests",
"module_type" : "SwiftTarget",
"name" : "SwiftFormatTests",
"path" : "Tests",
"sources" : [
"ArgumentsTests.swift",
"BadConfig/Test.swift",
"CodeOrganizationTests.swift",
"CommandLineTests.swift",
"DeclarationV2Tests.swift",
"EnumAssociableTests.swift",
"FormatterTests.swift",
"GlobsTests.swift",
"InferenceTests.swift",
"MetadataTests.swift",
"OptionDescriptorTests.swift",
"ParsingHelpersTests.swift",
"ProjectFilePaths.swift",
"Rules/AcronymsTests.swift",
"Rules/AndOperatorTests.swift",
"Rules/AnyObjectProtocolTests.swift",
"Rules/ApplicationMainTests.swift",
"Rules/AssertionFailuresTests.swift",
"Rules/BlankLineAfterImportsTests.swift",
"Rules/BlankLineAfterSwitchCaseTests.swift",
"Rules/BlankLinesAfterGuardStatementsTests.swift",
"Rules/BlankLinesAroundMarkTests.swift",
"Rules/BlankLinesAtEndOfScopeTests.swift",
"Rules/BlankLinesAtStartOfScopeTests.swift",
"Rules/BlankLinesBetweenChainedFunctionsTests.swift",
"Rules/BlankLinesBetweenImportsTests.swift",
"Rules/BlankLinesBetweenScopesTests.swift",
"Rules/BlockCommentsTests.swift",
"Rules/BracesTests.swift",
"Rules/ConditionalAssignmentTests.swift",
"Rules/ConsecutiveBlankLinesTests.swift",
"Rules/ConsecutiveSpacesTests.swift",
"Rules/ConsistentSwitchCaseSpacingTests.swift",
"Rules/DocCommentsBeforeModifiersTests.swift",
"Rules/DocCommentsTests.swift",
"Rules/DuplicateImportsTests.swift",
"Rules/ElseOnSameLineTests.swift",
"Rules/EmptyBracesTests.swift",
"Rules/EmptyExtensionsTests.swift",
"Rules/EnumNamespacesTests.swift",
"Rules/EnvironmentEntryTests.swift",
"Rules/ExtensionAccessControlTests.swift",
"Rules/FileHeaderTests.swift",
"Rules/FileMacroTests.swift",
"Rules/GenericExtensionsTests.swift",
"Rules/HeaderFileNameTests.swift",
"Rules/HoistAwaitTests.swift",
"Rules/HoistPatternLetTests.swift",
"Rules/HoistTryTests.swift",
"Rules/IfExpressionsTests.swift",
"Rules/IndentTests.swift",
"Rules/InitCoderUnavailableTests.swift",
"Rules/IsEmptyTests.swift",
"Rules/LeadingDelimitersTests.swift",
"Rules/LinebreakAtEndOfFileTests.swift",
"Rules/LinebreaksTests.swift",
"Rules/MarkTypesTests.swift",
"Rules/ModifierOrderTests.swift",
"Rules/ModifiersOnSameLineTests.swift",
"Rules/NoExplicitOwnershipTests.swift",
"Rules/NoForceTryInTestsTests.swift",
"Rules/NoForceUnwrapInTestsTests.swift",
"Rules/NoGuardInTestsTests.swift",
"Rules/NumberFormattingTests.swift",
"Rules/OpaqueGenericParametersTests.swift",
"Rules/OrganizeDeclarationsTests.swift",
"Rules/PreferContainsTests.swift",
"Rules/PreferCountWhereTests.swift",
"Rules/PreferExplicitFalseTests.swift",
"Rules/PreferFinalClassesTests.swift",
"Rules/PreferFirstWhereTests.swift",
"Rules/PreferFlatMapTests.swift",
"Rules/PreferForLoopTests.swift",
"Rules/PreferKeyPathTests.swift",
"Rules/PreferLazyMapTests.swift",
"Rules/PreferMinOverSortedTests.swift",
"Rules/PreferSwiftStringAPITests.swift",
"Rules/PreferSwiftTestingTests.swift",
"Rules/PrivateStateVariablesTests.swift",
"Rules/PropertyTypesTests.swift",
"Rules/RedundantAsyncTests.swift",
"Rules/RedundantBackticksTests.swift",
"Rules/RedundantBreakTests.swift",
"Rules/RedundantClosureTests.swift",
"Rules/RedundantEmptyViewTests.swift",
"Rules/RedundantEquatableTests.swift",
"Rules/RedundantExtendedLifetimeTests.swift",
"Rules/RedundantExtensionACLTests.swift",
"Rules/RedundantFileprivateTests.swift",
"Rules/RedundantGetTests.swift",
"Rules/RedundantInitTests.swift",
"Rules/RedundantInternalTests.swift",
"Rules/RedundantLetErrorTests.swift",
"Rules/RedundantLetTests.swift",
"Rules/RedundantMemberwiseInitTests.swift",
"Rules/RedundantNilInitTests.swift",
"Rules/RedundantObjcTests.swift",
"Rules/RedundantOptionalBindingTests.swift",
"Rules/RedundantParensTests.swift",
"Rules/RedundantPatternTests.swift",
"Rules/RedundantPublicTests.swift",
"Rules/RedundantRawValuesTests.swift",
"Rules/RedundantReturnTests.swift",
"Rules/RedundantSelfTests.swift",
"Rules/RedundantSendableTests.swift",
"Rules/RedundantStaticSelfTests.swift",
"Rules/RedundantSwiftTestingSuiteTests.swift",
"Rules/RedundantSwiftUIGroupTests.swift",
"Rules/RedundantThrowsTests.swift",
"Rules/RedundantTypeTests.swift",
"Rules/RedundantTypedThrowsTests.swift",
"Rules/RedundantVariableTests.swift",
"Rules/RedundantViewBuilderTests.swift",
"Rules/RedundantVoidReturnTypeTests.swift",
"Rules/SemicolonsTests.swift",
"Rules/SimplifyGenericConstraintsTests.swift",
"Rules/SinglePropertyPerLineTests.swift",
"Rules/SortDeclarationsTests.swift",
"Rules/SortImportsTests.swift",
"Rules/SortSwitchCasesTests.swift",
"Rules/SortTypealiasesTests.swift",
"Rules/SpaceAroundBracesTests.swift",
"Rules/SpaceAroundBracketsTests.swift",
"Rules/SpaceAroundCommentsTests.swift",
"Rules/SpaceAroundGenericsTests.swift",
"Rules/SpaceAroundOperatorsTests.swift",
"Rules/SpaceAroundParensTests.swift",
"Rules/SpaceInsideBracesTests.swift",
"Rules/SpaceInsideBracketsTests.swift",
"Rules/SpaceInsideCommentsTests.swift",
"Rules/SpaceInsideGenericsTests.swift",
"Rules/SpaceInsideParensTests.swift",
"Rules/StrongOutletsTests.swift",
"Rules/StrongifiedSelfTests.swift",
"Rules/SwiftTestingTestCaseNamesTests.swift",
"Rules/TestSuiteAccessControlTests.swift",
"Rules/TodosTests.swift",
"Rules/TrailingClosuresTests.swift",
"Rules/TrailingCommasTests.swift",
"Rules/TrailingSpaceTests.swift",
"Rules/TypeSugarTests.swift",
"Rules/URLMacroTests.swift",
"Rules/UnusedArgumentsTests.swift",
"Rules/UnusedPrivateDeclarationsTests.swift",
"Rules/ValidateTestCasesTests.swift",
"Rules/VoidTests.swift",
"Rules/WrapArgumentsTests.swift",
"Rules/WrapAttributesTests.swift",
"Rules/WrapCaseBodiesTests.swift",
"Rules/WrapConditionalBodiesTests.swift",
"Rules/WrapEnumCasesTests.swift",
"Rules/WrapFunctionBodiesTests.swift",
"Rules/WrapGuardStatementBodiesTests.swift",
"Rules/WrapIfExpressionBodiesTests.swift",
"Rules/WrapIfStatementBodiesTests.swift",
"Rules/WrapLoopBodiesTests.swift",
"Rules/WrapMultilineConditionalAssignmentTests.swift",
"Rules/WrapMultilineFunctionChainsTests.swift",
"Rules/WrapMultilineStatementBracesTests.swift",
"Rules/WrapPropertyBodiesTests.swift",
"Rules/WrapSingleLineCommentsTests.swift",
"Rules/WrapSwitchCasesTests.swift",
"Rules/WrapTests.swift",
"Rules/YodaConditionsTests.swift",
"SingularizeTests.swift",
"SwiftFormatTests.swift",
"TokenizerTests.swift",
"VersionTests.swift",
"XCTestCase+testFormatting.swift"
],
"target_dependencies" : [
"SwiftFormat"
],
"type" : "test"
},
{
"c99name" : "SwiftFormatPlugin",
"module_type" : "PluginTarget",
"name" : "SwiftFormatPlugin",
"path" : "Plugins/SwiftFormatPlugin",
"plugin_capability" : {
"intent" : {
"description" : "Formats Swift source files using SwiftFormat",
"type" : "custom",
"verb" : "swiftformat"
},
"permissions" : [
{
"network_scope" : {
"none" : {
}
},
"reason" : "This command reformats source files",
"type" : "writeToPackageDirectory"
}
],
"type" : "command"
},
"product_memberships" : [
"SwiftFormatPlugin"
],
"sources" : [
"Shared/CommandPlugin+Extension.swift",
"Shared/PluginToolProviding.swift",
"SwiftFormatPlugin.swift",
"SwiftFormatPluginXcode.swift"
],
"target_dependencies" : [
"CommandLineTool"
],
"type" : "plugin"
},
{
"c99name" : "SwiftFormat",
"module_type" : "SwiftTarget",
"name" : "SwiftFormat",
"path" : "Sources",
"product_memberships" : [
"swiftformat",
"SwiftFormat",
"SwiftFormatPlugin"
],
"sources" : [
"Arguments.swift",
"CommandLine.swift",
"Declaration.swift",
"DeclarationType.swift",
"EnumAssociable.swift",
"FormatRule.swift",
"Formatter.swift",
"FormattingHelpers.swift",
"GitFileInfo.swift",
"GithubActionsLogReporter.swift",
"Globs.swift",
"Inference.swift",
"JSONReporter.swift",
"OptionDescriptor.swift",
"Options.swift",
"ParsingHelpers.swift",
"Reporter.swift",
"RuleRegistry.generated.swift",
"Rules/Acronyms.swift",
"Rules/AndOperator.swift",
"Rules/AnyObjectProtocol.swift",
"Rules/ApplicationMain.swift",
"Rules/AssertionFailures.swift",
"Rules/BlankLineAfterImports.swift",
"Rules/BlankLineAfterSwitchCase.swift",
"Rules/BlankLinesAfterGuardStatements.swift",
"Rules/BlankLinesAroundMark.swift",
"Rules/BlankLinesAtEndOfScope.swift",
"Rules/BlankLinesAtStartOfScope.swift",
"Rules/BlankLinesBetweenChainedFunctions.swift",
"Rules/BlankLinesBetweenImports.swift",
"Rules/BlankLinesBetweenScopes.swift",
"Rules/BlockComments.swift",
"Rules/Braces.swift",
"Rules/ConditionalAssignment.swift",
"Rules/ConsecutiveBlankLines.swift",
"Rules/ConsecutiveSpaces.swift",
"Rules/ConsistentSwitchCaseSpacing.swift",
"Rules/DocComments.swift",
"Rules/DocCommentsBeforeModifiers.swift",
"Rules/DuplicateImports.swift",
"Rules/ElseOnSameLine.swift",
"Rules/EmptyBraces.swift",
"Rules/EmptyExtensions.swift",
"Rules/EnumNamespaces.swift",
"Rules/EnvironmentEntry.swift",
"Rules/ExtensionAccessControl.swift",
"Rules/FileHeader.swift",
"Rules/FileMacro.swift",
"Rules/GenericExtensions.swift",
"Rules/HeaderFileName.swift",
"Rules/HoistAwait.swift",
"Rules/HoistPatternLet.swift",
"Rules/HoistTry.swift",
"Rules/IfExpressions.swift",
"Rules/Indent.swift",
"Rules/InitCoderUnavailable.swift",
"Rules/IsEmpty.swift",
"Rules/LeadingDelimiters.swift",
"Rules/LinebreakAtEndOfFile.swift",
"Rules/Linebreaks.swift",
"Rules/MarkTypes.swift",
"Rules/ModifierOrder.swift",
"Rules/ModifiersOnSameLine.swift",
"Rules/NoExplicitOwnership.swift",
"Rules/NoForceTryInTests.swift",
"Rules/NoForceUnwrapInTests.swift",
"Rules/NoGuardInTests.swift",
"Rules/NumberFormatting.swift",
"Rules/OpaqueGenericParameters.swift",
"Rules/OrganizeDeclarations.swift",
"Rules/PreferContains.swift",
"Rules/PreferCountWhere.swift",
"Rules/PreferExplicitFalse.swift",
"Rules/PreferFinalClasses.swift",
"Rules/PreferFirstWhere.swift",
"Rules/PreferFlatMap.swift",
"Rules/PreferForLoop.swift",
"Rules/PreferKeyPath.swift",
"Rules/PreferLazyMap.swift",
"Rules/PreferMinOverSorted.swift",
"Rules/PreferSwiftStringAPI.swift",
"Rules/PreferSwiftTesting.swift",
"Rules/PrivateStateVariables.swift",
"Rules/PropertyTypes.swift",
"Rules/RedundantAsync.swift",
"Rules/RedundantBackticks.swift",
"Rules/RedundantBreak.swift",
"Rules/RedundantClosure.swift",
"Rules/RedundantEmptyView.swift",
"Rules/RedundantEquatable.swift",
"Rules/RedundantExtendedLifetime.swift",
"Rules/RedundantExtensionACL.swift",
"Rules/RedundantFileprivate.swift",
"Rules/RedundantGet.swift",
"Rules/RedundantInit.swift",
"Rules/RedundantInternal.swift",
"Rules/RedundantLet.swift",
"Rules/RedundantLetError.swift",
"Rules/RedundantMemberwiseInit.swift",
"Rules/RedundantNilInit.swift",
"Rules/RedundantObjc.swift",
"Rules/RedundantOptionalBinding.swift",
"Rules/RedundantParens.swift",
"Rules/RedundantPattern.swift",
"Rules/RedundantProperty.swift",
"Rules/RedundantPublic.swift",
"Rules/RedundantRawValues.swift",
"Rules/RedundantReturn.swift",
"Rules/RedundantSelf.swift",
"Rules/RedundantSendable.swift",
"Rules/RedundantStaticSelf.swift",
"Rules/RedundantSwiftTestingSuite.swift",
"Rules/RedundantSwiftUIGroup.swift",
"Rules/RedundantThrows.swift",
"Rules/RedundantType.swift",
"Rules/RedundantTypedThrows.swift",
"Rules/RedundantVariable.swift",
"Rules/RedundantViewBuilder.swift",
"Rules/RedundantVoidReturnType.swift",
"Rules/Semicolons.swift",
"Rules/SimplifyGenericConstraints.swift",
"Rules/SinglePropertyPerLine.swift",
"Rules/SortDeclarations.swift",
"Rules/SortImports.swift",
"Rules/SortSwitchCases.swift",
"Rules/SortTypealiases.swift",
"Rules/SortedImports.swift",
"Rules/SortedSwitchCases.swift",
"Rules/SpaceAroundBraces.swift",
"Rules/SpaceAroundBrackets.swift",
"Rules/SpaceAroundComments.swift",
"Rules/SpaceAroundGenerics.swift",
"Rules/SpaceAroundOperators.swift",
"Rules/SpaceAroundParens.swift",
"Rules/SpaceInsideBraces.swift",
"Rules/SpaceInsideBrackets.swift",
"Rules/SpaceInsideComments.swift",
"Rules/SpaceInsideGenerics.swift",
"Rules/SpaceInsideParens.swift",
"Rules/Specifiers.swift",
"Rules/StrongOutlets.swift",
"Rules/StrongifiedSelf.swift",
"Rules/SwiftTestingTestCaseNames.swift",
"Rules/TestSuiteAccessControl.swift",
"Rules/ThrowingTests.swift",
"Rules/Todos.swift",
"Rules/TrailingClosures.swift",
"Rules/TrailingCommas.swift",
"Rules/TrailingSpace.swift",
"Rules/TypeSugar.swift",
"Rules/URLMacro.swift",
"Rules/UnusedArguments.swift",
"Rules/UnusedPrivateDeclarations.swift",
"Rules/ValidateTestCases.swift",
"Rules/Void.swift",
"Rules/Wrap.swift",
"Rules/WrapArguments.swift",
"Rules/WrapAttributes.swift",
"Rules/WrapCaseBodies.swift",
"Rules/WrapConditionalBodies.swift",
"Rules/WrapEnumCases.swift",
"Rules/WrapFunctionBodies.swift",
"Rules/WrapGuardStatementBodies.swift",
"Rules/WrapIfExpressionBodies.swift",
"Rules/WrapIfStatementBodies.swift",
"Rules/WrapLoopBodies.swift",
"Rules/WrapMultilineConditionalAssignment.swift",
"Rules/WrapMultilineFunctionChains.swift",
"Rules/WrapMultilineStatementBraces.swift",
"Rules/WrapPropertyBodies.swift",
"Rules/WrapSingleLineComments.swift",
"Rules/WrapSwitchCases.swift",
"Rules/YodaConditions.swift",
"SARIFReporter.swift",
"Singularize.swift",
"SwiftFormat.swift",
"Tokenizer.swift",
"TypeName.swift",
"XMLReporter.swift"
],
"type" : "library"
},
{
"c99name" : "CommandLineTool",
"module_type" : "SwiftTarget",
"name" : "CommandLineTool",
"path" : "CommandLineTool",
"product_memberships" : [
"swiftformat",
"SwiftFormatPlugin"
],
"sources" : [
"main.swift"
],
"target_dependencies" : [
"SwiftFormat"
],
"type" : "executable"
}
],
"tools_version" : "5.7"
}
{
"workspace" : {
"name" : "spi-builder-workspace",
"schemes" : [
"swiftformat",
"SwiftFormat",
"SwiftFormat-Package"
]
}
}
Running build ...
env DEVELOPER_DIR=/Applications/Xcode-16.3.0.app xcrun xcodebuild -IDEClonedSourcePackagesDirPathOverride=$PWD/.dependencies -skipMacroValidation -skipPackagePluginValidation -derivedDataPath $PWD/.derivedData build -scheme SwiftFormat-Package -destination generic/platform=watchOS
Command line invocation:
/Applications/Xcode-16.3.0.app/Contents/Developer/usr/bin/xcodebuild -IDEClonedSourcePackagesDirPathOverride=/Users/admin/builder/spi-builder-workspace/.dependencies -skipMacroValidation -skipPackagePluginValidation -derivedDataPath /Users/admin/builder/spi-builder-workspace/.derivedData build -scheme SwiftFormat-Package -destination generic/platform=watchOS
Resolve Package Graph
Resolved source packages:
SwiftFormat: /Users/admin/builder/spi-builder-workspace
ComputePackagePrebuildTargetDependencyGraph
Prepare packages
Compile plug-in “SwiftFormatPlugin” in package “spi-builder-workspace”
[debug]: Compiling plugin to executable at /Users/admin/builder/spi-builder-workspace/.derivedData/Build/Products/PluginExecutables/SwiftFormatPlugin
[debug]: Using compiler /Applications/Xcode-16.3.0.app/Contents/Developer/Toolchains/XcodeDefault.xctoolchain/usr/bin/swiftc
[debug]: Plugin compilation output directory '/Users/admin/builder/spi-builder-workspace/.derivedData/Build/Products/PluginExecutables'
[debug]: Computed hash of plugin compilation inputs: 5b39df9e232bbc09f39ed15f118e37f07a242e9cd5b157ba45196a6820d2ee31
Process build tool plug-in results
CreateBuildRequest
SendProjectDescription
CreateBuildOperation
ComputeTargetDependencyGraph
note: Building targets in dependency order
note: Target dependency graph (3 targets)
Target 'swiftformat' in project 'SwiftFormat'
➜ Explicit dependency on target 'SwiftFormat' in project 'SwiftFormat'
Target 'SwiftFormat' in project 'SwiftFormat'
➜ Explicit dependency on target 'SwiftFormat' in project 'SwiftFormat'
Target 'SwiftFormat' in project 'SwiftFormat' (no dependencies)
GatherProvisioningInputs
CreateBuildDescription
ExecuteExternalTool /Applications/Xcode-16.3.0.app/Contents/Developer/Toolchains/XcodeDefault.xctoolchain/usr/bin/swiftc --version
ExecuteExternalTool /Applications/Xcode-16.3.0.app/Contents/Developer/Toolchains/XcodeDefault.xctoolchain/usr/bin/clang -v -E -dM -isysroot /Applications/Xcode-16.3.0.app/Contents/Developer/Platforms/WatchOS.platform/Developer/SDKs/WatchOS11.4.sdk -x c -c /dev/null
ExecuteExternalTool /Applications/Xcode-16.3.0.app/Contents/Developer/Toolchains/XcodeDefault.xctoolchain/usr/bin/ld -version_details
Build description signature: f7f399426d0edc2ecd9661fe951be039
Build description path: /Users/admin/builder/spi-builder-workspace/.derivedData/Build/Intermediates.noindex/XCBuildData/f7f399426d0edc2ecd9661fe951be039.xcbuilddata
ClangStatCache /Applications/Xcode-16.3.0.app/Contents/Developer/Toolchains/XcodeDefault.xctoolchain/usr/bin/clang-stat-cache /Applications/Xcode-16.3.0.app/Contents/Developer/Platforms/WatchOS.platform/Developer/SDKs/WatchOS11.4.sdk /Users/admin/builder/spi-builder-workspace/.derivedData/SDKStatCaches.noindex/watchos11.4-22T246-43efb940ff07ba2497b70ec94253f576.sdkstatcache
cd /Users/admin/builder/spi-builder-workspace/.swiftpm/xcode
/Applications/Xcode-16.3.0.app/Contents/Developer/Toolchains/XcodeDefault.xctoolchain/usr/bin/clang-stat-cache /Applications/Xcode-16.3.0.app/Contents/Developer/Platforms/WatchOS.platform/Developer/SDKs/WatchOS11.4.sdk -o /Users/admin/builder/spi-builder-workspace/.derivedData/SDKStatCaches.noindex/watchos11.4-22T246-43efb940ff07ba2497b70ec94253f576.sdkstatcache
WriteAuxiliaryFile /Users/admin/builder/spi-builder-workspace/.derivedData/Build/Intermediates.noindex/SwiftFormat.build/Debug-watchos/swiftformat.build/Objects-normal/arm64/swiftformat.SwiftFileList (in target 'swiftformat' from project 'SwiftFormat')
cd /Users/admin/builder/spi-builder-workspace
write-file /Users/admin/builder/spi-builder-workspace/.derivedData/Build/Intermediates.noindex/SwiftFormat.build/Debug-watchos/swiftformat.build/Objects-normal/arm64/swiftformat.SwiftFileList
WriteAuxiliaryFile /Users/admin/builder/spi-builder-workspace/.derivedData/Build/Intermediates.noindex/SwiftFormat.build/Debug-watchos/swiftformat.build/Objects-normal/arm64/swiftformat.LinkFileList (in target 'swiftformat' from project 'SwiftFormat')
cd /Users/admin/builder/spi-builder-workspace
write-file /Users/admin/builder/spi-builder-workspace/.derivedData/Build/Intermediates.noindex/SwiftFormat.build/Debug-watchos/swiftformat.build/Objects-normal/arm64/swiftformat.LinkFileList
WriteAuxiliaryFile /Users/admin/builder/spi-builder-workspace/.derivedData/Build/Intermediates.noindex/SwiftFormat.build/Debug-watchos/swiftformat.build/swiftformat.DependencyStaticMetadataFileList (in target 'swiftformat' from project 'SwiftFormat')
cd /Users/admin/builder/spi-builder-workspace
write-file /Users/admin/builder/spi-builder-workspace/.derivedData/Build/Intermediates.noindex/SwiftFormat.build/Debug-watchos/swiftformat.build/swiftformat.DependencyStaticMetadataFileList
WriteAuxiliaryFile /Users/admin/builder/spi-builder-workspace/.derivedData/Build/Intermediates.noindex/SwiftFormat.build/Debug-watchos/swiftformat.build/Objects-normal/arm64_32/swiftformat-OutputFileMap.json (in target 'swiftformat' from project 'SwiftFormat')
cd /Users/admin/builder/spi-builder-workspace
write-file /Users/admin/builder/spi-builder-workspace/.derivedData/Build/Intermediates.noindex/SwiftFormat.build/Debug-watchos/swiftformat.build/Objects-normal/arm64_32/swiftformat-OutputFileMap.json
WriteAuxiliaryFile /Users/admin/builder/spi-builder-workspace/.derivedData/Build/Intermediates.noindex/SwiftFormat.build/Debug-watchos/swiftformat.build/Objects-normal/armv7k/swiftformat.SwiftFileList (in target 'swiftformat' from project 'SwiftFormat')
cd /Users/admin/builder/spi-builder-workspace
write-file /Users/admin/builder/spi-builder-workspace/.derivedData/Build/Intermediates.noindex/SwiftFormat.build/Debug-watchos/swiftformat.build/Objects-normal/armv7k/swiftformat.SwiftFileList
WriteAuxiliaryFile /Users/admin/builder/spi-builder-workspace/.derivedData/Build/Intermediates.noindex/SwiftFormat.build/Debug-watchos/swiftformat.build/Objects-normal/arm64/swiftformat-OutputFileMap.json (in target 'swiftformat' from project 'SwiftFormat')
cd /Users/admin/builder/spi-builder-workspace
write-file /Users/admin/builder/spi-builder-workspace/.derivedData/Build/Intermediates.noindex/SwiftFormat.build/Debug-watchos/swiftformat.build/Objects-normal/arm64/swiftformat-OutputFileMap.json
WriteAuxiliaryFile /Users/admin/builder/spi-builder-workspace/.derivedData/Build/Intermediates.noindex/SwiftFormat.build/Debug-watchos/swiftformat.build/Objects-normal/arm64_32/swiftformat.SwiftFileList (in target 'swiftformat' from project 'SwiftFormat')
cd /Users/admin/builder/spi-builder-workspace
write-file /Users/admin/builder/spi-builder-workspace/.derivedData/Build/Intermediates.noindex/SwiftFormat.build/Debug-watchos/swiftformat.build/Objects-normal/arm64_32/swiftformat.SwiftFileList
WriteAuxiliaryFile /Users/admin/builder/spi-builder-workspace/.derivedData/Build/Intermediates.noindex/SwiftFormat.build/Debug-watchos/swiftformat.build/Objects-normal/arm64_32/swiftformat.LinkFileList (in target 'swiftformat' from project 'SwiftFormat')
cd /Users/admin/builder/spi-builder-workspace
write-file /Users/admin/builder/spi-builder-workspace/.derivedData/Build/Intermediates.noindex/SwiftFormat.build/Debug-watchos/swiftformat.build/Objects-normal/arm64_32/swiftformat.LinkFileList
WriteAuxiliaryFile /Users/admin/builder/spi-builder-workspace/.derivedData/Build/Intermediates.noindex/SwiftFormat.build/Debug-watchos/SwiftFormat.build/Objects-normal/armv7k/SwiftFormat.LinkFileList (in target 'SwiftFormat' from project 'SwiftFormat')
cd /Users/admin/builder/spi-builder-workspace
write-file /Users/admin/builder/spi-builder-workspace/.derivedData/Build/Intermediates.noindex/SwiftFormat.build/Debug-watchos/SwiftFormat.build/Objects-normal/armv7k/SwiftFormat.LinkFileList
WriteAuxiliaryFile /Users/admin/builder/spi-builder-workspace/.derivedData/Build/Intermediates.noindex/SwiftFormat.build/Debug-watchos/SwiftFormat.build/Objects-normal/armv7k/SwiftFormat-OutputFileMap.json (in target 'SwiftFormat' from project 'SwiftFormat')
cd /Users/admin/builder/spi-builder-workspace
write-file /Users/admin/builder/spi-builder-workspace/.derivedData/Build/Intermediates.noindex/SwiftFormat.build/Debug-watchos/SwiftFormat.build/Objects-normal/armv7k/SwiftFormat-OutputFileMap.json
SwiftDriver SwiftFormat normal arm64_32 com.apple.xcode.tools.swift.compiler (in target 'SwiftFormat' from project 'SwiftFormat')
cd /Users/admin/builder/spi-builder-workspace/.swiftpm/xcode
builtin-SwiftDriver -- /Applications/Xcode-16.3.0.app/Contents/Developer/Toolchains/XcodeDefault.xctoolchain/usr/bin/swiftc -module-name SwiftFormat -Onone -enforce-exclusivity\=checked @/Users/admin/builder/spi-builder-workspace/.derivedData/Build/Intermediates.noindex/SwiftFormat.build/Debug-watchos/SwiftFormat.build/Objects-normal/arm64_32/SwiftFormat.SwiftFileList -DSWIFT_PACKAGE -DDEBUG -DXcode -plugin-path /Applications/Xcode-16.3.0.app/Contents/Developer/Toolchains/XcodeDefault.xctoolchain/usr/lib/swift/host/plugins/testing -enable-experimental-feature DebugDescriptionMacro -sdk /Applications/Xcode-16.3.0.app/Contents/Developer/Platforms/WatchOS.platform/Developer/SDKs/WatchOS11.4.sdk -target arm64_32-apple-watchos5.0 -g -module-cache-path /Users/admin/builder/spi-builder-workspace/.derivedData/ModuleCache.noindex -Xfrontend -serialize-debugging-options -profile-coverage-mapping -profile-generate -enable-testing -index-store-path /Users/admin/builder/spi-builder-workspace/.derivedData/Index.noindex/DataStore -swift-version 5 -I /Users/admin/builder/spi-builder-workspace/.derivedData/Build/Products/Debug-watchos -I /Applications/Xcode-16.3.0.app/Contents/Developer/Platforms/WatchOS.platform/Developer/usr/lib -F /Users/admin/builder/spi-builder-workspace/.derivedData/Build/Products/Debug-watchos -F /Applications/Xcode-16.3.0.app/Contents/Developer/Platforms/WatchOS.platform/Developer/Library/Frameworks -F /Applications/Xcode-16.3.0.app/Contents/Developer/Platforms/WatchOS.platform/Developer/SDKs/WatchOS11.4.sdk/Developer/Library/Frameworks -c -j10 -enable-batch-mode -incremental -Xcc -ivfsstatcache -Xcc /Users/admin/builder/spi-builder-workspace/.derivedData/SDKStatCaches.noindex/watchos11.4-22T246-43efb940ff07ba2497b70ec94253f576.sdkstatcache -output-file-map /Users/admin/builder/spi-builder-workspace/.derivedData/Build/Intermediates.noindex/SwiftFormat.build/Debug-watchos/SwiftFormat.build/Objects-normal/arm64_32/SwiftFormat-OutputFileMap.json -use-frontend-parseable-output -save-temps -no-color-diagnostics -serialize-diagnostics -emit-dependencies -emit-module -emit-module-path /Users/admin/builder/spi-builder-workspace/.derivedData/Build/Intermediates.noindex/SwiftFormat.build/Debug-watchos/SwiftFormat.build/Objects-normal/arm64_32/SwiftFormat.swiftmodule -validate-clang-modules-once -clang-build-session-file /Users/admin/builder/spi-builder-workspace/.derivedData/ModuleCache.noindex/Session.modulevalidation -Xcc -I/Users/admin/builder/spi-builder-workspace/.derivedData/Build/Intermediates.noindex/SwiftFormat.build/Debug-watchos/SwiftFormat.build/swift-overrides.hmap -emit-const-values -Xfrontend -const-gather-protocols-file -Xfrontend /Users/admin/builder/spi-builder-workspace/.derivedData/Build/Intermediates.noindex/SwiftFormat.build/Debug-watchos/SwiftFormat.build/Objects-normal/arm64_32/SwiftFormat_const_extract_protocols.json -Xcc -I/Users/admin/builder/spi-builder-workspace/.derivedData/Build/Products/Debug-watchos/include -Xcc -I/Users/admin/builder/spi-builder-workspace/.derivedData/Build/Intermediates.noindex/SwiftFormat.build/Debug-watchos/SwiftFormat.build/DerivedSources-normal/arm64_32 -Xcc -I/Users/admin/builder/spi-builder-workspace/.derivedData/Build/Intermediates.noindex/SwiftFormat.build/Debug-watchos/SwiftFormat.build/DerivedSources/arm64_32 -Xcc -I/Users/admin/builder/spi-builder-workspace/.derivedData/Build/Intermediates.noindex/SwiftFormat.build/Debug-watchos/SwiftFormat.build/DerivedSources -Xcc -DSWIFT_PACKAGE -Xcc -DDEBUG\=1 -emit-objc-header -emit-objc-header-path /Users/admin/builder/spi-builder-workspace/.derivedData/Build/Intermediates.noindex/SwiftFormat.build/Debug-watchos/SwiftFormat.build/Objects-normal/arm64_32/SwiftFormat-Swift.h -working-directory /Users/admin/builder/spi-builder-workspace/.swiftpm/xcode -experimental-emit-module-separately -disable-cmo
SwiftDriver SwiftFormat normal armv7k com.apple.xcode.tools.swift.compiler (in target 'SwiftFormat' from project 'SwiftFormat')
cd /Users/admin/builder/spi-builder-workspace/.swiftpm/xcode
builtin-SwiftDriver -- /Applications/Xcode-16.3.0.app/Contents/Developer/Toolchains/XcodeDefault.xctoolchain/usr/bin/swiftc -module-name SwiftFormat -Onone -enforce-exclusivity\=checked @/Users/admin/builder/spi-builder-workspace/.derivedData/Build/Intermediates.noindex/SwiftFormat.build/Debug-watchos/SwiftFormat.build/Objects-normal/armv7k/SwiftFormat.SwiftFileList -DSWIFT_PACKAGE -DDEBUG -DXcode -plugin-path /Applications/Xcode-16.3.0.app/Contents/Developer/Toolchains/XcodeDefault.xctoolchain/usr/lib/swift/host/plugins/testing -enable-experimental-feature DebugDescriptionMacro -sdk /Applications/Xcode-16.3.0.app/Contents/Developer/Platforms/WatchOS.platform/Developer/SDKs/WatchOS11.4.sdk -target armv7k-apple-watchos5.0 -g -module-cache-path /Users/admin/builder/spi-builder-workspace/.derivedData/ModuleCache.noindex -Xfrontend -serialize-debugging-options -profile-coverage-mapping -profile-generate -enable-testing -index-store-path /Users/admin/builder/spi-builder-workspace/.derivedData/Index.noindex/DataStore -swift-version 5 -I /Users/admin/builder/spi-builder-workspace/.derivedData/Build/Products/Debug-watchos -I /Applications/Xcode-16.3.0.app/Contents/Developer/Platforms/WatchOS.platform/Developer/usr/lib -F /Users/admin/builder/spi-builder-workspace/.derivedData/Build/Products/Debug-watchos -F /Applications/Xcode-16.3.0.app/Contents/Developer/Platforms/WatchOS.platform/Developer/Library/Frameworks -F /Applications/Xcode-16.3.0.app/Contents/Developer/Platforms/WatchOS.platform/Developer/SDKs/WatchOS11.4.sdk/Developer/Library/Frameworks -c -j10 -enable-batch-mode -incremental -Xcc -ivfsstatcache -Xcc /Users/admin/builder/spi-builder-workspace/.derivedData/SDKStatCaches.noindex/watchos11.4-22T246-43efb940ff07ba2497b70ec94253f576.sdkstatcache -output-file-map /Users/admin/builder/spi-builder-workspace/.derivedData/Build/Intermediates.noindex/SwiftFormat.build/Debug-watchos/SwiftFormat.build/Objects-normal/armv7k/SwiftFormat-OutputFileMap.json -use-frontend-parseable-output -save-temps -no-color-diagnostics -serialize-diagnostics -emit-dependencies -emit-module -emit-module-path /Users/admin/builder/spi-builder-workspace/.derivedData/Build/Intermediates.noindex/SwiftFormat.build/Debug-watchos/SwiftFormat.build/Objects-normal/armv7k/SwiftFormat.swiftmodule -validate-clang-modules-once -clang-build-session-file /Users/admin/builder/spi-builder-workspace/.derivedData/ModuleCache.noindex/Session.modulevalidation -Xcc -I/Users/admin/builder/spi-builder-workspace/.derivedData/Build/Intermediates.noindex/SwiftFormat.build/Debug-watchos/SwiftFormat.build/swift-overrides.hmap -emit-const-values -Xfrontend -const-gather-protocols-file -Xfrontend /Users/admin/builder/spi-builder-workspace/.derivedData/Build/Intermediates.noindex/SwiftFormat.build/Debug-watchos/SwiftFormat.build/Objects-normal/armv7k/SwiftFormat_const_extract_protocols.json -Xcc -I/Users/admin/builder/spi-builder-workspace/.derivedData/Build/Products/Debug-watchos/include -Xcc -I/Users/admin/builder/spi-builder-workspace/.derivedData/Build/Intermediates.noindex/SwiftFormat.build/Debug-watchos/SwiftFormat.build/DerivedSources-normal/armv7k -Xcc -I/Users/admin/builder/spi-builder-workspace/.derivedData/Build/Intermediates.noindex/SwiftFormat.build/Debug-watchos/SwiftFormat.build/DerivedSources/armv7k -Xcc -I/Users/admin/builder/spi-builder-workspace/.derivedData/Build/Intermediates.noindex/SwiftFormat.build/Debug-watchos/SwiftFormat.build/DerivedSources -Xcc -DSWIFT_PACKAGE -Xcc -DDEBUG\=1 -emit-objc-header -emit-objc-header-path /Users/admin/builder/spi-builder-workspace/.derivedData/Build/Intermediates.noindex/SwiftFormat.build/Debug-watchos/SwiftFormat.build/Objects-normal/armv7k/SwiftFormat-Swift.h -working-directory /Users/admin/builder/spi-builder-workspace/.swiftpm/xcode -experimental-emit-module-separately -disable-cmo
SwiftDriver SwiftFormat normal arm64 com.apple.xcode.tools.swift.compiler (in target 'SwiftFormat' from project 'SwiftFormat')
cd /Users/admin/builder/spi-builder-workspace/.swiftpm/xcode
builtin-SwiftDriver -- /Applications/Xcode-16.3.0.app/Contents/Developer/Toolchains/XcodeDefault.xctoolchain/usr/bin/swiftc -module-name SwiftFormat -Onone -enforce-exclusivity\=checked @/Users/admin/builder/spi-builder-workspace/.derivedData/Build/Intermediates.noindex/SwiftFormat.build/Debug-watchos/SwiftFormat.build/Objects-normal/arm64/SwiftFormat.SwiftFileList -DSWIFT_PACKAGE -DDEBUG -DXcode -plugin-path /Applications/Xcode-16.3.0.app/Contents/Developer/Toolchains/XcodeDefault.xctoolchain/usr/lib/swift/host/plugins/testing -enable-experimental-feature DebugDescriptionMacro -sdk /Applications/Xcode-16.3.0.app/Contents/Developer/Platforms/WatchOS.platform/Developer/SDKs/WatchOS11.4.sdk -target arm64-apple-watchos5.0 -g -module-cache-path /Users/admin/builder/spi-builder-workspace/.derivedData/ModuleCache.noindex -Xfrontend -serialize-debugging-options -profile-coverage-mapping -profile-generate -enable-testing -index-store-path /Users/admin/builder/spi-builder-workspace/.derivedData/Index.noindex/DataStore -swift-version 5 -I /Users/admin/builder/spi-builder-workspace/.derivedData/Build/Products/Debug-watchos -I /Applications/Xcode-16.3.0.app/Contents/Developer/Platforms/WatchOS.platform/Developer/usr/lib -F /Users/admin/builder/spi-builder-workspace/.derivedData/Build/Products/Debug-watchos -F /Applications/Xcode-16.3.0.app/Contents/Developer/Platforms/WatchOS.platform/Developer/Library/Frameworks -F /Applications/Xcode-16.3.0.app/Contents/Developer/Platforms/WatchOS.platform/Developer/SDKs/WatchOS11.4.sdk/Developer/Library/Frameworks -c -j10 -enable-batch-mode -incremental -Xcc -ivfsstatcache -Xcc /Users/admin/builder/spi-builder-workspace/.derivedData/SDKStatCaches.noindex/watchos11.4-22T246-43efb940ff07ba2497b70ec94253f576.sdkstatcache -output-file-map /Users/admin/builder/spi-builder-workspace/.derivedData/Build/Intermediates.noindex/SwiftFormat.build/Debug-watchos/SwiftFormat.build/Objects-normal/arm64/SwiftFormat-OutputFileMap.json -use-frontend-parseable-output -save-temps -no-color-diagnostics -serialize-diagnostics -emit-dependencies -emit-module -emit-module-path /Users/admin/builder/spi-builder-workspace/.derivedData/Build/Intermediates.noindex/SwiftFormat.build/Debug-watchos/SwiftFormat.build/Objects-normal/arm64/SwiftFormat.swiftmodule -validate-clang-modules-once -clang-build-session-file /Users/admin/builder/spi-builder-workspace/.derivedData/ModuleCache.noindex/Session.modulevalidation -Xcc -I/Users/admin/builder/spi-builder-workspace/.derivedData/Build/Intermediates.noindex/SwiftFormat.build/Debug-watchos/SwiftFormat.build/swift-overrides.hmap -emit-const-values -Xfrontend -const-gather-protocols-file -Xfrontend /Users/admin/builder/spi-builder-workspace/.derivedData/Build/Intermediates.noindex/SwiftFormat.build/Debug-watchos/SwiftFormat.build/Objects-normal/arm64/SwiftFormat_const_extract_protocols.json -Xcc -I/Users/admin/builder/spi-builder-workspace/.derivedData/Build/Products/Debug-watchos/include -Xcc -I/Users/admin/builder/spi-builder-workspace/.derivedData/Build/Intermediates.noindex/SwiftFormat.build/Debug-watchos/SwiftFormat.build/DerivedSources-normal/arm64 -Xcc -I/Users/admin/builder/spi-builder-workspace/.derivedData/Build/Intermediates.noindex/SwiftFormat.build/Debug-watchos/SwiftFormat.build/DerivedSources/arm64 -Xcc -I/Users/admin/builder/spi-builder-workspace/.derivedData/Build/Intermediates.noindex/SwiftFormat.build/Debug-watchos/SwiftFormat.build/DerivedSources -Xcc -DSWIFT_PACKAGE -Xcc -DDEBUG\=1 -emit-objc-header -emit-objc-header-path /Users/admin/builder/spi-builder-workspace/.derivedData/Build/Intermediates.noindex/SwiftFormat.build/Debug-watchos/SwiftFormat.build/Objects-normal/arm64/SwiftFormat-Swift.h -working-directory /Users/admin/builder/spi-builder-workspace/.swiftpm/xcode -experimental-emit-module-separately -disable-cmo
SwiftCompile normal armv7k Compiling\ main.swift /Users/admin/builder/spi-builder-workspace/CommandLineTool/main.swift (in target 'SwiftFormat' from project 'SwiftFormat')
SwiftCompile normal armv7k /Users/admin/builder/spi-builder-workspace/CommandLineTool/main.swift (in target 'SwiftFormat' from project 'SwiftFormat')
cd /Users/admin/builder/spi-builder-workspace/.swiftpm/xcode
/Users/admin/builder/spi-builder-workspace/CommandLineTool/main.swift:45:12: warning: file 'main.swift' is part of module 'SwiftFormat'; ignoring import
import SwiftFormat
^
/Users/admin/builder/spi-builder-workspace/CommandLineTool/main.swift:80:1: error: cannot find 'CLI' in scope
CLI.print = { message, type in
^~~
/Users/admin/builder/spi-builder-workspace/CommandLineTool/main.swift:80:15: error: cannot infer type of closure parameter 'message' without a type annotation
CLI.print = { message, type in
^
/Users/admin/builder/spi-builder-workspace/CommandLineTool/main.swift:80:24: error: cannot infer type of closure parameter 'type' without a type annotation
CLI.print = { message, type in
^
/Users/admin/builder/spi-builder-workspace/CommandLineTool/main.swift:101:6: error: cannot find 'CLI' in scope
exit(CLI.run(in: currentDirectory.path).rawValue)
^~~
SwiftEmitModule normal armv7k Emitting\ module\ for\ SwiftFormat (in target 'SwiftFormat' from project 'SwiftFormat')
Failed frontend command:
/Applications/Xcode-16.3.0.app/Contents/Developer/Toolchains/XcodeDefault.xctoolchain/usr/bin/swift-frontend -frontend -emit-module -experimental-skip-non-inlinable-function-bodies-without-types /Users/admin/builder/spi-builder-workspace/CommandLineTool/main.swift -target armv7k-apple-watchos5.0 -enable-objc-interop -sdk /Applications/Xcode-16.3.0.app/Contents/Developer/Platforms/WatchOS.platform/Developer/SDKs/WatchOS11.4.sdk -I /Users/admin/builder/spi-builder-workspace/.derivedData/Build/Products/Debug-watchos -I /Applications/Xcode-16.3.0.app/Contents/Developer/Platforms/WatchOS.platform/Developer/usr/lib -F /Users/admin/builder/spi-builder-workspace/.derivedData/Build/Products/Debug-watchos -F /Applications/Xcode-16.3.0.app/Contents/Developer/Platforms/WatchOS.platform/Developer/Library/Frameworks -F /Applications/Xcode-16.3.0.app/Contents/Developer/Platforms/WatchOS.platform/Developer/SDKs/WatchOS11.4.sdk/Developer/Library/Frameworks -no-color-diagnostics -enable-testing -g -debug-info-format\=dwarf -dwarf-version\=4 -module-cache-path /Users/admin/builder/spi-builder-workspace/.derivedData/ModuleCache.noindex -profile-generate -profile-coverage-mapping -swift-version 5 -enforce-exclusivity\=checked -Onone -D SWIFT_PACKAGE -D DEBUG -D Xcode -serialize-debugging-options -const-gather-protocols-file /Users/admin/builder/spi-builder-workspace/.derivedData/Build/Intermediates.noindex/SwiftFormat.build/Debug-watchos/SwiftFormat.build/Objects-normal/armv7k/SwiftFormat_const_extract_protocols.json -enable-experimental-feature DebugDescriptionMacro -empty-abi-descriptor -plugin-path /Applications/Xcode-16.3.0.app/Contents/Developer/Toolchains/XcodeDefault.xctoolchain/usr/lib/swift/host/plugins/testing -validate-clang-modules-once -clang-build-session-file /Users/admin/builder/spi-builder-workspace/.derivedData/ModuleCache.noindex/Session.modulevalidation -Xcc -working-directory -Xcc /Users/admin/builder/spi-builder-workspace/.swiftpm/xcode -resource-dir /Applications/Xcode-16.3.0.app/Contents/Developer/Toolchains/XcodeDefault.xctoolchain/usr/lib/swift -enable-anonymous-context-mangled-names -file-compilation-dir /Users/admin/builder/spi-builder-workspace/.swiftpm/xcode -Xcc -ivfsstatcache -Xcc /Users/admin/builder/spi-builder-workspace/.derivedData/SDKStatCaches.noindex/watchos11.4-22T246-43efb940ff07ba2497b70ec94253f576.sdkstatcache -Xcc -I/Users/admin/builder/spi-builder-workspace/.derivedData/Build/Intermediates.noindex/SwiftFormat.build/Debug-watchos/SwiftFormat.build/swift-overrides.hmap -Xcc -I/Users/admin/builder/spi-builder-workspace/.derivedData/Build/Products/Debug-watchos/include -Xcc -I/Users/admin/builder/spi-builder-workspace/.derivedData/Build/Intermediates.noindex/SwiftFormat.build/Debug-watchos/SwiftFormat.build/DerivedSources-normal/armv7k -Xcc -I/Users/admin/builder/spi-builder-workspace/.derivedData/Build/Intermediates.noindex/SwiftFormat.build/Debug-watchos/SwiftFormat.build/DerivedSources/armv7k -Xcc -I/Users/admin/builder/spi-builder-workspace/.derivedData/Build/Intermediates.noindex/SwiftFormat.build/Debug-watchos/SwiftFormat.build/DerivedSources -Xcc -DSWIFT_PACKAGE -Xcc -DDEBUG\=1 -module-name SwiftFormat -frontend-parseable-output -disable-clang-spi -target-sdk-version 11.4 -target-sdk-name watchos11.4 -external-plugin-path /Applications/Xcode-16.3.0.app/Contents/Developer/Platforms/WatchOS.platform/Developer/usr/lib/swift/host/plugins\#/Applications/Xcode-16.3.0.app/Contents/Developer/Platforms/WatchOS.platform/Developer/usr/bin/swift-plugin-server -external-plugin-path /Applications/Xcode-16.3.0.app/Contents/Developer/Platforms/WatchOS.platform/Developer/usr/local/lib/swift/host/plugins\#/Applications/Xcode-16.3.0.app/Contents/Developer/Platforms/WatchOS.platform/Developer/usr/bin/swift-plugin-server -in-process-plugin-server-path /Applications/Xcode-16.3.0.app/Contents/Developer/Toolchains/XcodeDefault.xctoolchain/usr/lib/swift/host/libSwiftInProcPluginServer.dylib -plugin-path /Applications/Xcode-16.3.0.app/Contents/Developer/Toolchains/XcodeDefault.xctoolchain/usr/lib/swift/host/plugins -plugin-path /Applications/Xcode-16.3.0.app/Contents/Developer/Toolchains/XcodeDefault.xctoolchain/usr/local/lib/swift/host/plugins -emit-module-doc-path /Users/admin/builder/spi-builder-workspace/.derivedData/Build/Intermediates.noindex/SwiftFormat.build/Debug-watchos/SwiftFormat.build/Objects-normal/armv7k/SwiftFormat.swiftdoc -emit-module-source-info-path /Users/admin/builder/spi-builder-workspace/.derivedData/Build/Intermediates.noindex/SwiftFormat.build/Debug-watchos/SwiftFormat.build/Objects-normal/armv7k/SwiftFormat.swiftsourceinfo -emit-objc-header-path /Users/admin/builder/spi-builder-workspace/.derivedData/Build/Intermediates.noindex/SwiftFormat.build/Debug-watchos/SwiftFormat.build/Objects-normal/armv7k/SwiftFormat-Swift.h -serialize-diagnostics-path /Users/admin/builder/spi-builder-workspace/.derivedData/Build/Intermediates.noindex/SwiftFormat.build/Debug-watchos/SwiftFormat.build/Objects-normal/armv7k/SwiftFormat-master-emit-module.dia -emit-dependencies-path /Users/admin/builder/spi-builder-workspace/.derivedData/Build/Intermediates.noindex/SwiftFormat.build/Debug-watchos/SwiftFormat.build/Objects-normal/armv7k/SwiftFormat-master-emit-module.d -o /Users/admin/builder/spi-builder-workspace/.derivedData/Build/Intermediates.noindex/SwiftFormat.build/Debug-watchos/SwiftFormat.build/Objects-normal/armv7k/SwiftFormat.swiftmodule -emit-abi-descriptor-path /Users/admin/builder/spi-builder-workspace/.derivedData/Build/Intermediates.noindex/SwiftFormat.build/Debug-watchos/SwiftFormat.build/Objects-normal/armv7k/SwiftFormat.abi.json
SwiftCompile normal armv7k /Users/admin/builder/spi-builder-workspace/CommandLineTool/main.swift (in target 'SwiftFormat' from project 'SwiftFormat')
cd /Users/admin/builder/spi-builder-workspace/.swiftpm/xcode
/Users/admin/builder/spi-builder-workspace/CommandLineTool/main.swift:45:12: warning: file 'main.swift' is part of module 'SwiftFormat'; ignoring import
import SwiftFormat
^
/Users/admin/builder/spi-builder-workspace/CommandLineTool/main.swift:80:1: error: cannot find 'CLI' in scope
CLI.print = { message, type in
^~~
/Users/admin/builder/spi-builder-workspace/CommandLineTool/main.swift:80:15: error: cannot infer type of closure parameter 'message' without a type annotation
CLI.print = { message, type in
^
/Users/admin/builder/spi-builder-workspace/CommandLineTool/main.swift:80:24: error: cannot infer type of closure parameter 'type' without a type annotation
CLI.print = { message, type in
^
/Users/admin/builder/spi-builder-workspace/CommandLineTool/main.swift:101:6: error: cannot find 'CLI' in scope
exit(CLI.run(in: currentDirectory.path).rawValue)
^~~
SwiftEmitModule normal arm64_32 Emitting\ module\ for\ SwiftFormat (in target 'SwiftFormat' from project 'SwiftFormat')
SwiftCompile normal arm64_32 /Users/admin/builder/spi-builder-workspace/CommandLineTool/main.swift (in target 'SwiftFormat' from project 'SwiftFormat')
cd /Users/admin/builder/spi-builder-workspace/.swiftpm/xcode
SwiftCompile normal arm64_32 Compiling\ main.swift /Users/admin/builder/spi-builder-workspace/CommandLineTool/main.swift (in target 'SwiftFormat' from project 'SwiftFormat')
SwiftCompile normal arm64_32 /Users/admin/builder/spi-builder-workspace/CommandLineTool/main.swift (in target 'SwiftFormat' from project 'SwiftFormat')
cd /Users/admin/builder/spi-builder-workspace/.swiftpm/xcode
SwiftEmitModule normal arm64 Emitting\ module\ for\ SwiftFormat (in target 'SwiftFormat' from project 'SwiftFormat')
SwiftCompile normal arm64 /Users/admin/builder/spi-builder-workspace/CommandLineTool/main.swift (in target 'SwiftFormat' from project 'SwiftFormat')
cd /Users/admin/builder/spi-builder-workspace/.swiftpm/xcode
SwiftCompile normal arm64 Compiling\ main.swift /Users/admin/builder/spi-builder-workspace/CommandLineTool/main.swift (in target 'SwiftFormat' from project 'SwiftFormat')
SwiftCompile normal arm64 /Users/admin/builder/spi-builder-workspace/CommandLineTool/main.swift (in target 'SwiftFormat' from project 'SwiftFormat')
cd /Users/admin/builder/spi-builder-workspace/.swiftpm/xcode
** BUILD FAILED **
The following build commands failed:
SwiftCompile normal armv7k /Users/admin/builder/spi-builder-workspace/CommandLineTool/main.swift (in target 'SwiftFormat' from project 'SwiftFormat')
SwiftEmitModule normal armv7k Emitting\ module\ for\ SwiftFormat (in target 'SwiftFormat' from project 'SwiftFormat')
SwiftCompile normal armv7k /Users/admin/builder/spi-builder-workspace/CommandLineTool/main.swift (in target 'SwiftFormat' from project 'SwiftFormat')
Building workspace spi-builder-workspace with scheme SwiftFormat-Package
(4 failures)
BUILD FAILURE 6.1 watchOS