The Swift Package Index logo.Swift Package Index

Build Information

Failed to build AlbyKit, reference main (55196d), with Swift 6.4 for macOS (SPM) on 19 Sep 2026 21:26:39 UTC.

Build Command

env DEVELOPER_DIR=/Applications/Xcode-27.0.0-Release.Candidate.app xcrun swift build --arch arm64

Build Log

========================================
RunAll
========================================
Builder version: 5.1.0
Interrupt handler set up.
========================================
Checkout
========================================
Clone URL: https://github.com/SparrowTek/AlbyKit.git
Reference: main
Initialized empty Git repository in /Users/admin/builder/spi-builder-workspace/.git/
From https://github.com/SparrowTek/AlbyKit
 * branch            main       -> FETCH_HEAD
 * [new branch]      main       -> origin/main
HEAD is now at 55196d8 Update README.md
Cloned https://github.com/SparrowTek/AlbyKit.git
Revision (git rev-parse @):
55196d8abd454b12697782ad30b259aadcabd57e
SPI manifest file found: $PWD/.spi.yml
SUCCESS checkout https://github.com/SparrowTek/AlbyKit.git at main
========================================
Build
========================================
Selected platform:         macosSpm
Swift version:             6.4
Building package at path:  $PWD
https://github.com/SparrowTek/AlbyKit.git
Running build ...
env DEVELOPER_DIR=/Applications/Xcode-27.0.0-Release.Candidate.app xcrun swift build --arch arm64
Building for debugging...
[Planning deferred tasks]
[19 / 28]
[20 / 29] AlbyKit
[30 / 108]
[33 / 108]
[41 / 108]
[43 / 108]
[44 / 108]
[50 / 108]
[52 / 108]
[55 / 108]
[61 / 108]
[64 / 108]
[66 / 108]
[67 / 108]
[78 / 108]
[80 / 108]
[81 / 108]
[84 / 108]
[86 / 108]
[99 / 108] AlbyKit
error: SwiftCompile normal arm64 failed with a nonzero exit code. Command line:     cd /Users/admin/builder

/Users/admin/builder/spi-builder-workspace/Sources/AlbyKit/Services/OAuthService.swift:23:167: error: cannot find type 'SFSafariViewController' in scope
 21 |     /// Get a `SFSafariViewController` to authenticate Alby
 22 |     @MainActor
 23 |     public func getAuthCodeWithUIKit(preferredControlerTintColor: UIColor? = nil, preferredBarTintColor: UIColor? = nil, withScopes scopes: [Scopes]) async throws -> SFSafariViewController {
    |                                                                                                                                                                       `- error: cannot find type 'SFSafariViewController' in scope
 24 |         let url = try await getAuthURL(withScopes: scopes)
 25 |         let safariViewController = SFSafariViewController(url: url)
/Users/admin/builder/spi-builder-workspace/Sources/AlbyKit/Services/OAuthService.swift:23:67: error: cannot find type 'UIColor' in scope
 21 |     /// Get a `SFSafariViewController` to authenticate Alby
 22 |     @MainActor
 23 |     public func getAuthCodeWithUIKit(preferredControlerTintColor: UIColor? = nil, preferredBarTintColor: UIColor? = nil, withScopes scopes: [Scopes]) async throws -> SFSafariViewController {
    |                                                                   `- error: cannot find type 'UIColor' in scope
 24 |         let url = try await getAuthURL(withScopes: scopes)
 25 |         let safariViewController = SFSafariViewController(url: url)
/Users/admin/builder/spi-builder-workspace/Sources/AlbyKit/Services/OAuthService.swift:23:106: error: cannot find type 'UIColor' in scope
 21 |     /// Get a `SFSafariViewController` to authenticate Alby
 22 |     @MainActor
 23 |     public func getAuthCodeWithUIKit(preferredControlerTintColor: UIColor? = nil, preferredBarTintColor: UIColor? = nil, withScopes scopes: [Scopes]) async throws -> SFSafariViewController {
    |                                                                                                          `- error: cannot find type 'UIColor' in scope
 24 |         let url = try await getAuthURL(withScopes: scopes)
 25 |         let safariViewController = SFSafariViewController(url: url)
/Users/admin/builder/spi-builder-workspace/Sources/AlbyKit/Services/OAuthService.swift:33:69: error: cannot find type 'UIColor' in scope
 31 |
 32 |     /// Get a SafariView - a swiftUI `UIViewControllerRepresentable` that wraps `SFSafariViewController` and will allow Alby authentication
 33 |     public func getAuthCodeWithSwiftUI(preferredControlerTintColor: UIColor? = nil, preferredBarTintColor: UIColor? = nil, withScopes scopes: [Scopes]) throws -> SafariView {
    |                                                                     `- error: cannot find type 'UIColor' in scope
 34 |         let url = try getAuthURL(withScopes: scopes)
 35 |         let safariView = SafariView(url: url, delegate: self, preferredControlerTintColor: preferredControlerTintColor, preferredBarTintColor: preferredBarTintColor)
/Users/admin/builder/spi-builder-workspace/Sources/AlbyKit/Services/OAuthService.swift:33:108: error: cannot find type 'UIColor' in scope
 31 |
 32 |     /// Get a SafariView - a swiftUI `UIViewControllerRepresentable` that wraps `SFSafariViewController` and will allow Alby authentication
 33 |     public func getAuthCodeWithSwiftUI(preferredControlerTintColor: UIColor? = nil, preferredBarTintColor: UIColor? = nil, withScopes scopes: [Scopes]) throws -> SafariView {
    |                                                                                                            `- error: cannot find type 'UIColor' in scope
 34 |         let url = try getAuthURL(withScopes: scopes)
 35 |         let safariView = SafariView(url: url, delegate: self, preferredControlerTintColor: preferredControlerTintColor, preferredBarTintColor: preferredBarTintColor)
/Users/admin/builder/spi-builder-workspace/Sources/AlbyKit/Services/OAuthService.swift:88:25: error: cannot find type 'SFSafariViewControllerDelegate' in scope
 86 | }
 87 |
 88 | extension OAuthService: SFSafariViewControllerDelegate {
    |                         `- error: cannot find type 'SFSafariViewControllerDelegate' in scope
 89 |     nonisolated
 90 |     public func safariViewControllerDidFinish(_ controller: SFSafariViewController) {
/Users/admin/builder/spi-builder-workspace/Sources/AlbyKit/Services/OAuthService.swift:90:61: error: cannot find type 'SFSafariViewController' in scope
 88 | extension OAuthService: SFSafariViewControllerDelegate {
 89 |     nonisolated
 90 |     public func safariViewControllerDidFinish(_ controller: SFSafariViewController) {
    |                                                             `- error: cannot find type 'SFSafariViewController' in scope
 91 |         // NO-OP
 92 |     }
/Users/admin/builder/spi-builder-workspace/Sources/AlbyKit/Views/SafariView.swift:13:19: error: cannot find type 'SFSafariViewControllerDelegate' in scope
11 | public struct SafariView: UIViewControllerRepresentable, Sendable {
12 |     let url: URL
13 |     var delegate: SFSafariViewControllerDelegate?
   |                   `- error: cannot find type 'SFSafariViewControllerDelegate' in scope
14 |     var preferredControlerTintColor: UIColor?
15 |     var preferredBarTintColor: UIColor?
/Users/admin/builder/spi-builder-workspace/Sources/AlbyKit/Views/SafariView.swift:14:38: error: cannot find type 'UIColor' in scope
12 |     let url: URL
13 |     var delegate: SFSafariViewControllerDelegate?
14 |     var preferredControlerTintColor: UIColor?
   |                                      `- error: cannot find type 'UIColor' in scope
15 |     var preferredBarTintColor: UIColor?
16 |
/Users/admin/builder/spi-builder-workspace/Sources/AlbyKit/Views/SafariView.swift:15:32: error: cannot find type 'UIColor' in scope
13 |     var delegate: SFSafariViewControllerDelegate?
14 |     var preferredControlerTintColor: UIColor?
15 |     var preferredBarTintColor: UIColor?
   |                                `- error: cannot find type 'UIColor' in scope
16 |
17 |     public func makeUIViewController(context: Context) -> SFSafariViewController {
/Users/admin/builder/spi-builder-workspace/Sources/AlbyKit/Views/SafariView.swift:17:59: error: cannot find type 'SFSafariViewController' in scope
15 |     var preferredBarTintColor: UIColor?
16 |
17 |     public func makeUIViewController(context: Context) -> SFSafariViewController {
   |                                                           `- error: cannot find type 'SFSafariViewController' in scope
18 |         let safariVC = SFSafariViewController(url: url)
19 |         safariVC.delegate = delegate
/Users/admin/builder/spi-builder-workspace/Sources/AlbyKit/Views/SafariView.swift:17:47: error: cannot find type 'Context' in scope
15 |     var preferredBarTintColor: UIColor?
16 |
17 |     public func makeUIViewController(context: Context) -> SFSafariViewController {
   |                                               `- error: cannot find type 'Context' in scope
18 |         let safariVC = SFSafariViewController(url: url)
19 |         safariVC.delegate = delegate
/Users/admin/builder/spi-builder-workspace/Sources/AlbyKit/Views/SafariView.swift:25:60: error: cannot find type 'SFSafariViewController' in scope
23 |     }
24 |
25 |     public func updateUIViewController(_ uiViewController: SFSafariViewController, context: Context) {
   |                                                            `- error: cannot find type 'SFSafariViewController' in scope
26 |         // Update the controller if needed.
27 |     }
/Users/admin/builder/spi-builder-workspace/Sources/AlbyKit/Views/SafariView.swift:25:93: error: cannot find type 'Context' in scope
23 |     }
24 |
25 |     public func updateUIViewController(_ uiViewController: SFSafariViewController, context: Context) {
   |                                                                                             `- error: cannot find type 'Context' in scope
26 |         // Update the controller if needed.
27 |     }
/Users/admin/builder/spi-builder-workspace/Sources/AlbyKit/Views/SafariView.swift:11:27: error: cannot find type 'UIViewControllerRepresentable' in scope
 9 | @preconcurrency import SafariServices
10 |
11 | public struct SafariView: UIViewControllerRepresentable, Sendable {
   |                           `- error: cannot find type 'UIViewControllerRepresentable' in scope
12 |     let url: URL
13 |     var delegate: SFSafariViewControllerDelegate?
Failed frontend command:
/Applications/Xcode-27.0.0-Release.Candidate.app/Contents/Developer/Toolchains/XcodeDefault.xctoolchain/usr/bin/swift-frontend -frontend -emit-module -experimental-skip-non-inlinable-function-bodies-without-types /Users/admin/builder/spi-builder-workspace/Sources/AlbyKit/AlbyActor.swift /Users/admin/builder/spi-builder-workspace/Sources/AlbyKit/AlbyEnvironment.swift /Users/admin/builder/spi-builder-workspace/Sources/AlbyKit/AlbyKit.swift /Users/admin/builder/spi-builder-workspace/Sources/AlbyKit/Models/AccountService/AccountBalance.swift /Users/admin/builder/spi-builder-workspace/Sources/AlbyKit/Models/AccountService/AccountSummary.swift /Users/admin/builder/spi-builder-workspace/Sources/AlbyKit/Models/AccountService/Keysend.swift /Users/admin/builder/spi-builder-workspace/Sources/AlbyKit/Models/AccountService/PersonalInformation.swift /Users/admin/builder/spi-builder-workspace/Sources/AlbyKit/Models/AlbyCodable.swift /Users/admin/builder/spi-builder-workspace/Sources/AlbyKit/Models/AlbyError.swift /Users/admin/builder/spi-builder-workspace/Sources/AlbyKit/Models/Currency.swift /Users/admin/builder/spi-builder-workspace/Sources/AlbyKit/Models/InvoicesService/Bolt11Invoice.swift /Users/admin/builder/spi-builder-workspace/Sources/AlbyKit/Models/InvoicesService/CreatedInvoice.swift /Users/admin/builder/spi-builder-workspace/Sources/AlbyKit/Models/InvoicesService/Invoice.swift /Users/admin/builder/spi-builder-workspace/Sources/AlbyKit/Models/InvoicesService/InvoiceHistoryUploadModel.swift /Users/admin/builder/spi-builder-workspace/Sources/AlbyKit/Models/InvoicesService/InvoiceUploadModel.swift /Users/admin/builder/spi-builder-workspace/Sources/AlbyKit/Models/LightningAddressDetailsProxyService/GeneratedInvoice.swift /Users/admin/builder/spi-builder-workspace/Sources/AlbyKit/Models/LightningAddressDetailsProxyService/LightningAddressDetails.swift /Users/admin/builder/spi-builder-workspace/Sources/AlbyKit/Models/LightningAddressDetailsProxyService/LightningAddressError.swift /Users/admin/builder/spi-builder-workspace/Sources/AlbyKit/Models/OAuthService/Scopes.swift /Users/admin/builder/spi-builder-workspace/Sources/AlbyKit/Models/OAuthService/Token.swift /Users/admin/builder/spi-builder-workspace/Sources/AlbyKit/Models/PaymentsService/Bolt11Payment.swift /Users/admin/builder/spi-builder-workspace/Sources/AlbyKit/Models/PaymentsService/Bolt11PaymentUploadModel.swift /Users/admin/builder/spi-builder-workspace/Sources/AlbyKit/Models/PaymentsService/KeysendPayment.swift /Users/admin/builder/spi-builder-workspace/Sources/AlbyKit/Models/PaymentsService/KeysendPaymentUploadModel.swift /Users/admin/builder/spi-builder-workspace/Sources/AlbyKit/Models/Storage.swift /Users/admin/builder/spi-builder-workspace/Sources/AlbyKit/Models/Unit.swift /Users/admin/builder/spi-builder-workspace/Sources/AlbyKit/Networking.swift /Users/admin/builder/spi-builder-workspace/Sources/AlbyKit/Networking/AuthManager.swift /Users/admin/builder/spi-builder-workspace/Sources/AlbyKit/Networking/Encoding/JSONParameterEncoder.swift /Users/admin/builder/spi-builder-workspace/Sources/AlbyKit/Networking/Encoding/ParameterEncoding.swift /Users/admin/builder/spi-builder-workspace/Sources/AlbyKit/Networking/Encoding/URLParameterEncoder.swift /Users/admin/builder/spi-builder-workspace/Sources/AlbyKit/Networking/Extensions/CharacterSet.swift /Users/admin/builder/spi-builder-workspace/Sources/AlbyKit/Networking/Extensions/Encodable.swift /Users/admin/builder/spi-builder-workspace/Sources/AlbyKit/Networking/Service/EndpointType.swift /Users/admin/builder/spi-builder-workspace/Sources/AlbyKit/Networking/Service/HTTPMethod.swift /Users/admin/builder/spi-builder-workspace/Sources/AlbyKit/Networking/Service/HTTPTask.swift /Users/admin/builder/spi-builder-workspace/Sources/AlbyKit/Networking/Service/NetworkRouter.swift /Users/admin/builder/spi-builder-workspace/Sources/AlbyKit/Networking/Service/NetworkingProtocol.swift /Users/admin/builder/spi-builder-workspace/Sources/AlbyKit/Networking/Service/StatusCode.swift /Users/admin/builder/spi-builder-workspace/Sources/AlbyKit/Services/AccountsService.swift /Users/admin/builder/spi-builder-workspace/Sources/AlbyKit/Services/InvoicesService.swift /Users/admin/builder/spi-builder-workspace/Sources/AlbyKit/Services/LightningAddressDetailsProxyService.swift /Users/admin/builder/spi-builder-workspace/Sources/AlbyKit/Services/OAuthService.swift /Users/admin/builder/spi-builder-workspace/Sources/AlbyKit/Services/PaymentsService.swift /Users/admin/builder/spi-builder-workspace/Sources/AlbyKit/Services/ServiceHelper.swift /Users/admin/builder/spi-builder-workspace/Sources/AlbyKit/Views/SafariView.swift -target arm64-apple-macos14.0 -disable-cross-import-overlay-search -swift-module-cross-import SwiftData /Applications/Xcode-27.0.0-Release.Candidate.app/Contents/Developer/Platforms/MacOSX.platform/Developer/SDKs/MacOSX27.0.sdk/System/Library/Frameworks/SwiftData.framework/Modules/SwiftData.swiftcrossimport/CoreData.swiftoverlay -swift-module-cross-import SwiftData /Applications/Xcode-27.0.0-Release.Candidate.app/Contents/Developer/Platforms/MacOSX.platform/Developer/SDKs/MacOSX27.0.sdk/System/Library/Frameworks/SwiftData.framework/Modules/SwiftData.swiftcrossimport/SwiftUI.swiftoverlay -load-resolved-plugin /Applications/Xcode-27.0.0-Release.Candidate.app/Contents/Developer/Platforms/MacOSX.platform/Developer/usr/lib/swift/host/plugins/libFoundationMacros.dylib\#/Applications/Xcode-27.0.0-Release.Candidate.app/Contents/Developer/Platforms/MacOSX.platform/Developer/usr/bin/swift-plugin-server\#FoundationMacros -load-resolved-plugin /Applications/Xcode-27.0.0-Release.Candidate.app/Contents/Developer/Platforms/MacOSX.platform/Developer/usr/lib/swift/host/plugins/libObservationMacros.dylib\#/Applications/Xcode-27.0.0-Release.Candidate.app/Contents/Developer/Platforms/MacOSX.platform/Developer/usr/bin/swift-plugin-server\#ObservationMacros -load-resolved-plugin /Applications/Xcode-27.0.0-Release.Candidate.app/Contents/Developer/Platforms/MacOSX.platform/Developer/usr/lib/swift/host/plugins/libPreviewsMacros.dylib\#/Applications/Xcode-27.0.0-Release.Candidate.app/Contents/Developer/Platforms/MacOSX.platform/Developer/usr/bin/swift-plugin-server\#PreviewsMacros -load-resolved-plugin /Applications/Xcode-27.0.0-Release.Candidate.app/Contents/Developer/Platforms/MacOSX.platform/Developer/usr/lib/swift/host/plugins/libSwiftDataMacros.dylib\#/Applications/Xcode-27.0.0-Release.Candidate.app/Contents/Developer/Platforms/MacOSX.platform/Developer/usr/bin/swift-plugin-server\#SwiftDataMacros -load-resolved-plugin /Applications/Xcode-27.0.0-Release.Candidate.app/Contents/Developer/Platforms/MacOSX.platform/Developer/usr/lib/swift/host/plugins/libSwiftMacros.dylib\#/Applications/Xcode-27.0.0-Release.Candidate.app/Contents/Developer/Platforms/MacOSX.platform/Developer/usr/bin/swift-plugin-server\#SwiftMacros -load-resolved-plugin /Applications/Xcode-27.0.0-Release.Candidate.app/Contents/Developer/Platforms/MacOSX.platform/Developer/usr/lib/swift/host/plugins/libSwiftUIMacros.dylib\#/Applications/Xcode-27.0.0-Release.Candidate.app/Contents/Developer/Platforms/MacOSX.platform/Developer/usr/bin/swift-plugin-server\#SwiftUIMacros -disable-implicit-swift-modules -Xcc -fno-implicit-modules -Xcc -fno-implicit-module-maps -explicit-swift-module-map-file /Users/admin/builder/spi-builder-workspace/.build/out/Intermediates.noindex/AlbyKit.build/Debug/AlbyKit-t.build/Objects-normal/arm64/AlbyKit-dependencies-1.json -Xllvm -aarch64-use-tbi -enable-objc-interop -stack-check -sdk /Applications/Xcode-27.0.0-Release.Candidate.app/Contents/Developer/Platforms/MacOSX.platform/Developer/SDKs/MacOSX27.0.sdk -I /Users/admin/builder/spi-builder-workspace/.build/out/Products/Debug -Isystem /Applications/Xcode-27.0.0-Release.Candidate.app/Contents/Developer/Platforms/MacOSX.platform/Developer/usr/lib -F /Users/admin/builder/spi-builder-workspace/.build/out/Products/Debug -F /Applications/Xcode-27.0.0-Release.Candidate.app/Contents/Developer/Platforms/MacOSX.platform/Developer/Library/Frameworks -module-cache-path /Users/admin/builder/spi-builder-workspace/.build/out/Intermediates.noindex/SwiftExplicitPrecompiledModules -color-diagnostics -Xcc -fcolor-diagnostics -enable-testing -g -debug-info-format\=dwarf -dwarf-version\=4 -swift-version 5 -Onone -D SWIFT_PACKAGE -D DEBUG -D SWIFT_MODULE_RESOURCE_BUNDLE_UNAVAILABLE -D Xcode -serialize-debugging-options -enable-experimental-feature StrictConcurrency -enable-experimental-feature DebugDescriptionMacro -empty-abi-descriptor -validate-clang-modules-once -clang-build-session-file /Users/admin/builder/spi-builder-workspace/.build/out/ModuleCache.noindex/Session.modulevalidation -Xcc -working-directory -Xcc /Users/admin/builder -enable-anonymous-context-mangled-names -file-compilation-dir /Users/admin/builder -Xcc -D_LIBCPP_HARDENING_MODE\=_LIBCPP_HARDENING_MODE_DEBUG -Xcc -ivfsstatcache -Xcc /Users/admin/builder/spi-builder-workspace/.build/out/SDKStatCaches.noindex/macosx27.0-26A425-80c5bbf1d171475443272936d42f90a36a22442a12e9d48fe1a705f55a1adfc4.sdkstatcache -Xcc -fmodules-prune-interval\=86400 -Xcc -fmodules-prune-after\=345600 -Xcc -I/Users/admin/builder/spi-builder-workspace/.build/out/Products/Debug/include -Xcc -I/Users/admin/builder/spi-builder-workspace/.build/out/Intermediates.noindex/AlbyKit.build/Debug/AlbyKit-t.build/DerivedSources-normal/arm64 -Xcc -I/Users/admin/builder/spi-builder-workspace/.build/out/Intermediates.noindex/AlbyKit.build/Debug/AlbyKit-t.build/DerivedSources/arm64 -Xcc -I/Users/admin/builder/spi-builder-workspace/.build/out/Intermediates.noindex/AlbyKit.build/Debug/AlbyKit-t.build/DerivedSources -Xcc -DSWIFT_PACKAGE -Xcc -DDEBUG\=1 -no-auto-bridging-header-chaining -module-name AlbyKit -package-name spi_builder_workspace -const-gather-protocols-file /Users/admin/builder/spi-builder-workspace/.build/out/Intermediates.noindex/AlbyKit.build/Debug/AlbyKit-t.build/Objects-normal/arm64/AlbyKit_const_extract_protocols.json -disable-clang-spi -clang-target arm64-apple-macos27.0 -target-sdk-version 27.0 -target-sdk-name macosx27.0 -in-process-plugin-server-path /Applications/Xcode-27.0.0-Release.Candidate.app/Contents/Developer/Toolchains/XcodeDefault.xctoolchain/usr/lib/swift/host/libSwiftInProcPluginServer.dylib -emit-module-doc-path /Users/admin/builder/spi-builder-workspace/.build/out/Intermediates.noindex/AlbyKit.build/Debug/AlbyKit-t.build/Objects-normal/arm64/AlbyKit.swiftdoc -emit-module-source-info-path /Users/admin/builder/spi-builder-workspace/.build/out/Intermediates.noindex/AlbyKit.build/Debug/AlbyKit-t.build/Objects-normal/arm64/AlbyKit.swiftsourceinfo -emit-objc-header-path /Users/admin/builder/spi-builder-workspace/.build/out/Intermediates.noindex/AlbyKit.build/Debug/AlbyKit-t.build/Objects-normal/arm64/AlbyKit-Swift.h -serialize-diagnostics-path /Users/admin/builder/spi-builder-workspace/.build/out/Intermediates.noindex/AlbyKit.build/Debug/AlbyKit-t.build/Objects-normal/arm64/AlbyKit-primary-emit-module.dia -emit-dependencies-path /Users/admin/builder/spi-builder-workspace/.build/out/Intermediates.noindex/AlbyKit.build/Debug/AlbyKit-t.build/Objects-normal/arm64/AlbyKit-primary-emit-module.d -parse-as-library -o /Users/admin/builder/spi-builder-workspace/.build/out/Intermediates.noindex/AlbyKit.build/Debug/AlbyKit-t.build/Objects-normal/arm64/AlbyKit.swiftmodule -emit-abi-descriptor-path /Users/admin/builder/spi-builder-workspace/.build/out/Intermediates.noindex/AlbyKit.build/Debug/AlbyKit-t.build/Objects-normal/arm64/AlbyKit.abi.json
error: Build failed
BUILD FAILURE 6.4 macosSpm