The Swift Package Index logo.Swift Package Index

Build Information

Failed to build BlackLabsSwiftUIColor, reference 1.1.2 (cf7295), with Swift 6.4 for macOS (SPM) on 17 Sep 2026 17:45:26 UTC.

Build Command

env DEVELOPER_DIR=/Applications/Xcode-27.0.0-Release.Candidate.app xcrun swift build --arch arm64

Build Log

========================================
RunAll
========================================
Builder version: 5.1.0
Interrupt handler set up.
========================================
Checkout
========================================
Clone URL: https://github.com/nbasham/BlackLabsSwiftUIColor.git
Reference: 1.1.2
Initialized empty Git repository in /Users/admin/builder/spi-builder-workspace/.git/
From https://github.com/nbasham/BlackLabsSwiftUIColor
 * tag               1.1.2      -> FETCH_HEAD
HEAD is now at cf7295f Merge remote-tracking branch 'refs/remotes/origin/main'
Cloned https://github.com/nbasham/BlackLabsSwiftUIColor.git
Revision (git rev-parse @):
cf7295f02d1946034d3ba425d7fc6e5b488b46a1
SUCCESS checkout https://github.com/nbasham/BlackLabsSwiftUIColor.git at 1.1.2
========================================
Build
========================================
Selected platform:         macosSpm
Swift version:             6.4
Building package at path:  $PWD
https://github.com/nbasham/BlackLabsSwiftUIColor.git
Running build ...
env DEVELOPER_DIR=/Applications/Xcode-27.0.0-Release.Candidate.app xcrun swift build --arch arm64
Building for debugging...
[Planning deferred tasks]
[19 / 28]
[20 / 29] BlackLabsSwiftUIColor
[30 / 98]
[33 / 98]
[41 / 98]
[43 / 98]
[44 / 98]
[49 / 98]
[52 / 98]
[55 / 98]
[61 / 98]
[64 / 98]
[66 / 98]
[67 / 98]
[77 / 98]
[79 / 98]
[80 / 98]
[83 / 98]
[85 / 98]
[89 / 98] BlackLabsSwiftUIColor
error: SwiftCompile normal arm64 failed with a nonzero exit code. Command line:     cd /Users/admin/builder

/Users/admin/builder/spi-builder-workspace/Sources/BlackLabsSwiftUIColor/BlackLabsSwiftUIColor.swift:70:42: error: cannot find 'UIColor' in scope
 68 | @available(iOS 13.0, *)
 69 | public extension Color {
 70 |     static let systemBlue: Color = Color(UIColor.systemBlue)
    |                                          `- error: cannot find 'UIColor' in scope
 71 |     static let systemGreen: Color = Color(UIColor.systemGreen)
 72 |     static let systemIndigo: Color = Color(UIColor.systemIndigo)
/Users/admin/builder/spi-builder-workspace/Sources/BlackLabsSwiftUIColor/BlackLabsSwiftUIColor.swift:71:43: error: cannot find 'UIColor' in scope
 69 | public extension Color {
 70 |     static let systemBlue: Color = Color(UIColor.systemBlue)
 71 |     static let systemGreen: Color = Color(UIColor.systemGreen)
    |                                           `- error: cannot find 'UIColor' in scope
 72 |     static let systemIndigo: Color = Color(UIColor.systemIndigo)
 73 |     static let systemOrange: Color = Color(UIColor.systemOrange)
/Users/admin/builder/spi-builder-workspace/Sources/BlackLabsSwiftUIColor/BlackLabsSwiftUIColor.swift:72:44: error: cannot find 'UIColor' in scope
 70 |     static let systemBlue: Color = Color(UIColor.systemBlue)
 71 |     static let systemGreen: Color = Color(UIColor.systemGreen)
 72 |     static let systemIndigo: Color = Color(UIColor.systemIndigo)
    |                                            `- error: cannot find 'UIColor' in scope
 73 |     static let systemOrange: Color = Color(UIColor.systemOrange)
 74 |     static let systemPink: Color = Color(UIColor.systemPink)
/Users/admin/builder/spi-builder-workspace/Sources/BlackLabsSwiftUIColor/BlackLabsSwiftUIColor.swift:73:44: error: cannot find 'UIColor' in scope
 71 |     static let systemGreen: Color = Color(UIColor.systemGreen)
 72 |     static let systemIndigo: Color = Color(UIColor.systemIndigo)
 73 |     static let systemOrange: Color = Color(UIColor.systemOrange)
    |                                            `- error: cannot find 'UIColor' in scope
 74 |     static let systemPink: Color = Color(UIColor.systemPink)
 75 |     static let systemPurple: Color = Color(UIColor.systemPurple)
/Users/admin/builder/spi-builder-workspace/Sources/BlackLabsSwiftUIColor/BlackLabsSwiftUIColor.swift:74:42: error: cannot find 'UIColor' in scope
 72 |     static let systemIndigo: Color = Color(UIColor.systemIndigo)
 73 |     static let systemOrange: Color = Color(UIColor.systemOrange)
 74 |     static let systemPink: Color = Color(UIColor.systemPink)
    |                                          `- error: cannot find 'UIColor' in scope
 75 |     static let systemPurple: Color = Color(UIColor.systemPurple)
 76 |     static let systemRed: Color = Color(UIColor.systemRed)
/Users/admin/builder/spi-builder-workspace/Sources/BlackLabsSwiftUIColor/BlackLabsSwiftUIColor.swift:75:44: error: cannot find 'UIColor' in scope
 73 |     static let systemOrange: Color = Color(UIColor.systemOrange)
 74 |     static let systemPink: Color = Color(UIColor.systemPink)
 75 |     static let systemPurple: Color = Color(UIColor.systemPurple)
    |                                            `- error: cannot find 'UIColor' in scope
 76 |     static let systemRed: Color = Color(UIColor.systemRed)
 77 |     static let systemTeal: Color = Color(UIColor.systemTeal)
/Users/admin/builder/spi-builder-workspace/Sources/BlackLabsSwiftUIColor/BlackLabsSwiftUIColor.swift:76:41: error: cannot find 'UIColor' in scope
 74 |     static let systemPink: Color = Color(UIColor.systemPink)
 75 |     static let systemPurple: Color = Color(UIColor.systemPurple)
 76 |     static let systemRed: Color = Color(UIColor.systemRed)
    |                                         `- error: cannot find 'UIColor' in scope
 77 |     static let systemTeal: Color = Color(UIColor.systemTeal)
 78 |     static let systemYellow: Color = Color(UIColor.systemYellow)
/Users/admin/builder/spi-builder-workspace/Sources/BlackLabsSwiftUIColor/BlackLabsSwiftUIColor.swift:77:42: error: cannot find 'UIColor' in scope
 75 |     static let systemPurple: Color = Color(UIColor.systemPurple)
 76 |     static let systemRed: Color = Color(UIColor.systemRed)
 77 |     static let systemTeal: Color = Color(UIColor.systemTeal)
    |                                          `- error: cannot find 'UIColor' in scope
 78 |     static let systemYellow: Color = Color(UIColor.systemYellow)
 79 |     static let systemGray: Color = Color(UIColor.systemGray)
/Users/admin/builder/spi-builder-workspace/Sources/BlackLabsSwiftUIColor/BlackLabsSwiftUIColor.swift:78:44: error: cannot find 'UIColor' in scope
 76 |     static let systemRed: Color = Color(UIColor.systemRed)
 77 |     static let systemTeal: Color = Color(UIColor.systemTeal)
 78 |     static let systemYellow: Color = Color(UIColor.systemYellow)
    |                                            `- error: cannot find 'UIColor' in scope
 79 |     static let systemGray: Color = Color(UIColor.systemGray)
 80 |     static let systemGray2: Color = Color(UIColor.systemGray2)
/Users/admin/builder/spi-builder-workspace/Sources/BlackLabsSwiftUIColor/BlackLabsSwiftUIColor.swift:79:42: error: cannot find 'UIColor' in scope
 77 |     static let systemTeal: Color = Color(UIColor.systemTeal)
 78 |     static let systemYellow: Color = Color(UIColor.systemYellow)
 79 |     static let systemGray: Color = Color(UIColor.systemGray)
    |                                          `- error: cannot find 'UIColor' in scope
 80 |     static let systemGray2: Color = Color(UIColor.systemGray2)
 81 |     static let systemGray3: Color = Color(UIColor.systemGray3)
/Users/admin/builder/spi-builder-workspace/Sources/BlackLabsSwiftUIColor/BlackLabsSwiftUIColor.swift:80:43: error: cannot find 'UIColor' in scope
 78 |     static let systemYellow: Color = Color(UIColor.systemYellow)
 79 |     static let systemGray: Color = Color(UIColor.systemGray)
 80 |     static let systemGray2: Color = Color(UIColor.systemGray2)
    |                                           `- error: cannot find 'UIColor' in scope
 81 |     static let systemGray3: Color = Color(UIColor.systemGray3)
 82 |     static let systemGray4: Color = Color(UIColor.systemGray4)
/Users/admin/builder/spi-builder-workspace/Sources/BlackLabsSwiftUIColor/BlackLabsSwiftUIColor.swift:81:43: error: cannot find 'UIColor' in scope
 79 |     static let systemGray: Color = Color(UIColor.systemGray)
 80 |     static let systemGray2: Color = Color(UIColor.systemGray2)
 81 |     static let systemGray3: Color = Color(UIColor.systemGray3)
    |                                           `- error: cannot find 'UIColor' in scope
 82 |     static let systemGray4: Color = Color(UIColor.systemGray4)
 83 |     static let systemGray5: Color = Color(UIColor.systemGray5)
/Users/admin/builder/spi-builder-workspace/Sources/BlackLabsSwiftUIColor/BlackLabsSwiftUIColor.swift:82:43: error: cannot find 'UIColor' in scope
 80 |     static let systemGray2: Color = Color(UIColor.systemGray2)
 81 |     static let systemGray3: Color = Color(UIColor.systemGray3)
 82 |     static let systemGray4: Color = Color(UIColor.systemGray4)
    |                                           `- error: cannot find 'UIColor' in scope
 83 |     static let systemGray5: Color = Color(UIColor.systemGray5)
 84 |     static let systemGray6: Color = Color(UIColor.systemGray6)
/Users/admin/builder/spi-builder-workspace/Sources/BlackLabsSwiftUIColor/BlackLabsSwiftUIColor.swift:83:43: error: cannot find 'UIColor' in scope
 81 |     static let systemGray3: Color = Color(UIColor.systemGray3)
 82 |     static let systemGray4: Color = Color(UIColor.systemGray4)
 83 |     static let systemGray5: Color = Color(UIColor.systemGray5)
    |                                           `- error: cannot find 'UIColor' in scope
 84 |     static let systemGray6: Color = Color(UIColor.systemGray6)
 85 |     static let systemFill: Color = Color(UIColor.systemFill)
/Users/admin/builder/spi-builder-workspace/Sources/BlackLabsSwiftUIColor/BlackLabsSwiftUIColor.swift:84:43: error: cannot find 'UIColor' in scope
 82 |     static let systemGray4: Color = Color(UIColor.systemGray4)
 83 |     static let systemGray5: Color = Color(UIColor.systemGray5)
 84 |     static let systemGray6: Color = Color(UIColor.systemGray6)
    |                                           `- error: cannot find 'UIColor' in scope
 85 |     static let systemFill: Color = Color(UIColor.systemFill)
 86 |     static let secondarySystemFill: Color = Color(UIColor.secondarySystemFill)
/Users/admin/builder/spi-builder-workspace/Sources/BlackLabsSwiftUIColor/BlackLabsSwiftUIColor.swift:85:42: error: cannot find 'UIColor' in scope
 83 |     static let systemGray5: Color = Color(UIColor.systemGray5)
 84 |     static let systemGray6: Color = Color(UIColor.systemGray6)
 85 |     static let systemFill: Color = Color(UIColor.systemFill)
    |                                          `- error: cannot find 'UIColor' in scope
 86 |     static let secondarySystemFill: Color = Color(UIColor.secondarySystemFill)
 87 |     static let tertiarySystemFill: Color = Color(UIColor.tertiarySystemFill)
/Users/admin/builder/spi-builder-workspace/Sources/BlackLabsSwiftUIColor/BlackLabsSwiftUIColor.swift:86:51: error: cannot find 'UIColor' in scope
 84 |     static let systemGray6: Color = Color(UIColor.systemGray6)
 85 |     static let systemFill: Color = Color(UIColor.systemFill)
 86 |     static let secondarySystemFill: Color = Color(UIColor.secondarySystemFill)
    |                                                   `- error: cannot find 'UIColor' in scope
 87 |     static let tertiarySystemFill: Color = Color(UIColor.tertiarySystemFill)
 88 |     static let quaternarySystemFill: Color = Color(UIColor.quaternarySystemFill)
/Users/admin/builder/spi-builder-workspace/Sources/BlackLabsSwiftUIColor/BlackLabsSwiftUIColor.swift:87:50: error: cannot find 'UIColor' in scope
 85 |     static let systemFill: Color = Color(UIColor.systemFill)
 86 |     static let secondarySystemFill: Color = Color(UIColor.secondarySystemFill)
 87 |     static let tertiarySystemFill: Color = Color(UIColor.tertiarySystemFill)
    |                                                  `- error: cannot find 'UIColor' in scope
 88 |     static let quaternarySystemFill: Color = Color(UIColor.quaternarySystemFill)
 89 |     static let systemBackground: Color = Color(UIColor.systemBackground)
/Users/admin/builder/spi-builder-workspace/Sources/BlackLabsSwiftUIColor/BlackLabsSwiftUIColor.swift:88:52: error: cannot find 'UIColor' in scope
 86 |     static let secondarySystemFill: Color = Color(UIColor.secondarySystemFill)
 87 |     static let tertiarySystemFill: Color = Color(UIColor.tertiarySystemFill)
 88 |     static let quaternarySystemFill: Color = Color(UIColor.quaternarySystemFill)
    |                                                    `- error: cannot find 'UIColor' in scope
 89 |     static let systemBackground: Color = Color(UIColor.systemBackground)
 90 |     static let secondarySystemBackground: Color = Color(UIColor.secondarySystemBackground)
/Users/admin/builder/spi-builder-workspace/Sources/BlackLabsSwiftUIColor/BlackLabsSwiftUIColor.swift:89:48: error: cannot find 'UIColor' in scope
 87 |     static let tertiarySystemFill: Color = Color(UIColor.tertiarySystemFill)
 88 |     static let quaternarySystemFill: Color = Color(UIColor.quaternarySystemFill)
 89 |     static let systemBackground: Color = Color(UIColor.systemBackground)
    |                                                `- error: cannot find 'UIColor' in scope
 90 |     static let secondarySystemBackground: Color = Color(UIColor.secondarySystemBackground)
 91 |     static let tertiarySystemBackground: Color = Color(UIColor.tertiarySystemBackground)
/Users/admin/builder/spi-builder-workspace/Sources/BlackLabsSwiftUIColor/BlackLabsSwiftUIColor.swift:90:57: error: cannot find 'UIColor' in scope
 88 |     static let quaternarySystemFill: Color = Color(UIColor.quaternarySystemFill)
 89 |     static let systemBackground: Color = Color(UIColor.systemBackground)
 90 |     static let secondarySystemBackground: Color = Color(UIColor.secondarySystemBackground)
    |                                                         `- error: cannot find 'UIColor' in scope
 91 |     static let tertiarySystemBackground: Color = Color(UIColor.tertiarySystemBackground)
 92 |     static let systemGroupedBackground: Color = Color(UIColor.systemGroupedBackground)
/Users/admin/builder/spi-builder-workspace/Sources/BlackLabsSwiftUIColor/BlackLabsSwiftUIColor.swift:91:56: error: cannot find 'UIColor' in scope
 89 |     static let systemBackground: Color = Color(UIColor.systemBackground)
 90 |     static let secondarySystemBackground: Color = Color(UIColor.secondarySystemBackground)
 91 |     static let tertiarySystemBackground: Color = Color(UIColor.tertiarySystemBackground)
    |                                                        `- error: cannot find 'UIColor' in scope
 92 |     static let systemGroupedBackground: Color = Color(UIColor.systemGroupedBackground)
 93 |     static let secondarySystemGroupedBackground: Color = Color(UIColor.secondarySystemGroupedBackground)
/Users/admin/builder/spi-builder-workspace/Sources/BlackLabsSwiftUIColor/BlackLabsSwiftUIColor.swift:92:55: error: cannot find 'UIColor' in scope
 90 |     static let secondarySystemBackground: Color = Color(UIColor.secondarySystemBackground)
 91 |     static let tertiarySystemBackground: Color = Color(UIColor.tertiarySystemBackground)
 92 |     static let systemGroupedBackground: Color = Color(UIColor.systemGroupedBackground)
    |                                                       `- error: cannot find 'UIColor' in scope
 93 |     static let secondarySystemGroupedBackground: Color = Color(UIColor.secondarySystemGroupedBackground)
 94 |     static let tertiarySystemGroupedBackground: Color = Color(UIColor.tertiarySystemGroupedBackground)
/Users/admin/builder/spi-builder-workspace/Sources/BlackLabsSwiftUIColor/BlackLabsSwiftUIColor.swift:93:64: error: cannot find 'UIColor' in scope
 91 |     static let tertiarySystemBackground: Color = Color(UIColor.tertiarySystemBackground)
 92 |     static let systemGroupedBackground: Color = Color(UIColor.systemGroupedBackground)
 93 |     static let secondarySystemGroupedBackground: Color = Color(UIColor.secondarySystemGroupedBackground)
    |                                                                `- error: cannot find 'UIColor' in scope
 94 |     static let tertiarySystemGroupedBackground: Color = Color(UIColor.tertiarySystemGroupedBackground)
 95 | }
/Users/admin/builder/spi-builder-workspace/Sources/BlackLabsSwiftUIColor/BlackLabsSwiftUIColor.swift:94:63: error: cannot find 'UIColor' in scope
 92 |     static let systemGroupedBackground: Color = Color(UIColor.systemGroupedBackground)
 93 |     static let secondarySystemGroupedBackground: Color = Color(UIColor.secondarySystemGroupedBackground)
 94 |     static let tertiarySystemGroupedBackground: Color = Color(UIColor.tertiarySystemGroupedBackground)
    |                                                               `- error: cannot find 'UIColor' in scope
 95 | }
 96 |
/Users/admin/builder/spi-builder-workspace/Sources/BlackLabsSwiftUIColor/BlackLabsSwiftUIColor.swift:97:18: error: cannot find type 'UIColor' in scope
 95 | }
 96 |
 97 | public extension UIColor {
    |                  `- error: cannot find type 'UIColor' in scope
 98 |
 99 |     /**
/Users/admin/builder/spi-builder-workspace/Sources/BlackLabsSwiftUIColor/UserDefaults+Color.swift:20:23: error: cannot find type 'UIColor' in scope
18 |     }
19 |
20 |     func set(_ color: UIColor, forKey key: String) {
   |                       `- error: cannot find type 'UIColor' in scope
21 |         set(color.hex, forKey: key)
22 |     }
/Users/admin/builder/spi-builder-workspace/Sources/BlackLabsSwiftUIColor/UserDefaults+Color.swift:23:41: error: cannot find type 'UIColor' in scope
21 |         set(color.hex, forKey: key)
22 |     }
23 |     func uicolor(forKey key: String) -> UIColor? {
   |                                         `- error: cannot find type 'UIColor' in scope
24 |         guard let hex = object(forKey: key) as? String else { return nil }
25 |         return  UIColor(hex: hex)
/Users/admin/builder/spi-builder-workspace/Sources/BlackLabsSwiftUIColor/UserDefaults+Color.swift:27:25: error: cannot find type 'UIColor' in scope
25 |         return  UIColor(hex: hex)
26 |     }
27 |     func set(_ colors: [UIColor], forKey key: String) {
   |                         `- error: cannot find type 'UIColor' in scope
28 |         set(colors.map { $0.hex }, forKey: key)
29 |     }
/Users/admin/builder/spi-builder-workspace/Sources/BlackLabsSwiftUIColor/UserDefaults+Color.swift:30:43: error: cannot find type 'UIColor' in scope
28 |         set(colors.map { $0.hex }, forKey: key)
29 |     }
30 |     func uicolors(forKey key: String) -> [UIColor]? {
   |                                           `- error: cannot find type 'UIColor' in scope
31 |         guard let hexArray = object(forKey: key) as? [String] else { return nil }
32 |         return hexArray.compactMap { UIColor(hex: $0) }
Failed frontend command:
/Applications/Xcode-27.0.0-Release.Candidate.app/Contents/Developer/Toolchains/XcodeDefault.xctoolchain/usr/bin/swift-frontend -frontend -emit-module -experimental-skip-non-inlinable-function-bodies-without-types /Users/admin/builder/spi-builder-workspace/Sources/BlackLabsSwiftUIColor/BlackLabsSwiftUIColor.swift /Users/admin/builder/spi-builder-workspace/Sources/BlackLabsSwiftUIColor/UserDefaults+Color.swift -target arm64-apple-macos12.0 -disable-cross-import-overlay-search -load-resolved-plugin /Applications/Xcode-27.0.0-Release.Candidate.app/Contents/Developer/Platforms/MacOSX.platform/Developer/usr/lib/swift/host/plugins/libFoundationMacros.dylib\#/Applications/Xcode-27.0.0-Release.Candidate.app/Contents/Developer/Platforms/MacOSX.platform/Developer/usr/bin/swift-plugin-server\#FoundationMacros -load-resolved-plugin /Applications/Xcode-27.0.0-Release.Candidate.app/Contents/Developer/Platforms/MacOSX.platform/Developer/usr/lib/swift/host/plugins/libObservationMacros.dylib\#/Applications/Xcode-27.0.0-Release.Candidate.app/Contents/Developer/Platforms/MacOSX.platform/Developer/usr/bin/swift-plugin-server\#ObservationMacros -load-resolved-plugin /Applications/Xcode-27.0.0-Release.Candidate.app/Contents/Developer/Platforms/MacOSX.platform/Developer/usr/lib/swift/host/plugins/libPreviewsMacros.dylib\#/Applications/Xcode-27.0.0-Release.Candidate.app/Contents/Developer/Platforms/MacOSX.platform/Developer/usr/bin/swift-plugin-server\#PreviewsMacros -load-resolved-plugin /Applications/Xcode-27.0.0-Release.Candidate.app/Contents/Developer/Platforms/MacOSX.platform/Developer/usr/lib/swift/host/plugins/libSwiftMacros.dylib\#/Applications/Xcode-27.0.0-Release.Candidate.app/Contents/Developer/Platforms/MacOSX.platform/Developer/usr/bin/swift-plugin-server\#SwiftMacros -load-resolved-plugin /Applications/Xcode-27.0.0-Release.Candidate.app/Contents/Developer/Platforms/MacOSX.platform/Developer/usr/lib/swift/host/plugins/libSwiftUIMacros.dylib\#/Applications/Xcode-27.0.0-Release.Candidate.app/Contents/Developer/Platforms/MacOSX.platform/Developer/usr/bin/swift-plugin-server\#SwiftUIMacros -disable-implicit-swift-modules -Xcc -fno-implicit-modules -Xcc -fno-implicit-module-maps -explicit-swift-module-map-file /Users/admin/builder/spi-builder-workspace/.build/out/Intermediates.noindex/BlackLabsSwiftUIColor.build/Debug/BlackLabsSwiftUIColor-t.build/Objects-normal/arm64/BlackLabsSwiftUIColor-dependencies-1.json -Xllvm -aarch64-use-tbi -enable-objc-interop -stack-check -sdk /Applications/Xcode-27.0.0-Release.Candidate.app/Contents/Developer/Platforms/MacOSX.platform/Developer/SDKs/MacOSX27.0.sdk -I /Users/admin/builder/spi-builder-workspace/.build/out/Products/Debug -Isystem /Applications/Xcode-27.0.0-Release.Candidate.app/Contents/Developer/Platforms/MacOSX.platform/Developer/usr/lib -F /Users/admin/builder/spi-builder-workspace/.build/out/Products/Debug -F /Applications/Xcode-27.0.0-Release.Candidate.app/Contents/Developer/Platforms/MacOSX.platform/Developer/Library/Frameworks -module-cache-path /Users/admin/builder/spi-builder-workspace/.build/out/Intermediates.noindex/SwiftExplicitPrecompiledModules -color-diagnostics -Xcc -fcolor-diagnostics -enable-testing -g -debug-info-format\=dwarf -dwarf-version\=4 -swift-version 5 -Onone -D SWIFT_PACKAGE -D DEBUG -D SWIFT_MODULE_RESOURCE_BUNDLE_UNAVAILABLE -D Xcode -serialize-debugging-options -enable-experimental-feature DebugDescriptionMacro -empty-abi-descriptor -validate-clang-modules-once -clang-build-session-file /Users/admin/builder/spi-builder-workspace/.build/out/ModuleCache.noindex/Session.modulevalidation -Xcc -working-directory -Xcc /Users/admin/builder -enable-anonymous-context-mangled-names -file-compilation-dir /Users/admin/builder -Xcc -D_LIBCPP_HARDENING_MODE\=_LIBCPP_HARDENING_MODE_DEBUG -Xcc -ivfsstatcache -Xcc /Users/admin/builder/spi-builder-workspace/.build/out/SDKStatCaches.noindex/macosx27.0-26A425-80c5bbf1d171475443272936d42f90a36a22442a12e9d48fe1a705f55a1adfc4.sdkstatcache -Xcc -fmodules-prune-interval\=86400 -Xcc -fmodules-prune-after\=345600 -Xcc -I/Users/admin/builder/spi-builder-workspace/.build/out/Products/Debug/include -Xcc -I/Users/admin/builder/spi-builder-workspace/.build/out/Intermediates.noindex/BlackLabsSwiftUIColor.build/Debug/BlackLabsSwiftUIColor-t.build/DerivedSources-normal/arm64 -Xcc -I/Users/admin/builder/spi-builder-workspace/.build/out/Intermediates.noindex/BlackLabsSwiftUIColor.build/Debug/BlackLabsSwiftUIColor-t.build/DerivedSources/arm64 -Xcc -I/Users/admin/builder/spi-builder-workspace/.build/out/Intermediates.noindex/BlackLabsSwiftUIColor.build/Debug/BlackLabsSwiftUIColor-t.build/DerivedSources -Xcc -DSWIFT_PACKAGE -Xcc -DDEBUG\=1 -no-auto-bridging-header-chaining -module-name BlackLabsSwiftUIColor -const-gather-protocols-file /Users/admin/builder/spi-builder-workspace/.build/out/Intermediates.noindex/BlackLabsSwiftUIColor.build/Debug/BlackLabsSwiftUIColor-t.build/Objects-normal/arm64/BlackLabsSwiftUIColor_const_extract_protocols.json -disable-clang-spi -clang-target arm64-apple-macos27.0 -target-sdk-version 27.0 -target-sdk-name macosx27.0 -in-process-plugin-server-path /Applications/Xcode-27.0.0-Release.Candidate.app/Contents/Developer/Toolchains/XcodeDefault.xctoolchain/usr/lib/swift/host/libSwiftInProcPluginServer.dylib -emit-module-doc-path /Users/admin/builder/spi-builder-workspace/.build/out/Intermediates.noindex/BlackLabsSwiftUIColor.build/Debug/BlackLabsSwiftUIColor-t.build/Objects-normal/arm64/BlackLabsSwiftUIColor.swiftdoc -emit-module-source-info-path /Users/admin/builder/spi-builder-workspace/.build/out/Intermediates.noindex/BlackLabsSwiftUIColor.build/Debug/BlackLabsSwiftUIColor-t.build/Objects-normal/arm64/BlackLabsSwiftUIColor.swiftsourceinfo -emit-objc-header-path /Users/admin/builder/spi-builder-workspace/.build/out/Intermediates.noindex/BlackLabsSwiftUIColor.build/Debug/BlackLabsSwiftUIColor-t.build/Objects-normal/arm64/BlackLabsSwiftUIColor-Swift.h -serialize-diagnostics-path /Users/admin/builder/spi-builder-workspace/.build/out/Intermediates.noindex/BlackLabsSwiftUIColor.build/Debug/BlackLabsSwiftUIColor-t.build/Objects-normal/arm64/BlackLabsSwiftUIColor-primary-emit-module.dia -emit-dependencies-path /Users/admin/builder/spi-builder-workspace/.build/out/Intermediates.noindex/BlackLabsSwiftUIColor.build/Debug/BlackLabsSwiftUIColor-t.build/Objects-normal/arm64/BlackLabsSwiftUIColor-primary-emit-module.d -parse-as-library -o /Users/admin/builder/spi-builder-workspace/.build/out/Intermediates.noindex/BlackLabsSwiftUIColor.build/Debug/BlackLabsSwiftUIColor-t.build/Objects-normal/arm64/BlackLabsSwiftUIColor.swiftmodule -emit-abi-descriptor-path /Users/admin/builder/spi-builder-workspace/.build/out/Intermediates.noindex/BlackLabsSwiftUIColor.build/Debug/BlackLabsSwiftUIColor-t.build/Objects-normal/arm64/BlackLabsSwiftUIColor.abi.json
error: Build failed
BUILD FAILURE 6.4 macosSpm