Build Information
Failed to build GroupWork, reference 0.0.6 (f8ec60), with Swift 6.4 for macOS (Xcode) using Xcode 27.0 on 15 Sep 2026 23:24:24 UTC.
Build Command
env DEVELOPER_DIR=/Applications/Xcode-27.0.0-Release.Candidate.app xcrun xcodebuild -IDEClonedSourcePackagesDirPathOverride=$PWD/.dependencies -skipMacroValidation -skipPackagePluginValidation -derivedDataPath $PWD/.derivedData build -scheme GroupWork-Package -destination platform=macOS,arch=arm64Build Log
========================================
RunAll
========================================
Builder version: 5.1.0
Interrupt handler set up.
========================================
Checkout
========================================
Clone URL: https://github.com/quanvo87/GroupWork.git
Reference: 0.0.6
Initialized empty Git repository in /Users/admin/builder/spi-builder-workspace/.git/
From https://github.com/quanvo87/GroupWork
* tag 0.0.6 -> FETCH_HEAD
HEAD is now at f8ec600 fix docs link in readme
Cloned https://github.com/quanvo87/GroupWork.git
Revision (git rev-parse @):
f8ec6003d19707931469455d68fe7e6951e96176
SUCCESS checkout https://github.com/quanvo87/GroupWork.git at 0.0.6
========================================
Build
========================================
Selected platform: macosXcodebuild
Swift version: 6.4
Building package at path: $PWD
https://github.com/quanvo87/GroupWork.git
Command line invocation:
/Applications/Xcode-27.0.0-Release.Candidate.app/Contents/Developer/usr/bin/xcodebuild -IDEClonedSourcePackagesDirPathOverride=/Users/admin/builder/spi-builder-workspace/.dependencies -resolvePackageDependencies
resolved source packages:
{
"dependencies" : [
],
"manifest_display_name" : "GroupWork",
"name" : "GroupWork",
"path" : "/Users/admin/builder/spi-builder-workspace",
"platforms" : [
],
"products" : [
{
"name" : "GroupWork",
"targets" : [
"GroupWork"
],
"type" : {
"library" : [
"automatic"
]
}
}
],
"targets" : [
{
"c99name" : "GroupWorkTests",
"module_type" : "SwiftTarget",
"name" : "GroupWorkTests",
"path" : "Tests/GroupWorkTests",
"sources" : [
"GroupWorkTests.swift"
],
"target_dependencies" : [
"GroupWork"
],
"type" : "test"
},
{
"c99name" : "GroupWork",
"module_type" : "SwiftTarget",
"name" : "GroupWork",
"path" : "Sources/GroupWork",
"product_memberships" : [
"GroupWork"
],
"sources" : [
"GroupWork.swift"
],
"type" : "library"
}
],
"tools_version" : "4.0"
}
{
"project" : {
"configurations" : [
"Debug",
"Release"
],
"name" : "GroupWork",
"schemes" : [
"GroupWork",
"GroupWork-Package",
"GroupWorkPackageDescription",
"GroupWorkPackageTests"
],
"targets" : [
"GroupWorkPackageDescription",
"GroupWorkTests",
"GroupWork",
"GroupWorkPackageTests"
]
}
}
Running build ...
env DEVELOPER_DIR=/Applications/Xcode-27.0.0-Release.Candidate.app xcrun xcodebuild -IDEClonedSourcePackagesDirPathOverride=$PWD/.dependencies -skipMacroValidation -skipPackagePluginValidation -derivedDataPath $PWD/.derivedData build -scheme GroupWork-Package -destination platform=macOS,arch=arm64
Command line invocation:
/Applications/Xcode-27.0.0-Release.Candidate.app/Contents/Developer/usr/bin/xcodebuild -IDEClonedSourcePackagesDirPathOverride=/Users/admin/builder/spi-builder-workspace/.dependencies -skipMacroValidation -skipPackagePluginValidation -derivedDataPath /Users/admin/builder/spi-builder-workspace/.derivedData build -scheme GroupWork-Package -destination platform=macOS,arch=arm64
ComputePackagePrebuildTargetDependencyGraph
Prepare packages
CreateBuildRequest
SendProjectDescription
CreateBuildOperation
ComputeTargetDependencyGraph
note: Building targets in dependency order
note: Target dependency graph (1 target)
Target 'GroupWork' in project 'GroupWork' (no dependencies)
GatherProvisioningInputs
CreateBuildDescription
ExecuteExternalTool /Applications/Xcode-27.0.0-Release.Candidate.app/Contents/Developer/Toolchains/XcodeDefault.xctoolchain/usr/bin/clang -v -E -dM -isysroot /Applications/Xcode-27.0.0-Release.Candidate.app/Contents/Developer/Platforms/MacOSX.platform/Developer/SDKs/MacOSX27.0.sdk -x c -c /dev/null
ExecuteExternalTool /Applications/Xcode-27.0.0-Release.Candidate.app/Contents/Developer/Toolchains/XcodeDefault.xctoolchain/usr/bin/swiftc --version
ExecuteExternalTool /Applications/Xcode-27.0.0-Release.Candidate.app/Contents/Developer/Toolchains/XcodeDefault.xctoolchain/usr/bin/ld -version_details
Build description signature: 96b700e6cf8a70163f5c72e828850f43
Build description path: /Users/admin/builder/spi-builder-workspace/.derivedData/Build/Intermediates.noindex/XCBuildData/96b700e6cf8a70163f5c72e828850f43.xcbuilddata
/Users/admin/builder/spi-builder-workspace/GroupWork.xcodeproj: error: The macOS deployment target 'MACOSX_DEPLOYMENT_TARGET' is set to 10.10, but the range of supported deployment target versions is 12.0 to 27.0.x. (in target 'GroupWork' from project 'GroupWork')
** BUILD FAILED **
The following build commands failed:
Building project GroupWork with scheme GroupWork-Package
(1 failure)
Command line invocation:
/Applications/Xcode-27.0.0-Release.Candidate.app/Contents/Developer/usr/bin/xcodebuild -IDEClonedSourcePackagesDirPathOverride=/Users/admin/builder/spi-builder-workspace/.dependencies -resolvePackageDependencies
resolved source packages:
{
"dependencies" : [
],
"manifest_display_name" : "GroupWork",
"name" : "GroupWork",
"path" : "/Users/admin/builder/spi-builder-workspace",
"platforms" : [
],
"products" : [
{
"name" : "GroupWork",
"targets" : [
"GroupWork"
],
"type" : {
"library" : [
"automatic"
]
}
}
],
"targets" : [
{
"c99name" : "GroupWorkTests",
"module_type" : "SwiftTarget",
"name" : "GroupWorkTests",
"path" : "Tests/GroupWorkTests",
"sources" : [
"GroupWorkTests.swift"
],
"target_dependencies" : [
"GroupWork"
],
"type" : "test"
},
{
"c99name" : "GroupWork",
"module_type" : "SwiftTarget",
"name" : "GroupWork",
"path" : "Sources/GroupWork",
"product_memberships" : [
"GroupWork"
],
"sources" : [
"GroupWork.swift"
],
"type" : "library"
}
],
"tools_version" : "4.0"
}
{
"project" : {
"configurations" : [
"Debug",
"Release"
],
"name" : "GroupWork",
"schemes" : [
"GroupWork",
"GroupWork-Package",
"GroupWorkPackageDescription",
"GroupWorkPackageTests"
],
"targets" : [
"GroupWorkPackageDescription",
"GroupWorkTests",
"GroupWork",
"GroupWorkPackageTests"
]
}
}
Running build ...
env DEVELOPER_DIR=/Applications/Xcode-27.0.0-Release.Candidate.app xcrun xcodebuild -IDEClonedSourcePackagesDirPathOverride=$PWD/.dependencies -skipMacroValidation -skipPackagePluginValidation -derivedDataPath $PWD/.derivedData build -scheme GroupWork-Package -destination platform=macOS,arch=arm64
Command line invocation:
/Applications/Xcode-27.0.0-Release.Candidate.app/Contents/Developer/usr/bin/xcodebuild -IDEClonedSourcePackagesDirPathOverride=/Users/admin/builder/spi-builder-workspace/.dependencies -skipMacroValidation -skipPackagePluginValidation -derivedDataPath /Users/admin/builder/spi-builder-workspace/.derivedData build -scheme GroupWork-Package -destination platform=macOS,arch=arm64
ComputePackagePrebuildTargetDependencyGraph
Prepare packages
CreateBuildRequest
SendProjectDescription
CreateBuildOperation
ComputeTargetDependencyGraph
note: Building targets in dependency order
note: Target dependency graph (1 target)
Target 'GroupWork' in project 'GroupWork' (no dependencies)
GatherProvisioningInputs
CreateBuildDescription
/Users/admin/builder/spi-builder-workspace/GroupWork.xcodeproj: error: The macOS deployment target 'MACOSX_DEPLOYMENT_TARGET' is set to 10.10, but the range of supported deployment target versions is 12.0 to 27.0.x. (in target 'GroupWork' from project 'GroupWork')
** BUILD FAILED **
The following build commands failed:
Building project GroupWork with scheme GroupWork-Package
(1 failure)
BUILD FAILURE 6.4 macosXcodebuild