The Swift Package Index logo.Swift Package Index

Build Information

Failed to build swift-utils, reference main (620de2), with Swift 6.4 for watchOS using Xcode 27.0 on 21 Sep 2026 21:29:16 UTC.

Build Command

env DEVELOPER_DIR=/Applications/Xcode-27.0.0-Release.Candidate.app xcrun xcodebuild -IDEClonedSourcePackagesDirPathOverride=$PWD/.dependencies -skipMacroValidation -skipPackagePluginValidation -derivedDataPath $PWD/.derivedData build -scheme swift-utils -destination generic/platform=watchOS

Build Log

SwiftDriverJobDiscovery normal arm64 Compiling Pattern.swift, Profiler.swift, QueryParser.swift, QueryParserCache.swift, SourceRange.swift, StreamReader.swift (in target 'SwiftSoup' from project 'SwiftSoup')
SwiftCompile normal arm64_32 Compiling\ Attribute.swift,\ Attributes.swift,\ BinarySearch.swift,\ BooleanAttribute.swift,\ ByteSlice.swift,\ CharacterExt.swift /Users/admin/builder/spi-builder-workspace/.dependencies/checkouts/SwiftSoup/Sources/Attribute.swift /Users/admin/builder/spi-builder-workspace/.dependencies/checkouts/SwiftSoup/Sources/Attributes.swift /Users/admin/builder/spi-builder-workspace/.dependencies/checkouts/SwiftSoup/Sources/BinarySearch.swift /Users/admin/builder/spi-builder-workspace/.dependencies/checkouts/SwiftSoup/Sources/BooleanAttribute.swift /Users/admin/builder/spi-builder-workspace/.dependencies/checkouts/SwiftSoup/Sources/ByteSlice.swift /Users/admin/builder/spi-builder-workspace/.dependencies/checkouts/SwiftSoup/Sources/CharacterExt.swift (in target 'SwiftSoup' from project 'SwiftSoup')
SwiftCompile normal arm64_32 /Users/admin/builder/spi-builder-workspace/.dependencies/checkouts/SwiftSoup/Sources/Attribute.swift (in target 'SwiftSoup' from project 'SwiftSoup')
    cd /Users/admin/builder/spi-builder-workspace/.swiftpm/xcode
    builtin-SwiftPerFileCompile Attribute.swift
SwiftCompile normal arm64_32 /Users/admin/builder/spi-builder-workspace/.dependencies/checkouts/SwiftSoup/Sources/Attributes.swift (in target 'SwiftSoup' from project 'SwiftSoup')
    cd /Users/admin/builder/spi-builder-workspace/.swiftpm/xcode
    builtin-SwiftPerFileCompile Attributes.swift
SwiftCompile normal arm64_32 /Users/admin/builder/spi-builder-workspace/.dependencies/checkouts/SwiftSoup/Sources/BinarySearch.swift (in target 'SwiftSoup' from project 'SwiftSoup')
    cd /Users/admin/builder/spi-builder-workspace/.swiftpm/xcode
    builtin-SwiftPerFileCompile BinarySearch.swift
SwiftCompile normal arm64_32 /Users/admin/builder/spi-builder-workspace/.dependencies/checkouts/SwiftSoup/Sources/BooleanAttribute.swift (in target 'SwiftSoup' from project 'SwiftSoup')
    cd /Users/admin/builder/spi-builder-workspace/.swiftpm/xcode
    builtin-SwiftPerFileCompile BooleanAttribute.swift
SwiftCompile normal arm64_32 /Users/admin/builder/spi-builder-workspace/.dependencies/checkouts/SwiftSoup/Sources/ByteSlice.swift (in target 'SwiftSoup' from project 'SwiftSoup')
    cd /Users/admin/builder/spi-builder-workspace/.swiftpm/xcode
    builtin-SwiftPerFileCompile ByteSlice.swift
SwiftCompile normal arm64_32 /Users/admin/builder/spi-builder-workspace/.dependencies/checkouts/SwiftSoup/Sources/CharacterExt.swift (in target 'SwiftSoup' from project 'SwiftSoup')
    cd /Users/admin/builder/spi-builder-workspace/.swiftpm/xcode
    builtin-SwiftPerFileCompile CharacterExt.swift
Copy /Users/admin/builder/spi-builder-workspace/.derivedData/Build/Products/Debug-watchos/SwiftSoup.swiftmodule/arm64_32-apple-watchos.swiftmodule /Users/admin/builder/spi-builder-workspace/.derivedData/Build/Intermediates.noindex/SwiftSoup.build/Debug-watchos/SwiftSoup-t.build/Objects-normal/arm64_32/SwiftSoup.swiftmodule (in target 'SwiftSoup' from project 'SwiftSoup')
    cd /Users/admin/builder/spi-builder-workspace/.dependencies/checkouts/SwiftSoup
    builtin-copy -exclude .DS_Store -exclude CVS -exclude .svn -exclude .git -exclude .hg -resolve-src-symlinks -rename /Users/admin/builder/spi-builder-workspace/.derivedData/Build/Intermediates.noindex/SwiftSoup.build/Debug-watchos/SwiftSoup-t.build/Objects-normal/arm64_32/SwiftSoup.swiftmodule /Users/admin/builder/spi-builder-workspace/.derivedData/Build/Products/Debug-watchos/SwiftSoup.swiftmodule/arm64_32-apple-watchos.swiftmodule
SwiftDriverJobDiscovery normal arm64 Emitting module for SwiftSoup (in target 'SwiftSoup' from project 'SwiftSoup')
SwiftDriver\ Compilation\ Requirements SwiftSoup normal arm64 com.apple.xcode.tools.swift.compiler (in target 'SwiftSoup' from project 'SwiftSoup')
    cd /Users/admin/builder/spi-builder-workspace/.swiftpm/xcode
    builtin-Swift-Compilation-Requirements -- /Applications/Xcode-27.0.0-Release.Candidate.app/Contents/Developer/Toolchains/XcodeDefault.xctoolchain/usr/bin/swiftc -parse-as-library -module-name SwiftSoup -Onone @/Users/admin/builder/spi-builder-workspace/.derivedData/Build/Intermediates.noindex/SwiftSoup.build/Debug-watchos/SwiftSoup-t.build/Objects-normal/arm64/SwiftSoup.SwiftFileList -DSWIFT_PACKAGE -DDEBUG -DSWIFT_MODULE_RESOURCE_BUNDLE_UNAVAILABLE -DXcode -plugin-path /Applications/Xcode-27.0.0-Release.Candidate.app/Contents/Developer/Toolchains/XcodeDefault.xctoolchain/usr/lib/swift/host/plugins/testing -enable-experimental-feature DebugDescriptionMacro -sdk /Applications/Xcode-27.0.0-Release.Candidate.app/Contents/Developer/Platforms/WatchOS.platform/Developer/SDKs/WatchOS27.0.sdk -target arm64-apple-watchos9.0 -g -module-cache-path /Users/admin/builder/spi-builder-workspace/.derivedData/ModuleCache.noindex -Xfrontend -serialize-debugging-options -profile-coverage-mapping -profile-generate -enable-testing -suppress-warnings -index-store-path /Users/admin/builder/spi-builder-workspace/.derivedData/Index.noindex/DataStore -Xcc -D_LIBCPP_HARDENING_MODE\=_LIBCPP_HARDENING_MODE_DEBUG -swift-version 6 -I /Users/admin/builder/spi-builder-workspace/.derivedData/Build/Products/Debug-watchos -Isystem /Applications/Xcode-27.0.0-Release.Candidate.app/Contents/Developer/Platforms/WatchOS.platform/Developer/usr/lib -F /Users/admin/builder/spi-builder-workspace/.derivedData/Build/Products/Debug-watchos -F /Applications/Xcode-27.0.0-Release.Candidate.app/Contents/Developer/Platforms/WatchOS.platform/Developer/Library/Frameworks -F /Applications/Xcode-27.0.0-Release.Candidate.app/Contents/Developer/Platforms/WatchOS.platform/Developer/SDKs/WatchOS27.0.sdk/Developer/Library/Frameworks -c -j10 -enable-batch-mode -incremental -Xcc -ivfsstatcache -Xcc /Users/admin/builder/spi-builder-workspace/.derivedData/SDKStatCaches.noindex/watchos27.0-24R360-e829b21a6f8c9b70876ba0858053c04477534ef55a1706bf4c1112bbb242f0a2.sdkstatcache -output-file-map /Users/admin/builder/spi-builder-workspace/.derivedData/Build/Intermediates.noindex/SwiftSoup.build/Debug-watchos/SwiftSoup-t.build/Objects-normal/arm64/SwiftSoup-OutputFileMap.json -save-temps -no-color-diagnostics -explicit-module-build -module-cache-path /Users/admin/builder/spi-builder-workspace/.derivedData/Build/Intermediates.noindex/SwiftExplicitPrecompiledModules -clang-scanner-module-cache-path /Users/admin/builder/spi-builder-workspace/.derivedData/ModuleCache.noindex -sdk-module-cache-path /Users/admin/builder/spi-builder-workspace/.derivedData/SDKExplicitPrecompiledModules -emit-dependencies -emit-module -emit-module-path /Users/admin/builder/spi-builder-workspace/.derivedData/Build/Intermediates.noindex/SwiftSoup.build/Debug-watchos/SwiftSoup-t.build/Objects-normal/arm64/SwiftSoup.swiftmodule -serialize-diagnostics -dependency-scan-serialize-diagnostics-path /Users/admin/builder/spi-builder-workspace/.derivedData/Build/Intermediates.noindex/SwiftSoup.build/Debug-watchos/SwiftSoup-t.build/Objects-normal/arm64/SwiftSoup-dependency-scan.dia -user-module-version 2.13.9 -validate-clang-modules-once -clang-build-session-file /Users/admin/builder/spi-builder-workspace/.derivedData/ModuleCache.noindex/Session.modulevalidation -Xcc -fmodules-prune-interval\=86400 -Xcc -fmodules-prune-after\=345600 -package-name swiftsoup -emit-const-values -const-gather-protocols-list /Users/admin/builder/spi-builder-workspace/.derivedData/Build/Intermediates.noindex/SwiftSoup.build/Debug-watchos/SwiftSoup-t.build/Objects-normal/arm64/SwiftSoup_const_extract_protocols.json -Xcc -I/Users/admin/builder/spi-builder-workspace/.derivedData/Build/Products/Debug-watchos/include -Xcc -I/Users/admin/builder/spi-builder-workspace/.derivedData/Build/Intermediates.noindex/SwiftSoup.build/Debug-watchos/SwiftSoup-t.build/DerivedSources-normal/arm64 -Xcc -I/Users/admin/builder/spi-builder-workspace/.derivedData/Build/Intermediates.noindex/SwiftSoup.build/Debug-watchos/SwiftSoup-t.build/DerivedSources/arm64 -Xcc -I/Users/admin/builder/spi-builder-workspace/.derivedData/Build/Intermediates.noindex/SwiftSoup.build/Debug-watchos/SwiftSoup-t.build/DerivedSources -Xcc -DSWIFT_PACKAGE -Xcc -DDEBUG\=1 -emit-objc-header -emit-objc-header-path /Users/admin/builder/spi-builder-workspace/.derivedData/Build/Intermediates.noindex/SwiftSoup.build/Debug-watchos/SwiftSoup-t.build/Objects-normal/arm64/SwiftSoup-Swift.h -working-directory /Users/admin/builder/spi-builder-workspace/.swiftpm/xcode -experimental-emit-module-separately -disable-cmo
Copy /Users/admin/builder/spi-builder-workspace/.derivedData/Build/Products/Debug-watchos/SwiftSoup.swiftmodule/arm64_32-apple-watchos.swiftdoc /Users/admin/builder/spi-builder-workspace/.derivedData/Build/Intermediates.noindex/SwiftSoup.build/Debug-watchos/SwiftSoup-t.build/Objects-normal/arm64_32/SwiftSoup.swiftdoc (in target 'SwiftSoup' from project 'SwiftSoup')
    cd /Users/admin/builder/spi-builder-workspace/.dependencies/checkouts/SwiftSoup
    builtin-copy -exclude .DS_Store -exclude CVS -exclude .svn -exclude .git -exclude .hg -resolve-src-symlinks -rename /Users/admin/builder/spi-builder-workspace/.derivedData/Build/Intermediates.noindex/SwiftSoup.build/Debug-watchos/SwiftSoup-t.build/Objects-normal/arm64_32/SwiftSoup.swiftdoc /Users/admin/builder/spi-builder-workspace/.derivedData/Build/Products/Debug-watchos/SwiftSoup.swiftmodule/arm64_32-apple-watchos.swiftdoc
SwiftMergeGeneratedHeaders /Users/admin/builder/spi-builder-workspace/.derivedData/Build/Intermediates.noindex/GeneratedModuleMaps-watchos/SwiftSoup-Swift.h /Users/admin/builder/spi-builder-workspace/.derivedData/Build/Intermediates.noindex/SwiftSoup.build/Debug-watchos/SwiftSoup-t.build/Objects-normal/arm64/SwiftSoup-Swift.h /Users/admin/builder/spi-builder-workspace/.derivedData/Build/Intermediates.noindex/SwiftSoup.build/Debug-watchos/SwiftSoup-t.build/Objects-normal/arm64_32/SwiftSoup-Swift.h (in target 'SwiftSoup' from project 'SwiftSoup')
    cd /Users/admin/builder/spi-builder-workspace/.dependencies/checkouts/SwiftSoup
    builtin-swiftHeaderTool -arch arm64 /Users/admin/builder/spi-builder-workspace/.derivedData/Build/Intermediates.noindex/SwiftSoup.build/Debug-watchos/SwiftSoup-t.build/Objects-normal/arm64/SwiftSoup-Swift.h -arch arm64_32 /Users/admin/builder/spi-builder-workspace/.derivedData/Build/Intermediates.noindex/SwiftSoup.build/Debug-watchos/SwiftSoup-t.build/Objects-normal/arm64_32/SwiftSoup-Swift.h -o /Users/admin/builder/spi-builder-workspace/.derivedData/Build/Intermediates.noindex/GeneratedModuleMaps-watchos/SwiftSoup-Swift.h
Copy /Users/admin/builder/spi-builder-workspace/.derivedData/Build/Products/Debug-watchos/SwiftSoup.swiftmodule/arm64_32-apple-watchos.abi.json /Users/admin/builder/spi-builder-workspace/.derivedData/Build/Intermediates.noindex/SwiftSoup.build/Debug-watchos/SwiftSoup-t.build/Objects-normal/arm64_32/SwiftSoup.abi.json (in target 'SwiftSoup' from project 'SwiftSoup')
    cd /Users/admin/builder/spi-builder-workspace/.dependencies/checkouts/SwiftSoup
    builtin-copy -exclude .DS_Store -exclude CVS -exclude .svn -exclude .git -exclude .hg -resolve-src-symlinks -rename /Users/admin/builder/spi-builder-workspace/.derivedData/Build/Intermediates.noindex/SwiftSoup.build/Debug-watchos/SwiftSoup-t.build/Objects-normal/arm64_32/SwiftSoup.abi.json /Users/admin/builder/spi-builder-workspace/.derivedData/Build/Products/Debug-watchos/SwiftSoup.swiftmodule/arm64_32-apple-watchos.abi.json
Copy /Users/admin/builder/spi-builder-workspace/.derivedData/Build/Products/Debug-watchos/SwiftSoup.swiftmodule/arm64-apple-watchos.swiftmodule /Users/admin/builder/spi-builder-workspace/.derivedData/Build/Intermediates.noindex/SwiftSoup.build/Debug-watchos/SwiftSoup-t.build/Objects-normal/arm64/SwiftSoup.swiftmodule (in target 'SwiftSoup' from project 'SwiftSoup')
    cd /Users/admin/builder/spi-builder-workspace/.dependencies/checkouts/SwiftSoup
    builtin-copy -exclude .DS_Store -exclude CVS -exclude .svn -exclude .git -exclude .hg -resolve-src-symlinks -rename /Users/admin/builder/spi-builder-workspace/.derivedData/Build/Intermediates.noindex/SwiftSoup.build/Debug-watchos/SwiftSoup-t.build/Objects-normal/arm64/SwiftSoup.swiftmodule /Users/admin/builder/spi-builder-workspace/.derivedData/Build/Products/Debug-watchos/SwiftSoup.swiftmodule/arm64-apple-watchos.swiftmodule
Copy /Users/admin/builder/spi-builder-workspace/.derivedData/Build/Products/Debug-watchos/SwiftSoup.swiftmodule/arm64-apple-watchos.swiftdoc /Users/admin/builder/spi-builder-workspace/.derivedData/Build/Intermediates.noindex/SwiftSoup.build/Debug-watchos/SwiftSoup-t.build/Objects-normal/arm64/SwiftSoup.swiftdoc (in target 'SwiftSoup' from project 'SwiftSoup')
    cd /Users/admin/builder/spi-builder-workspace/.dependencies/checkouts/SwiftSoup
    builtin-copy -exclude .DS_Store -exclude CVS -exclude .svn -exclude .git -exclude .hg -resolve-src-symlinks -rename /Users/admin/builder/spi-builder-workspace/.derivedData/Build/Intermediates.noindex/SwiftSoup.build/Debug-watchos/SwiftSoup-t.build/Objects-normal/arm64/SwiftSoup.swiftdoc /Users/admin/builder/spi-builder-workspace/.derivedData/Build/Products/Debug-watchos/SwiftSoup.swiftmodule/arm64-apple-watchos.swiftdoc
Copy /Users/admin/builder/spi-builder-workspace/.derivedData/Build/Products/Debug-watchos/SwiftSoup.swiftmodule/arm64-apple-watchos.abi.json /Users/admin/builder/spi-builder-workspace/.derivedData/Build/Intermediates.noindex/SwiftSoup.build/Debug-watchos/SwiftSoup-t.build/Objects-normal/arm64/SwiftSoup.abi.json (in target 'SwiftSoup' from project 'SwiftSoup')
    cd /Users/admin/builder/spi-builder-workspace/.dependencies/checkouts/SwiftSoup
    builtin-copy -exclude .DS_Store -exclude CVS -exclude .svn -exclude .git -exclude .hg -resolve-src-symlinks -rename /Users/admin/builder/spi-builder-workspace/.derivedData/Build/Intermediates.noindex/SwiftSoup.build/Debug-watchos/SwiftSoup-t.build/Objects-normal/arm64/SwiftSoup.abi.json /Users/admin/builder/spi-builder-workspace/.derivedData/Build/Products/Debug-watchos/SwiftSoup.swiftmodule/arm64-apple-watchos.abi.json
Copy /Users/admin/builder/spi-builder-workspace/.derivedData/Build/Products/Debug-watchos/SwiftSoup.swiftmodule/Project/arm64_32-apple-watchos.swiftsourceinfo /Users/admin/builder/spi-builder-workspace/.derivedData/Build/Intermediates.noindex/SwiftSoup.build/Debug-watchos/SwiftSoup-t.build/Objects-normal/arm64_32/SwiftSoup.swiftsourceinfo (in target 'SwiftSoup' from project 'SwiftSoup')
    cd /Users/admin/builder/spi-builder-workspace/.dependencies/checkouts/SwiftSoup
    builtin-copy -exclude .DS_Store -exclude CVS -exclude .svn -exclude .git -exclude .hg -resolve-src-symlinks -rename /Users/admin/builder/spi-builder-workspace/.derivedData/Build/Intermediates.noindex/SwiftSoup.build/Debug-watchos/SwiftSoup-t.build/Objects-normal/arm64_32/SwiftSoup.swiftsourceinfo /Users/admin/builder/spi-builder-workspace/.derivedData/Build/Products/Debug-watchos/SwiftSoup.swiftmodule/Project/arm64_32-apple-watchos.swiftsourceinfo
Copy /Users/admin/builder/spi-builder-workspace/.derivedData/Build/Products/Debug-watchos/SwiftSoup.swiftmodule/Project/arm64-apple-watchos.swiftsourceinfo /Users/admin/builder/spi-builder-workspace/.derivedData/Build/Intermediates.noindex/SwiftSoup.build/Debug-watchos/SwiftSoup-t.build/Objects-normal/arm64/SwiftSoup.swiftsourceinfo (in target 'SwiftSoup' from project 'SwiftSoup')
    cd /Users/admin/builder/spi-builder-workspace/.dependencies/checkouts/SwiftSoup
    builtin-copy -exclude .DS_Store -exclude CVS -exclude .svn -exclude .git -exclude .hg -resolve-src-symlinks -rename /Users/admin/builder/spi-builder-workspace/.derivedData/Build/Intermediates.noindex/SwiftSoup.build/Debug-watchos/SwiftSoup-t.build/Objects-normal/arm64/SwiftSoup.swiftsourceinfo /Users/admin/builder/spi-builder-workspace/.derivedData/Build/Products/Debug-watchos/SwiftSoup.swiftmodule/Project/arm64-apple-watchos.swiftsourceinfo
SwiftCompile normal arm64 Compiling\ TextNode.swift,\ Token.swift,\ TokenQueue.swift,\ Tokeniser.swift,\ TokeniserState.swift,\ TreeBuilder.swift /Users/admin/builder/spi-builder-workspace/.dependencies/checkouts/SwiftSoup/Sources/TextNode.swift /Users/admin/builder/spi-builder-workspace/.dependencies/checkouts/SwiftSoup/Sources/Token.swift /Users/admin/builder/spi-builder-workspace/.dependencies/checkouts/SwiftSoup/Sources/TokenQueue.swift /Users/admin/builder/spi-builder-workspace/.dependencies/checkouts/SwiftSoup/Sources/Tokeniser.swift /Users/admin/builder/spi-builder-workspace/.dependencies/checkouts/SwiftSoup/Sources/TokeniserState.swift /Users/admin/builder/spi-builder-workspace/.dependencies/checkouts/SwiftSoup/Sources/TreeBuilder.swift (in target 'SwiftSoup' from project 'SwiftSoup')
SwiftCompile normal arm64 /Users/admin/builder/spi-builder-workspace/.dependencies/checkouts/SwiftSoup/Sources/TextNode.swift (in target 'SwiftSoup' from project 'SwiftSoup')
    cd /Users/admin/builder/spi-builder-workspace/.swiftpm/xcode
    builtin-SwiftPerFileCompile TextNode.swift
SwiftCompile normal arm64 /Users/admin/builder/spi-builder-workspace/.dependencies/checkouts/SwiftSoup/Sources/Token.swift (in target 'SwiftSoup' from project 'SwiftSoup')
    cd /Users/admin/builder/spi-builder-workspace/.swiftpm/xcode
    builtin-SwiftPerFileCompile Token.swift
SwiftCompile normal arm64 /Users/admin/builder/spi-builder-workspace/.dependencies/checkouts/SwiftSoup/Sources/TokenQueue.swift (in target 'SwiftSoup' from project 'SwiftSoup')
    cd /Users/admin/builder/spi-builder-workspace/.swiftpm/xcode
    builtin-SwiftPerFileCompile TokenQueue.swift
SwiftCompile normal arm64 /Users/admin/builder/spi-builder-workspace/.dependencies/checkouts/SwiftSoup/Sources/Tokeniser.swift (in target 'SwiftSoup' from project 'SwiftSoup')
    cd /Users/admin/builder/spi-builder-workspace/.swiftpm/xcode
    builtin-SwiftPerFileCompile Tokeniser.swift
SwiftCompile normal arm64 /Users/admin/builder/spi-builder-workspace/.dependencies/checkouts/SwiftSoup/Sources/TokeniserState.swift (in target 'SwiftSoup' from project 'SwiftSoup')
    cd /Users/admin/builder/spi-builder-workspace/.swiftpm/xcode
    builtin-SwiftPerFileCompile TokeniserState.swift
SwiftCompile normal arm64 /Users/admin/builder/spi-builder-workspace/.dependencies/checkouts/SwiftSoup/Sources/TreeBuilder.swift (in target 'SwiftSoup' from project 'SwiftSoup')
    cd /Users/admin/builder/spi-builder-workspace/.swiftpm/xcode
    builtin-SwiftPerFileCompile TreeBuilder.swift
SwiftDriverJobDiscovery normal arm64 Compiling OrderedSet.swift, ParseError.swift, ParseErrorList.swift, ParseSettings.swift, Parser.swift, ParsingStrings.swift (in target 'SwiftSoup' from project 'SwiftSoup')
SwiftCompile normal arm64 Compiling\ Elements.swift,\ Entities.swift,\ Evaluator.swift,\ Exception.swift,\ FormElement.swift,\ HtmlTreeBuilder.swift /Users/admin/builder/spi-builder-workspace/.dependencies/checkouts/SwiftSoup/Sources/Elements.swift /Users/admin/builder/spi-builder-workspace/.dependencies/checkouts/SwiftSoup/Sources/Entities.swift /Users/admin/builder/spi-builder-workspace/.dependencies/checkouts/SwiftSoup/Sources/Evaluator.swift /Users/admin/builder/spi-builder-workspace/.dependencies/checkouts/SwiftSoup/Sources/Exception.swift /Users/admin/builder/spi-builder-workspace/.dependencies/checkouts/SwiftSoup/Sources/FormElement.swift /Users/admin/builder/spi-builder-workspace/.dependencies/checkouts/SwiftSoup/Sources/HtmlTreeBuilder.swift (in target 'SwiftSoup' from project 'SwiftSoup')
SwiftCompile normal arm64 /Users/admin/builder/spi-builder-workspace/.dependencies/checkouts/SwiftSoup/Sources/Elements.swift (in target 'SwiftSoup' from project 'SwiftSoup')
    cd /Users/admin/builder/spi-builder-workspace/.swiftpm/xcode
    builtin-SwiftPerFileCompile Elements.swift
SwiftCompile normal arm64 /Users/admin/builder/spi-builder-workspace/.dependencies/checkouts/SwiftSoup/Sources/Entities.swift (in target 'SwiftSoup' from project 'SwiftSoup')
    cd /Users/admin/builder/spi-builder-workspace/.swiftpm/xcode
    builtin-SwiftPerFileCompile Entities.swift
SwiftCompile normal arm64 /Users/admin/builder/spi-builder-workspace/.dependencies/checkouts/SwiftSoup/Sources/Evaluator.swift (in target 'SwiftSoup' from project 'SwiftSoup')
    cd /Users/admin/builder/spi-builder-workspace/.swiftpm/xcode
    builtin-SwiftPerFileCompile Evaluator.swift
SwiftCompile normal arm64 /Users/admin/builder/spi-builder-workspace/.dependencies/checkouts/SwiftSoup/Sources/Exception.swift (in target 'SwiftSoup' from project 'SwiftSoup')
    cd /Users/admin/builder/spi-builder-workspace/.swiftpm/xcode
    builtin-SwiftPerFileCompile Exception.swift
SwiftCompile normal arm64 /Users/admin/builder/spi-builder-workspace/.dependencies/checkouts/SwiftSoup/Sources/FormElement.swift (in target 'SwiftSoup' from project 'SwiftSoup')
    cd /Users/admin/builder/spi-builder-workspace/.swiftpm/xcode
    builtin-SwiftPerFileCompile FormElement.swift
SwiftCompile normal arm64 /Users/admin/builder/spi-builder-workspace/.dependencies/checkouts/SwiftSoup/Sources/HtmlTreeBuilder.swift (in target 'SwiftSoup' from project 'SwiftSoup')
    cd /Users/admin/builder/spi-builder-workspace/.swiftpm/xcode
    builtin-SwiftPerFileCompile HtmlTreeBuilder.swift
SwiftDriverJobDiscovery normal arm64 Compiling Attribute.swift, Attributes.swift, BinarySearch.swift, BooleanAttribute.swift, ByteSlice.swift, CharacterExt.swift (in target 'SwiftSoup' from project 'SwiftSoup')
SwiftCompile normal arm64_32 Compiling\ UTF8Arrays.swift,\ UnicodeScalar.swift,\ Validate.swift,\ Whitelist.swift,\ XmlDeclaration.swift,\ XmlTreeBuilder.swift /Users/admin/builder/spi-builder-workspace/.dependencies/checkouts/SwiftSoup/Sources/UTF8Arrays.swift /Users/admin/builder/spi-builder-workspace/.dependencies/checkouts/SwiftSoup/Sources/UnicodeScalar.swift /Users/admin/builder/spi-builder-workspace/.dependencies/checkouts/SwiftSoup/Sources/Validate.swift /Users/admin/builder/spi-builder-workspace/.dependencies/checkouts/SwiftSoup/Sources/Whitelist.swift /Users/admin/builder/spi-builder-workspace/.dependencies/checkouts/SwiftSoup/Sources/XmlDeclaration.swift /Users/admin/builder/spi-builder-workspace/.dependencies/checkouts/SwiftSoup/Sources/XmlTreeBuilder.swift (in target 'SwiftSoup' from project 'SwiftSoup')
SwiftCompile normal arm64_32 /Users/admin/builder/spi-builder-workspace/.dependencies/checkouts/SwiftSoup/Sources/UTF8Arrays.swift (in target 'SwiftSoup' from project 'SwiftSoup')
    cd /Users/admin/builder/spi-builder-workspace/.swiftpm/xcode
    builtin-SwiftPerFileCompile UTF8Arrays.swift
SwiftCompile normal arm64_32 /Users/admin/builder/spi-builder-workspace/.dependencies/checkouts/SwiftSoup/Sources/UnicodeScalar.swift (in target 'SwiftSoup' from project 'SwiftSoup')
    cd /Users/admin/builder/spi-builder-workspace/.swiftpm/xcode
    builtin-SwiftPerFileCompile UnicodeScalar.swift
SwiftCompile normal arm64_32 /Users/admin/builder/spi-builder-workspace/.dependencies/checkouts/SwiftSoup/Sources/Validate.swift (in target 'SwiftSoup' from project 'SwiftSoup')
    cd /Users/admin/builder/spi-builder-workspace/.swiftpm/xcode
    builtin-SwiftPerFileCompile Validate.swift
SwiftCompile normal arm64_32 /Users/admin/builder/spi-builder-workspace/.dependencies/checkouts/SwiftSoup/Sources/Whitelist.swift (in target 'SwiftSoup' from project 'SwiftSoup')
    cd /Users/admin/builder/spi-builder-workspace/.swiftpm/xcode
    builtin-SwiftPerFileCompile Whitelist.swift
SwiftCompile normal arm64_32 /Users/admin/builder/spi-builder-workspace/.dependencies/checkouts/SwiftSoup/Sources/XmlDeclaration.swift (in target 'SwiftSoup' from project 'SwiftSoup')
    cd /Users/admin/builder/spi-builder-workspace/.swiftpm/xcode
    builtin-SwiftPerFileCompile XmlDeclaration.swift
SwiftCompile normal arm64_32 /Users/admin/builder/spi-builder-workspace/.dependencies/checkouts/SwiftSoup/Sources/XmlTreeBuilder.swift (in target 'SwiftSoup' from project 'SwiftSoup')
    cd /Users/admin/builder/spi-builder-workspace/.swiftpm/xcode
    builtin-SwiftPerFileCompile XmlTreeBuilder.swift
SwiftDriverJobDiscovery normal arm64_32 Compiling OrderedSet.swift, ParseError.swift, ParseErrorList.swift, ParseSettings.swift, Parser.swift, ParsingStrings.swift (in target 'SwiftSoup' from project 'SwiftSoup')
SwiftCompile normal arm64 Compiling\ UTF8Arrays.swift,\ UnicodeScalar.swift,\ Validate.swift,\ Whitelist.swift,\ XmlDeclaration.swift,\ XmlTreeBuilder.swift /Users/admin/builder/spi-builder-workspace/.dependencies/checkouts/SwiftSoup/Sources/UTF8Arrays.swift /Users/admin/builder/spi-builder-workspace/.dependencies/checkouts/SwiftSoup/Sources/UnicodeScalar.swift /Users/admin/builder/spi-builder-workspace/.dependencies/checkouts/SwiftSoup/Sources/Validate.swift /Users/admin/builder/spi-builder-workspace/.dependencies/checkouts/SwiftSoup/Sources/Whitelist.swift /Users/admin/builder/spi-builder-workspace/.dependencies/checkouts/SwiftSoup/Sources/XmlDeclaration.swift /Users/admin/builder/spi-builder-workspace/.dependencies/checkouts/SwiftSoup/Sources/XmlTreeBuilder.swift (in target 'SwiftSoup' from project 'SwiftSoup')
SwiftCompile normal arm64 /Users/admin/builder/spi-builder-workspace/.dependencies/checkouts/SwiftSoup/Sources/UTF8Arrays.swift (in target 'SwiftSoup' from project 'SwiftSoup')
    cd /Users/admin/builder/spi-builder-workspace/.swiftpm/xcode
    builtin-SwiftPerFileCompile UTF8Arrays.swift
SwiftCompile normal arm64 /Users/admin/builder/spi-builder-workspace/.dependencies/checkouts/SwiftSoup/Sources/UnicodeScalar.swift (in target 'SwiftSoup' from project 'SwiftSoup')
    cd /Users/admin/builder/spi-builder-workspace/.swiftpm/xcode
    builtin-SwiftPerFileCompile UnicodeScalar.swift
SwiftCompile normal arm64 /Users/admin/builder/spi-builder-workspace/.dependencies/checkouts/SwiftSoup/Sources/Validate.swift (in target 'SwiftSoup' from project 'SwiftSoup')
    cd /Users/admin/builder/spi-builder-workspace/.swiftpm/xcode
    builtin-SwiftPerFileCompile Validate.swift
SwiftCompile normal arm64 /Users/admin/builder/spi-builder-workspace/.dependencies/checkouts/SwiftSoup/Sources/Whitelist.swift (in target 'SwiftSoup' from project 'SwiftSoup')
    cd /Users/admin/builder/spi-builder-workspace/.swiftpm/xcode
    builtin-SwiftPerFileCompile Whitelist.swift
SwiftCompile normal arm64 /Users/admin/builder/spi-builder-workspace/.dependencies/checkouts/SwiftSoup/Sources/XmlDeclaration.swift (in target 'SwiftSoup' from project 'SwiftSoup')
    cd /Users/admin/builder/spi-builder-workspace/.swiftpm/xcode
    builtin-SwiftPerFileCompile XmlDeclaration.swift
SwiftCompile normal arm64 /Users/admin/builder/spi-builder-workspace/.dependencies/checkouts/SwiftSoup/Sources/XmlTreeBuilder.swift (in target 'SwiftSoup' from project 'SwiftSoup')
    cd /Users/admin/builder/spi-builder-workspace/.swiftpm/xcode
    builtin-SwiftPerFileCompile XmlTreeBuilder.swift
SwiftDriverJobDiscovery normal arm64 Compiling DataNode.swift, DebugTrace.swift, Document.swift, DocumentType.swift, Element.swift, ElementQuery.swift (in target 'SwiftSoup' from project 'SwiftSoup')
SwiftCompile normal arm64 Compiling\ HtmlTreeBuilderState.swift,\ LRUCache.swift,\ Mutex.swift,\ Node.swift,\ NodeTraversor.swift,\ NodeVisitor.swift /Users/admin/builder/spi-builder-workspace/.dependencies/checkouts/SwiftSoup/Sources/HtmlTreeBuilderState.swift /Users/admin/builder/spi-builder-workspace/.dependencies/checkouts/SwiftSoup/Sources/LRUCache.swift /Users/admin/builder/spi-builder-workspace/.dependencies/checkouts/SwiftSoup/Sources/Mutex.swift /Users/admin/builder/spi-builder-workspace/.dependencies/checkouts/SwiftSoup/Sources/Node.swift /Users/admin/builder/spi-builder-workspace/.dependencies/checkouts/SwiftSoup/Sources/NodeTraversor.swift /Users/admin/builder/spi-builder-workspace/.dependencies/checkouts/SwiftSoup/Sources/NodeVisitor.swift (in target 'SwiftSoup' from project 'SwiftSoup')
SwiftCompile normal arm64 /Users/admin/builder/spi-builder-workspace/.dependencies/checkouts/SwiftSoup/Sources/HtmlTreeBuilderState.swift (in target 'SwiftSoup' from project 'SwiftSoup')
    cd /Users/admin/builder/spi-builder-workspace/.swiftpm/xcode
    builtin-SwiftPerFileCompile HtmlTreeBuilderState.swift
SwiftCompile normal arm64 /Users/admin/builder/spi-builder-workspace/.dependencies/checkouts/SwiftSoup/Sources/LRUCache.swift (in target 'SwiftSoup' from project 'SwiftSoup')
    cd /Users/admin/builder/spi-builder-workspace/.swiftpm/xcode
    builtin-SwiftPerFileCompile LRUCache.swift
SwiftCompile normal arm64 /Users/admin/builder/spi-builder-workspace/.dependencies/checkouts/SwiftSoup/Sources/Mutex.swift (in target 'SwiftSoup' from project 'SwiftSoup')
    cd /Users/admin/builder/spi-builder-workspace/.swiftpm/xcode
    builtin-SwiftPerFileCompile Mutex.swift
SwiftCompile normal arm64 /Users/admin/builder/spi-builder-workspace/.dependencies/checkouts/SwiftSoup/Sources/Node.swift (in target 'SwiftSoup' from project 'SwiftSoup')
    cd /Users/admin/builder/spi-builder-workspace/.swiftpm/xcode
    builtin-SwiftPerFileCompile Node.swift
SwiftCompile normal arm64 /Users/admin/builder/spi-builder-workspace/.dependencies/checkouts/SwiftSoup/Sources/NodeTraversor.swift (in target 'SwiftSoup' from project 'SwiftSoup')
    cd /Users/admin/builder/spi-builder-workspace/.swiftpm/xcode
    builtin-SwiftPerFileCompile NodeTraversor.swift
SwiftCompile normal arm64 /Users/admin/builder/spi-builder-workspace/.dependencies/checkouts/SwiftSoup/Sources/NodeVisitor.swift (in target 'SwiftSoup' from project 'SwiftSoup')
    cd /Users/admin/builder/spi-builder-workspace/.swiftpm/xcode
    builtin-SwiftPerFileCompile NodeVisitor.swift
SwiftDriverJobDiscovery normal arm64_32 Compiling DataNode.swift, DebugTrace.swift, Document.swift, DocumentType.swift, Element.swift, ElementQuery.swift (in target 'SwiftSoup' from project 'SwiftSoup')
SwiftCompile normal arm64_32 Compiling\ HtmlTreeBuilderState.swift,\ LRUCache.swift,\ Mutex.swift,\ Node.swift,\ NodeTraversor.swift,\ NodeVisitor.swift /Users/admin/builder/spi-builder-workspace/.dependencies/checkouts/SwiftSoup/Sources/HtmlTreeBuilderState.swift /Users/admin/builder/spi-builder-workspace/.dependencies/checkouts/SwiftSoup/Sources/LRUCache.swift /Users/admin/builder/spi-builder-workspace/.dependencies/checkouts/SwiftSoup/Sources/Mutex.swift /Users/admin/builder/spi-builder-workspace/.dependencies/checkouts/SwiftSoup/Sources/Node.swift /Users/admin/builder/spi-builder-workspace/.dependencies/checkouts/SwiftSoup/Sources/NodeTraversor.swift /Users/admin/builder/spi-builder-workspace/.dependencies/checkouts/SwiftSoup/Sources/NodeVisitor.swift (in target 'SwiftSoup' from project 'SwiftSoup')
SwiftCompile normal arm64_32 /Users/admin/builder/spi-builder-workspace/.dependencies/checkouts/SwiftSoup/Sources/HtmlTreeBuilderState.swift (in target 'SwiftSoup' from project 'SwiftSoup')
    cd /Users/admin/builder/spi-builder-workspace/.swiftpm/xcode
    builtin-SwiftPerFileCompile HtmlTreeBuilderState.swift
SwiftCompile normal arm64_32 /Users/admin/builder/spi-builder-workspace/.dependencies/checkouts/SwiftSoup/Sources/LRUCache.swift (in target 'SwiftSoup' from project 'SwiftSoup')
    cd /Users/admin/builder/spi-builder-workspace/.swiftpm/xcode
    builtin-SwiftPerFileCompile LRUCache.swift
SwiftCompile normal arm64_32 /Users/admin/builder/spi-builder-workspace/.dependencies/checkouts/SwiftSoup/Sources/Mutex.swift (in target 'SwiftSoup' from project 'SwiftSoup')
    cd /Users/admin/builder/spi-builder-workspace/.swiftpm/xcode
    builtin-SwiftPerFileCompile Mutex.swift
SwiftCompile normal arm64_32 /Users/admin/builder/spi-builder-workspace/.dependencies/checkouts/SwiftSoup/Sources/Node.swift (in target 'SwiftSoup' from project 'SwiftSoup')
    cd /Users/admin/builder/spi-builder-workspace/.swiftpm/xcode
    builtin-SwiftPerFileCompile Node.swift
SwiftCompile normal arm64_32 /Users/admin/builder/spi-builder-workspace/.dependencies/checkouts/SwiftSoup/Sources/NodeTraversor.swift (in target 'SwiftSoup' from project 'SwiftSoup')
    cd /Users/admin/builder/spi-builder-workspace/.swiftpm/xcode
    builtin-SwiftPerFileCompile NodeTraversor.swift
SwiftCompile normal arm64_32 /Users/admin/builder/spi-builder-workspace/.dependencies/checkouts/SwiftSoup/Sources/NodeVisitor.swift (in target 'SwiftSoup' from project 'SwiftSoup')
    cd /Users/admin/builder/spi-builder-workspace/.swiftpm/xcode
    builtin-SwiftPerFileCompile NodeVisitor.swift
SwiftCompile normal arm64 Compiling\ String.swift,\ StringBuilder.swift,\ StringUtil.swift,\ StructuralEvaluator.swift,\ SwiftSoup.swift,\ Tag.swift /Users/admin/builder/spi-builder-workspace/.dependencies/checkouts/SwiftSoup/Sources/String.swift /Users/admin/builder/spi-builder-workspace/.dependencies/checkouts/SwiftSoup/Sources/StringBuilder.swift /Users/admin/builder/spi-builder-workspace/.dependencies/checkouts/SwiftSoup/Sources/StringUtil.swift /Users/admin/builder/spi-builder-workspace/.dependencies/checkouts/SwiftSoup/Sources/StructuralEvaluator.swift /Users/admin/builder/spi-builder-workspace/.dependencies/checkouts/SwiftSoup/Sources/SwiftSoup.swift /Users/admin/builder/spi-builder-workspace/.dependencies/checkouts/SwiftSoup/Sources/Tag.swift (in target 'SwiftSoup' from project 'SwiftSoup')
SwiftCompile normal arm64 /Users/admin/builder/spi-builder-workspace/.dependencies/checkouts/SwiftSoup/Sources/String.swift (in target 'SwiftSoup' from project 'SwiftSoup')
    cd /Users/admin/builder/spi-builder-workspace/.swiftpm/xcode
    builtin-SwiftPerFileCompile String.swift
SwiftCompile normal arm64 /Users/admin/builder/spi-builder-workspace/.dependencies/checkouts/SwiftSoup/Sources/StringBuilder.swift (in target 'SwiftSoup' from project 'SwiftSoup')
    cd /Users/admin/builder/spi-builder-workspace/.swiftpm/xcode
    builtin-SwiftPerFileCompile StringBuilder.swift
SwiftCompile normal arm64 /Users/admin/builder/spi-builder-workspace/.dependencies/checkouts/SwiftSoup/Sources/StringUtil.swift (in target 'SwiftSoup' from project 'SwiftSoup')
    cd /Users/admin/builder/spi-builder-workspace/.swiftpm/xcode
    builtin-SwiftPerFileCompile StringUtil.swift
SwiftCompile normal arm64 /Users/admin/builder/spi-builder-workspace/.dependencies/checkouts/SwiftSoup/Sources/StructuralEvaluator.swift (in target 'SwiftSoup' from project 'SwiftSoup')
    cd /Users/admin/builder/spi-builder-workspace/.swiftpm/xcode
    builtin-SwiftPerFileCompile StructuralEvaluator.swift
SwiftCompile normal arm64 /Users/admin/builder/spi-builder-workspace/.dependencies/checkouts/SwiftSoup/Sources/SwiftSoup.swift (in target 'SwiftSoup' from project 'SwiftSoup')
    cd /Users/admin/builder/spi-builder-workspace/.swiftpm/xcode
    builtin-SwiftPerFileCompile SwiftSoup.swift
SwiftCompile normal arm64 /Users/admin/builder/spi-builder-workspace/.dependencies/checkouts/SwiftSoup/Sources/Tag.swift (in target 'SwiftSoup' from project 'SwiftSoup')
    cd /Users/admin/builder/spi-builder-workspace/.swiftpm/xcode
    builtin-SwiftPerFileCompile Tag.swift
SwiftDriverJobDiscovery normal arm64_32 Compiling Attribute.swift, Attributes.swift, BinarySearch.swift, BooleanAttribute.swift, ByteSlice.swift, CharacterExt.swift (in target 'SwiftSoup' from project 'SwiftSoup')
SwiftCompile normal arm64_32 Compiling\ CharacterReader.swift,\ Cleaner.swift,\ Collector.swift,\ CombiningEvaluator.swift,\ Comment.swift,\ CssSelector.swift /Users/admin/builder/spi-builder-workspace/.dependencies/checkouts/SwiftSoup/Sources/CharacterReader.swift /Users/admin/builder/spi-builder-workspace/.dependencies/checkouts/SwiftSoup/Sources/Cleaner.swift /Users/admin/builder/spi-builder-workspace/.dependencies/checkouts/SwiftSoup/Sources/Collector.swift /Users/admin/builder/spi-builder-workspace/.dependencies/checkouts/SwiftSoup/Sources/CombiningEvaluator.swift /Users/admin/builder/spi-builder-workspace/.dependencies/checkouts/SwiftSoup/Sources/Comment.swift /Users/admin/builder/spi-builder-workspace/.dependencies/checkouts/SwiftSoup/Sources/CssSelector.swift (in target 'SwiftSoup' from project 'SwiftSoup')
SwiftCompile normal arm64_32 /Users/admin/builder/spi-builder-workspace/.dependencies/checkouts/SwiftSoup/Sources/CharacterReader.swift (in target 'SwiftSoup' from project 'SwiftSoup')
    cd /Users/admin/builder/spi-builder-workspace/.swiftpm/xcode
    builtin-SwiftPerFileCompile CharacterReader.swift
SwiftCompile normal arm64_32 /Users/admin/builder/spi-builder-workspace/.dependencies/checkouts/SwiftSoup/Sources/Cleaner.swift (in target 'SwiftSoup' from project 'SwiftSoup')
    cd /Users/admin/builder/spi-builder-workspace/.swiftpm/xcode
    builtin-SwiftPerFileCompile Cleaner.swift
SwiftCompile normal arm64_32 /Users/admin/builder/spi-builder-workspace/.dependencies/checkouts/SwiftSoup/Sources/Collector.swift (in target 'SwiftSoup' from project 'SwiftSoup')
    cd /Users/admin/builder/spi-builder-workspace/.swiftpm/xcode
    builtin-SwiftPerFileCompile Collector.swift
SwiftCompile normal arm64_32 /Users/admin/builder/spi-builder-workspace/.dependencies/checkouts/SwiftSoup/Sources/CombiningEvaluator.swift (in target 'SwiftSoup' from project 'SwiftSoup')
    cd /Users/admin/builder/spi-builder-workspace/.swiftpm/xcode
    builtin-SwiftPerFileCompile CombiningEvaluator.swift
SwiftCompile normal arm64_32 /Users/admin/builder/spi-builder-workspace/.dependencies/checkouts/SwiftSoup/Sources/Comment.swift (in target 'SwiftSoup' from project 'SwiftSoup')
    cd /Users/admin/builder/spi-builder-workspace/.swiftpm/xcode
    builtin-SwiftPerFileCompile Comment.swift
SwiftCompile normal arm64_32 /Users/admin/builder/spi-builder-workspace/.dependencies/checkouts/SwiftSoup/Sources/CssSelector.swift (in target 'SwiftSoup' from project 'SwiftSoup')
    cd /Users/admin/builder/spi-builder-workspace/.swiftpm/xcode
    builtin-SwiftPerFileCompile CssSelector.swift
SwiftDriverJobDiscovery normal arm64_32 Compiling String.swift, StringBuilder.swift, StringUtil.swift, StructuralEvaluator.swift, SwiftSoup.swift, Tag.swift (in target 'SwiftSoup' from project 'SwiftSoup')
SwiftCompile normal arm64_32 Compiling\ Elements.swift,\ Entities.swift,\ Evaluator.swift,\ Exception.swift,\ FormElement.swift,\ HtmlTreeBuilder.swift /Users/admin/builder/spi-builder-workspace/.dependencies/checkouts/SwiftSoup/Sources/Elements.swift /Users/admin/builder/spi-builder-workspace/.dependencies/checkouts/SwiftSoup/Sources/Entities.swift /Users/admin/builder/spi-builder-workspace/.dependencies/checkouts/SwiftSoup/Sources/Evaluator.swift /Users/admin/builder/spi-builder-workspace/.dependencies/checkouts/SwiftSoup/Sources/Exception.swift /Users/admin/builder/spi-builder-workspace/.dependencies/checkouts/SwiftSoup/Sources/FormElement.swift /Users/admin/builder/spi-builder-workspace/.dependencies/checkouts/SwiftSoup/Sources/HtmlTreeBuilder.swift (in target 'SwiftSoup' from project 'SwiftSoup')
SwiftCompile normal arm64_32 /Users/admin/builder/spi-builder-workspace/.dependencies/checkouts/SwiftSoup/Sources/Elements.swift (in target 'SwiftSoup' from project 'SwiftSoup')
    cd /Users/admin/builder/spi-builder-workspace/.swiftpm/xcode
    builtin-SwiftPerFileCompile Elements.swift
SwiftCompile normal arm64_32 /Users/admin/builder/spi-builder-workspace/.dependencies/checkouts/SwiftSoup/Sources/Entities.swift (in target 'SwiftSoup' from project 'SwiftSoup')
    cd /Users/admin/builder/spi-builder-workspace/.swiftpm/xcode
    builtin-SwiftPerFileCompile Entities.swift
SwiftCompile normal arm64_32 /Users/admin/builder/spi-builder-workspace/.dependencies/checkouts/SwiftSoup/Sources/Evaluator.swift (in target 'SwiftSoup' from project 'SwiftSoup')
    cd /Users/admin/builder/spi-builder-workspace/.swiftpm/xcode
    builtin-SwiftPerFileCompile Evaluator.swift
SwiftCompile normal arm64_32 /Users/admin/builder/spi-builder-workspace/.dependencies/checkouts/SwiftSoup/Sources/Exception.swift (in target 'SwiftSoup' from project 'SwiftSoup')
    cd /Users/admin/builder/spi-builder-workspace/.swiftpm/xcode
    builtin-SwiftPerFileCompile Exception.swift
SwiftCompile normal arm64_32 /Users/admin/builder/spi-builder-workspace/.dependencies/checkouts/SwiftSoup/Sources/FormElement.swift (in target 'SwiftSoup' from project 'SwiftSoup')
    cd /Users/admin/builder/spi-builder-workspace/.swiftpm/xcode
    builtin-SwiftPerFileCompile FormElement.swift
SwiftCompile normal arm64_32 /Users/admin/builder/spi-builder-workspace/.dependencies/checkouts/SwiftSoup/Sources/HtmlTreeBuilder.swift (in target 'SwiftSoup' from project 'SwiftSoup')
    cd /Users/admin/builder/spi-builder-workspace/.swiftpm/xcode
    builtin-SwiftPerFileCompile HtmlTreeBuilder.swift
SwiftDriverJobDiscovery normal arm64 Compiling UTF8Arrays.swift, UnicodeScalar.swift, Validate.swift, Whitelist.swift, XmlDeclaration.swift, XmlTreeBuilder.swift (in target 'SwiftSoup' from project 'SwiftSoup')
SwiftDriver\ Compilation Logging normal arm64 com.apple.xcode.tools.swift.compiler (in target 'Logging' from project 'swift-log')
    cd /Users/admin/builder/spi-builder-workspace/.swiftpm/xcode
    builtin-Swift-Compilation -- /Applications/Xcode-27.0.0-Release.Candidate.app/Contents/Developer/Toolchains/XcodeDefault.xctoolchain/usr/bin/swiftc -parse-as-library -module-name Logging -Onone @/Users/admin/builder/spi-builder-workspace/.derivedData/Build/Intermediates.noindex/swift-log.build/Debug-watchos/Logging-t.build/Objects-normal/arm64/Logging.SwiftFileList -DSWIFT_PACKAGE -DDEBUG -DSWIFT_MODULE_RESOURCE_BUNDLE_UNAVAILABLE -DXcode -enable-upcoming-feature ExistentialAny -enable-upcoming-feature MemberImportVisibility -enable-upcoming-feature InternalImportsByDefault -enable-upcoming-feature NonisolatedNonsendingByDefault -Xfrontend -require-explicit-sendable -plugin-path /Applications/Xcode-27.0.0-Release.Candidate.app/Contents/Developer/Toolchains/XcodeDefault.xctoolchain/usr/lib/swift/host/plugins/testing -enable-experimental-feature DebugDescriptionMacro -sdk /Applications/Xcode-27.0.0-Release.Candidate.app/Contents/Developer/Platforms/WatchOS.platform/Developer/SDKs/WatchOS27.0.sdk -target arm64-apple-watchos9.0 -g -module-cache-path /Users/admin/builder/spi-builder-workspace/.derivedData/ModuleCache.noindex -Xfrontend -serialize-debugging-options -profile-coverage-mapping -profile-generate -enable-testing -suppress-warnings -index-store-path /Users/admin/builder/spi-builder-workspace/.derivedData/Index.noindex/DataStore -Xcc -D_LIBCPP_HARDENING_MODE\=_LIBCPP_HARDENING_MODE_DEBUG -swift-version 6 -I /Users/admin/builder/spi-builder-workspace/.derivedData/Build/Products/Debug-watchos -Isystem /Applications/Xcode-27.0.0-Release.Candidate.app/Contents/Developer/Platforms/WatchOS.platform/Developer/usr/lib -F /Users/admin/builder/spi-builder-workspace/.derivedData/Build/Products/Debug-watchos -F /Applications/Xcode-27.0.0-Release.Candidate.app/Contents/Developer/Platforms/WatchOS.platform/Developer/Library/Frameworks -F /Applications/Xcode-27.0.0-Release.Candidate.app/Contents/Developer/Platforms/WatchOS.platform/Developer/SDKs/WatchOS27.0.sdk/Developer/Library/Frameworks -c -j10 -enable-batch-mode -incremental -Xcc -ivfsstatcache -Xcc /Users/admin/builder/spi-builder-workspace/.derivedData/SDKStatCaches.noindex/watchos27.0-24R360-e829b21a6f8c9b70876ba0858053c04477534ef55a1706bf4c1112bbb242f0a2.sdkstatcache -output-file-map /Users/admin/builder/spi-builder-workspace/.derivedData/Build/Intermediates.noindex/swift-log.build/Debug-watchos/Logging-t.build/Objects-normal/arm64/Logging-OutputFileMap.json -save-temps -no-color-diagnostics -explicit-module-build -module-cache-path /Users/admin/builder/spi-builder-workspace/.derivedData/Build/Intermediates.noindex/SwiftExplicitPrecompiledModules -clang-scanner-module-cache-path /Users/admin/builder/spi-builder-workspace/.derivedData/ModuleCache.noindex -sdk-module-cache-path /Users/admin/builder/spi-builder-workspace/.derivedData/SDKExplicitPrecompiledModules -emit-dependencies -emit-module -emit-module-path /Users/admin/builder/spi-builder-workspace/.derivedData/Build/Intermediates.noindex/swift-log.build/Debug-watchos/Logging-t.build/Objects-normal/arm64/Logging.swiftmodule -serialize-diagnostics -dependency-scan-serialize-diagnostics-path /Users/admin/builder/spi-builder-workspace/.derivedData/Build/Intermediates.noindex/swift-log.build/Debug-watchos/Logging-t.build/Objects-normal/arm64/Logging-dependency-scan.dia -user-module-version 1.15.1 -validate-clang-modules-once -clang-build-session-file /Users/admin/builder/spi-builder-workspace/.derivedData/ModuleCache.noindex/Session.modulevalidation -Xcc -fmodules-prune-interval\=86400 -Xcc -fmodules-prune-after\=345600 -package-name swift_log -emit-const-values -const-gather-protocols-list /Users/admin/builder/spi-builder-workspace/.derivedData/Build/Intermediates.noindex/swift-log.build/Debug-watchos/Logging-t.build/Objects-normal/arm64/Logging_const_extract_protocols.json -Xcc -I/Users/admin/builder/spi-builder-workspace/.derivedData/Build/Products/Debug-watchos/include -Xcc -I/Users/admin/builder/spi-builder-workspace/.derivedData/Build/Intermediates.noindex/swift-log.build/Debug-watchos/Logging-t.build/DerivedSources-normal/arm64 -Xcc -I/Users/admin/builder/spi-builder-workspace/.derivedData/Build/Intermediates.noindex/swift-log.build/Debug-watchos/Logging-t.build/DerivedSources/arm64 -Xcc -I/Users/admin/builder/spi-builder-workspace/.derivedData/Build/Intermediates.noindex/swift-log.build/Debug-watchos/Logging-t.build/DerivedSources -Xcc -DSWIFT_PACKAGE -Xcc -DDEBUG\=1 -emit-objc-header -emit-objc-header-path /Users/admin/builder/spi-builder-workspace/.derivedData/Build/Intermediates.noindex/swift-log.build/Debug-watchos/Logging-t.build/Objects-normal/arm64/Logging-Swift.h -working-directory /Users/admin/builder/spi-builder-workspace/.swiftpm/xcode -experimental-emit-module-separately -disable-cmo
SwiftDriverJobDiscovery normal arm64_32 Compiling UTF8Arrays.swift, UnicodeScalar.swift, Validate.swift, Whitelist.swift, XmlDeclaration.swift, XmlTreeBuilder.swift (in target 'SwiftSoup' from project 'SwiftSoup')
SwiftCompile normal arm64_32 Compiling\ LogEvent.swift /Users/admin/builder/spi-builder-workspace/.dependencies/checkouts/swift-log/Sources/Logging/LogEvent.swift (in target 'Logging' from project 'swift-log')
SwiftCompile normal arm64_32 /Users/admin/builder/spi-builder-workspace/.dependencies/checkouts/swift-log/Sources/Logging/LogEvent.swift (in target 'Logging' from project 'swift-log')
    cd /Users/admin/builder/spi-builder-workspace/.swiftpm/xcode
    builtin-SwiftPerFileCompile LogEvent.swift
SwiftDriverJobDiscovery normal arm64_32 Compiling LogEvent.swift (in target 'Logging' from project 'swift-log')
Ld /Users/admin/builder/spi-builder-workspace/.derivedData/Build/Intermediates.noindex/XMLCoder.build/Debug-watchos/XMLCoder-t.build/Objects-normal/arm64_32/Binary/XMLCoder.o normal arm64_32 (in target 'XMLCoder' from project 'XMLCoder')
    cd /Users/admin/builder/spi-builder-workspace/.dependencies/checkouts/XMLCoder
    /Applications/Xcode-27.0.0-Release.Candidate.app/Contents/Developer/Toolchains/XcodeDefault.xctoolchain/usr/bin/clang -Xlinker -reproducible -target arm64_32-apple-watchos9.0 -r -isysroot /Applications/Xcode-27.0.0-Release.Candidate.app/Contents/Developer/Platforms/WatchOS.platform/Developer/SDKs/WatchOS27.0.sdk -O0 -w -Xlinker -no_warn_duplicate_libraries -F/Users/admin/builder/spi-builder-workspace/.derivedData/Build/Intermediates.noindex/EagerLinkingTBDs/Debug-watchos -F/Users/admin/builder/spi-builder-workspace/.derivedData/Build/Products/Debug-watchos -iframework /Applications/Xcode-27.0.0-Release.Candidate.app/Contents/Developer/Platforms/WatchOS.platform/Developer/Library/Frameworks -iframework /Applications/Xcode-27.0.0-Release.Candidate.app/Contents/Developer/Platforms/WatchOS.platform/Developer/SDKs/WatchOS27.0.sdk/Developer/Library/Frameworks -filelist /Users/admin/builder/spi-builder-workspace/.derivedData/Build/Intermediates.noindex/XMLCoder.build/Debug-watchos/XMLCoder-t.build/Objects-normal/arm64_32/XMLCoder.LinkFileList -nostdlib -Xlinker -object_path_lto -Xlinker /Users/admin/builder/spi-builder-workspace/.derivedData/Build/Intermediates.noindex/XMLCoder.build/Debug-watchos/XMLCoder-t.build/Objects-normal/arm64_32/XMLCoder_lto.o -Xlinker -no_deduplicate -Xlinker -debug_variant -Xlinker -dependency_info -Xlinker /Users/admin/builder/spi-builder-workspace/.derivedData/Build/Intermediates.noindex/XMLCoder.build/Debug-watchos/XMLCoder-t.build/Objects-normal/arm64_32/XMLCoder_dependency_info.dat -fobjc-link-runtime -L/Applications/Xcode-27.0.0-Release.Candidate.app/Contents/Developer/Toolchains/XcodeDefault.xctoolchain/usr/lib/swift/watchos -L/usr/lib/swift -Xlinker -add_ast_path -Xlinker /Users/admin/builder/spi-builder-workspace/.derivedData/Build/Intermediates.noindex/XMLCoder.build/Debug-watchos/XMLCoder-t.build/Objects-normal/arm64_32/XMLCoder.swiftmodule -o /Users/admin/builder/spi-builder-workspace/.derivedData/Build/Intermediates.noindex/XMLCoder.build/Debug-watchos/XMLCoder-t.build/Objects-normal/arm64_32/Binary/XMLCoder.o
Ld /Users/admin/builder/spi-builder-workspace/.derivedData/Build/Intermediates.noindex/XMLCoder.build/Debug-watchos/XMLCoder-t.build/Objects-normal/arm64/Binary/XMLCoder.o normal arm64 (in target 'XMLCoder' from project 'XMLCoder')
    cd /Users/admin/builder/spi-builder-workspace/.dependencies/checkouts/XMLCoder
    /Applications/Xcode-27.0.0-Release.Candidate.app/Contents/Developer/Toolchains/XcodeDefault.xctoolchain/usr/bin/clang -Xlinker -reproducible -target arm64-apple-watchos9.0 -r -isysroot /Applications/Xcode-27.0.0-Release.Candidate.app/Contents/Developer/Platforms/WatchOS.platform/Developer/SDKs/WatchOS27.0.sdk -O0 -w -Xlinker -no_warn_duplicate_libraries -F/Users/admin/builder/spi-builder-workspace/.derivedData/Build/Intermediates.noindex/EagerLinkingTBDs/Debug-watchos -F/Users/admin/builder/spi-builder-workspace/.derivedData/Build/Products/Debug-watchos -iframework /Applications/Xcode-27.0.0-Release.Candidate.app/Contents/Developer/Platforms/WatchOS.platform/Developer/Library/Frameworks -iframework /Applications/Xcode-27.0.0-Release.Candidate.app/Contents/Developer/Platforms/WatchOS.platform/Developer/SDKs/WatchOS27.0.sdk/Developer/Library/Frameworks -filelist /Users/admin/builder/spi-builder-workspace/.derivedData/Build/Intermediates.noindex/XMLCoder.build/Debug-watchos/XMLCoder-t.build/Objects-normal/arm64/XMLCoder.LinkFileList -nostdlib -Xlinker -object_path_lto -Xlinker /Users/admin/builder/spi-builder-workspace/.derivedData/Build/Intermediates.noindex/XMLCoder.build/Debug-watchos/XMLCoder-t.build/Objects-normal/arm64/XMLCoder_lto.o -Xlinker -no_deduplicate -Xlinker -debug_variant -Xlinker -dependency_info -Xlinker /Users/admin/builder/spi-builder-workspace/.derivedData/Build/Intermediates.noindex/XMLCoder.build/Debug-watchos/XMLCoder-t.build/Objects-normal/arm64/XMLCoder_dependency_info.dat -fobjc-link-runtime -L/Applications/Xcode-27.0.0-Release.Candidate.app/Contents/Developer/Toolchains/XcodeDefault.xctoolchain/usr/lib/swift/watchos -L/usr/lib/swift -Xlinker -add_ast_path -Xlinker /Users/admin/builder/spi-builder-workspace/.derivedData/Build/Intermediates.noindex/XMLCoder.build/Debug-watchos/XMLCoder-t.build/Objects-normal/arm64/XMLCoder.swiftmodule -o /Users/admin/builder/spi-builder-workspace/.derivedData/Build/Intermediates.noindex/XMLCoder.build/Debug-watchos/XMLCoder-t.build/Objects-normal/arm64/Binary/XMLCoder.o
SwiftDriver\ Compilation Logging normal arm64_32 com.apple.xcode.tools.swift.compiler (in target 'Logging' from project 'swift-log')
    cd /Users/admin/builder/spi-builder-workspace/.swiftpm/xcode
    builtin-Swift-Compilation -- /Applications/Xcode-27.0.0-Release.Candidate.app/Contents/Developer/Toolchains/XcodeDefault.xctoolchain/usr/bin/swiftc -parse-as-library -module-name Logging -Onone @/Users/admin/builder/spi-builder-workspace/.derivedData/Build/Intermediates.noindex/swift-log.build/Debug-watchos/Logging-t.build/Objects-normal/arm64_32/Logging.SwiftFileList -DSWIFT_PACKAGE -DDEBUG -DSWIFT_MODULE_RESOURCE_BUNDLE_UNAVAILABLE -DXcode -enable-upcoming-feature ExistentialAny -enable-upcoming-feature MemberImportVisibility -enable-upcoming-feature InternalImportsByDefault -enable-upcoming-feature NonisolatedNonsendingByDefault -Xfrontend -require-explicit-sendable -plugin-path /Applications/Xcode-27.0.0-Release.Candidate.app/Contents/Developer/Toolchains/XcodeDefault.xctoolchain/usr/lib/swift/host/plugins/testing -enable-experimental-feature DebugDescriptionMacro -sdk /Applications/Xcode-27.0.0-Release.Candidate.app/Contents/Developer/Platforms/WatchOS.platform/Developer/SDKs/WatchOS27.0.sdk -target arm64_32-apple-watchos9.0 -g -module-cache-path /Users/admin/builder/spi-builder-workspace/.derivedData/ModuleCache.noindex -Xfrontend -serialize-debugging-options -profile-coverage-mapping -profile-generate -enable-testing -suppress-warnings -index-store-path /Users/admin/builder/spi-builder-workspace/.derivedData/Index.noindex/DataStore -Xcc -D_LIBCPP_HARDENING_MODE\=_LIBCPP_HARDENING_MODE_DEBUG -swift-version 6 -I /Users/admin/builder/spi-builder-workspace/.derivedData/Build/Products/Debug-watchos -Isystem /Applications/Xcode-27.0.0-Release.Candidate.app/Contents/Developer/Platforms/WatchOS.platform/Developer/usr/lib -F /Users/admin/builder/spi-builder-workspace/.derivedData/Build/Products/Debug-watchos -F /Applications/Xcode-27.0.0-Release.Candidate.app/Contents/Developer/Platforms/WatchOS.platform/Developer/Library/Frameworks -F /Applications/Xcode-27.0.0-Release.Candidate.app/Contents/Developer/Platforms/WatchOS.platform/Developer/SDKs/WatchOS27.0.sdk/Developer/Library/Frameworks -c -j10 -enable-batch-mode -incremental -Xcc -ivfsstatcache -Xcc /Users/admin/builder/spi-builder-workspace/.derivedData/SDKStatCaches.noindex/watchos27.0-24R360-e829b21a6f8c9b70876ba0858053c04477534ef55a1706bf4c1112bbb242f0a2.sdkstatcache -output-file-map /Users/admin/builder/spi-builder-workspace/.derivedData/Build/Intermediates.noindex/swift-log.build/Debug-watchos/Logging-t.build/Objects-normal/arm64_32/Logging-OutputFileMap.json -save-temps -no-color-diagnostics -explicit-module-build -module-cache-path /Users/admin/builder/spi-builder-workspace/.derivedData/Build/Intermediates.noindex/SwiftExplicitPrecompiledModules -clang-scanner-module-cache-path /Users/admin/builder/spi-builder-workspace/.derivedData/ModuleCache.noindex -sdk-module-cache-path /Users/admin/builder/spi-builder-workspace/.derivedData/SDKExplicitPrecompiledModules -emit-dependencies -emit-module -emit-module-path /Users/admin/builder/spi-builder-workspace/.derivedData/Build/Intermediates.noindex/swift-log.build/Debug-watchos/Logging-t.build/Objects-normal/arm64_32/Logging.swiftmodule -serialize-diagnostics -dependency-scan-serialize-diagnostics-path /Users/admin/builder/spi-builder-workspace/.derivedData/Build/Intermediates.noindex/swift-log.build/Debug-watchos/Logging-t.build/Objects-normal/arm64_32/Logging-dependency-scan.dia -user-module-version 1.15.1 -validate-clang-modules-once -clang-build-session-file /Users/admin/builder/spi-builder-workspace/.derivedData/ModuleCache.noindex/Session.modulevalidation -Xcc -fmodules-prune-interval\=86400 -Xcc -fmodules-prune-after\=345600 -package-name swift_log -emit-const-values -const-gather-protocols-list /Users/admin/builder/spi-builder-workspace/.derivedData/Build/Intermediates.noindex/swift-log.build/Debug-watchos/Logging-t.build/Objects-normal/arm64_32/Logging_const_extract_protocols.json -Xcc -I/Users/admin/builder/spi-builder-workspace/.derivedData/Build/Products/Debug-watchos/include -Xcc -I/Users/admin/builder/spi-builder-workspace/.derivedData/Build/Intermediates.noindex/swift-log.build/Debug-watchos/Logging-t.build/DerivedSources-normal/arm64_32 -Xcc -I/Users/admin/builder/spi-builder-workspace/.derivedData/Build/Intermediates.noindex/swift-log.build/Debug-watchos/Logging-t.build/DerivedSources/arm64_32 -Xcc -I/Users/admin/builder/spi-builder-workspace/.derivedData/Build/Intermediates.noindex/swift-log.build/Debug-watchos/Logging-t.build/DerivedSources -Xcc -DSWIFT_PACKAGE -Xcc -DDEBUG\=1 -emit-objc-header -emit-objc-header-path /Users/admin/builder/spi-builder-workspace/.derivedData/Build/Intermediates.noindex/swift-log.build/Debug-watchos/Logging-t.build/Objects-normal/arm64_32/Logging-Swift.h -working-directory /Users/admin/builder/spi-builder-workspace/.swiftpm/xcode -experimental-emit-module-separately -disable-cmo
SwiftDriverJobDiscovery normal arm64_32 Compiling TextNode.swift, Token.swift, TokenQueue.swift, Tokeniser.swift, TokeniserState.swift, TreeBuilder.swift (in target 'SwiftSoup' from project 'SwiftSoup')
Ld /Users/admin/builder/spi-builder-workspace/.derivedData/Build/Intermediates.noindex/swift-log.build/Debug-watchos/Logging-t.build/Objects-normal/arm64_32/Binary/Logging.o normal arm64_32 (in target 'Logging' from project 'swift-log')
    cd /Users/admin/builder/spi-builder-workspace/.dependencies/checkouts/swift-log
    /Applications/Xcode-27.0.0-Release.Candidate.app/Contents/Developer/Toolchains/XcodeDefault.xctoolchain/usr/bin/clang -Xlinker -reproducible -target arm64_32-apple-watchos9.0 -r -isysroot /Applications/Xcode-27.0.0-Release.Candidate.app/Contents/Developer/Platforms/WatchOS.platform/Developer/SDKs/WatchOS27.0.sdk -O0 -w -Xlinker -no_warn_duplicate_libraries -F/Users/admin/builder/spi-builder-workspace/.derivedData/Build/Intermediates.noindex/EagerLinkingTBDs/Debug-watchos -F/Users/admin/builder/spi-builder-workspace/.derivedData/Build/Products/Debug-watchos -iframework /Applications/Xcode-27.0.0-Release.Candidate.app/Contents/Developer/Platforms/WatchOS.platform/Developer/Library/Frameworks -iframework /Applications/Xcode-27.0.0-Release.Candidate.app/Contents/Developer/Platforms/WatchOS.platform/Developer/SDKs/WatchOS27.0.sdk/Developer/Library/Frameworks -filelist /Users/admin/builder/spi-builder-workspace/.derivedData/Build/Intermediates.noindex/swift-log.build/Debug-watchos/Logging-t.build/Objects-normal/arm64_32/Logging.LinkFileList -nostdlib -Xlinker -object_path_lto -Xlinker /Users/admin/builder/spi-builder-workspace/.derivedData/Build/Intermediates.noindex/swift-log.build/Debug-watchos/Logging-t.build/Objects-normal/arm64_32/Logging_lto.o -Xlinker -no_deduplicate -Xlinker -debug_variant -Xlinker -dependency_info -Xlinker /Users/admin/builder/spi-builder-workspace/.derivedData/Build/Intermediates.noindex/swift-log.build/Debug-watchos/Logging-t.build/Objects-normal/arm64_32/Logging_dependency_info.dat -fobjc-link-runtime -L/Applications/Xcode-27.0.0-Release.Candidate.app/Contents/Developer/Toolchains/XcodeDefault.xctoolchain/usr/lib/swift/watchos -L/usr/lib/swift -Xlinker -add_ast_path -Xlinker /Users/admin/builder/spi-builder-workspace/.derivedData/Build/Intermediates.noindex/swift-log.build/Debug-watchos/Logging-t.build/Objects-normal/arm64_32/Logging.swiftmodule -o /Users/admin/builder/spi-builder-workspace/.derivedData/Build/Intermediates.noindex/swift-log.build/Debug-watchos/Logging-t.build/Objects-normal/arm64_32/Binary/Logging.o
Ld /Users/admin/builder/spi-builder-workspace/.derivedData/Build/Intermediates.noindex/swift-log.build/Debug-watchos/Logging-t.build/Objects-normal/arm64/Binary/Logging.o normal arm64 (in target 'Logging' from project 'swift-log')
    cd /Users/admin/builder/spi-builder-workspace/.dependencies/checkouts/swift-log
    /Applications/Xcode-27.0.0-Release.Candidate.app/Contents/Developer/Toolchains/XcodeDefault.xctoolchain/usr/bin/clang -Xlinker -reproducible -target arm64-apple-watchos9.0 -r -isysroot /Applications/Xcode-27.0.0-Release.Candidate.app/Contents/Developer/Platforms/WatchOS.platform/Developer/SDKs/WatchOS27.0.sdk -O0 -w -Xlinker -no_warn_duplicate_libraries -F/Users/admin/builder/spi-builder-workspace/.derivedData/Build/Intermediates.noindex/EagerLinkingTBDs/Debug-watchos -F/Users/admin/builder/spi-builder-workspace/.derivedData/Build/Products/Debug-watchos -iframework /Applications/Xcode-27.0.0-Release.Candidate.app/Contents/Developer/Platforms/WatchOS.platform/Developer/Library/Frameworks -iframework /Applications/Xcode-27.0.0-Release.Candidate.app/Contents/Developer/Platforms/WatchOS.platform/Developer/SDKs/WatchOS27.0.sdk/Developer/Library/Frameworks -filelist /Users/admin/builder/spi-builder-workspace/.derivedData/Build/Intermediates.noindex/swift-log.build/Debug-watchos/Logging-t.build/Objects-normal/arm64/Logging.LinkFileList -nostdlib -Xlinker -object_path_lto -Xlinker /Users/admin/builder/spi-builder-workspace/.derivedData/Build/Intermediates.noindex/swift-log.build/Debug-watchos/Logging-t.build/Objects-normal/arm64/Logging_lto.o -Xlinker -no_deduplicate -Xlinker -debug_variant -Xlinker -dependency_info -Xlinker /Users/admin/builder/spi-builder-workspace/.derivedData/Build/Intermediates.noindex/swift-log.build/Debug-watchos/Logging-t.build/Objects-normal/arm64/Logging_dependency_info.dat -fobjc-link-runtime -L/Applications/Xcode-27.0.0-Release.Candidate.app/Contents/Developer/Toolchains/XcodeDefault.xctoolchain/usr/lib/swift/watchos -L/usr/lib/swift -Xlinker -add_ast_path -Xlinker /Users/admin/builder/spi-builder-workspace/.derivedData/Build/Intermediates.noindex/swift-log.build/Debug-watchos/Logging-t.build/Objects-normal/arm64/Logging.swiftmodule -o /Users/admin/builder/spi-builder-workspace/.derivedData/Build/Intermediates.noindex/swift-log.build/Debug-watchos/Logging-t.build/Objects-normal/arm64/Binary/Logging.o
CreateUniversalBinary /Users/admin/builder/spi-builder-workspace/.derivedData/Build/Products/Debug-watchos/XMLCoder.o normal arm64\ arm64_32 (in target 'XMLCoder' from project 'XMLCoder')
    cd /Users/admin/builder/spi-builder-workspace/.dependencies/checkouts/XMLCoder
    /Applications/Xcode-27.0.0-Release.Candidate.app/Contents/Developer/Toolchains/XcodeDefault.xctoolchain/usr/bin/lipo -create /Users/admin/builder/spi-builder-workspace/.derivedData/Build/Intermediates.noindex/XMLCoder.build/Debug-watchos/XMLCoder-t.build/Objects-normal/arm64/Binary/XMLCoder.o /Users/admin/builder/spi-builder-workspace/.derivedData/Build/Intermediates.noindex/XMLCoder.build/Debug-watchos/XMLCoder-t.build/Objects-normal/arm64_32/Binary/XMLCoder.o -output /Users/admin/builder/spi-builder-workspace/.derivedData/Build/Products/Debug-watchos/XMLCoder.o
CreateUniversalBinary /Users/admin/builder/spi-builder-workspace/.derivedData/Build/Products/Debug-watchos/Logging.o normal arm64\ arm64_32 (in target 'Logging' from project 'swift-log')
    cd /Users/admin/builder/spi-builder-workspace/.dependencies/checkouts/swift-log
    /Applications/Xcode-27.0.0-Release.Candidate.app/Contents/Developer/Toolchains/XcodeDefault.xctoolchain/usr/bin/lipo -create /Users/admin/builder/spi-builder-workspace/.derivedData/Build/Intermediates.noindex/swift-log.build/Debug-watchos/Logging-t.build/Objects-normal/arm64/Binary/Logging.o /Users/admin/builder/spi-builder-workspace/.derivedData/Build/Intermediates.noindex/swift-log.build/Debug-watchos/Logging-t.build/Objects-normal/arm64_32/Binary/Logging.o -output /Users/admin/builder/spi-builder-workspace/.derivedData/Build/Products/Debug-watchos/Logging.o
ExtractAppIntentsMetadata (in target 'XMLCoder' from project 'XMLCoder')
    cd /Users/admin/builder/spi-builder-workspace/.dependencies/checkouts/XMLCoder
    /Applications/Xcode-27.0.0-Release.Candidate.app/Contents/Developer/Toolchains/XcodeDefault.xctoolchain/usr/bin/appintentsmetadataprocessor --toolchain-dir /var/run/com.apple.security.cryptexd/mnt/com.apple.MobileAsset.MetalToolchain-v27.1.266.1.dtrV6y/Metal.xctoolchain --module-name XMLCoder --sdk-root /Applications/Xcode-27.0.0-Release.Candidate.app/Contents/Developer/Platforms/WatchOS.platform/Developer/SDKs/WatchOS27.0.sdk --xcode-version 27A266a --platform-family watchOS --deployment-target 9.0 --bundle-identifier xmlcoder.XMLCoder --output /Users/admin/builder/spi-builder-workspace/.derivedData/Build/Products/Debug-watchos/XMLCoder.appintents --target-triple arm64-apple-watchos9.0 --target-triple arm64_32-apple-watchos9.0 --binary-file /Users/admin/builder/spi-builder-workspace/.derivedData/Build/Products/Debug-watchos/XMLCoder.o --dependency-file /Users/admin/builder/spi-builder-workspace/.derivedData/Build/Intermediates.noindex/XMLCoder.build/Debug-watchos/XMLCoder-t.build/Objects-normal/arm64/XMLCoder_dependency_info.dat --dependency-file /Users/admin/builder/spi-builder-workspace/.derivedData/Build/Intermediates.noindex/XMLCoder.build/Debug-watchos/XMLCoder-t.build/Objects-normal/arm64_32/XMLCoder_dependency_info.dat --stringsdata-file /Users/admin/builder/spi-builder-workspace/.derivedData/Build/Intermediates.noindex/XMLCoder.build/Debug-watchos/XMLCoder-t.build/Objects-normal/arm64/ExtractedAppShortcutsMetadata.stringsdata --stringsdata-file /Users/admin/builder/spi-builder-workspace/.derivedData/Build/Intermediates.noindex/XMLCoder.build/Debug-watchos/XMLCoder-t.build/Objects-normal/arm64_32/ExtractedAppShortcutsMetadata.stringsdata --source-file-list /Users/admin/builder/spi-builder-workspace/.derivedData/Build/Intermediates.noindex/XMLCoder.build/Debug-watchos/XMLCoder-t.build/Objects-normal/arm64/XMLCoder.SwiftFileList --source-file-list /Users/admin/builder/spi-builder-workspace/.derivedData/Build/Intermediates.noindex/XMLCoder.build/Debug-watchos/XMLCoder-t.build/Objects-normal/arm64_32/XMLCoder.SwiftFileList --metadata-file-list /Users/admin/builder/spi-builder-workspace/.derivedData/Build/Intermediates.noindex/XMLCoder.build/Debug-watchos/XMLCoder-t.build/XMLCoder.DependencyMetadataFileList --static-metadata-file-list /Users/admin/builder/spi-builder-workspace/.derivedData/Build/Intermediates.noindex/XMLCoder.build/Debug-watchos/XMLCoder-t.build/XMLCoder.DependencyStaticMetadataFileList --swift-const-vals-list /Users/admin/builder/spi-builder-workspace/.derivedData/Build/Intermediates.noindex/XMLCoder.build/Debug-watchos/XMLCoder-t.build/Objects-normal/arm64/XMLCoder.SwiftConstValuesFileList --swift-const-vals-list /Users/admin/builder/spi-builder-workspace/.derivedData/Build/Intermediates.noindex/XMLCoder.build/Debug-watchos/XMLCoder-t.build/Objects-normal/arm64_32/XMLCoder.SwiftConstValuesFileList --force --compile-time-extraction --deployment-aware-processing --no-app-shortcuts-localization
2026-09-21 17:28:52.170 appintentsmetadataprocessor[1316:7594] Starting appintentsmetadataprocessor export
2026-09-21 17:28:52.334 appintentsmetadataprocessor[1316:7594] Extracted no relevant App Intents symbols, skipping writing output
ExtractAppIntentsMetadata (in target 'Logging' from project 'swift-log')
    cd /Users/admin/builder/spi-builder-workspace/.dependencies/checkouts/swift-log
    /Applications/Xcode-27.0.0-Release.Candidate.app/Contents/Developer/Toolchains/XcodeDefault.xctoolchain/usr/bin/appintentsmetadataprocessor --toolchain-dir /var/run/com.apple.security.cryptexd/mnt/com.apple.MobileAsset.MetalToolchain-v27.1.266.1.dtrV6y/Metal.xctoolchain --module-name Logging --sdk-root /Applications/Xcode-27.0.0-Release.Candidate.app/Contents/Developer/Platforms/WatchOS.platform/Developer/SDKs/WatchOS27.0.sdk --xcode-version 27A266a --platform-family watchOS --deployment-target 9.0 --bundle-identifier swift-log.Logging --output /Users/admin/builder/spi-builder-workspace/.derivedData/Build/Products/Debug-watchos/Logging.appintents --target-triple arm64-apple-watchos9.0 --target-triple arm64_32-apple-watchos9.0 --binary-file /Users/admin/builder/spi-builder-workspace/.derivedData/Build/Products/Debug-watchos/Logging.o --dependency-file /Users/admin/builder/spi-builder-workspace/.derivedData/Build/Intermediates.noindex/swift-log.build/Debug-watchos/Logging-t.build/Objects-normal/arm64/Logging_dependency_info.dat --dependency-file /Users/admin/builder/spi-builder-workspace/.derivedData/Build/Intermediates.noindex/swift-log.build/Debug-watchos/Logging-t.build/Objects-normal/arm64_32/Logging_dependency_info.dat --stringsdata-file /Users/admin/builder/spi-builder-workspace/.derivedData/Build/Intermediates.noindex/swift-log.build/Debug-watchos/Logging-t.build/Objects-normal/arm64/ExtractedAppShortcutsMetadata.stringsdata --stringsdata-file /Users/admin/builder/spi-builder-workspace/.derivedData/Build/Intermediates.noindex/swift-log.build/Debug-watchos/Logging-t.build/Objects-normal/arm64_32/ExtractedAppShortcutsMetadata.stringsdata --source-file-list /Users/admin/builder/spi-builder-workspace/.derivedData/Build/Intermediates.noindex/swift-log.build/Debug-watchos/Logging-t.build/Objects-normal/arm64/Logging.SwiftFileList --source-file-list /Users/admin/builder/spi-builder-workspace/.derivedData/Build/Intermediates.noindex/swift-log.build/Debug-watchos/Logging-t.build/Objects-normal/arm64_32/Logging.SwiftFileList --metadata-file-list /Users/admin/builder/spi-builder-workspace/.derivedData/Build/Intermediates.noindex/swift-log.build/Debug-watchos/Logging-t.build/Logging.DependencyMetadataFileList --static-metadata-file-list /Users/admin/builder/spi-builder-workspace/.derivedData/Build/Intermediates.noindex/swift-log.build/Debug-watchos/Logging-t.build/Logging.DependencyStaticMetadataFileList --swift-const-vals-list /Users/admin/builder/spi-builder-workspace/.derivedData/Build/Intermediates.noindex/swift-log.build/Debug-watchos/Logging-t.build/Objects-normal/arm64/Logging.SwiftConstValuesFileList --swift-const-vals-list /Users/admin/builder/spi-builder-workspace/.derivedData/Build/Intermediates.noindex/swift-log.build/Debug-watchos/Logging-t.build/Objects-normal/arm64_32/Logging.SwiftConstValuesFileList --force --compile-time-extraction --deployment-aware-processing --no-app-shortcuts-localization
2026-09-21 17:28:52.169 appintentsmetadataprocessor[1317:7595] Starting appintentsmetadataprocessor export
2026-09-21 17:28:52.328 appintentsmetadataprocessor[1317:7595] Extracted no relevant App Intents symbols, skipping writing output
SwiftDriverJobDiscovery normal arm64 Compiling CharacterReader.swift, Cleaner.swift, Collector.swift, CombiningEvaluator.swift, Comment.swift, CssSelector.swift (in target 'SwiftSoup' from project 'SwiftSoup')
SwiftDriver Utils normal arm64 com.apple.xcode.tools.swift.compiler (in target 'Utils' from project 'swift-utils')
    cd /Users/admin/builder/spi-builder-workspace/.swiftpm/xcode
    builtin-SwiftDriver -- /Applications/Xcode-27.0.0-Release.Candidate.app/Contents/Developer/Toolchains/XcodeDefault.xctoolchain/usr/bin/swiftc -parse-as-library -module-name Utils -Onone @/Users/admin/builder/spi-builder-workspace/.derivedData/Build/Intermediates.noindex/swift-utils.build/Debug-watchos/Utils-t.build/Objects-normal/arm64/Utils.SwiftFileList -DSWIFT_PACKAGE -DDEBUG -DSWIFT_MODULE_RESOURCE_BUNDLE_UNAVAILABLE -DXcode -plugin-path /Applications/Xcode-27.0.0-Release.Candidate.app/Contents/Developer/Toolchains/XcodeDefault.xctoolchain/usr/lib/swift/host/plugins/testing -enable-experimental-feature DebugDescriptionMacro -sdk /Applications/Xcode-27.0.0-Release.Candidate.app/Contents/Developer/Platforms/WatchOS.platform/Developer/SDKs/WatchOS27.0.sdk -target arm64-apple-watchos9.0 -g -module-cache-path /Users/admin/builder/spi-builder-workspace/.derivedData/ModuleCache.noindex -Xfrontend -serialize-debugging-options -profile-coverage-mapping -profile-generate -enable-testing -index-store-path /Users/admin/builder/spi-builder-workspace/.derivedData/Index.noindex/DataStore -Xcc -D_LIBCPP_HARDENING_MODE\=_LIBCPP_HARDENING_MODE_DEBUG -swift-version 5 -I /Users/admin/builder/spi-builder-workspace/.derivedData/Build/Products/Debug-watchos -Isystem /Applications/Xcode-27.0.0-Release.Candidate.app/Contents/Developer/Platforms/WatchOS.platform/Developer/usr/lib -F /Users/admin/builder/spi-builder-workspace/.derivedData/Build/Products/Debug-watchos/PackageFrameworks -F /Users/admin/builder/spi-builder-workspace/.derivedData/Build/Products/Debug-watchos -F /Applications/Xcode-27.0.0-Release.Candidate.app/Contents/Developer/Platforms/WatchOS.platform/Developer/Library/Frameworks -F /Applications/Xcode-27.0.0-Release.Candidate.app/Contents/Developer/Platforms/WatchOS.platform/Developer/SDKs/WatchOS27.0.sdk/Developer/Library/Frameworks -c -j10 -enable-batch-mode -incremental -Xcc -ivfsstatcache -Xcc /Users/admin/builder/spi-builder-workspace/.derivedData/SDKStatCaches.noindex/watchos27.0-24R360-e829b21a6f8c9b70876ba0858053c04477534ef55a1706bf4c1112bbb242f0a2.sdkstatcache -output-file-map /Users/admin/builder/spi-builder-workspace/.derivedData/Build/Intermediates.noindex/swift-utils.build/Debug-watchos/Utils-t.build/Objects-normal/arm64/Utils-OutputFileMap.json -save-temps -no-color-diagnostics -explicit-module-build -module-cache-path /Users/admin/builder/spi-builder-workspace/.derivedData/Build/Intermediates.noindex/SwiftExplicitPrecompiledModules -clang-scanner-module-cache-path /Users/admin/builder/spi-builder-workspace/.derivedData/ModuleCache.noindex -sdk-module-cache-path /Users/admin/builder/spi-builder-workspace/.derivedData/SDKExplicitPrecompiledModules -emit-dependencies -emit-module -emit-module-path /Users/admin/builder/spi-builder-workspace/.derivedData/Build/Intermediates.noindex/swift-utils.build/Debug-watchos/Utils-t.build/Objects-normal/arm64/Utils.swiftmodule -serialize-diagnostics -dependency-scan-serialize-diagnostics-path /Users/admin/builder/spi-builder-workspace/.derivedData/Build/Intermediates.noindex/swift-utils.build/Debug-watchos/Utils-t.build/Objects-normal/arm64/Utils-dependency-scan.dia -validate-clang-modules-once -clang-build-session-file /Users/admin/builder/spi-builder-workspace/.derivedData/ModuleCache.noindex/Session.modulevalidation -Xcc -fmodules-prune-interval\=86400 -Xcc -fmodules-prune-after\=345600 -package-name spi_builder_workspace -emit-const-values -const-gather-protocols-list /Users/admin/builder/spi-builder-workspace/.derivedData/Build/Intermediates.noindex/swift-utils.build/Debug-watchos/Utils-t.build/Objects-normal/arm64/Utils_const_extract_protocols.json -Xcc -I/Users/admin/builder/spi-builder-workspace/.derivedData/Build/Products/Debug-watchos/include -Xcc -I/Users/admin/builder/spi-builder-workspace/.derivedData/Build/Intermediates.noindex/swift-utils.build/Debug-watchos/Utils-t.build/DerivedSources-normal/arm64 -Xcc -I/Users/admin/builder/spi-builder-workspace/.derivedData/Build/Intermediates.noindex/swift-utils.build/Debug-watchos/Utils-t.build/DerivedSources/arm64 -Xcc -I/Users/admin/builder/spi-builder-workspace/.derivedData/Build/Intermediates.noindex/swift-utils.build/Debug-watchos/Utils-t.build/DerivedSources -Xcc -DSWIFT_PACKAGE -Xcc -DDEBUG\=1 -emit-objc-header -emit-objc-header-path /Users/admin/builder/spi-builder-workspace/.derivedData/Build/Intermediates.noindex/swift-utils.build/Debug-watchos/Utils-t.build/Objects-normal/arm64/Utils-Swift.h -working-directory /Users/admin/builder/spi-builder-workspace/.swiftpm/xcode -experimental-emit-module-separately -disable-cmo
SwiftDriver Utils normal arm64_32 com.apple.xcode.tools.swift.compiler (in target 'Utils' from project 'swift-utils')
    cd /Users/admin/builder/spi-builder-workspace/.swiftpm/xcode
    builtin-SwiftDriver -- /Applications/Xcode-27.0.0-Release.Candidate.app/Contents/Developer/Toolchains/XcodeDefault.xctoolchain/usr/bin/swiftc -parse-as-library -module-name Utils -Onone @/Users/admin/builder/spi-builder-workspace/.derivedData/Build/Intermediates.noindex/swift-utils.build/Debug-watchos/Utils-t.build/Objects-normal/arm64_32/Utils.SwiftFileList -DSWIFT_PACKAGE -DDEBUG -DSWIFT_MODULE_RESOURCE_BUNDLE_UNAVAILABLE -DXcode -plugin-path /Applications/Xcode-27.0.0-Release.Candidate.app/Contents/Developer/Toolchains/XcodeDefault.xctoolchain/usr/lib/swift/host/plugins/testing -enable-experimental-feature DebugDescriptionMacro -sdk /Applications/Xcode-27.0.0-Release.Candidate.app/Contents/Developer/Platforms/WatchOS.platform/Developer/SDKs/WatchOS27.0.sdk -target arm64_32-apple-watchos9.0 -g -module-cache-path /Users/admin/builder/spi-builder-workspace/.derivedData/ModuleCache.noindex -Xfrontend -serialize-debugging-options -profile-coverage-mapping -profile-generate -enable-testing -index-store-path /Users/admin/builder/spi-builder-workspace/.derivedData/Index.noindex/DataStore -Xcc -D_LIBCPP_HARDENING_MODE\=_LIBCPP_HARDENING_MODE_DEBUG -swift-version 5 -I /Users/admin/builder/spi-builder-workspace/.derivedData/Build/Products/Debug-watchos -Isystem /Applications/Xcode-27.0.0-Release.Candidate.app/Contents/Developer/Platforms/WatchOS.platform/Developer/usr/lib -F /Users/admin/builder/spi-builder-workspace/.derivedData/Build/Products/Debug-watchos/PackageFrameworks -F /Users/admin/builder/spi-builder-workspace/.derivedData/Build/Products/Debug-watchos -F /Applications/Xcode-27.0.0-Release.Candidate.app/Contents/Developer/Platforms/WatchOS.platform/Developer/Library/Frameworks -F /Applications/Xcode-27.0.0-Release.Candidate.app/Contents/Developer/Platforms/WatchOS.platform/Developer/SDKs/WatchOS27.0.sdk/Developer/Library/Frameworks -c -j10 -enable-batch-mode -incremental -Xcc -ivfsstatcache -Xcc /Users/admin/builder/spi-builder-workspace/.derivedData/SDKStatCaches.noindex/watchos27.0-24R360-e829b21a6f8c9b70876ba0858053c04477534ef55a1706bf4c1112bbb242f0a2.sdkstatcache -output-file-map /Users/admin/builder/spi-builder-workspace/.derivedData/Build/Intermediates.noindex/swift-utils.build/Debug-watchos/Utils-t.build/Objects-normal/arm64_32/Utils-OutputFileMap.json -save-temps -no-color-diagnostics -explicit-module-build -module-cache-path /Users/admin/builder/spi-builder-workspace/.derivedData/Build/Intermediates.noindex/SwiftExplicitPrecompiledModules -clang-scanner-module-cache-path /Users/admin/builder/spi-builder-workspace/.derivedData/ModuleCache.noindex -sdk-module-cache-path /Users/admin/builder/spi-builder-workspace/.derivedData/SDKExplicitPrecompiledModules -emit-dependencies -emit-module -emit-module-path /Users/admin/builder/spi-builder-workspace/.derivedData/Build/Intermediates.noindex/swift-utils.build/Debug-watchos/Utils-t.build/Objects-normal/arm64_32/Utils.swiftmodule -serialize-diagnostics -dependency-scan-serialize-diagnostics-path /Users/admin/builder/spi-builder-workspace/.derivedData/Build/Intermediates.noindex/swift-utils.build/Debug-watchos/Utils-t.build/Objects-normal/arm64_32/Utils-dependency-scan.dia -validate-clang-modules-once -clang-build-session-file /Users/admin/builder/spi-builder-workspace/.derivedData/ModuleCache.noindex/Session.modulevalidation -Xcc -fmodules-prune-interval\=86400 -Xcc -fmodules-prune-after\=345600 -package-name spi_builder_workspace -emit-const-values -const-gather-protocols-list /Users/admin/builder/spi-builder-workspace/.derivedData/Build/Intermediates.noindex/swift-utils.build/Debug-watchos/Utils-t.build/Objects-normal/arm64_32/Utils_const_extract_protocols.json -Xcc -I/Users/admin/builder/spi-builder-workspace/.derivedData/Build/Products/Debug-watchos/include -Xcc -I/Users/admin/builder/spi-builder-workspace/.derivedData/Build/Intermediates.noindex/swift-utils.build/Debug-watchos/Utils-t.build/DerivedSources-normal/arm64_32 -Xcc -I/Users/admin/builder/spi-builder-workspace/.derivedData/Build/Intermediates.noindex/swift-utils.build/Debug-watchos/Utils-t.build/DerivedSources/arm64_32 -Xcc -I/Users/admin/builder/spi-builder-workspace/.derivedData/Build/Intermediates.noindex/swift-utils.build/Debug-watchos/Utils-t.build/DerivedSources -Xcc -DSWIFT_PACKAGE -Xcc -DDEBUG\=1 -emit-objc-header -emit-objc-header-path /Users/admin/builder/spi-builder-workspace/.derivedData/Build/Intermediates.noindex/swift-utils.build/Debug-watchos/Utils-t.build/Objects-normal/arm64_32/Utils-Swift.h -working-directory /Users/admin/builder/spi-builder-workspace/.swiftpm/xcode -experimental-emit-module-separately -disable-cmo
SwiftEmitModule normal arm64 Emitting\ module\ for\ Utils (in target 'Utils' from project 'swift-utils')
/Users/admin/builder/spi-builder-workspace/Sources/Utils/Processes/Shell.swift:18:18: error: cannot find type 'Process' in scope
 16 |         withPipedOutput: Bool = false,
 17 |         then terminationHandler: (@Sendable (Process, Pipe?) -> Void)? = nil
 18 |     ) -> (Pipe?, Process) {
    |                  `- error: cannot find type 'Process' in scope
 19 |         var pipe: Pipe? = nil
 20 |         let process = Process()
/Users/admin/builder/spi-builder-workspace/Sources/Utils/Processes/Shell.swift:17:46: error: cannot find type 'Process' in scope
 15 |         useBash: Bool = false,
 16 |         withPipedOutput: Bool = false,
 17 |         then terminationHandler: (@Sendable (Process, Pipe?) -> Void)? = nil
    |                                              `- error: cannot find type 'Process' in scope
 18 |     ) -> (Pipe?, Process) {
 19 |         var pipe: Pipe? = nil
/Users/admin/builder/spi-builder-workspace/Sources/Utils/Processes/Shell.swift:94:46: error: cannot find type 'Process' in scope
 92 |         useBash: Bool = false,
 93 |         withPipedOutput: Bool = false,
 94 |         then terminationHandler: (@Sendable (Process, Pipe?) -> Void)? = nil
    |                                              `- error: cannot find type 'Process' in scope
 95 |     ) throws {
 96 |         try execute(process: newProcess(executable, in: directory, args: args, useBash: useBash, withPipedOutput: withPipedOutput, then: terminationHandler).1)
/Users/admin/builder/spi-builder-workspace/Sources/Utils/Processes/Shell.swift:130:45: error: cannot find type 'Process' in scope
128 |     }
129 |
130 |     private func setExecutable(for process: Process, toPath filePath: String) {
    |                                             `- error: cannot find type 'Process' in scope
131 |         if #available(macOS 10.13, *) {
132 |             process.executableURL = URL(fileURLWithPath: filePath)
/Users/admin/builder/spi-builder-workspace/Sources/Utils/Processes/Shell.swift:138:51: error: cannot find type 'Process' in scope
136 |     }
137 |
138 |     private func setCurrentDirectory(for process: Process, toURL url: URL) {
    |                                                   `- error: cannot find type 'Process' in scope
139 |         if #available(macOS 10.13, *) {
140 |             process.currentDirectoryURL = url
/Users/admin/builder/spi-builder-workspace/Sources/Utils/Processes/Shell.swift:146:34: error: cannot find type 'Process' in scope
144 |     }
145 |
146 |     public func execute(process: Process) throws {
    |                                  `- error: cannot find type 'Process' in scope
147 |         if #available(macOS 10.13, *) {
148 |             try process.run()
/Users/admin/builder/spi-builder-workspace/Sources/Utils/Web/HTTPRequest.swift:176:17: warning: type 'Document' does not conform to the 'Sendable' protocol; this is an error in the Swift 6 language mode
174 |
175 |     /// Runs the request and returns a `Promise` with the parsed HTML document.
176 |     public func fetchHTMLAsync() -> Promise<Document, Error> {
    |                 `- warning: type 'Document' does not conform to the 'Sendable' protocol; this is an error in the Swift 6 language mode
177 |         fetchUTF8Async().mapCatching { try SwiftSoup.parse($0) }
178 |     }
SwiftSoup.Document:1:12: note: class 'Document' does not conform to the 'Sendable' protocol
 1 | open class Document : SwiftSoup.Element {
   |            `- note: class 'Document' does not conform to the 'Sendable' protocol
 2 |     public enum QuirksMode {
 3 |         case noQuirks
Failed frontend command:
/Applications/Xcode-27.0.0-Release.Candidate.app/Contents/Developer/Toolchains/XcodeDefault.xctoolchain/usr/bin/swift-frontend -frontend -emit-module -experimental-skip-non-inlinable-function-bodies-without-types /Users/admin/builder/spi-builder-workspace/Sources/Utils/Asynchrony/Promise.swift /Users/admin/builder/spi-builder-workspace/Sources/Utils/Asynchrony/PromiseUtils.swift /Users/admin/builder/spi-builder-workspace/Sources/Utils/Collections/ArrayUtils.swift /Users/admin/builder/spi-builder-workspace/Sources/Utils/Collections/AvlTree.swift /Users/admin/builder/spi-builder-workspace/Sources/Utils/Collections/BiDictionary.swift /Users/admin/builder/spi-builder-workspace/Sources/Utils/Collections/BinaryHeap.swift /Users/admin/builder/spi-builder-workspace/Sources/Utils/Collections/BitArray.swift /Users/admin/builder/spi-builder-workspace/Sources/Utils/Collections/CircularArray.swift /Users/admin/builder/spi-builder-workspace/Sources/Utils/Collections/ExpiringList.swift /Users/admin/builder/spi-builder-workspace/Sources/Utils/Collections/FixedArray.swift /Users/admin/builder/spi-builder-workspace/Sources/Utils/Collections/LazyDictionary.swift /Users/admin/builder/spi-builder-workspace/Sources/Utils/Collections/PriorityQueue.swift /Users/admin/builder/spi-builder-workspace/Sources/Utils/Collections/SearchTree.swift /Users/admin/builder/spi-builder-workspace/Sources/Utils/Collections/StablePriorityQueue.swift /Users/admin/builder/spi-builder-workspace/Sources/Utils/Concurrency/UncheckedSendable.swift /Users/admin/builder/spi-builder-workspace/Sources/Utils/Extensions/Array+Extensions.swift /Users/admin/builder/spi-builder-workspace/Sources/Utils/Extensions/ChoiceOf+Extensions.swift /Users/admin/builder/spi-builder-workspace/Sources/Utils/Extensions/Collection+Extensions.swift /Users/admin/builder/spi-builder-workspace/Sources/Utils/Extensions/Dictionary+Extensions.swift /Users/admin/builder/spi-builder-workspace/Sources/Utils/Extensions/Optional+Extensions.swift /Users/admin/builder/spi-builder-workspace/Sources/Utils/Extensions/RandomAccessCollection+Extensions.swift /Users/admin/builder/spi-builder-workspace/Sources/Utils/Extensions/Result+Extensions.swift /Users/admin/builder/spi-builder-workspace/Sources/Utils/Extensions/Sequence+Extensions.swift /Users/admin/builder/spi-builder-workspace/Sources/Utils/Extensions/StringProtocol+Extensions.swift /Users/admin/builder/spi-builder-workspace/Sources/Utils/Extensions/TimeInterval+Extensions.swift /Users/admin/builder/spi-builder-workspace/Sources/Utils/Filesystem/TemporaryDirectory.swift /Users/admin/builder/spi-builder-workspace/Sources/Utils/Filesystem/TemporaryFile.swift /Users/admin/builder/spi-builder-workspace/Sources/Utils/Iterators/PeekableIterator.swift /Users/admin/builder/spi-builder-workspace/Sources/Utils/Metaprogramming/ConstBoolTypes.swift /Users/admin/builder/spi-builder-workspace/Sources/Utils/Metaprogramming/ConstIntTypes.swift /Users/admin/builder/spi-builder-workspace/Sources/Utils/Misc/AsyncRunnable.swift /Users/admin/builder/spi-builder-workspace/Sources/Utils/Misc/CompareUtils.swift /Users/admin/builder/spi-builder-workspace/Sources/Utils/Misc/DefaultInitializable.swift /Users/admin/builder/spi-builder-workspace/Sources/Utils/Misc/DiskFileError.swift /Users/admin/builder/spi-builder-workspace/Sources/Utils/Misc/KeyParameterizable.swift /Users/admin/builder/spi-builder-workspace/Sources/Utils/Misc/Runnable.swift /Users/admin/builder/spi-builder-workspace/Sources/Utils/Misc/Startable.swift /Users/admin/builder/spi-builder-workspace/Sources/Utils/Misc/StringBuilder.swift /Users/admin/builder/spi-builder-workspace/Sources/Utils/Misc/StringEnum.swift /Users/admin/builder/spi-builder-workspace/Sources/Utils/Misc/UnionStringEnum.swift /Users/admin/builder/spi-builder-workspace/Sources/Utils/Networking/AddressUtils.swift /Users/admin/builder/spi-builder-workspace/Sources/Utils/Networking/NetworkError.swift /Users/admin/builder/spi-builder-workspace/Sources/Utils/Numerics/Axis.swift /Users/admin/builder/spi-builder-workspace/Sources/Utils/Numerics/Complex.swift /Users/admin/builder/spi-builder-workspace/Sources/Utils/Numerics/Direction.swift /Users/admin/builder/spi-builder-workspace/Sources/Utils/Numerics/FibonacciSequence.swift /Users/admin/builder/spi-builder-workspace/Sources/Utils/Numerics/Mat2.swift /Users/admin/builder/spi-builder-workspace/Sources/Utils/Numerics/MathUtils.swift /Users/admin/builder/spi-builder-workspace/Sources/Utils/Numerics/Matrix.swift /Users/admin/builder/spi-builder-workspace/Sources/Utils/Numerics/NDArray.swift /Users/admin/builder/spi-builder-workspace/Sources/Utils/Numerics/NDArrayError.swift /Users/admin/builder/spi-builder-workspace/Sources/Utils/Numerics/NDArrayParser.swift /Users/admin/builder/spi-builder-workspace/Sources/Utils/Numerics/NDArrayParserError.swift /Users/admin/builder/spi-builder-workspace/Sources/Utils/Numerics/Rational.swift /Users/admin/builder/spi-builder-workspace/Sources/Utils/Numerics/Vec2.swift /Users/admin/builder/spi-builder-workspace/Sources/Utils/Numerics/Vector.swift /Users/admin/builder/spi-builder-workspace/Sources/Utils/Operations/Absolutable.swift /Users/admin/builder/spi-builder-workspace/Sources/Utils/Operations/Addable.swift /Users/admin/builder/spi-builder-workspace/Sources/Utils/Operations/AnyAsyncBijection.swift /Users/admin/builder/spi-builder-workspace/Sources/Utils/Operations/AnyBijection.swift /Users/admin/builder/spi-builder-workspace/Sources/Utils/Operations/AsyncBijection.swift /Users/admin/builder/spi-builder-workspace/Sources/Utils/Operations/Bijection.swift /Users/admin/builder/spi-builder-workspace/Sources/Utils/Operations/ComposedAsyncBijection.swift /Users/admin/builder/spi-builder-workspace/Sources/Utils/Operations/ComposedBijection.swift /Users/admin/builder/spi-builder-workspace/Sources/Utils/Operations/Divisible.swift /Users/admin/builder/spi-builder-workspace/Sources/Utils/Operations/IdentityBijection.swift /Users/admin/builder/spi-builder-workspace/Sources/Utils/Operations/IntExpressibleAlgebraicField.swift /Users/admin/builder/spi-builder-workspace/Sources/Utils/Operations/InverseAsyncBijection.swift /Users/admin/builder/spi-builder-workspace/Sources/Utils/Operations/InverseBijection.swift /Users/admin/builder/spi-builder-workspace/Sources/Utils/Operations/Magnitudable.swift /Users/admin/builder/spi-builder-workspace/Sources/Utils/Operations/Multipliable.swift /Users/admin/builder/spi-builder-workspace/Sources/Utils/Operations/Negatable.swift /Users/admin/builder/spi-builder-workspace/Sources/Utils/Operations/Remainderable.swift /Users/admin/builder/spi-builder-workspace/Sources/Utils/Operations/Scaling.swift /Users/admin/builder/spi-builder-workspace/Sources/Utils/Operations/Subtractable.swift /Users/admin/builder/spi-builder-workspace/Sources/Utils/Operations/Translation.swift /Users/admin/builder/spi-builder-workspace/Sources/Utils/Operations/UnsignedConvertible.swift /Users/admin/builder/spi-builder-workspace/Sources/Utils/Parsing/LegacyRegex.swift /Users/admin/builder/spi-builder-workspace/Sources/Utils/Parsing/TokenIterator.swift /Users/admin/builder/spi-builder-workspace/Sources/Utils/Processes/NodePackage.swift /Users/admin/builder/spi-builder-workspace/Sources/Utils/Processes/Shell.swift /Users/admin/builder/spi-builder-workspace/Sources/Utils/Ranges/LowBoundedIntRange.swift /Users/admin/builder/spi-builder-workspace/Sources/Utils/Ranges/RangeUtils.swift /Users/admin/builder/spi-builder-workspace/Sources/Utils/Scheduling/RepeatingTimer.swift /Users/admin/builder/spi-builder-workspace/Sources/Utils/Scheduling/TimerContext.swift /Users/admin/builder/spi-builder-workspace/Sources/Utils/Serialization/AnyCodable.swift /Users/admin/builder/spi-builder-workspace/Sources/Utils/Serialization/AnyCodingKey.swift /Users/admin/builder/spi-builder-workspace/Sources/Utils/Serialization/AutoSerializing.swift /Users/admin/builder/spi-builder-workspace/Sources/Utils/Serialization/DiskJsonSerializer.swift /Users/admin/builder/spi-builder-workspace/Sources/Utils/Serialization/EncodeError.swift /Users/admin/builder/spi-builder-workspace/Sources/Utils/Statistics/Averager.swift /Users/admin/builder/spi-builder-workspace/Sources/Utils/Statistics/CustomDiscreteDistribution.swift /Users/admin/builder/spi-builder-workspace/Sources/Utils/Statistics/Distribution.swift /Users/admin/builder/spi-builder-workspace/Sources/Utils/Synchronization/MutexLock.swift /Users/admin/builder/spi-builder-workspace/Sources/Utils/Synchronization/Synchronized.swift /Users/admin/builder/spi-builder-workspace/Sources/Utils/Time/Time.swift /Users/admin/builder/spi-builder-workspace/Sources/Utils/Web/DocumentToMarkdownConverter.swift /Users/admin/builder/spi-builder-workspace/Sources/Utils/Web/HTTPRequest.swift /Users/admin/builder/spi-builder-workspace/Sources/Utils/Wrappers/AsyncLazyExpiring.swift /Users/admin/builder/spi-builder-workspace/Sources/Utils/Wrappers/Binding.swift /Users/admin/builder/spi-builder-workspace/Sources/Utils/Wrappers/Box.swift /Users/admin/builder/spi-builder-workspace/Sources/Utils/Wrappers/Expiring.swift /Users/admin/builder/spi-builder-workspace/Sources/Utils/Wrappers/Lazy.swift /Users/admin/builder/spi-builder-workspace/Sources/Utils/Wrappers/PhantomWrapped.swift -target arm64-apple-watchos9.0 -disable-cross-import-overlay-search -load-resolved-plugin /Applications/Xcode-27.0.0-Release.Candidate.app/Contents/Developer/Platforms/WatchOS.platform/Developer/usr/lib/swift/host/plugins/libFoundationMacros.dylib\#/Applications/Xcode-27.0.0-Release.Candidate.app/Contents/Developer/Platforms/WatchOS.platform/Developer/usr/bin/swift-plugin-server\#FoundationMacros -load-resolved-plugin /Applications/Xcode-27.0.0-Release.Candidate.app/Contents/Developer/Platforms/WatchOS.platform/Developer/usr/lib/swift/host/plugins/libObservationMacros.dylib\#/Applications/Xcode-27.0.0-Release.Candidate.app/Contents/Developer/Platforms/WatchOS.platform/Developer/usr/bin/swift-plugin-server\#ObservationMacros -load-resolved-plugin /Applications/Xcode-27.0.0-Release.Candidate.app/Contents/Developer/Platforms/WatchOS.platform/Developer/usr/lib/swift/host/plugins/libSwiftMacros.dylib\#/Applications/Xcode-27.0.0-Release.Candidate.app/Contents/Developer/Platforms/WatchOS.platform/Developer/usr/bin/swift-plugin-server\#SwiftMacros -disable-implicit-swift-modules -Xcc -fno-implicit-modules -Xcc -fno-implicit-module-maps -explicit-swift-module-map-file /Users/admin/builder/spi-builder-workspace/.derivedData/Build/Intermediates.noindex/swift-utils.build/Debug-watchos/Utils-t.build/Objects-normal/arm64/Utils-dependencies-1.json -Xllvm -aarch64-use-tbi -enable-objc-interop -stack-check -sdk /Applications/Xcode-27.0.0-Release.Candidate.app/Contents/Developer/Platforms/WatchOS.platform/Developer/SDKs/WatchOS27.0.sdk -I /Users/admin/builder/spi-builder-workspace/.derivedData/Build/Products/Debug-watchos -Isystem /Applications/Xcode-27.0.0-Release.Candidate.app/Contents/Developer/Platforms/WatchOS.platform/Developer/usr/lib -F /Users/admin/builder/spi-builder-workspace/.derivedData/Build/Products/Debug-watchos/PackageFrameworks -F /Users/admin/builder/spi-builder-workspace/.derivedData/Build/Products/Debug-watchos -F /Applications/Xcode-27.0.0-Release.Candidate.app/Contents/Developer/Platforms/WatchOS.platform/Developer/Library/Frameworks -F /Applications/Xcode-27.0.0-Release.Candidate.app/Contents/Developer/Platforms/WatchOS.platform/Developer/SDKs/WatchOS27.0.sdk/Developer/Library/Frameworks -module-cache-path /Users/admin/builder/spi-builder-workspace/.derivedData/Build/Intermediates.noindex/SwiftExplicitPrecompiledModules -no-color-diagnostics -Xcc -fno-color-diagnostics -enable-testing -g -debug-info-format\=dwarf -dwarf-version\=4 -profile-generate -profile-coverage-mapping -swift-version 5 -Onone -D SWIFT_PACKAGE -D DEBUG -D SWIFT_MODULE_RESOURCE_BUNDLE_UNAVAILABLE -D Xcode -serialize-debugging-options -enable-experimental-feature DebugDescriptionMacro -empty-abi-descriptor -validate-clang-modules-once -clang-build-session-file /Users/admin/builder/spi-builder-workspace/.derivedData/ModuleCache.noindex/Session.modulevalidation -Xcc -working-directory -Xcc /Users/admin/builder/spi-builder-workspace/.swiftpm/xcode -enable-anonymous-context-mangled-names -file-compilation-dir /Users/admin/builder/spi-builder-workspace/.swiftpm/xcode -Xcc -D_LIBCPP_HARDENING_MODE\=_LIBCPP_HARDENING_MODE_DEBUG -Xcc -ivfsstatcache -Xcc /Users/admin/builder/spi-builder-workspace/.derivedData/SDKStatCaches.noindex/watchos27.0-24R360-e829b21a6f8c9b70876ba0858053c04477534ef55a1706bf4c1112bbb242f0a2.sdkstatcache -Xcc -fmodules-prune-interval\=86400 -Xcc -fmodules-prune-after\=345600 -Xcc -I/Users/admin/builder/spi-builder-workspace/.derivedData/Build/Products/Debug-watchos/include -Xcc -I/Users/admin/builder/spi-builder-workspace/.derivedData/Build/Intermediates.noindex/swift-utils.build/Debug-watchos/Utils-t.build/DerivedSources-normal/arm64 -Xcc -I/Users/admin/builder/spi-builder-workspace/.derivedData/Build/Intermediates.noindex/swift-utils.build/Debug-watchos/Utils-t.build/DerivedSources/arm64 -Xcc -I/Users/admin/builder/spi-builder-workspace/.derivedData/Build/Intermediates.noindex/swift-utils.build/Debug-watchos/Utils-t.build/DerivedSources -Xcc -DSWIFT_PACKAGE -Xcc -DDEBUG\=1 -no-auto-bridging-header-chaining -module-name Utils -package-name spi_builder_workspace -const-gather-protocols-file /Users/admin/builder/spi-builder-workspace/.derivedData/Build/Intermediates.noindex/swift-utils.build/Debug-watchos/Utils-t.build/Objects-normal/arm64/Utils_const_extract_protocols.json -disable-clang-spi -clang-target arm64-apple-watchos27.0 -target-sdk-version 27.0 -target-sdk-name watchos27.0 -in-process-plugin-server-path /Applications/Xcode-27.0.0-Release.Candidate.app/Contents/Developer/Toolchains/XcodeDefault.xctoolchain/usr/lib/swift/host/libSwiftInProcPluginServer.dylib -emit-module-doc-path /Users/admin/builder/spi-builder-workspace/.derivedData/Build/Intermediates.noindex/swift-utils.build/Debug-watchos/Utils-t.build/Objects-normal/arm64/Utils.swiftdoc -emit-module-source-info-path /Users/admin/builder/spi-builder-workspace/.derivedData/Build/Intermediates.noindex/swift-utils.build/Debug-watchos/Utils-t.build/Objects-normal/arm64/Utils.swiftsourceinfo -emit-objc-header-path /Users/admin/builder/spi-builder-workspace/.derivedData/Build/Intermediates.noindex/swift-utils.build/Debug-watchos/Utils-t.build/Objects-normal/arm64/Utils-Swift.h -serialize-diagnostics-path /Users/admin/builder/spi-builder-workspace/.derivedData/Build/Intermediates.noindex/swift-utils.build/Debug-watchos/Utils-t.build/Objects-normal/arm64/Utils-primary-emit-module.dia -emit-dependencies-path /Users/admin/builder/spi-builder-workspace/.derivedData/Build/Intermediates.noindex/swift-utils.build/Debug-watchos/Utils-t.build/Objects-normal/arm64/Utils-primary-emit-module.d -parse-as-library -o /Users/admin/builder/spi-builder-workspace/.derivedData/Build/Intermediates.noindex/swift-utils.build/Debug-watchos/Utils-t.build/Objects-normal/arm64/Utils.swiftmodule -emit-abi-descriptor-path /Users/admin/builder/spi-builder-workspace/.derivedData/Build/Intermediates.noindex/swift-utils.build/Debug-watchos/Utils-t.build/Objects-normal/arm64/Utils.abi.json
SwiftCompile normal arm64 (in target 'Utils' from project 'swift-utils')
    cd /Users/admin/builder/spi-builder-workspace/.swiftpm/xcode

SwiftCompile normal arm64 Compiling\ Promise.swift,\ PromiseUtils.swift,\ ArrayUtils.swift,\ AvlTree.swift,\ BiDictionary.swift,\ BinaryHeap.swift,\ BitArray.swift,\ CircularArray.swift,\ ExpiringList.swift,\ FixedArray.swift,\ LazyDictionary.swift /Users/admin/builder/spi-builder-workspace/Sources/Utils/Asynchrony/Promise.swift /Users/admin/builder/spi-builder-workspace/Sources/Utils/Asynchrony/PromiseUtils.swift /Users/admin/builder/spi-builder-workspace/Sources/Utils/Collections/ArrayUtils.swift /Users/admin/builder/spi-builder-workspace/Sources/Utils/Collections/AvlTree.swift /Users/admin/builder/spi-builder-workspace/Sources/Utils/Collections/BiDictionary.swift /Users/admin/builder/spi-builder-workspace/Sources/Utils/Collections/BinaryHeap.swift /Users/admin/builder/spi-builder-workspace/Sources/Utils/Collections/BitArray.swift /Users/admin/builder/spi-builder-workspace/Sources/Utils/Collections/CircularArray.swift /Users/admin/builder/spi-builder-workspace/Sources/Utils/Collections/ExpiringList.swift /Users/admin/builder/spi-builder-workspace/Sources/Utils/Collections/FixedArray.swift /Users/admin/builder/spi-builder-workspace/Sources/Utils/Collections/LazyDictionary.swift (in target 'Utils' from project 'swift-utils')
SwiftCompile normal arm64 /Users/admin/builder/spi-builder-workspace/Sources/Utils/Asynchrony/Promise.swift (in target 'Utils' from project 'swift-utils')
    cd /Users/admin/builder/spi-builder-workspace/.swiftpm/xcode
    builtin-SwiftPerFileCompile Promise.swift
SwiftCompile normal arm64 /Users/admin/builder/spi-builder-workspace/Sources/Utils/Asynchrony/PromiseUtils.swift (in target 'Utils' from project 'swift-utils')
    cd /Users/admin/builder/spi-builder-workspace/.swiftpm/xcode
    builtin-SwiftPerFileCompile PromiseUtils.swift
SwiftCompile normal arm64 /Users/admin/builder/spi-builder-workspace/Sources/Utils/Collections/ArrayUtils.swift (in target 'Utils' from project 'swift-utils')
    cd /Users/admin/builder/spi-builder-workspace/.swiftpm/xcode
    builtin-SwiftPerFileCompile ArrayUtils.swift
SwiftCompile normal arm64 /Users/admin/builder/spi-builder-workspace/Sources/Utils/Collections/AvlTree.swift (in target 'Utils' from project 'swift-utils')
    cd /Users/admin/builder/spi-builder-workspace/.swiftpm/xcode
    builtin-SwiftPerFileCompile AvlTree.swift
SwiftCompile normal arm64 /Users/admin/builder/spi-builder-workspace/Sources/Utils/Collections/BiDictionary.swift (in target 'Utils' from project 'swift-utils')
    cd /Users/admin/builder/spi-builder-workspace/.swiftpm/xcode
    builtin-SwiftPerFileCompile BiDictionary.swift
SwiftCompile normal arm64 /Users/admin/builder/spi-builder-workspace/Sources/Utils/Collections/BinaryHeap.swift (in target 'Utils' from project 'swift-utils')
    cd /Users/admin/builder/spi-builder-workspace/.swiftpm/xcode
    builtin-SwiftPerFileCompile BinaryHeap.swift
SwiftCompile normal arm64 /Users/admin/builder/spi-builder-workspace/Sources/Utils/Collections/BitArray.swift (in target 'Utils' from project 'swift-utils')
    cd /Users/admin/builder/spi-builder-workspace/.swiftpm/xcode
    builtin-SwiftPerFileCompile BitArray.swift
SwiftCompile normal arm64 /Users/admin/builder/spi-builder-workspace/Sources/Utils/Collections/CircularArray.swift (in target 'Utils' from project 'swift-utils')
    cd /Users/admin/builder/spi-builder-workspace/.swiftpm/xcode
    builtin-SwiftPerFileCompile CircularArray.swift
SwiftCompile normal arm64 /Users/admin/builder/spi-builder-workspace/Sources/Utils/Collections/ExpiringList.swift (in target 'Utils' from project 'swift-utils')
    cd /Users/admin/builder/spi-builder-workspace/.swiftpm/xcode
    builtin-SwiftPerFileCompile ExpiringList.swift
SwiftCompile normal arm64 /Users/admin/builder/spi-builder-workspace/Sources/Utils/Collections/FixedArray.swift (in target 'Utils' from project 'swift-utils')
    cd /Users/admin/builder/spi-builder-workspace/.swiftpm/xcode
    builtin-SwiftPerFileCompile FixedArray.swift
SwiftCompile normal arm64 /Users/admin/builder/spi-builder-workspace/Sources/Utils/Collections/LazyDictionary.swift (in target 'Utils' from project 'swift-utils')
    cd /Users/admin/builder/spi-builder-workspace/.swiftpm/xcode
    builtin-SwiftPerFileCompile LazyDictionary.swift
SwiftCompile normal arm64 Compiling\ Divisible.swift,\ IdentityBijection.swift,\ IntExpressibleAlgebraicField.swift,\ InverseAsyncBijection.swift,\ InverseBijection.swift,\ Magnitudable.swift,\ Multipliable.swift,\ Negatable.swift,\ Remainderable.swift,\ Scaling.swift /Users/admin/builder/spi-builder-workspace/Sources/Utils/Operations/Divisible.swift /Users/admin/builder/spi-builder-workspace/Sources/Utils/Operations/IdentityBijection.swift /Users/admin/builder/spi-builder-workspace/Sources/Utils/Operations/IntExpressibleAlgebraicField.swift /Users/admin/builder/spi-builder-workspace/Sources/Utils/Operations/InverseAsyncBijection.swift /Users/admin/builder/spi-builder-workspace/Sources/Utils/Operations/InverseBijection.swift /Users/admin/builder/spi-builder-workspace/Sources/Utils/Operations/Magnitudable.swift /Users/admin/builder/spi-builder-workspace/Sources/Utils/Operations/Multipliable.swift /Users/admin/builder/spi-builder-workspace/Sources/Utils/Operations/Negatable.swift /Users/admin/builder/spi-builder-workspace/Sources/Utils/Operations/Remainderable.swift /Users/admin/builder/spi-builder-workspace/Sources/Utils/Operations/Scaling.swift (in target 'Utils' from project 'swift-utils')
SwiftCompile normal arm64 /Users/admin/builder/spi-builder-workspace/Sources/Utils/Operations/Divisible.swift (in target 'Utils' from project 'swift-utils')
    cd /Users/admin/builder/spi-builder-workspace/.swiftpm/xcode
    builtin-SwiftPerFileCompile Divisible.swift
SwiftCompile normal arm64 /Users/admin/builder/spi-builder-workspace/Sources/Utils/Operations/IdentityBijection.swift (in target 'Utils' from project 'swift-utils')
    cd /Users/admin/builder/spi-builder-workspace/.swiftpm/xcode
    builtin-SwiftPerFileCompile IdentityBijection.swift
SwiftCompile normal arm64 /Users/admin/builder/spi-builder-workspace/Sources/Utils/Operations/IntExpressibleAlgebraicField.swift (in target 'Utils' from project 'swift-utils')
    cd /Users/admin/builder/spi-builder-workspace/.swiftpm/xcode
    builtin-SwiftPerFileCompile IntExpressibleAlgebraicField.swift
SwiftCompile normal arm64 /Users/admin/builder/spi-builder-workspace/Sources/Utils/Operations/InverseAsyncBijection.swift (in target 'Utils' from project 'swift-utils')
    cd /Users/admin/builder/spi-builder-workspace/.swiftpm/xcode
    builtin-SwiftPerFileCompile InverseAsyncBijection.swift
SwiftCompile normal arm64 /Users/admin/builder/spi-builder-workspace/Sources/Utils/Operations/InverseBijection.swift (in target 'Utils' from project 'swift-utils')
    cd /Users/admin/builder/spi-builder-workspace/.swiftpm/xcode
    builtin-SwiftPerFileCompile InverseBijection.swift
SwiftCompile normal arm64 /Users/admin/builder/spi-builder-workspace/Sources/Utils/Operations/Magnitudable.swift (in target 'Utils' from project 'swift-utils')
    cd /Users/admin/builder/spi-builder-workspace/.swiftpm/xcode
    builtin-SwiftPerFileCompile Magnitudable.swift
SwiftCompile normal arm64 /Users/admin/builder/spi-builder-workspace/Sources/Utils/Operations/Multipliable.swift (in target 'Utils' from project 'swift-utils')
    cd /Users/admin/builder/spi-builder-workspace/.swiftpm/xcode
    builtin-SwiftPerFileCompile Multipliable.swift
SwiftCompile normal arm64 /Users/admin/builder/spi-builder-workspace/Sources/Utils/Operations/Negatable.swift (in target 'Utils' from project 'swift-utils')
    cd /Users/admin/builder/spi-builder-workspace/.swiftpm/xcode
    builtin-SwiftPerFileCompile Negatable.swift
SwiftCompile normal arm64 /Users/admin/builder/spi-builder-workspace/Sources/Utils/Operations/Remainderable.swift (in target 'Utils' from project 'swift-utils')
    cd /Users/admin/builder/spi-builder-workspace/.swiftpm/xcode
    builtin-SwiftPerFileCompile Remainderable.swift
SwiftCompile normal arm64 /Users/admin/builder/spi-builder-workspace/Sources/Utils/Operations/Scaling.swift (in target 'Utils' from project 'swift-utils')
    cd /Users/admin/builder/spi-builder-workspace/.swiftpm/xcode
    builtin-SwiftPerFileCompile Scaling.swift
SwiftEmitModule normal arm64_32 Emitting\ module\ for\ Utils (in target 'Utils' from project 'swift-utils')
SwiftCompile normal arm64_32 (in target 'Utils' from project 'swift-utils')
    cd /Users/admin/builder/spi-builder-workspace/.swiftpm/xcode

SwiftDriverJobDiscovery normal arm64 Compiling Divisible.swift, IdentityBijection.swift, IntExpressibleAlgebraicField.swift, InverseAsyncBijection.swift, InverseBijection.swift, Magnitudable.swift, Multipliable.swift, Negatable.swift, Remainderable.swift, Scaling.swift (in target 'Utils' from project 'swift-utils')
SwiftCompile normal arm64_32 Compiling\ Sequence+Extensions.swift,\ StringProtocol+Extensions.swift,\ TimeInterval+Extensions.swift,\ TemporaryDirectory.swift,\ TemporaryFile.swift,\ PeekableIterator.swift,\ ConstBoolTypes.swift,\ ConstIntTypes.swift,\ AsyncRunnable.swift,\ CompareUtils.swift,\ DefaultInitializable.swift /Users/admin/builder/spi-builder-workspace/Sources/Utils/Extensions/Sequence+Extensions.swift /Users/admin/builder/spi-builder-workspace/Sources/Utils/Extensions/StringProtocol+Extensions.swift /Users/admin/builder/spi-builder-workspace/Sources/Utils/Extensions/TimeInterval+Extensions.swift /Users/admin/builder/spi-builder-workspace/Sources/Utils/Filesystem/TemporaryDirectory.swift /Users/admin/builder/spi-builder-workspace/Sources/Utils/Filesystem/TemporaryFile.swift /Users/admin/builder/spi-builder-workspace/Sources/Utils/Iterators/PeekableIterator.swift /Users/admin/builder/spi-builder-workspace/Sources/Utils/Metaprogramming/ConstBoolTypes.swift /Users/admin/builder/spi-builder-workspace/Sources/Utils/Metaprogramming/ConstIntTypes.swift /Users/admin/builder/spi-builder-workspace/Sources/Utils/Misc/AsyncRunnable.swift /Users/admin/builder/spi-builder-workspace/Sources/Utils/Misc/CompareUtils.swift /Users/admin/builder/spi-builder-workspace/Sources/Utils/Misc/DefaultInitializable.swift (in target 'Utils' from project 'swift-utils')
SwiftCompile normal arm64_32 /Users/admin/builder/spi-builder-workspace/Sources/Utils/Extensions/Sequence+Extensions.swift (in target 'Utils' from project 'swift-utils')
    cd /Users/admin/builder/spi-builder-workspace/.swiftpm/xcode
    builtin-SwiftPerFileCompile Sequence+Extensions.swift
SwiftCompile normal arm64_32 /Users/admin/builder/spi-builder-workspace/Sources/Utils/Extensions/StringProtocol+Extensions.swift (in target 'Utils' from project 'swift-utils')
    cd /Users/admin/builder/spi-builder-workspace/.swiftpm/xcode
    builtin-SwiftPerFileCompile StringProtocol+Extensions.swift
SwiftCompile normal arm64_32 /Users/admin/builder/spi-builder-workspace/Sources/Utils/Extensions/TimeInterval+Extensions.swift (in target 'Utils' from project 'swift-utils')
    cd /Users/admin/builder/spi-builder-workspace/.swiftpm/xcode
    builtin-SwiftPerFileCompile TimeInterval+Extensions.swift
SwiftCompile normal arm64_32 /Users/admin/builder/spi-builder-workspace/Sources/Utils/Filesystem/TemporaryDirectory.swift (in target 'Utils' from project 'swift-utils')
    cd /Users/admin/builder/spi-builder-workspace/.swiftpm/xcode
    builtin-SwiftPerFileCompile TemporaryDirectory.swift
SwiftCompile normal arm64_32 /Users/admin/builder/spi-builder-workspace/Sources/Utils/Filesystem/TemporaryFile.swift (in target 'Utils' from project 'swift-utils')
    cd /Users/admin/builder/spi-builder-workspace/.swiftpm/xcode
    builtin-SwiftPerFileCompile TemporaryFile.swift
SwiftCompile normal arm64_32 /Users/admin/builder/spi-builder-workspace/Sources/Utils/Iterators/PeekableIterator.swift (in target 'Utils' from project 'swift-utils')
    cd /Users/admin/builder/spi-builder-workspace/.swiftpm/xcode
    builtin-SwiftPerFileCompile PeekableIterator.swift
SwiftCompile normal arm64_32 /Users/admin/builder/spi-builder-workspace/Sources/Utils/Metaprogramming/ConstBoolTypes.swift (in target 'Utils' from project 'swift-utils')
    cd /Users/admin/builder/spi-builder-workspace/.swiftpm/xcode
    builtin-SwiftPerFileCompile ConstBoolTypes.swift
SwiftCompile normal arm64_32 /Users/admin/builder/spi-builder-workspace/Sources/Utils/Metaprogramming/ConstIntTypes.swift (in target 'Utils' from project 'swift-utils')
    cd /Users/admin/builder/spi-builder-workspace/.swiftpm/xcode
    builtin-SwiftPerFileCompile ConstIntTypes.swift
SwiftCompile normal arm64_32 /Users/admin/builder/spi-builder-workspace/Sources/Utils/Misc/AsyncRunnable.swift (in target 'Utils' from project 'swift-utils')
    cd /Users/admin/builder/spi-builder-workspace/.swiftpm/xcode
    builtin-SwiftPerFileCompile AsyncRunnable.swift
SwiftCompile normal arm64_32 /Users/admin/builder/spi-builder-workspace/Sources/Utils/Misc/CompareUtils.swift (in target 'Utils' from project 'swift-utils')
    cd /Users/admin/builder/spi-builder-workspace/.swiftpm/xcode
    builtin-SwiftPerFileCompile CompareUtils.swift
SwiftCompile normal arm64_32 /Users/admin/builder/spi-builder-workspace/Sources/Utils/Misc/DefaultInitializable.swift (in target 'Utils' from project 'swift-utils')
    cd /Users/admin/builder/spi-builder-workspace/.swiftpm/xcode
    builtin-SwiftPerFileCompile DefaultInitializable.swift
PruneExplicitPrecompiledModules /Users/admin/builder/spi-builder-workspace/.derivedData/Build/Intermediates.noindex/ExplicitPrecompiledModules
PruneExplicitPrecompiledModules /Users/admin/builder/spi-builder-workspace/.derivedData/Build/Intermediates.noindex/SwiftExplicitPrecompiledModules
PruneExplicitPrecompiledModules /Users/admin/builder/spi-builder-workspace/.derivedData/SDKExplicitPrecompiledModules
2026-09-21 17:28:37.176 xcodebuild[981:5833] [MT] IDERunDestination: Supported platforms for the buildables in the current scheme is empty.
** BUILD FAILED **
The following build commands failed:
	SwiftEmitModule normal arm64 Emitting\ module\ for\ Utils (in target 'Utils' from project 'swift-utils')
	SwiftCompile normal arm64 (in target 'Utils' from project 'swift-utils')
	Building workspace swift-utils with scheme swift-utils
(3 failures)
Command line invocation:
    /Applications/Xcode-27.0.0-Release.Candidate.app/Contents/Developer/usr/bin/xcodebuild -IDEClonedSourcePackagesDirPathOverride=/Users/admin/builder/spi-builder-workspace/.dependencies -resolvePackageDependencies
Resolve Package Graph
Resolved source packages:
  XMLCoder: https://github.com/MaxDesiatov/XMLCoder.git @ 0.18.2
  SwiftDocCPlugin: https://github.com/apple/swift-docc-plugin.git @ 1.5.0
  SwiftSoup: https://github.com/scinfu/SwiftSoup.git @ 2.13.9
  swift-utils: /Users/admin/builder/spi-builder-workspace
  SymbolKit: https://github.com/swiftlang/swift-docc-symbolkit @ 1.0.0
  swift-log: https://github.com/apple/swift-log.git @ 1.15.1
resolved source packages: XMLCoder, SwiftDocCPlugin, SwiftSoup, swift-utils, SymbolKit, swift-log
2026-09-21 17:29:00.192 xcodebuild[1322:7755] [MT] IDERunDestination: Supported platforms for the buildables in the current scheme is empty.
{
  "dependencies" : [
    {
      "identity" : "swift-docc-plugin",
      "requirement" : {
        "range" : [
          {
            "lower_bound" : "1.1.0",
            "upper_bound" : "2.0.0"
          }
        ]
      },
      "type" : "sourceControl",
      "url" : "https://github.com/apple/swift-docc-plugin.git"
    },
    {
      "identity" : "swiftsoup",
      "requirement" : {
        "range" : [
          {
            "lower_bound" : "2.7.5",
            "upper_bound" : "3.0.0"
          }
        ]
      },
      "type" : "sourceControl",
      "url" : "https://github.com/scinfu/SwiftSoup.git"
    },
    {
      "identity" : "swift-log",
      "requirement" : {
        "range" : [
          {
            "lower_bound" : "1.6.0",
            "upper_bound" : "2.0.0"
          }
        ]
      },
      "type" : "sourceControl",
      "url" : "https://github.com/apple/swift-log.git"
    },
    {
      "identity" : "xmlcoder",
      "requirement" : {
        "range" : [
          {
            "lower_bound" : "0.17.1",
            "upper_bound" : "1.0.0"
          }
        ]
      },
      "type" : "sourceControl",
      "url" : "https://github.com/MaxDesiatov/XMLCoder.git"
    }
  ],
  "manifest_display_name" : "swift-utils",
  "name" : "swift-utils",
  "path" : "/Users/admin/builder/spi-builder-workspace",
  "platforms" : [
    {
      "name" : "macos",
      "version" : "13.0"
    }
  ],
  "products" : [
    {
      "name" : "Utils",
      "targets" : [
        "Utils"
      ],
      "type" : {
        "library" : [
          "automatic"
        ]
      }
    }
  ],
  "targets" : [
    {
      "c99name" : "UtilsTests",
      "module_type" : "SwiftTarget",
      "name" : "UtilsTests",
      "path" : "Tests/UtilsTests",
      "sources" : [
        "Collections/AvlTreeTests.swift",
        "Collections/BiDictionaryTests.swift",
        "Collections/BinaryHeapTests.swift",
        "Collections/BitArrayTests.swift",
        "Collections/CircularArrayTests.swift",
        "Collections/CollectionUtilsTests.swift",
        "Collections/StablePriorityQueueTests.swift",
        "Extensions/AsyncExtensionsTests.swift",
        "Extensions/StringExtensionsTests.swift",
        "Numerics/ComplexTests.swift",
        "Numerics/FibonacciSequenceTests.swift",
        "Numerics/Mat2Tests.swift",
        "Numerics/MathUtilsTests.swift",
        "Numerics/MatrixTests.swift",
        "Numerics/NDArrayTests.swift",
        "Numerics/RationalTests.swift",
        "Parsing/TokenIteratorTests.swift",
        "Processes/ShellTests.swift"
      ],
      "target_dependencies" : [
        "Utils"
      ],
      "type" : "test"
    },
    {
      "c99name" : "Utils",
      "module_type" : "SwiftTarget",
      "name" : "Utils",
      "path" : "Sources/Utils",
      "product_dependencies" : [
        "Logging",
        "SwiftSoup",
        "XMLCoder"
      ],
      "product_memberships" : [
        "Utils"
      ],
      "sources" : [
        "Asynchrony/Promise.swift",
        "Asynchrony/PromiseUtils.swift",
        "Collections/ArrayUtils.swift",
        "Collections/AvlTree.swift",
        "Collections/BiDictionary.swift",
        "Collections/BinaryHeap.swift",
        "Collections/BitArray.swift",
        "Collections/CircularArray.swift",
        "Collections/ExpiringList.swift",
        "Collections/FixedArray.swift",
        "Collections/LazyDictionary.swift",
        "Collections/PriorityQueue.swift",
        "Collections/SearchTree.swift",
        "Collections/StablePriorityQueue.swift",
        "Concurrency/UncheckedSendable.swift",
        "Extensions/Array+Extensions.swift",
        "Extensions/ChoiceOf+Extensions.swift",
        "Extensions/Collection+Extensions.swift",
        "Extensions/Dictionary+Extensions.swift",
        "Extensions/Optional+Extensions.swift",
        "Extensions/RandomAccessCollection+Extensions.swift",
        "Extensions/Result+Extensions.swift",
        "Extensions/Sequence+Extensions.swift",
        "Extensions/StringProtocol+Extensions.swift",
        "Extensions/TimeInterval+Extensions.swift",
        "Filesystem/TemporaryDirectory.swift",
        "Filesystem/TemporaryFile.swift",
        "Iterators/PeekableIterator.swift",
        "Metaprogramming/ConstBoolTypes.swift",
        "Metaprogramming/ConstIntTypes.swift",
        "Misc/AsyncRunnable.swift",
        "Misc/CompareUtils.swift",
        "Misc/DefaultInitializable.swift",
        "Misc/DiskFileError.swift",
        "Misc/KeyParameterizable.swift",
        "Misc/Runnable.swift",
        "Misc/Startable.swift",
        "Misc/StringBuilder.swift",
        "Misc/StringEnum.swift",
        "Misc/UnionStringEnum.swift",
        "Networking/AddressUtils.swift",
        "Networking/NetworkError.swift",
        "Numerics/Axis.swift",
        "Numerics/Complex.swift",
        "Numerics/Direction.swift",
        "Numerics/FibonacciSequence.swift",
        "Numerics/Mat2.swift",
        "Numerics/MathUtils.swift",
        "Numerics/Matrix.swift",
        "Numerics/NDArray.swift",
        "Numerics/NDArrayError.swift",
        "Numerics/NDArrayParser.swift",
        "Numerics/NDArrayParserError.swift",
        "Numerics/Rational.swift",
        "Numerics/Vec2.swift",
        "Numerics/Vector.swift",
        "Operations/Absolutable.swift",
        "Operations/Addable.swift",
        "Operations/AnyAsyncBijection.swift",
        "Operations/AnyBijection.swift",
        "Operations/AsyncBijection.swift",
        "Operations/Bijection.swift",
        "Operations/ComposedAsyncBijection.swift",
        "Operations/ComposedBijection.swift",
        "Operations/Divisible.swift",
        "Operations/IdentityBijection.swift",
        "Operations/IntExpressibleAlgebraicField.swift",
        "Operations/InverseAsyncBijection.swift",
        "Operations/InverseBijection.swift",
        "Operations/Magnitudable.swift",
        "Operations/Multipliable.swift",
        "Operations/Negatable.swift",
        "Operations/Remainderable.swift",
        "Operations/Scaling.swift",
        "Operations/Subtractable.swift",
        "Operations/Translation.swift",
        "Operations/UnsignedConvertible.swift",
        "Parsing/LegacyRegex.swift",
        "Parsing/TokenIterator.swift",
        "Processes/NodePackage.swift",
        "Processes/Shell.swift",
        "Ranges/LowBoundedIntRange.swift",
        "Ranges/RangeUtils.swift",
        "Scheduling/RepeatingTimer.swift",
        "Scheduling/TimerContext.swift",
        "Serialization/AnyCodable.swift",
        "Serialization/AnyCodingKey.swift",
        "Serialization/AutoSerializing.swift",
        "Serialization/DiskJsonSerializer.swift",
        "Serialization/EncodeError.swift",
        "Statistics/Averager.swift",
        "Statistics/CustomDiscreteDistribution.swift",
        "Statistics/Distribution.swift",
        "Synchronization/MutexLock.swift",
        "Synchronization/Synchronized.swift",
        "Time/Time.swift",
        "Web/DocumentToMarkdownConverter.swift",
        "Web/HTTPRequest.swift",
        "Wrappers/AsyncLazyExpiring.swift",
        "Wrappers/Binding.swift",
        "Wrappers/Box.swift",
        "Wrappers/Expiring.swift",
        "Wrappers/Lazy.swift",
        "Wrappers/PhantomWrapped.swift"
      ],
      "type" : "library"
    }
  ],
  "tools_version" : "5.10"
}
{
  "workspace" : {
    "name" : "swift-utils",
    "schemes" : [
      "swift-utils"
    ]
  }
}
2026-09-21 17:29:07.620 xcodebuild[1380:8157] [MT] IDERunDestination: Supported platforms for the buildables in the current scheme is empty.
Running build ...
env DEVELOPER_DIR=/Applications/Xcode-27.0.0-Release.Candidate.app xcrun xcodebuild -IDEClonedSourcePackagesDirPathOverride=$PWD/.dependencies -skipMacroValidation -skipPackagePluginValidation -derivedDataPath $PWD/.derivedData build -scheme swift-utils -destination generic/platform=watchOS
Command line invocation:
    /Applications/Xcode-27.0.0-Release.Candidate.app/Contents/Developer/usr/bin/xcodebuild -IDEClonedSourcePackagesDirPathOverride=/Users/admin/builder/spi-builder-workspace/.dependencies -skipMacroValidation -skipPackagePluginValidation -derivedDataPath /Users/admin/builder/spi-builder-workspace/.derivedData build -scheme swift-utils -destination generic/platform=watchOS
Resolve Package Graph
Resolved source packages:
  SwiftDocCPlugin: https://github.com/apple/swift-docc-plugin.git @ 1.5.0
  SwiftSoup: https://github.com/scinfu/SwiftSoup.git @ 2.13.9
  XMLCoder: https://github.com/MaxDesiatov/XMLCoder.git @ 0.18.2
  SymbolKit: https://github.com/swiftlang/swift-docc-symbolkit @ 1.0.0
  swift-utils: /Users/admin/builder/spi-builder-workspace
  swift-log: https://github.com/apple/swift-log.git @ 1.15.1
ComputePackagePrebuildTargetDependencyGraph
Prepare packages
CreateBuildRequest
SendProjectDescription
CreateBuildOperation
ComputeTargetDependencyGraph
note: Building targets in dependency order
note: Target dependency graph (8 targets)
    Target 'Utils-product' in project 'swift-utils'
        ➜ Explicit dependency on target 'Utils' in project 'swift-utils'
        ➜ Explicit dependency on target 'Logging-product' in project 'swift-log'
        ➜ Explicit dependency on target 'SwiftSoup-product' in project 'SwiftSoup'
        ➜ Explicit dependency on target 'XMLCoder-product' in project 'XMLCoder'
    Target 'Utils' in project 'swift-utils'
        ➜ Explicit dependency on target 'Logging-product' in project 'swift-log'
        ➜ Explicit dependency on target 'SwiftSoup-product' in project 'SwiftSoup'
        ➜ Explicit dependency on target 'XMLCoder-product' in project 'XMLCoder'
    Target 'XMLCoder-product' in project 'XMLCoder'
        ➜ Explicit dependency on target 'XMLCoder' in project 'XMLCoder'
    Target 'XMLCoder' in project 'XMLCoder' (no dependencies)
    Target 'SwiftSoup-product' in project 'SwiftSoup'
        ➜ Explicit dependency on target 'SwiftSoup' in project 'SwiftSoup'
    Target 'SwiftSoup' in project 'SwiftSoup' (no dependencies)
    Target 'Logging-product' in project 'swift-log'
        ➜ Explicit dependency on target 'Logging' in project 'swift-log'
    Target 'Logging' in project 'swift-log' (no dependencies)
GatherProvisioningInputs
CreateBuildDescription
ClangStatCache /Applications/Xcode-27.0.0-Release.Candidate.app/Contents/Developer/Toolchains/XcodeDefault.xctoolchain/usr/bin/clang-stat-cache /Applications/Xcode-27.0.0-Release.Candidate.app/Contents/Developer/Platforms/WatchOS.platform/Developer/SDKs/WatchOS27.0.sdk /Users/admin/builder/spi-builder-workspace/.derivedData/SDKStatCaches.noindex/watchos27.0-24R360-e829b21a6f8c9b70876ba0858053c04477534ef55a1706bf4c1112bbb242f0a2.sdkstatcache
    cd /Users/admin/builder/spi-builder-workspace/.swiftpm/xcode
    /Applications/Xcode-27.0.0-Release.Candidate.app/Contents/Developer/Toolchains/XcodeDefault.xctoolchain/usr/bin/clang-stat-cache /Applications/Xcode-27.0.0-Release.Candidate.app/Contents/Developer/Platforms/WatchOS.platform/Developer/SDKs/WatchOS27.0.sdk -o /Users/admin/builder/spi-builder-workspace/.derivedData/SDKStatCaches.noindex/watchos27.0-24R360-e829b21a6f8c9b70876ba0858053c04477534ef55a1706bf4c1112bbb242f0a2.sdkstatcache
SwiftDriver Utils normal arm64_32 com.apple.xcode.tools.swift.compiler (in target 'Utils' from project 'swift-utils')
    cd /Users/admin/builder/spi-builder-workspace/.swiftpm/xcode
    builtin-SwiftDriver -- /Applications/Xcode-27.0.0-Release.Candidate.app/Contents/Developer/Toolchains/XcodeDefault.xctoolchain/usr/bin/swiftc -parse-as-library -module-name Utils -Onone @/Users/admin/builder/spi-builder-workspace/.derivedData/Build/Intermediates.noindex/swift-utils.build/Debug-watchos/Utils-t.build/Objects-normal/arm64_32/Utils.SwiftFileList -DSWIFT_PACKAGE -DDEBUG -DSWIFT_MODULE_RESOURCE_BUNDLE_UNAVAILABLE -DXcode -plugin-path /Applications/Xcode-27.0.0-Release.Candidate.app/Contents/Developer/Toolchains/XcodeDefault.xctoolchain/usr/lib/swift/host/plugins/testing -enable-experimental-feature DebugDescriptionMacro -sdk /Applications/Xcode-27.0.0-Release.Candidate.app/Contents/Developer/Platforms/WatchOS.platform/Developer/SDKs/WatchOS27.0.sdk -target arm64_32-apple-watchos9.0 -g -module-cache-path /Users/admin/builder/spi-builder-workspace/.derivedData/ModuleCache.noindex -Xfrontend -serialize-debugging-options -profile-coverage-mapping -profile-generate -enable-testing -index-store-path /Users/admin/builder/spi-builder-workspace/.derivedData/Index.noindex/DataStore -Xcc -D_LIBCPP_HARDENING_MODE\=_LIBCPP_HARDENING_MODE_DEBUG -swift-version 5 -I /Users/admin/builder/spi-builder-workspace/.derivedData/Build/Products/Debug-watchos -Isystem /Applications/Xcode-27.0.0-Release.Candidate.app/Contents/Developer/Platforms/WatchOS.platform/Developer/usr/lib -F /Users/admin/builder/spi-builder-workspace/.derivedData/Build/Products/Debug-watchos/PackageFrameworks -F /Users/admin/builder/spi-builder-workspace/.derivedData/Build/Products/Debug-watchos -F /Applications/Xcode-27.0.0-Release.Candidate.app/Contents/Developer/Platforms/WatchOS.platform/Developer/Library/Frameworks -F /Applications/Xcode-27.0.0-Release.Candidate.app/Contents/Developer/Platforms/WatchOS.platform/Developer/SDKs/WatchOS27.0.sdk/Developer/Library/Frameworks -c -j10 -enable-batch-mode -incremental -Xcc -ivfsstatcache -Xcc /Users/admin/builder/spi-builder-workspace/.derivedData/SDKStatCaches.noindex/watchos27.0-24R360-e829b21a6f8c9b70876ba0858053c04477534ef55a1706bf4c1112bbb242f0a2.sdkstatcache -output-file-map /Users/admin/builder/spi-builder-workspace/.derivedData/Build/Intermediates.noindex/swift-utils.build/Debug-watchos/Utils-t.build/Objects-normal/arm64_32/Utils-OutputFileMap.json -save-temps -no-color-diagnostics -explicit-module-build -module-cache-path /Users/admin/builder/spi-builder-workspace/.derivedData/Build/Intermediates.noindex/SwiftExplicitPrecompiledModules -clang-scanner-module-cache-path /Users/admin/builder/spi-builder-workspace/.derivedData/ModuleCache.noindex -sdk-module-cache-path /Users/admin/builder/spi-builder-workspace/.derivedData/SDKExplicitPrecompiledModules -emit-dependencies -emit-module -emit-module-path /Users/admin/builder/spi-builder-workspace/.derivedData/Build/Intermediates.noindex/swift-utils.build/Debug-watchos/Utils-t.build/Objects-normal/arm64_32/Utils.swiftmodule -serialize-diagnostics -dependency-scan-serialize-diagnostics-path /Users/admin/builder/spi-builder-workspace/.derivedData/Build/Intermediates.noindex/swift-utils.build/Debug-watchos/Utils-t.build/Objects-normal/arm64_32/Utils-dependency-scan.dia -validate-clang-modules-once -clang-build-session-file /Users/admin/builder/spi-builder-workspace/.derivedData/ModuleCache.noindex/Session.modulevalidation -Xcc -fmodules-prune-interval\=86400 -Xcc -fmodules-prune-after\=345600 -package-name spi_builder_workspace -emit-const-values -const-gather-protocols-list /Users/admin/builder/spi-builder-workspace/.derivedData/Build/Intermediates.noindex/swift-utils.build/Debug-watchos/Utils-t.build/Objects-normal/arm64_32/Utils_const_extract_protocols.json -Xcc -I/Users/admin/builder/spi-builder-workspace/.derivedData/Build/Products/Debug-watchos/include -Xcc -I/Users/admin/builder/spi-builder-workspace/.derivedData/Build/Intermediates.noindex/swift-utils.build/Debug-watchos/Utils-t.build/DerivedSources-normal/arm64_32 -Xcc -I/Users/admin/builder/spi-builder-workspace/.derivedData/Build/Intermediates.noindex/swift-utils.build/Debug-watchos/Utils-t.build/DerivedSources/arm64_32 -Xcc -I/Users/admin/builder/spi-builder-workspace/.derivedData/Build/Intermediates.noindex/swift-utils.build/Debug-watchos/Utils-t.build/DerivedSources -Xcc -DSWIFT_PACKAGE -Xcc -DDEBUG\=1 -emit-objc-header -emit-objc-header-path /Users/admin/builder/spi-builder-workspace/.derivedData/Build/Intermediates.noindex/swift-utils.build/Debug-watchos/Utils-t.build/Objects-normal/arm64_32/Utils-Swift.h -working-directory /Users/admin/builder/spi-builder-workspace/.swiftpm/xcode -experimental-emit-module-separately -disable-cmo
SwiftDriver Utils normal arm64 com.apple.xcode.tools.swift.compiler (in target 'Utils' from project 'swift-utils')
    cd /Users/admin/builder/spi-builder-workspace/.swiftpm/xcode
    builtin-SwiftDriver -- /Applications/Xcode-27.0.0-Release.Candidate.app/Contents/Developer/Toolchains/XcodeDefault.xctoolchain/usr/bin/swiftc -parse-as-library -module-name Utils -Onone @/Users/admin/builder/spi-builder-workspace/.derivedData/Build/Intermediates.noindex/swift-utils.build/Debug-watchos/Utils-t.build/Objects-normal/arm64/Utils.SwiftFileList -DSWIFT_PACKAGE -DDEBUG -DSWIFT_MODULE_RESOURCE_BUNDLE_UNAVAILABLE -DXcode -plugin-path /Applications/Xcode-27.0.0-Release.Candidate.app/Contents/Developer/Toolchains/XcodeDefault.xctoolchain/usr/lib/swift/host/plugins/testing -enable-experimental-feature DebugDescriptionMacro -sdk /Applications/Xcode-27.0.0-Release.Candidate.app/Contents/Developer/Platforms/WatchOS.platform/Developer/SDKs/WatchOS27.0.sdk -target arm64-apple-watchos9.0 -g -module-cache-path /Users/admin/builder/spi-builder-workspace/.derivedData/ModuleCache.noindex -Xfrontend -serialize-debugging-options -profile-coverage-mapping -profile-generate -enable-testing -index-store-path /Users/admin/builder/spi-builder-workspace/.derivedData/Index.noindex/DataStore -Xcc -D_LIBCPP_HARDENING_MODE\=_LIBCPP_HARDENING_MODE_DEBUG -swift-version 5 -I /Users/admin/builder/spi-builder-workspace/.derivedData/Build/Products/Debug-watchos -Isystem /Applications/Xcode-27.0.0-Release.Candidate.app/Contents/Developer/Platforms/WatchOS.platform/Developer/usr/lib -F /Users/admin/builder/spi-builder-workspace/.derivedData/Build/Products/Debug-watchos/PackageFrameworks -F /Users/admin/builder/spi-builder-workspace/.derivedData/Build/Products/Debug-watchos -F /Applications/Xcode-27.0.0-Release.Candidate.app/Contents/Developer/Platforms/WatchOS.platform/Developer/Library/Frameworks -F /Applications/Xcode-27.0.0-Release.Candidate.app/Contents/Developer/Platforms/WatchOS.platform/Developer/SDKs/WatchOS27.0.sdk/Developer/Library/Frameworks -c -j10 -enable-batch-mode -incremental -Xcc -ivfsstatcache -Xcc /Users/admin/builder/spi-builder-workspace/.derivedData/SDKStatCaches.noindex/watchos27.0-24R360-e829b21a6f8c9b70876ba0858053c04477534ef55a1706bf4c1112bbb242f0a2.sdkstatcache -output-file-map /Users/admin/builder/spi-builder-workspace/.derivedData/Build/Intermediates.noindex/swift-utils.build/Debug-watchos/Utils-t.build/Objects-normal/arm64/Utils-OutputFileMap.json -save-temps -no-color-diagnostics -explicit-module-build -module-cache-path /Users/admin/builder/spi-builder-workspace/.derivedData/Build/Intermediates.noindex/SwiftExplicitPrecompiledModules -clang-scanner-module-cache-path /Users/admin/builder/spi-builder-workspace/.derivedData/ModuleCache.noindex -sdk-module-cache-path /Users/admin/builder/spi-builder-workspace/.derivedData/SDKExplicitPrecompiledModules -emit-dependencies -emit-module -emit-module-path /Users/admin/builder/spi-builder-workspace/.derivedData/Build/Intermediates.noindex/swift-utils.build/Debug-watchos/Utils-t.build/Objects-normal/arm64/Utils.swiftmodule -serialize-diagnostics -dependency-scan-serialize-diagnostics-path /Users/admin/builder/spi-builder-workspace/.derivedData/Build/Intermediates.noindex/swift-utils.build/Debug-watchos/Utils-t.build/Objects-normal/arm64/Utils-dependency-scan.dia -validate-clang-modules-once -clang-build-session-file /Users/admin/builder/spi-builder-workspace/.derivedData/ModuleCache.noindex/Session.modulevalidation -Xcc -fmodules-prune-interval\=86400 -Xcc -fmodules-prune-after\=345600 -package-name spi_builder_workspace -emit-const-values -const-gather-protocols-list /Users/admin/builder/spi-builder-workspace/.derivedData/Build/Intermediates.noindex/swift-utils.build/Debug-watchos/Utils-t.build/Objects-normal/arm64/Utils_const_extract_protocols.json -Xcc -I/Users/admin/builder/spi-builder-workspace/.derivedData/Build/Products/Debug-watchos/include -Xcc -I/Users/admin/builder/spi-builder-workspace/.derivedData/Build/Intermediates.noindex/swift-utils.build/Debug-watchos/Utils-t.build/DerivedSources-normal/arm64 -Xcc -I/Users/admin/builder/spi-builder-workspace/.derivedData/Build/Intermediates.noindex/swift-utils.build/Debug-watchos/Utils-t.build/DerivedSources/arm64 -Xcc -I/Users/admin/builder/spi-builder-workspace/.derivedData/Build/Intermediates.noindex/swift-utils.build/Debug-watchos/Utils-t.build/DerivedSources -Xcc -DSWIFT_PACKAGE -Xcc -DDEBUG\=1 -emit-objc-header -emit-objc-header-path /Users/admin/builder/spi-builder-workspace/.derivedData/Build/Intermediates.noindex/swift-utils.build/Debug-watchos/Utils-t.build/Objects-normal/arm64/Utils-Swift.h -working-directory /Users/admin/builder/spi-builder-workspace/.swiftpm/xcode -experimental-emit-module-separately -disable-cmo
SwiftDriver SwiftSoup normal arm64_32 com.apple.xcode.tools.swift.compiler (in target 'SwiftSoup' from project 'SwiftSoup')
    cd /Users/admin/builder/spi-builder-workspace/.swiftpm/xcode
    builtin-SwiftDriver -- /Applications/Xcode-27.0.0-Release.Candidate.app/Contents/Developer/Toolchains/XcodeDefault.xctoolchain/usr/bin/swiftc -parse-as-library -module-name SwiftSoup -Onone @/Users/admin/builder/spi-builder-workspace/.derivedData/Build/Intermediates.noindex/SwiftSoup.build/Debug-watchos/SwiftSoup-t.build/Objects-normal/arm64_32/SwiftSoup.SwiftFileList -DSWIFT_PACKAGE -DDEBUG -DSWIFT_MODULE_RESOURCE_BUNDLE_UNAVAILABLE -DXcode -plugin-path /Applications/Xcode-27.0.0-Release.Candidate.app/Contents/Developer/Toolchains/XcodeDefault.xctoolchain/usr/lib/swift/host/plugins/testing -enable-experimental-feature DebugDescriptionMacro -sdk /Applications/Xcode-27.0.0-Release.Candidate.app/Contents/Developer/Platforms/WatchOS.platform/Developer/SDKs/WatchOS27.0.sdk -target arm64_32-apple-watchos9.0 -g -module-cache-path /Users/admin/builder/spi-builder-workspace/.derivedData/ModuleCache.noindex -Xfrontend -serialize-debugging-options -profile-coverage-mapping -profile-generate -enable-testing -suppress-warnings -index-store-path /Users/admin/builder/spi-builder-workspace/.derivedData/Index.noindex/DataStore -Xcc -D_LIBCPP_HARDENING_MODE\=_LIBCPP_HARDENING_MODE_DEBUG -swift-version 6 -I /Users/admin/builder/spi-builder-workspace/.derivedData/Build/Products/Debug-watchos -Isystem /Applications/Xcode-27.0.0-Release.Candidate.app/Contents/Developer/Platforms/WatchOS.platform/Developer/usr/lib -F /Users/admin/builder/spi-builder-workspace/.derivedData/Build/Products/Debug-watchos -F /Applications/Xcode-27.0.0-Release.Candidate.app/Contents/Developer/Platforms/WatchOS.platform/Developer/Library/Frameworks -F /Applications/Xcode-27.0.0-Release.Candidate.app/Contents/Developer/Platforms/WatchOS.platform/Developer/SDKs/WatchOS27.0.sdk/Developer/Library/Frameworks -c -j10 -enable-batch-mode -incremental -Xcc -ivfsstatcache -Xcc /Users/admin/builder/spi-builder-workspace/.derivedData/SDKStatCaches.noindex/watchos27.0-24R360-e829b21a6f8c9b70876ba0858053c04477534ef55a1706bf4c1112bbb242f0a2.sdkstatcache -output-file-map /Users/admin/builder/spi-builder-workspace/.derivedData/Build/Intermediates.noindex/SwiftSoup.build/Debug-watchos/SwiftSoup-t.build/Objects-normal/arm64_32/SwiftSoup-OutputFileMap.json -save-temps -no-color-diagnostics -explicit-module-build -module-cache-path /Users/admin/builder/spi-builder-workspace/.derivedData/Build/Intermediates.noindex/SwiftExplicitPrecompiledModules -clang-scanner-module-cache-path /Users/admin/builder/spi-builder-workspace/.derivedData/ModuleCache.noindex -sdk-module-cache-path /Users/admin/builder/spi-builder-workspace/.derivedData/SDKExplicitPrecompiledModules -emit-dependencies -emit-module -emit-module-path /Users/admin/builder/spi-builder-workspace/.derivedData/Build/Intermediates.noindex/SwiftSoup.build/Debug-watchos/SwiftSoup-t.build/Objects-normal/arm64_32/SwiftSoup.swiftmodule -serialize-diagnostics -dependency-scan-serialize-diagnostics-path /Users/admin/builder/spi-builder-workspace/.derivedData/Build/Intermediates.noindex/SwiftSoup.build/Debug-watchos/SwiftSoup-t.build/Objects-normal/arm64_32/SwiftSoup-dependency-scan.dia -user-module-version 2.13.9 -validate-clang-modules-once -clang-build-session-file /Users/admin/builder/spi-builder-workspace/.derivedData/ModuleCache.noindex/Session.modulevalidation -Xcc -fmodules-prune-interval\=86400 -Xcc -fmodules-prune-after\=345600 -package-name swiftsoup -emit-const-values -const-gather-protocols-list /Users/admin/builder/spi-builder-workspace/.derivedData/Build/Intermediates.noindex/SwiftSoup.build/Debug-watchos/SwiftSoup-t.build/Objects-normal/arm64_32/SwiftSoup_const_extract_protocols.json -Xcc -I/Users/admin/builder/spi-builder-workspace/.derivedData/Build/Products/Debug-watchos/include -Xcc -I/Users/admin/builder/spi-builder-workspace/.derivedData/Build/Intermediates.noindex/SwiftSoup.build/Debug-watchos/SwiftSoup-t.build/DerivedSources-normal/arm64_32 -Xcc -I/Users/admin/builder/spi-builder-workspace/.derivedData/Build/Intermediates.noindex/SwiftSoup.build/Debug-watchos/SwiftSoup-t.build/DerivedSources/arm64_32 -Xcc -I/Users/admin/builder/spi-builder-workspace/.derivedData/Build/Intermediates.noindex/SwiftSoup.build/Debug-watchos/SwiftSoup-t.build/DerivedSources -Xcc -DSWIFT_PACKAGE -Xcc -DDEBUG\=1 -emit-objc-header -emit-objc-header-path /Users/admin/builder/spi-builder-workspace/.derivedData/Build/Intermediates.noindex/SwiftSoup.build/Debug-watchos/SwiftSoup-t.build/Objects-normal/arm64_32/SwiftSoup-Swift.h -working-directory /Users/admin/builder/spi-builder-workspace/.swiftpm/xcode -experimental-emit-module-separately -disable-cmo
SwiftDriver SwiftSoup normal arm64 com.apple.xcode.tools.swift.compiler (in target 'SwiftSoup' from project 'SwiftSoup')
    cd /Users/admin/builder/spi-builder-workspace/.swiftpm/xcode
    builtin-SwiftDriver -- /Applications/Xcode-27.0.0-Release.Candidate.app/Contents/Developer/Toolchains/XcodeDefault.xctoolchain/usr/bin/swiftc -parse-as-library -module-name SwiftSoup -Onone @/Users/admin/builder/spi-builder-workspace/.derivedData/Build/Intermediates.noindex/SwiftSoup.build/Debug-watchos/SwiftSoup-t.build/Objects-normal/arm64/SwiftSoup.SwiftFileList -DSWIFT_PACKAGE -DDEBUG -DSWIFT_MODULE_RESOURCE_BUNDLE_UNAVAILABLE -DXcode -plugin-path /Applications/Xcode-27.0.0-Release.Candidate.app/Contents/Developer/Toolchains/XcodeDefault.xctoolchain/usr/lib/swift/host/plugins/testing -enable-experimental-feature DebugDescriptionMacro -sdk /Applications/Xcode-27.0.0-Release.Candidate.app/Contents/Developer/Platforms/WatchOS.platform/Developer/SDKs/WatchOS27.0.sdk -target arm64-apple-watchos9.0 -g -module-cache-path /Users/admin/builder/spi-builder-workspace/.derivedData/ModuleCache.noindex -Xfrontend -serialize-debugging-options -profile-coverage-mapping -profile-generate -enable-testing -suppress-warnings -index-store-path /Users/admin/builder/spi-builder-workspace/.derivedData/Index.noindex/DataStore -Xcc -D_LIBCPP_HARDENING_MODE\=_LIBCPP_HARDENING_MODE_DEBUG -swift-version 6 -I /Users/admin/builder/spi-builder-workspace/.derivedData/Build/Products/Debug-watchos -Isystem /Applications/Xcode-27.0.0-Release.Candidate.app/Contents/Developer/Platforms/WatchOS.platform/Developer/usr/lib -F /Users/admin/builder/spi-builder-workspace/.derivedData/Build/Products/Debug-watchos -F /Applications/Xcode-27.0.0-Release.Candidate.app/Contents/Developer/Platforms/WatchOS.platform/Developer/Library/Frameworks -F /Applications/Xcode-27.0.0-Release.Candidate.app/Contents/Developer/Platforms/WatchOS.platform/Developer/SDKs/WatchOS27.0.sdk/Developer/Library/Frameworks -c -j10 -enable-batch-mode -incremental -Xcc -ivfsstatcache -Xcc /Users/admin/builder/spi-builder-workspace/.derivedData/SDKStatCaches.noindex/watchos27.0-24R360-e829b21a6f8c9b70876ba0858053c04477534ef55a1706bf4c1112bbb242f0a2.sdkstatcache -output-file-map /Users/admin/builder/spi-builder-workspace/.derivedData/Build/Intermediates.noindex/SwiftSoup.build/Debug-watchos/SwiftSoup-t.build/Objects-normal/arm64/SwiftSoup-OutputFileMap.json -save-temps -no-color-diagnostics -explicit-module-build -module-cache-path /Users/admin/builder/spi-builder-workspace/.derivedData/Build/Intermediates.noindex/SwiftExplicitPrecompiledModules -clang-scanner-module-cache-path /Users/admin/builder/spi-builder-workspace/.derivedData/ModuleCache.noindex -sdk-module-cache-path /Users/admin/builder/spi-builder-workspace/.derivedData/SDKExplicitPrecompiledModules -emit-dependencies -emit-module -emit-module-path /Users/admin/builder/spi-builder-workspace/.derivedData/Build/Intermediates.noindex/SwiftSoup.build/Debug-watchos/SwiftSoup-t.build/Objects-normal/arm64/SwiftSoup.swiftmodule -serialize-diagnostics -dependency-scan-serialize-diagnostics-path /Users/admin/builder/spi-builder-workspace/.derivedData/Build/Intermediates.noindex/SwiftSoup.build/Debug-watchos/SwiftSoup-t.build/Objects-normal/arm64/SwiftSoup-dependency-scan.dia -user-module-version 2.13.9 -validate-clang-modules-once -clang-build-session-file /Users/admin/builder/spi-builder-workspace/.derivedData/ModuleCache.noindex/Session.modulevalidation -Xcc -fmodules-prune-interval\=86400 -Xcc -fmodules-prune-after\=345600 -package-name swiftsoup -emit-const-values -const-gather-protocols-list /Users/admin/builder/spi-builder-workspace/.derivedData/Build/Intermediates.noindex/SwiftSoup.build/Debug-watchos/SwiftSoup-t.build/Objects-normal/arm64/SwiftSoup_const_extract_protocols.json -Xcc -I/Users/admin/builder/spi-builder-workspace/.derivedData/Build/Products/Debug-watchos/include -Xcc -I/Users/admin/builder/spi-builder-workspace/.derivedData/Build/Intermediates.noindex/SwiftSoup.build/Debug-watchos/SwiftSoup-t.build/DerivedSources-normal/arm64 -Xcc -I/Users/admin/builder/spi-builder-workspace/.derivedData/Build/Intermediates.noindex/SwiftSoup.build/Debug-watchos/SwiftSoup-t.build/DerivedSources/arm64 -Xcc -I/Users/admin/builder/spi-builder-workspace/.derivedData/Build/Intermediates.noindex/SwiftSoup.build/Debug-watchos/SwiftSoup-t.build/DerivedSources -Xcc -DSWIFT_PACKAGE -Xcc -DDEBUG\=1 -emit-objc-header -emit-objc-header-path /Users/admin/builder/spi-builder-workspace/.derivedData/Build/Intermediates.noindex/SwiftSoup.build/Debug-watchos/SwiftSoup-t.build/Objects-normal/arm64/SwiftSoup-Swift.h -working-directory /Users/admin/builder/spi-builder-workspace/.swiftpm/xcode -experimental-emit-module-separately -disable-cmo
SwiftEmitModule normal arm64_32 Emitting\ module\ for\ Utils (in target 'Utils' from project 'swift-utils')
SwiftCompile normal arm64_32 (in target 'Utils' from project 'swift-utils')
    cd /Users/admin/builder/spi-builder-workspace/.swiftpm/xcode

SwiftCompile normal arm64_32 Compiling\ Promise.swift,\ PromiseUtils.swift,\ ArrayUtils.swift,\ AvlTree.swift,\ BiDictionary.swift,\ BinaryHeap.swift,\ BitArray.swift,\ CircularArray.swift,\ ExpiringList.swift,\ FixedArray.swift,\ LazyDictionary.swift /Users/admin/builder/spi-builder-workspace/Sources/Utils/Asynchrony/Promise.swift /Users/admin/builder/spi-builder-workspace/Sources/Utils/Asynchrony/PromiseUtils.swift /Users/admin/builder/spi-builder-workspace/Sources/Utils/Collections/ArrayUtils.swift /Users/admin/builder/spi-builder-workspace/Sources/Utils/Collections/AvlTree.swift /Users/admin/builder/spi-builder-workspace/Sources/Utils/Collections/BiDictionary.swift /Users/admin/builder/spi-builder-workspace/Sources/Utils/Collections/BinaryHeap.swift /Users/admin/builder/spi-builder-workspace/Sources/Utils/Collections/BitArray.swift /Users/admin/builder/spi-builder-workspace/Sources/Utils/Collections/CircularArray.swift /Users/admin/builder/spi-builder-workspace/Sources/Utils/Collections/ExpiringList.swift /Users/admin/builder/spi-builder-workspace/Sources/Utils/Collections/FixedArray.swift /Users/admin/builder/spi-builder-workspace/Sources/Utils/Collections/LazyDictionary.swift (in target 'Utils' from project 'swift-utils')
SwiftCompile normal arm64_32 /Users/admin/builder/spi-builder-workspace/Sources/Utils/Asynchrony/Promise.swift (in target 'Utils' from project 'swift-utils')
    cd /Users/admin/builder/spi-builder-workspace/.swiftpm/xcode
    builtin-SwiftPerFileCompile Promise.swift
SwiftCompile normal arm64_32 /Users/admin/builder/spi-builder-workspace/Sources/Utils/Asynchrony/PromiseUtils.swift (in target 'Utils' from project 'swift-utils')
    cd /Users/admin/builder/spi-builder-workspace/.swiftpm/xcode
    builtin-SwiftPerFileCompile PromiseUtils.swift
SwiftCompile normal arm64_32 /Users/admin/builder/spi-builder-workspace/Sources/Utils/Collections/ArrayUtils.swift (in target 'Utils' from project 'swift-utils')
    cd /Users/admin/builder/spi-builder-workspace/.swiftpm/xcode
    builtin-SwiftPerFileCompile ArrayUtils.swift
SwiftCompile normal arm64_32 /Users/admin/builder/spi-builder-workspace/Sources/Utils/Collections/AvlTree.swift (in target 'Utils' from project 'swift-utils')
    cd /Users/admin/builder/spi-builder-workspace/.swiftpm/xcode
    builtin-SwiftPerFileCompile AvlTree.swift
SwiftCompile normal arm64_32 /Users/admin/builder/spi-builder-workspace/Sources/Utils/Collections/BiDictionary.swift (in target 'Utils' from project 'swift-utils')
    cd /Users/admin/builder/spi-builder-workspace/.swiftpm/xcode
    builtin-SwiftPerFileCompile BiDictionary.swift
SwiftCompile normal arm64_32 /Users/admin/builder/spi-builder-workspace/Sources/Utils/Collections/BinaryHeap.swift (in target 'Utils' from project 'swift-utils')
    cd /Users/admin/builder/spi-builder-workspace/.swiftpm/xcode
    builtin-SwiftPerFileCompile BinaryHeap.swift
SwiftCompile normal arm64_32 /Users/admin/builder/spi-builder-workspace/Sources/Utils/Collections/BitArray.swift (in target 'Utils' from project 'swift-utils')
    cd /Users/admin/builder/spi-builder-workspace/.swiftpm/xcode
    builtin-SwiftPerFileCompile BitArray.swift
SwiftCompile normal arm64_32 /Users/admin/builder/spi-builder-workspace/Sources/Utils/Collections/CircularArray.swift (in target 'Utils' from project 'swift-utils')
    cd /Users/admin/builder/spi-builder-workspace/.swiftpm/xcode
    builtin-SwiftPerFileCompile CircularArray.swift
SwiftCompile normal arm64_32 /Users/admin/builder/spi-builder-workspace/Sources/Utils/Collections/ExpiringList.swift (in target 'Utils' from project 'swift-utils')
    cd /Users/admin/builder/spi-builder-workspace/.swiftpm/xcode
    builtin-SwiftPerFileCompile ExpiringList.swift
SwiftCompile normal arm64_32 /Users/admin/builder/spi-builder-workspace/Sources/Utils/Collections/FixedArray.swift (in target 'Utils' from project 'swift-utils')
    cd /Users/admin/builder/spi-builder-workspace/.swiftpm/xcode
    builtin-SwiftPerFileCompile FixedArray.swift
SwiftCompile normal arm64_32 /Users/admin/builder/spi-builder-workspace/Sources/Utils/Collections/LazyDictionary.swift (in target 'Utils' from project 'swift-utils')
    cd /Users/admin/builder/spi-builder-workspace/.swiftpm/xcode
    builtin-SwiftPerFileCompile LazyDictionary.swift
SwiftCompile normal arm64_32 Compiling\ Direction.swift,\ FibonacciSequence.swift,\ Mat2.swift,\ MathUtils.swift,\ Matrix.swift,\ NDArray.swift,\ NDArrayError.swift,\ NDArrayParser.swift,\ NDArrayParserError.swift,\ Rational.swift /Users/admin/builder/spi-builder-workspace/Sources/Utils/Numerics/Direction.swift /Users/admin/builder/spi-builder-workspace/Sources/Utils/Numerics/FibonacciSequence.swift /Users/admin/builder/spi-builder-workspace/Sources/Utils/Numerics/Mat2.swift /Users/admin/builder/spi-builder-workspace/Sources/Utils/Numerics/MathUtils.swift /Users/admin/builder/spi-builder-workspace/Sources/Utils/Numerics/Matrix.swift /Users/admin/builder/spi-builder-workspace/Sources/Utils/Numerics/NDArray.swift /Users/admin/builder/spi-builder-workspace/Sources/Utils/Numerics/NDArrayError.swift /Users/admin/builder/spi-builder-workspace/Sources/Utils/Numerics/NDArrayParser.swift /Users/admin/builder/spi-builder-workspace/Sources/Utils/Numerics/NDArrayParserError.swift /Users/admin/builder/spi-builder-workspace/Sources/Utils/Numerics/Rational.swift (in target 'Utils' from project 'swift-utils')
SwiftCompile normal arm64_32 /Users/admin/builder/spi-builder-workspace/Sources/Utils/Numerics/Direction.swift (in target 'Utils' from project 'swift-utils')
    cd /Users/admin/builder/spi-builder-workspace/.swiftpm/xcode
    builtin-SwiftPerFileCompile Direction.swift
SwiftCompile normal arm64_32 /Users/admin/builder/spi-builder-workspace/Sources/Utils/Numerics/FibonacciSequence.swift (in target 'Utils' from project 'swift-utils')
    cd /Users/admin/builder/spi-builder-workspace/.swiftpm/xcode
    builtin-SwiftPerFileCompile FibonacciSequence.swift
SwiftCompile normal arm64_32 /Users/admin/builder/spi-builder-workspace/Sources/Utils/Numerics/Mat2.swift (in target 'Utils' from project 'swift-utils')
    cd /Users/admin/builder/spi-builder-workspace/.swiftpm/xcode
    builtin-SwiftPerFileCompile Mat2.swift
SwiftCompile normal arm64_32 /Users/admin/builder/spi-builder-workspace/Sources/Utils/Numerics/MathUtils.swift (in target 'Utils' from project 'swift-utils')
    cd /Users/admin/builder/spi-builder-workspace/.swiftpm/xcode
    builtin-SwiftPerFileCompile MathUtils.swift
SwiftCompile normal arm64_32 /Users/admin/builder/spi-builder-workspace/Sources/Utils/Numerics/Matrix.swift (in target 'Utils' from project 'swift-utils')
    cd /Users/admin/builder/spi-builder-workspace/.swiftpm/xcode
    builtin-SwiftPerFileCompile Matrix.swift
SwiftCompile normal arm64_32 /Users/admin/builder/spi-builder-workspace/Sources/Utils/Numerics/NDArray.swift (in target 'Utils' from project 'swift-utils')
    cd /Users/admin/builder/spi-builder-workspace/.swiftpm/xcode
    builtin-SwiftPerFileCompile NDArray.swift
SwiftCompile normal arm64_32 /Users/admin/builder/spi-builder-workspace/Sources/Utils/Numerics/NDArrayError.swift (in target 'Utils' from project 'swift-utils')
    cd /Users/admin/builder/spi-builder-workspace/.swiftpm/xcode
    builtin-SwiftPerFileCompile NDArrayError.swift
SwiftCompile normal arm64_32 /Users/admin/builder/spi-builder-workspace/Sources/Utils/Numerics/NDArrayParser.swift (in target 'Utils' from project 'swift-utils')
    cd /Users/admin/builder/spi-builder-workspace/.swiftpm/xcode
    builtin-SwiftPerFileCompile NDArrayParser.swift
SwiftCompile normal arm64_32 /Users/admin/builder/spi-builder-workspace/Sources/Utils/Numerics/NDArrayParserError.swift (in target 'Utils' from project 'swift-utils')
    cd /Users/admin/builder/spi-builder-workspace/.swiftpm/xcode
    builtin-SwiftPerFileCompile NDArrayParserError.swift
SwiftCompile normal arm64_32 /Users/admin/builder/spi-builder-workspace/Sources/Utils/Numerics/Rational.swift (in target 'Utils' from project 'swift-utils')
    cd /Users/admin/builder/spi-builder-workspace/.swiftpm/xcode
    builtin-SwiftPerFileCompile Rational.swift
SwiftCompile normal arm64_32 Compiling\ PriorityQueue.swift,\ SearchTree.swift,\ StablePriorityQueue.swift,\ UncheckedSendable.swift,\ Array+Extensions.swift,\ ChoiceOf+Extensions.swift,\ Collection+Extensions.swift,\ Dictionary+Extensions.swift,\ Optional+Extensions.swift,\ RandomAccessCollection+Extensions.swift,\ Result+Extensions.swift /Users/admin/builder/spi-builder-workspace/Sources/Utils/Collections/PriorityQueue.swift /Users/admin/builder/spi-builder-workspace/Sources/Utils/Collections/SearchTree.swift /Users/admin/builder/spi-builder-workspace/Sources/Utils/Collections/StablePriorityQueue.swift /Users/admin/builder/spi-builder-workspace/Sources/Utils/Concurrency/UncheckedSendable.swift /Users/admin/builder/spi-builder-workspace/Sources/Utils/Extensions/Array+Extensions.swift /Users/admin/builder/spi-builder-workspace/Sources/Utils/Extensions/ChoiceOf+Extensions.swift /Users/admin/builder/spi-builder-workspace/Sources/Utils/Extensions/Collection+Extensions.swift /Users/admin/builder/spi-builder-workspace/Sources/Utils/Extensions/Dictionary+Extensions.swift /Users/admin/builder/spi-builder-workspace/Sources/Utils/Extensions/Optional+Extensions.swift /Users/admin/builder/spi-builder-workspace/Sources/Utils/Extensions/RandomAccessCollection+Extensions.swift /Users/admin/builder/spi-builder-workspace/Sources/Utils/Extensions/Result+Extensions.swift (in target 'Utils' from project 'swift-utils')
SwiftCompile normal arm64_32 /Users/admin/builder/spi-builder-workspace/Sources/Utils/Collections/PriorityQueue.swift (in target 'Utils' from project 'swift-utils')
    cd /Users/admin/builder/spi-builder-workspace/.swiftpm/xcode
    builtin-SwiftPerFileCompile PriorityQueue.swift
SwiftCompile normal arm64_32 /Users/admin/builder/spi-builder-workspace/Sources/Utils/Collections/SearchTree.swift (in target 'Utils' from project 'swift-utils')
    cd /Users/admin/builder/spi-builder-workspace/.swiftpm/xcode
    builtin-SwiftPerFileCompile SearchTree.swift
SwiftCompile normal arm64_32 /Users/admin/builder/spi-builder-workspace/Sources/Utils/Collections/StablePriorityQueue.swift (in target 'Utils' from project 'swift-utils')
    cd /Users/admin/builder/spi-builder-workspace/.swiftpm/xcode
    builtin-SwiftPerFileCompile StablePriorityQueue.swift
SwiftCompile normal arm64_32 /Users/admin/builder/spi-builder-workspace/Sources/Utils/Concurrency/UncheckedSendable.swift (in target 'Utils' from project 'swift-utils')
    cd /Users/admin/builder/spi-builder-workspace/.swiftpm/xcode
    builtin-SwiftPerFileCompile UncheckedSendable.swift
SwiftCompile normal arm64_32 /Users/admin/builder/spi-builder-workspace/Sources/Utils/Extensions/Array+Extensions.swift (in target 'Utils' from project 'swift-utils')
    cd /Users/admin/builder/spi-builder-workspace/.swiftpm/xcode
    builtin-SwiftPerFileCompile Array+Extensions.swift
SwiftCompile normal arm64_32 /Users/admin/builder/spi-builder-workspace/Sources/Utils/Extensions/ChoiceOf+Extensions.swift (in target 'Utils' from project 'swift-utils')
    cd /Users/admin/builder/spi-builder-workspace/.swiftpm/xcode
    builtin-SwiftPerFileCompile ChoiceOf+Extensions.swift
SwiftCompile normal arm64_32 /Users/admin/builder/spi-builder-workspace/Sources/Utils/Extensions/Collection+Extensions.swift (in target 'Utils' from project 'swift-utils')
    cd /Users/admin/builder/spi-builder-workspace/.swiftpm/xcode
    builtin-SwiftPerFileCompile Collection+Extensions.swift
SwiftCompile normal arm64_32 /Users/admin/builder/spi-builder-workspace/Sources/Utils/Extensions/Dictionary+Extensions.swift (in target 'Utils' from project 'swift-utils')
    cd /Users/admin/builder/spi-builder-workspace/.swiftpm/xcode
    builtin-SwiftPerFileCompile Dictionary+Extensions.swift
SwiftCompile normal arm64_32 /Users/admin/builder/spi-builder-workspace/Sources/Utils/Extensions/Optional+Extensions.swift (in target 'Utils' from project 'swift-utils')
    cd /Users/admin/builder/spi-builder-workspace/.swiftpm/xcode
    builtin-SwiftPerFileCompile Optional+Extensions.swift
SwiftCompile normal arm64_32 /Users/admin/builder/spi-builder-workspace/Sources/Utils/Extensions/RandomAccessCollection+Extensions.swift (in target 'Utils' from project 'swift-utils')
    cd /Users/admin/builder/spi-builder-workspace/.swiftpm/xcode
    builtin-SwiftPerFileCompile RandomAccessCollection+Extensions.swift
SwiftCompile normal arm64_32 /Users/admin/builder/spi-builder-workspace/Sources/Utils/Extensions/Result+Extensions.swift (in target 'Utils' from project 'swift-utils')
    cd /Users/admin/builder/spi-builder-workspace/.swiftpm/xcode
    builtin-SwiftPerFileCompile Result+Extensions.swift
SwiftCompile normal arm64_32 Compiling\ Vec2.swift,\ Vector.swift,\ Absolutable.swift,\ Addable.swift,\ AnyAsyncBijection.swift,\ AnyBijection.swift,\ AsyncBijection.swift,\ Bijection.swift,\ ComposedAsyncBijection.swift,\ ComposedBijection.swift /Users/admin/builder/spi-builder-workspace/Sources/Utils/Numerics/Vec2.swift /Users/admin/builder/spi-builder-workspace/Sources/Utils/Numerics/Vector.swift /Users/admin/builder/spi-builder-workspace/Sources/Utils/Operations/Absolutable.swift /Users/admin/builder/spi-builder-workspace/Sources/Utils/Operations/Addable.swift /Users/admin/builder/spi-builder-workspace/Sources/Utils/Operations/AnyAsyncBijection.swift /Users/admin/builder/spi-builder-workspace/Sources/Utils/Operations/AnyBijection.swift /Users/admin/builder/spi-builder-workspace/Sources/Utils/Operations/AsyncBijection.swift /Users/admin/builder/spi-builder-workspace/Sources/Utils/Operations/Bijection.swift /Users/admin/builder/spi-builder-workspace/Sources/Utils/Operations/ComposedAsyncBijection.swift /Users/admin/builder/spi-builder-workspace/Sources/Utils/Operations/ComposedBijection.swift (in target 'Utils' from project 'swift-utils')
SwiftCompile normal arm64_32 /Users/admin/builder/spi-builder-workspace/Sources/Utils/Numerics/Vec2.swift (in target 'Utils' from project 'swift-utils')
    cd /Users/admin/builder/spi-builder-workspace/.swiftpm/xcode
    builtin-SwiftPerFileCompile Vec2.swift
SwiftCompile normal arm64_32 /Users/admin/builder/spi-builder-workspace/Sources/Utils/Numerics/Vector.swift (in target 'Utils' from project 'swift-utils')
    cd /Users/admin/builder/spi-builder-workspace/.swiftpm/xcode
    builtin-SwiftPerFileCompile Vector.swift
SwiftCompile normal arm64_32 /Users/admin/builder/spi-builder-workspace/Sources/Utils/Operations/Absolutable.swift (in target 'Utils' from project 'swift-utils')
    cd /Users/admin/builder/spi-builder-workspace/.swiftpm/xcode
    builtin-SwiftPerFileCompile Absolutable.swift
SwiftCompile normal arm64_32 /Users/admin/builder/spi-builder-workspace/Sources/Utils/Operations/Addable.swift (in target 'Utils' from project 'swift-utils')
    cd /Users/admin/builder/spi-builder-workspace/.swiftpm/xcode
    builtin-SwiftPerFileCompile Addable.swift
SwiftCompile normal arm64_32 /Users/admin/builder/spi-builder-workspace/Sources/Utils/Operations/AnyAsyncBijection.swift (in target 'Utils' from project 'swift-utils')
    cd /Users/admin/builder/spi-builder-workspace/.swiftpm/xcode
    builtin-SwiftPerFileCompile AnyAsyncBijection.swift
SwiftCompile normal arm64_32 /Users/admin/builder/spi-builder-workspace/Sources/Utils/Operations/AnyBijection.swift (in target 'Utils' from project 'swift-utils')
    cd /Users/admin/builder/spi-builder-workspace/.swiftpm/xcode
    builtin-SwiftPerFileCompile AnyBijection.swift
SwiftCompile normal arm64_32 /Users/admin/builder/spi-builder-workspace/Sources/Utils/Operations/AsyncBijection.swift (in target 'Utils' from project 'swift-utils')
    cd /Users/admin/builder/spi-builder-workspace/.swiftpm/xcode
    builtin-SwiftPerFileCompile AsyncBijection.swift
SwiftCompile normal arm64_32 /Users/admin/builder/spi-builder-workspace/Sources/Utils/Operations/Bijection.swift (in target 'Utils' from project 'swift-utils')
    cd /Users/admin/builder/spi-builder-workspace/.swiftpm/xcode
    builtin-SwiftPerFileCompile Bijection.swift
SwiftCompile normal arm64_32 /Users/admin/builder/spi-builder-workspace/Sources/Utils/Operations/ComposedAsyncBijection.swift (in target 'Utils' from project 'swift-utils')
    cd /Users/admin/builder/spi-builder-workspace/.swiftpm/xcode
    builtin-SwiftPerFileCompile ComposedAsyncBijection.swift
SwiftCompile normal arm64_32 /Users/admin/builder/spi-builder-workspace/Sources/Utils/Operations/ComposedBijection.swift (in target 'Utils' from project 'swift-utils')
    cd /Users/admin/builder/spi-builder-workspace/.swiftpm/xcode
    builtin-SwiftPerFileCompile ComposedBijection.swift
SwiftCompile normal arm64_32 Compiling\ TimerContext.swift,\ AnyCodable.swift,\ AnyCodingKey.swift,\ AutoSerializing.swift,\ DiskJsonSerializer.swift,\ EncodeError.swift,\ Averager.swift,\ CustomDiscreteDistribution.swift,\ Distribution.swift,\ MutexLock.swift /Users/admin/builder/spi-builder-workspace/Sources/Utils/Scheduling/TimerContext.swift /Users/admin/builder/spi-builder-workspace/Sources/Utils/Serialization/AnyCodable.swift /Users/admin/builder/spi-builder-workspace/Sources/Utils/Serialization/AnyCodingKey.swift /Users/admin/builder/spi-builder-workspace/Sources/Utils/Serialization/AutoSerializing.swift /Users/admin/builder/spi-builder-workspace/Sources/Utils/Serialization/DiskJsonSerializer.swift /Users/admin/builder/spi-builder-workspace/Sources/Utils/Serialization/EncodeError.swift /Users/admin/builder/spi-builder-workspace/Sources/Utils/Statistics/Averager.swift /Users/admin/builder/spi-builder-workspace/Sources/Utils/Statistics/CustomDiscreteDistribution.swift /Users/admin/builder/spi-builder-workspace/Sources/Utils/Statistics/Distribution.swift /Users/admin/builder/spi-builder-workspace/Sources/Utils/Synchronization/MutexLock.swift (in target 'Utils' from project 'swift-utils')
SwiftCompile normal arm64_32 /Users/admin/builder/spi-builder-workspace/Sources/Utils/Scheduling/TimerContext.swift (in target 'Utils' from project 'swift-utils')
    cd /Users/admin/builder/spi-builder-workspace/.swiftpm/xcode
    builtin-SwiftPerFileCompile TimerContext.swift
SwiftCompile normal arm64_32 /Users/admin/builder/spi-builder-workspace/Sources/Utils/Serialization/AnyCodable.swift (in target 'Utils' from project 'swift-utils')
    cd /Users/admin/builder/spi-builder-workspace/.swiftpm/xcode
    builtin-SwiftPerFileCompile AnyCodable.swift
SwiftCompile normal arm64_32 /Users/admin/builder/spi-builder-workspace/Sources/Utils/Serialization/AnyCodingKey.swift (in target 'Utils' from project 'swift-utils')
    cd /Users/admin/builder/spi-builder-workspace/.swiftpm/xcode
    builtin-SwiftPerFileCompile AnyCodingKey.swift
SwiftCompile normal arm64_32 /Users/admin/builder/spi-builder-workspace/Sources/Utils/Serialization/AutoSerializing.swift (in target 'Utils' from project 'swift-utils')
    cd /Users/admin/builder/spi-builder-workspace/.swiftpm/xcode
    builtin-SwiftPerFileCompile AutoSerializing.swift
SwiftCompile normal arm64_32 /Users/admin/builder/spi-builder-workspace/Sources/Utils/Serialization/DiskJsonSerializer.swift (in target 'Utils' from project 'swift-utils')
    cd /Users/admin/builder/spi-builder-workspace/.swiftpm/xcode
    builtin-SwiftPerFileCompile DiskJsonSerializer.swift
SwiftCompile normal arm64_32 /Users/admin/builder/spi-builder-workspace/Sources/Utils/Serialization/EncodeError.swift (in target 'Utils' from project 'swift-utils')
    cd /Users/admin/builder/spi-builder-workspace/.swiftpm/xcode
    builtin-SwiftPerFileCompile EncodeError.swift
SwiftCompile normal arm64_32 /Users/admin/builder/spi-builder-workspace/Sources/Utils/Statistics/Averager.swift (in target 'Utils' from project 'swift-utils')
    cd /Users/admin/builder/spi-builder-workspace/.swiftpm/xcode
    builtin-SwiftPerFileCompile Averager.swift
SwiftCompile normal arm64_32 /Users/admin/builder/spi-builder-workspace/Sources/Utils/Statistics/CustomDiscreteDistribution.swift (in target 'Utils' from project 'swift-utils')
    cd /Users/admin/builder/spi-builder-workspace/.swiftpm/xcode
    builtin-SwiftPerFileCompile CustomDiscreteDistribution.swift
SwiftCompile normal arm64_32 /Users/admin/builder/spi-builder-workspace/Sources/Utils/Statistics/Distribution.swift (in target 'Utils' from project 'swift-utils')
    cd /Users/admin/builder/spi-builder-workspace/.swiftpm/xcode
    builtin-SwiftPerFileCompile Distribution.swift
SwiftCompile normal arm64_32 /Users/admin/builder/spi-builder-workspace/Sources/Utils/Synchronization/MutexLock.swift (in target 'Utils' from project 'swift-utils')
    cd /Users/admin/builder/spi-builder-workspace/.swiftpm/xcode
    builtin-SwiftPerFileCompile MutexLock.swift
SwiftCompile normal arm64_32 Compiling\ Subtractable.swift,\ Translation.swift,\ UnsignedConvertible.swift,\ LegacyRegex.swift,\ TokenIterator.swift,\ NodePackage.swift,\ Shell.swift,\ LowBoundedIntRange.swift,\ RangeUtils.swift,\ RepeatingTimer.swift /Users/admin/builder/spi-builder-workspace/Sources/Utils/Operations/Subtractable.swift /Users/admin/builder/spi-builder-workspace/Sources/Utils/Operations/Translation.swift /Users/admin/builder/spi-builder-workspace/Sources/Utils/Operations/UnsignedConvertible.swift /Users/admin/builder/spi-builder-workspace/Sources/Utils/Parsing/LegacyRegex.swift /Users/admin/builder/spi-builder-workspace/Sources/Utils/Parsing/TokenIterator.swift /Users/admin/builder/spi-builder-workspace/Sources/Utils/Processes/NodePackage.swift /Users/admin/builder/spi-builder-workspace/Sources/Utils/Processes/Shell.swift /Users/admin/builder/spi-builder-workspace/Sources/Utils/Ranges/LowBoundedIntRange.swift /Users/admin/builder/spi-builder-workspace/Sources/Utils/Ranges/RangeUtils.swift /Users/admin/builder/spi-builder-workspace/Sources/Utils/Scheduling/RepeatingTimer.swift (in target 'Utils' from project 'swift-utils')
/Users/admin/builder/spi-builder-workspace/Sources/Utils/Processes/Shell.swift:18:18: error: cannot find type 'Process' in scope
 16 |         withPipedOutput: Bool = false,
 17 |         then terminationHandler: (@Sendable (Process, Pipe?) -> Void)? = nil
 18 |     ) -> (Pipe?, Process) {
    |                  `- error: cannot find type 'Process' in scope
 19 |         var pipe: Pipe? = nil
 20 |         let process = Process()
/Users/admin/builder/spi-builder-workspace/Sources/Utils/Processes/Shell.swift:17:46: error: cannot find type 'Process' in scope
 15 |         useBash: Bool = false,
 16 |         withPipedOutput: Bool = false,
 17 |         then terminationHandler: (@Sendable (Process, Pipe?) -> Void)? = nil
    |                                              `- error: cannot find type 'Process' in scope
 18 |     ) -> (Pipe?, Process) {
 19 |         var pipe: Pipe? = nil
/Users/admin/builder/spi-builder-workspace/Sources/Utils/Processes/Shell.swift:94:46: error: cannot find type 'Process' in scope
 92 |         useBash: Bool = false,
 93 |         withPipedOutput: Bool = false,
 94 |         then terminationHandler: (@Sendable (Process, Pipe?) -> Void)? = nil
    |                                              `- error: cannot find type 'Process' in scope
 95 |     ) throws {
 96 |         try execute(process: newProcess(executable, in: directory, args: args, useBash: useBash, withPipedOutput: withPipedOutput, then: terminationHandler).1)
/Users/admin/builder/spi-builder-workspace/Sources/Utils/Processes/Shell.swift:130:45: error: cannot find type 'Process' in scope
128 |     }
129 |
130 |     private func setExecutable(for process: Process, toPath filePath: String) {
    |                                             `- error: cannot find type 'Process' in scope
131 |         if #available(macOS 10.13, *) {
132 |             process.executableURL = URL(fileURLWithPath: filePath)
/Users/admin/builder/spi-builder-workspace/Sources/Utils/Processes/Shell.swift:138:51: error: cannot find type 'Process' in scope
136 |     }
137 |
138 |     private func setCurrentDirectory(for process: Process, toURL url: URL) {
    |                                                   `- error: cannot find type 'Process' in scope
139 |         if #available(macOS 10.13, *) {
140 |             process.currentDirectoryURL = url
/Users/admin/builder/spi-builder-workspace/Sources/Utils/Processes/Shell.swift:146:34: error: cannot find type 'Process' in scope
144 |     }
145 |
146 |     public func execute(process: Process) throws {
    |                                  `- error: cannot find type 'Process' in scope
147 |         if #available(macOS 10.13, *) {
148 |             try process.run()
/Users/admin/builder/spi-builder-workspace/Sources/Utils/Processes/Shell.swift:20:23: error: cannot find 'Process' in scope
 18 |     ) -> (Pipe?, Process) {
 19 |         var pipe: Pipe? = nil
 20 |         let process = Process()
    |                       `- error: cannot find 'Process' in scope
 21 |         let path = useBash ? "/bin/bash" : findPath(of: executable)
 22 |
/Users/admin/builder/spi-builder-workspace/Sources/Utils/Processes/Shell.swift:75:20: error: cannot find type 'Process' in scope
 73 |             }
 74 |         }
 75 |         .map { (_: Process, pipe: Pipe?) in
    |                    `- error: cannot find type 'Process' in scope
 76 |             pipe!.fileHandleForReading.availableData
 77 |         }
/Users/admin/builder/spi-builder-workspace/Sources/Utils/Processes/Shell.swift:64:17: error: trailing closure passed to parameter of type 'Result<(_, Optional<Pipe>), any Error>' that does not accept a closure
 62 |     @discardableResult
 63 |     public func output(for executable: String, in directory: URL? = nil, args: [String]? = nil, useBash: Bool = false) -> Promise<Data, Error> {
 64 |         Promise { then in
    |                 `- error: trailing closure passed to parameter of type 'Result<(_, Optional<Pipe>), any Error>' that does not accept a closure
 65 |             let (_, process) = newProcess(executable, in: directory, args: args, useBash: useBash, withPipedOutput: true) {
 66 |                 then(.success(($0, $1)))
/Users/admin/builder/spi-builder-workspace/Sources/Utils/Asynchrony/Promise.swift:25:21: note: 'init(_:)' declared here
 23 |
 24 |     /// Creates a finished promise.
 25 |     public required init(_ value: Result<T, E>) {
    |                     `- note: 'init(_:)' declared here
 26 |         state = .finished(value)
 27 |     }
/Users/admin/builder/spi-builder-workspace/Sources/Utils/Processes/Shell.swift:107:27: error: cannot find 'Process' in scope
105 |
106 |             let pipe = Pipe()
107 |             let process = Process()
    |                           `- error: cannot find 'Process' in scope
108 |
109 |             setExecutable(for: process, toPath: "/usr/bin/which")
Failed frontend command:
/Applications/Xcode-27.0.0-Release.Candidate.app/Contents/Developer/Toolchains/XcodeDefault.xctoolchain/usr/bin/swift-frontend -frontend -c /Users/admin/builder/spi-builder-workspace/Sources/Utils/Asynchrony/Promise.swift /Users/admin/builder/spi-builder-workspace/Sources/Utils/Asynchrony/PromiseUtils.swift /Users/admin/builder/spi-builder-workspace/Sources/Utils/Collections/ArrayUtils.swift /Users/admin/builder/spi-builder-workspace/Sources/Utils/Collections/AvlTree.swift /Users/admin/builder/spi-builder-workspace/Sources/Utils/Collections/BiDictionary.swift /Users/admin/builder/spi-builder-workspace/Sources/Utils/Collections/BinaryHeap.swift /Users/admin/builder/spi-builder-workspace/Sources/Utils/Collections/BitArray.swift /Users/admin/builder/spi-builder-workspace/Sources/Utils/Collections/CircularArray.swift /Users/admin/builder/spi-builder-workspace/Sources/Utils/Collections/ExpiringList.swift /Users/admin/builder/spi-builder-workspace/Sources/Utils/Collections/FixedArray.swift /Users/admin/builder/spi-builder-workspace/Sources/Utils/Collections/LazyDictionary.swift /Users/admin/builder/spi-builder-workspace/Sources/Utils/Collections/PriorityQueue.swift /Users/admin/builder/spi-builder-workspace/Sources/Utils/Collections/SearchTree.swift /Users/admin/builder/spi-builder-workspace/Sources/Utils/Collections/StablePriorityQueue.swift /Users/admin/builder/spi-builder-workspace/Sources/Utils/Concurrency/UncheckedSendable.swift /Users/admin/builder/spi-builder-workspace/Sources/Utils/Extensions/Array+Extensions.swift /Users/admin/builder/spi-builder-workspace/Sources/Utils/Extensions/ChoiceOf+Extensions.swift /Users/admin/builder/spi-builder-workspace/Sources/Utils/Extensions/Collection+Extensions.swift /Users/admin/builder/spi-builder-workspace/Sources/Utils/Extensions/Dictionary+Extensions.swift /Users/admin/builder/spi-builder-workspace/Sources/Utils/Extensions/Optional+Extensions.swift /Users/admin/builder/spi-builder-workspace/Sources/Utils/Extensions/RandomAccessCollection+Extensions.swift /Users/admin/builder/spi-builder-workspace/Sources/Utils/Extensions/Result+Extensions.swift /Users/admin/builder/spi-builder-workspace/Sources/Utils/Extensions/Sequence+Extensions.swift /Users/admin/builder/spi-builder-workspace/Sources/Utils/Extensions/StringProtocol+Extensions.swift /Users/admin/builder/spi-builder-workspace/Sources/Utils/Extensions/TimeInterval+Extensions.swift /Users/admin/builder/spi-builder-workspace/Sources/Utils/Filesystem/TemporaryDirectory.swift /Users/admin/builder/spi-builder-workspace/Sources/Utils/Filesystem/TemporaryFile.swift /Users/admin/builder/spi-builder-workspace/Sources/Utils/Iterators/PeekableIterator.swift /Users/admin/builder/spi-builder-workspace/Sources/Utils/Metaprogramming/ConstBoolTypes.swift /Users/admin/builder/spi-builder-workspace/Sources/Utils/Metaprogramming/ConstIntTypes.swift /Users/admin/builder/spi-builder-workspace/Sources/Utils/Misc/AsyncRunnable.swift /Users/admin/builder/spi-builder-workspace/Sources/Utils/Misc/CompareUtils.swift /Users/admin/builder/spi-builder-workspace/Sources/Utils/Misc/DefaultInitializable.swift /Users/admin/builder/spi-builder-workspace/Sources/Utils/Misc/DiskFileError.swift /Users/admin/builder/spi-builder-workspace/Sources/Utils/Misc/KeyParameterizable.swift /Users/admin/builder/spi-builder-workspace/Sources/Utils/Misc/Runnable.swift /Users/admin/builder/spi-builder-workspace/Sources/Utils/Misc/Startable.swift /Users/admin/builder/spi-builder-workspace/Sources/Utils/Misc/StringBuilder.swift /Users/admin/builder/spi-builder-workspace/Sources/Utils/Misc/StringEnum.swift /Users/admin/builder/spi-builder-workspace/Sources/Utils/Misc/UnionStringEnum.swift /Users/admin/builder/spi-builder-workspace/Sources/Utils/Networking/AddressUtils.swift /Users/admin/builder/spi-builder-workspace/Sources/Utils/Networking/NetworkError.swift /Users/admin/builder/spi-builder-workspace/Sources/Utils/Numerics/Axis.swift /Users/admin/builder/spi-builder-workspace/Sources/Utils/Numerics/Complex.swift /Users/admin/builder/spi-builder-workspace/Sources/Utils/Numerics/Direction.swift /Users/admin/builder/spi-builder-workspace/Sources/Utils/Numerics/FibonacciSequence.swift /Users/admin/builder/spi-builder-workspace/Sources/Utils/Numerics/Mat2.swift /Users/admin/builder/spi-builder-workspace/Sources/Utils/Numerics/MathUtils.swift /Users/admin/builder/spi-builder-workspace/Sources/Utils/Numerics/Matrix.swift /Users/admin/builder/spi-builder-workspace/Sources/Utils/Numerics/NDArray.swift /Users/admin/builder/spi-builder-workspace/Sources/Utils/Numerics/NDArrayError.swift /Users/admin/builder/spi-builder-workspace/Sources/Utils/Numerics/NDArrayParser.swift /Users/admin/builder/spi-builder-workspace/Sources/Utils/Numerics/NDArrayParserError.swift /Users/admin/builder/spi-builder-workspace/Sources/Utils/Numerics/Rational.swift /Users/admin/builder/spi-builder-workspace/Sources/Utils/Numerics/Vec2.swift /Users/admin/builder/spi-builder-workspace/Sources/Utils/Numerics/Vector.swift /Users/admin/builder/spi-builder-workspace/Sources/Utils/Operations/Absolutable.swift /Users/admin/builder/spi-builder-workspace/Sources/Utils/Operations/Addable.swift /Users/admin/builder/spi-builder-workspace/Sources/Utils/Operations/AnyAsyncBijection.swift /Users/admin/builder/spi-builder-workspace/Sources/Utils/Operations/AnyBijection.swift /Users/admin/builder/spi-builder-workspace/Sources/Utils/Operations/AsyncBijection.swift /Users/admin/builder/spi-builder-workspace/Sources/Utils/Operations/Bijection.swift /Users/admin/builder/spi-builder-workspace/Sources/Utils/Operations/ComposedAsyncBijection.swift /Users/admin/builder/spi-builder-workspace/Sources/Utils/Operations/ComposedBijection.swift /Users/admin/builder/spi-builder-workspace/Sources/Utils/Operations/Divisible.swift /Users/admin/builder/spi-builder-workspace/Sources/Utils/Operations/IdentityBijection.swift /Users/admin/builder/spi-builder-workspace/Sources/Utils/Operations/IntExpressibleAlgebraicField.swift /Users/admin/builder/spi-builder-workspace/Sources/Utils/Operations/InverseAsyncBijection.swift /Users/admin/builder/spi-builder-workspace/Sources/Utils/Operations/InverseBijection.swift /Users/admin/builder/spi-builder-workspace/Sources/Utils/Operations/Magnitudable.swift /Users/admin/builder/spi-builder-workspace/Sources/Utils/Operations/Multipliable.swift /Users/admin/builder/spi-builder-workspace/Sources/Utils/Operations/Negatable.swift /Users/admin/builder/spi-builder-workspace/Sources/Utils/Operations/Remainderable.swift /Users/admin/builder/spi-builder-workspace/Sources/Utils/Operations/Scaling.swift -primary-file /Users/admin/builder/spi-builder-workspace/Sources/Utils/Operations/Subtractable.swift -primary-file /Users/admin/builder/spi-builder-workspace/Sources/Utils/Operations/Translation.swift -primary-file /Users/admin/builder/spi-builder-workspace/Sources/Utils/Operations/UnsignedConvertible.swift -primary-file /Users/admin/builder/spi-builder-workspace/Sources/Utils/Parsing/LegacyRegex.swift -primary-file /Users/admin/builder/spi-builder-workspace/Sources/Utils/Parsing/TokenIterator.swift -primary-file /Users/admin/builder/spi-builder-workspace/Sources/Utils/Processes/NodePackage.swift -primary-file /Users/admin/builder/spi-builder-workspace/Sources/Utils/Processes/Shell.swift -primary-file /Users/admin/builder/spi-builder-workspace/Sources/Utils/Ranges/LowBoundedIntRange.swift -primary-file /Users/admin/builder/spi-builder-workspace/Sources/Utils/Ranges/RangeUtils.swift -primary-file /Users/admin/builder/spi-builder-workspace/Sources/Utils/Scheduling/RepeatingTimer.swift /Users/admin/builder/spi-builder-workspace/Sources/Utils/Scheduling/TimerContext.swift /Users/admin/builder/spi-builder-workspace/Sources/Utils/Serialization/AnyCodable.swift /Users/admin/builder/spi-builder-workspace/Sources/Utils/Serialization/AnyCodingKey.swift /Users/admin/builder/spi-builder-workspace/Sources/Utils/Serialization/AutoSerializing.swift /Users/admin/builder/spi-builder-workspace/Sources/Utils/Serialization/DiskJsonSerializer.swift /Users/admin/builder/spi-builder-workspace/Sources/Utils/Serialization/EncodeError.swift /Users/admin/builder/spi-builder-workspace/Sources/Utils/Statistics/Averager.swift /Users/admin/builder/spi-builder-workspace/Sources/Utils/Statistics/CustomDiscreteDistribution.swift /Users/admin/builder/spi-builder-workspace/Sources/Utils/Statistics/Distribution.swift /Users/admin/builder/spi-builder-workspace/Sources/Utils/Synchronization/MutexLock.swift /Users/admin/builder/spi-builder-workspace/Sources/Utils/Synchronization/Synchronized.swift /Users/admin/builder/spi-builder-workspace/Sources/Utils/Time/Time.swift /Users/admin/builder/spi-builder-workspace/Sources/Utils/Web/DocumentToMarkdownConverter.swift /Users/admin/builder/spi-builder-workspace/Sources/Utils/Web/HTTPRequest.swift /Users/admin/builder/spi-builder-workspace/Sources/Utils/Wrappers/AsyncLazyExpiring.swift /Users/admin/builder/spi-builder-workspace/Sources/Utils/Wrappers/Binding.swift /Users/admin/builder/spi-builder-workspace/Sources/Utils/Wrappers/Box.swift /Users/admin/builder/spi-builder-workspace/Sources/Utils/Wrappers/Expiring.swift /Users/admin/builder/spi-builder-workspace/Sources/Utils/Wrappers/Lazy.swift /Users/admin/builder/spi-builder-workspace/Sources/Utils/Wrappers/PhantomWrapped.swift -supplementary-output-file-map /Users/admin/builder/spi-builder-workspace/.derivedData/Build/Intermediates.noindex/swift-utils.build/Debug-watchos/Utils-t.build/Objects-normal/arm64_32/supplementaryOutputs-8 -target arm64_32-apple-watchos9.0 -disable-cross-import-overlay-search -load-resolved-plugin /Applications/Xcode-27.0.0-Release.Candidate.app/Contents/Developer/Platforms/WatchOS.platform/Developer/usr/lib/swift/host/plugins/libFoundationMacros.dylib\#/Applications/Xcode-27.0.0-Release.Candidate.app/Contents/Developer/Platforms/WatchOS.platform/Developer/usr/bin/swift-plugin-server\#FoundationMacros -load-resolved-plugin /Applications/Xcode-27.0.0-Release.Candidate.app/Contents/Developer/Platforms/WatchOS.platform/Developer/usr/lib/swift/host/plugins/libObservationMacros.dylib\#/Applications/Xcode-27.0.0-Release.Candidate.app/Contents/Developer/Platforms/WatchOS.platform/Developer/usr/bin/swift-plugin-server\#ObservationMacros -load-resolved-plugin /Applications/Xcode-27.0.0-Release.Candidate.app/Contents/Developer/Platforms/WatchOS.platform/Developer/usr/lib/swift/host/plugins/libSwiftMacros.dylib\#/Applications/Xcode-27.0.0-Release.Candidate.app/Contents/Developer/Platforms/WatchOS.platform/Developer/usr/bin/swift-plugin-server\#SwiftMacros -disable-implicit-swift-modules -Xcc -fno-implicit-modules -Xcc -fno-implicit-module-maps -explicit-swift-module-map-file /Users/admin/builder/spi-builder-workspace/.derivedData/Build/Intermediates.noindex/swift-utils.build/Debug-watchos/Utils-t.build/Objects-normal/arm64_32/Utils-dependencies-1.json -enable-objc-interop -sdk /Applications/Xcode-27.0.0-Release.Candidate.app/Contents/Developer/Platforms/WatchOS.platform/Developer/SDKs/WatchOS27.0.sdk -I /Users/admin/builder/spi-builder-workspace/.derivedData/Build/Products/Debug-watchos -Isystem /Applications/Xcode-27.0.0-Release.Candidate.app/Contents/Developer/Platforms/WatchOS.platform/Developer/usr/lib -F /Users/admin/builder/spi-builder-workspace/.derivedData/Build/Products/Debug-watchos/PackageFrameworks -F /Users/admin/builder/spi-builder-workspace/.derivedData/Build/Products/Debug-watchos -F /Applications/Xcode-27.0.0-Release.Candidate.app/Contents/Developer/Platforms/WatchOS.platform/Developer/Library/Frameworks -F /Applications/Xcode-27.0.0-Release.Candidate.app/Contents/Developer/Platforms/WatchOS.platform/Developer/SDKs/WatchOS27.0.sdk/Developer/Library/Frameworks -module-cache-path /Users/admin/builder/spi-builder-workspace/.derivedData/Build/Intermediates.noindex/SwiftExplicitPrecompiledModules -no-color-diagnostics -Xcc -fno-color-diagnostics -enable-testing -g -debug-info-format\=dwarf -dwarf-version\=4 -profile-generate -profile-coverage-mapping -swift-version 5 -Onone -D SWIFT_PACKAGE -D DEBUG -D SWIFT_MODULE_RESOURCE_BUNDLE_UNAVAILABLE -D Xcode -serialize-debugging-options -enable-experimental-feature DebugDescriptionMacro -empty-abi-descriptor -validate-clang-modules-once -clang-build-session-file /Users/admin/builder/spi-builder-workspace/.derivedData/ModuleCache.noindex/Session.modulevalidation -Xcc -working-directory -Xcc /Users/admin/builder/spi-builder-workspace/.swiftpm/xcode -enable-anonymous-context-mangled-names -file-compilation-dir /Users/admin/builder/spi-builder-workspace/.swiftpm/xcode -Xcc -D_LIBCPP_HARDENING_MODE\=_LIBCPP_HARDENING_MODE_DEBUG -Xcc -ivfsstatcache -Xcc /Users/admin/builder/spi-builder-workspace/.derivedData/SDKStatCaches.noindex/watchos27.0-24R360-e829b21a6f8c9b70876ba0858053c04477534ef55a1706bf4c1112bbb242f0a2.sdkstatcache -Xcc -fmodules-prune-interval\=86400 -Xcc -fmodules-prune-after\=345600 -Xcc -I/Users/admin/builder/spi-builder-workspace/.derivedData/Build/Products/Debug-watchos/include -Xcc -I/Users/admin/builder/spi-builder-workspace/.derivedData/Build/Intermediates.noindex/swift-utils.build/Debug-watchos/Utils-t.build/DerivedSources-normal/arm64_32 -Xcc -I/Users/admin/builder/spi-builder-workspace/.derivedData/Build/Intermediates.noindex/swift-utils.build/Debug-watchos/Utils-t.build/DerivedSources/arm64_32 -Xcc -I/Users/admin/builder/spi-builder-workspace/.derivedData/Build/Intermediates.noindex/swift-utils.build/Debug-watchos/Utils-t.build/DerivedSources -Xcc -DSWIFT_PACKAGE -Xcc -DDEBUG\=1 -no-auto-bridging-header-chaining -module-name Utils -package-name spi_builder_workspace -const-gather-protocols-file /Users/admin/builder/spi-builder-workspace/.derivedData/Build/Intermediates.noindex/swift-utils.build/Debug-watchos/Utils-t.build/Objects-normal/arm64_32/Utils_const_extract_protocols.json -disable-clang-spi -clang-target arm64_32-apple-watchos27.0 -target-sdk-version 27.0 -target-sdk-name watchos27.0 -in-process-plugin-server-path /Applications/Xcode-27.0.0-Release.Candidate.app/Contents/Developer/Toolchains/XcodeDefault.xctoolchain/usr/lib/swift/host/libSwiftInProcPluginServer.dylib -parse-as-library -o /Users/admin/builder/spi-builder-workspace/.derivedData/Build/Intermediates.noindex/swift-utils.build/Debug-watchos/Utils-t.build/Objects-normal/arm64_32/Subtractable.o -o /Users/admin/builder/spi-builder-workspace/.derivedData/Build/Intermediates.noindex/swift-utils.build/Debug-watchos/Utils-t.build/Objects-normal/arm64_32/Translation.o -o /Users/admin/builder/spi-builder-workspace/.derivedData/Build/Intermediates.noindex/swift-utils.build/Debug-watchos/Utils-t.build/Objects-normal/arm64_32/UnsignedConvertible.o -o /Users/admin/builder/spi-builder-workspace/.derivedData/Build/Intermediates.noindex/swift-utils.build/Debug-watchos/Utils-t.build/Objects-normal/arm64_32/LegacyRegex.o -o /Users/admin/builder/spi-builder-workspace/.derivedData/Build/Intermediates.noindex/swift-utils.build/Debug-watchos/Utils-t.build/Objects-normal/arm64_32/TokenIterator.o -o /Users/admin/builder/spi-builder-workspace/.derivedData/Build/Intermediates.noindex/swift-utils.build/Debug-watchos/Utils-t.build/Objects-normal/arm64_32/NodePackage.o -o /Users/admin/builder/spi-builder-workspace/.derivedData/Build/Intermediates.noindex/swift-utils.build/Debug-watchos/Utils-t.build/Objects-normal/arm64_32/Shell.o -o /Users/admin/builder/spi-builder-workspace/.derivedData/Build/Intermediates.noindex/swift-utils.build/Debug-watchos/Utils-t.build/Objects-normal/arm64_32/LowBoundedIntRange.o -o /Users/admin/builder/spi-builder-workspace/.derivedData/Build/Intermediates.noindex/swift-utils.build/Debug-watchos/Utils-t.build/Objects-normal/arm64_32/RangeUtils.o -o /Users/admin/builder/spi-builder-workspace/.derivedData/Build/Intermediates.noindex/swift-utils.build/Debug-watchos/Utils-t.build/Objects-normal/arm64_32/RepeatingTimer.o -debug-module-path /Users/admin/builder/spi-builder-workspace/.derivedData/Build/Intermediates.noindex/swift-utils.build/Debug-watchos/Utils-t.build/Objects-normal/arm64_32/Utils.swiftmodule -index-unit-output-path /swift-utils.build/Debug-watchos/Utils-t.build/Objects-normal/arm64_32/Subtractable.o -index-unit-output-path /swift-utils.build/Debug-watchos/Utils-t.build/Objects-normal/arm64_32/Translation.o -index-unit-output-path /swift-utils.build/Debug-watchos/Utils-t.build/Objects-normal/arm64_32/UnsignedConvertible.o -index-unit-output-path /swift-utils.build/Debug-watchos/Utils-t.build/Objects-normal/arm64_32/LegacyRegex.o -index-unit-output-path /swift-utils.build/Debug-watchos/Utils-t.build/Objects-normal/arm64_32/TokenIterator.o -index-unit-output-path /swift-utils.build/Debug-watchos/Utils-t.build/Objects-normal/arm64_32/NodePackage.o -index-unit-output-path /swift-utils.build/Debug-watchos/Utils-t.build/Objects-normal/arm64_32/Shell.o -index-unit-output-path /swift-utils.build/Debug-watchos/Utils-t.build/Objects-normal/arm64_32/LowBoundedIntRange.o -index-unit-output-path /swift-utils.build/Debug-watchos/Utils-t.build/Objects-normal/arm64_32/RangeUtils.o -index-unit-output-path /swift-utils.build/Debug-watchos/Utils-t.build/Objects-normal/arm64_32/RepeatingTimer.o -index-store-path /Users/admin/builder/spi-builder-workspace/.derivedData/Index.noindex/DataStore -index-system-modules
SwiftCompile normal arm64_32 /Users/admin/builder/spi-builder-workspace/Sources/Utils/Operations/Subtractable.swift (in target 'Utils' from project 'swift-utils')
    cd /Users/admin/builder/spi-builder-workspace/.swiftpm/xcode
    builtin-SwiftPerFileCompile Subtractable.swift
SwiftCompile normal arm64_32 /Users/admin/builder/spi-builder-workspace/Sources/Utils/Operations/Translation.swift (in target 'Utils' from project 'swift-utils')
    cd /Users/admin/builder/spi-builder-workspace/.swiftpm/xcode
    builtin-SwiftPerFileCompile Translation.swift
SwiftCompile normal arm64_32 /Users/admin/builder/spi-builder-workspace/Sources/Utils/Operations/UnsignedConvertible.swift (in target 'Utils' from project 'swift-utils')
    cd /Users/admin/builder/spi-builder-workspace/.swiftpm/xcode
    builtin-SwiftPerFileCompile UnsignedConvertible.swift
SwiftCompile normal arm64_32 /Users/admin/builder/spi-builder-workspace/Sources/Utils/Parsing/LegacyRegex.swift (in target 'Utils' from project 'swift-utils')
    cd /Users/admin/builder/spi-builder-workspace/.swiftpm/xcode
    builtin-SwiftPerFileCompile LegacyRegex.swift
SwiftCompile normal arm64_32 /Users/admin/builder/spi-builder-workspace/Sources/Utils/Parsing/TokenIterator.swift (in target 'Utils' from project 'swift-utils')
    cd /Users/admin/builder/spi-builder-workspace/.swiftpm/xcode
    builtin-SwiftPerFileCompile TokenIterator.swift
SwiftCompile normal arm64_32 /Users/admin/builder/spi-builder-workspace/Sources/Utils/Processes/NodePackage.swift (in target 'Utils' from project 'swift-utils')
    cd /Users/admin/builder/spi-builder-workspace/.swiftpm/xcode
    builtin-SwiftPerFileCompile NodePackage.swift
SwiftCompile normal arm64_32 /Users/admin/builder/spi-builder-workspace/Sources/Utils/Processes/Shell.swift (in target 'Utils' from project 'swift-utils')
    cd /Users/admin/builder/spi-builder-workspace/.swiftpm/xcode
    builtin-SwiftPerFileCompile Shell.swift
SwiftCompile normal arm64_32 /Users/admin/builder/spi-builder-workspace/Sources/Utils/Ranges/LowBoundedIntRange.swift (in target 'Utils' from project 'swift-utils')
    cd /Users/admin/builder/spi-builder-workspace/.swiftpm/xcode
    builtin-SwiftPerFileCompile LowBoundedIntRange.swift
SwiftCompile normal arm64_32 /Users/admin/builder/spi-builder-workspace/Sources/Utils/Ranges/RangeUtils.swift (in target 'Utils' from project 'swift-utils')
    cd /Users/admin/builder/spi-builder-workspace/.swiftpm/xcode
    builtin-SwiftPerFileCompile RangeUtils.swift
SwiftCompile normal arm64_32 /Users/admin/builder/spi-builder-workspace/Sources/Utils/Scheduling/RepeatingTimer.swift (in target 'Utils' from project 'swift-utils')
    cd /Users/admin/builder/spi-builder-workspace/.swiftpm/xcode
    builtin-SwiftPerFileCompile RepeatingTimer.swift
SwiftCompile normal arm64_32 Compiling\ DiskFileError.swift,\ KeyParameterizable.swift,\ Runnable.swift,\ Startable.swift,\ StringBuilder.swift,\ StringEnum.swift,\ UnionStringEnum.swift,\ AddressUtils.swift,\ NetworkError.swift,\ Axis.swift,\ Complex.swift /Users/admin/builder/spi-builder-workspace/Sources/Utils/Misc/DiskFileError.swift /Users/admin/builder/spi-builder-workspace/Sources/Utils/Misc/KeyParameterizable.swift /Users/admin/builder/spi-builder-workspace/Sources/Utils/Misc/Runnable.swift /Users/admin/builder/spi-builder-workspace/Sources/Utils/Misc/Startable.swift /Users/admin/builder/spi-builder-workspace/Sources/Utils/Misc/StringBuilder.swift /Users/admin/builder/spi-builder-workspace/Sources/Utils/Misc/StringEnum.swift /Users/admin/builder/spi-builder-workspace/Sources/Utils/Misc/UnionStringEnum.swift /Users/admin/builder/spi-builder-workspace/Sources/Utils/Networking/AddressUtils.swift /Users/admin/builder/spi-builder-workspace/Sources/Utils/Networking/NetworkError.swift /Users/admin/builder/spi-builder-workspace/Sources/Utils/Numerics/Axis.swift /Users/admin/builder/spi-builder-workspace/Sources/Utils/Numerics/Complex.swift (in target 'Utils' from project 'swift-utils')
SwiftCompile normal arm64_32 /Users/admin/builder/spi-builder-workspace/Sources/Utils/Misc/DiskFileError.swift (in target 'Utils' from project 'swift-utils')
    cd /Users/admin/builder/spi-builder-workspace/.swiftpm/xcode
    builtin-SwiftPerFileCompile DiskFileError.swift
SwiftCompile normal arm64_32 /Users/admin/builder/spi-builder-workspace/Sources/Utils/Misc/KeyParameterizable.swift (in target 'Utils' from project 'swift-utils')
    cd /Users/admin/builder/spi-builder-workspace/.swiftpm/xcode
    builtin-SwiftPerFileCompile KeyParameterizable.swift
SwiftCompile normal arm64_32 /Users/admin/builder/spi-builder-workspace/Sources/Utils/Misc/Runnable.swift (in target 'Utils' from project 'swift-utils')
    cd /Users/admin/builder/spi-builder-workspace/.swiftpm/xcode
    builtin-SwiftPerFileCompile Runnable.swift
SwiftCompile normal arm64_32 /Users/admin/builder/spi-builder-workspace/Sources/Utils/Misc/Startable.swift (in target 'Utils' from project 'swift-utils')
    cd /Users/admin/builder/spi-builder-workspace/.swiftpm/xcode
    builtin-SwiftPerFileCompile Startable.swift
SwiftCompile normal arm64_32 /Users/admin/builder/spi-builder-workspace/Sources/Utils/Misc/StringBuilder.swift (in target 'Utils' from project 'swift-utils')
    cd /Users/admin/builder/spi-builder-workspace/.swiftpm/xcode
    builtin-SwiftPerFileCompile StringBuilder.swift
SwiftCompile normal arm64_32 /Users/admin/builder/spi-builder-workspace/Sources/Utils/Misc/StringEnum.swift (in target 'Utils' from project 'swift-utils')
    cd /Users/admin/builder/spi-builder-workspace/.swiftpm/xcode
    builtin-SwiftPerFileCompile StringEnum.swift
SwiftCompile normal arm64_32 /Users/admin/builder/spi-builder-workspace/Sources/Utils/Misc/UnionStringEnum.swift (in target 'Utils' from project 'swift-utils')
    cd /Users/admin/builder/spi-builder-workspace/.swiftpm/xcode
    builtin-SwiftPerFileCompile UnionStringEnum.swift
SwiftCompile normal arm64_32 /Users/admin/builder/spi-builder-workspace/Sources/Utils/Networking/AddressUtils.swift (in target 'Utils' from project 'swift-utils')
    cd /Users/admin/builder/spi-builder-workspace/.swiftpm/xcode
    builtin-SwiftPerFileCompile AddressUtils.swift
SwiftCompile normal arm64_32 /Users/admin/builder/spi-builder-workspace/Sources/Utils/Networking/NetworkError.swift (in target 'Utils' from project 'swift-utils')
    cd /Users/admin/builder/spi-builder-workspace/.swiftpm/xcode
    builtin-SwiftPerFileCompile NetworkError.swift
SwiftCompile normal arm64_32 /Users/admin/builder/spi-builder-workspace/Sources/Utils/Numerics/Axis.swift (in target 'Utils' from project 'swift-utils')
    cd /Users/admin/builder/spi-builder-workspace/.swiftpm/xcode
    builtin-SwiftPerFileCompile Axis.swift
SwiftCompile normal arm64_32 /Users/admin/builder/spi-builder-workspace/Sources/Utils/Numerics/Complex.swift (in target 'Utils' from project 'swift-utils')
    cd /Users/admin/builder/spi-builder-workspace/.swiftpm/xcode
    builtin-SwiftPerFileCompile Complex.swift
SwiftEmitModule normal arm64 Emitting\ module\ for\ SwiftSoup (in target 'SwiftSoup' from project 'SwiftSoup')
SwiftCompile normal arm64 (in target 'SwiftSoup' from project 'SwiftSoup')
    cd /Users/admin/builder/spi-builder-workspace/.swiftpm/xcode

SwiftEmitModule normal arm64 Emitting\ module\ for\ Utils (in target 'Utils' from project 'swift-utils')
SwiftCompile normal arm64 (in target 'Utils' from project 'swift-utils')
    cd /Users/admin/builder/spi-builder-workspace/.swiftpm/xcode

SwiftEmitModule normal arm64_32 Emitting\ module\ for\ SwiftSoup (in target 'SwiftSoup' from project 'SwiftSoup')
SwiftCompile normal arm64_32 (in target 'SwiftSoup' from project 'SwiftSoup')
    cd /Users/admin/builder/spi-builder-workspace/.swiftpm/xcode

PruneExplicitPrecompiledModules /Users/admin/builder/spi-builder-workspace/.derivedData/Build/Intermediates.noindex/ExplicitPrecompiledModules
PruneExplicitPrecompiledModules /Users/admin/builder/spi-builder-workspace/.derivedData/Build/Intermediates.noindex/SwiftExplicitPrecompiledModules
PruneExplicitPrecompiledModules /Users/admin/builder/spi-builder-workspace/.derivedData/SDKExplicitPrecompiledModules
2026-09-21 17:29:14.619 xcodebuild[1431:8509] [MT] IDERunDestination: Supported platforms for the buildables in the current scheme is empty.
** BUILD FAILED **
The following build commands failed:
	SwiftCompile normal arm64_32 Compiling\ Subtractable.swift,\ Translation.swift,\ UnsignedConvertible.swift,\ LegacyRegex.swift,\ TokenIterator.swift,\ NodePackage.swift,\ Shell.swift,\ LowBoundedIntRange.swift,\ RangeUtils.swift,\ RepeatingTimer.swift /Users/admin/builder/spi-builder-workspace/Sources/Utils/Operations/Subtractable.swift /Users/admin/builder/spi-builder-workspace/Sources/Utils/Operations/Translation.swift /Users/admin/builder/spi-builder-workspace/Sources/Utils/Operations/UnsignedConvertible.swift /Users/admin/builder/spi-builder-workspace/Sources/Utils/Parsing/LegacyRegex.swift /Users/admin/builder/spi-builder-workspace/Sources/Utils/Parsing/TokenIterator.swift /Users/admin/builder/spi-builder-workspace/Sources/Utils/Processes/NodePackage.swift /Users/admin/builder/spi-builder-workspace/Sources/Utils/Processes/Shell.swift /Users/admin/builder/spi-builder-workspace/Sources/Utils/Ranges/LowBoundedIntRange.swift /Users/admin/builder/spi-builder-workspace/Sources/Utils/Ranges/RangeUtils.swift /Users/admin/builder/spi-builder-workspace/Sources/Utils/Scheduling/RepeatingTimer.swift (in target 'Utils' from project 'swift-utils')
	SwiftCompile normal arm64_32 /Users/admin/builder/spi-builder-workspace/Sources/Utils/Processes/Shell.swift (in target 'Utils' from project 'swift-utils')
	Building workspace swift-utils with scheme swift-utils
(3 failures)
BUILD FAILURE 6.4 watchOS