Build Information
Failed to build GLibObject, reference main (0277c7), with Swift 6.1 for watchOS using Xcode 16.3 on 28 Sep 2026 15:49:41 UTC.
Build Command
No build command. This typically means the build failed at an early stage where we determine the build command.Build Log
========================================
RunAll
========================================
Builder version: 5.1.0
Interrupt handler set up.
========================================
Checkout
========================================
Clone URL: https://github.com/rhx/swiftgobject.git
Reference: main
Initialized empty Git repository in /Users/admin/builder/spi-builder-workspace/.git/
From https://github.com/rhx/swiftgobject
* branch main -> FETCH_HEAD
* [new branch] main -> origin/main
HEAD is now at 0277c77 Merge development README updates for GLib 2.90
Cloned https://github.com/rhx/swiftgobject.git
Revision (git rev-parse @):
0277c770af19a0c7be7710cb017c33ad81a30857
SUCCESS checkout https://github.com/rhx/swiftgobject.git at main
========================================
Build
========================================
Selected platform: watchOS
Swift version: 6.1
Building package at path: $PWD
https://github.com/rhx/swiftgobject.git
https://github.com/rhx/swiftgobject.git
{
"dependencies" : [
{
"identity" : "gir2swift",
"requirement" : {
"branch" : [
"main"
]
},
"type" : "sourceControl",
"url" : "https://github.com/rhx/gir2swift.git"
},
{
"identity" : "swiftglib",
"requirement" : {
"branch" : [
"main"
]
},
"type" : "sourceControl",
"url" : "https://github.com/rhx/SwiftGLib.git"
},
{
"identity" : "swift-docc-plugin",
"requirement" : {
"range" : [
{
"lower_bound" : "1.3.0",
"upper_bound" : "2.0.0"
}
]
},
"type" : "sourceControl",
"url" : "https://github.com/apple/swift-docc-plugin"
}
],
"manifest_display_name" : "GLibObject",
"name" : "GLibObject",
"path" : "/Users/admin/builder/spi-builder-workspace",
"platforms" : [
],
"products" : [
{
"name" : "GLibObject",
"targets" : [
"GLibObject"
],
"type" : {
"library" : [
"automatic"
]
}
}
],
"targets" : [
{
"c99name" : "GObjectCHelpers",
"module_type" : "ClangTarget",
"name" : "GObjectCHelpers",
"path" : "Sources/GObjectCHelpers",
"product_dependencies" : [
"GLib"
],
"product_memberships" : [
"GLibObject"
],
"sources" : [
"glib_value.c",
"gobject_helpers.c"
],
"type" : "library"
},
{
"c99name" : "GLibObjectTests",
"module_type" : "SwiftTarget",
"name" : "GLibObjectTests",
"path" : "Tests/GLibObjectTests",
"sources" : [
"GLibObjectTests.swift"
],
"target_dependencies" : [
"GLibObject"
],
"type" : "test"
},
{
"c99name" : "GLibObject",
"module_type" : "SwiftTarget",
"name" : "GLibObject",
"path" : "Sources/GLibObject",
"product_dependencies" : [
"GLib",
"gir2swift-plugin"
],
"product_memberships" : [
"GLibObject"
],
"sources" : [
"GLibNotify.swift",
"GLibObject.swift",
"GLibSignal.swift",
"GLibType.swift",
"GLibValue.swift",
"ParamSpec.swift",
"WeakObject.swift"
],
"target_dependencies" : [
"GObjectCHelpers"
],
"type" : "library"
}
],
"tools_version" : "5.6"
}
Command line invocation:
/Applications/Xcode-16.3.0.app/Contents/Developer/usr/bin/xcodebuild -IDEClonedSourcePackagesDirPathOverride=/Users/admin/builder/spi-builder-workspace/.dependencies -resolvePackageDependencies
Resolve Package Graph
Fetching from https://github.com/rhx/gir2swift.git
Fetching from https://github.com/rhx/SwiftGLib.git
Fetching from https://github.com/rhx/SwiftLibXML.git
Fetching from https://github.com/apple/swift-docc-plugin
Fetching from https://github.com/jpsim/Yams.git (cached)
Fetching from https://github.com/apple/swift-argument-parser (cached)
Fetching from https://github.com/swiftlang/swift-docc-symbolkit (cached)
Creating working copy of package ‘SwiftLibXML’
Checking out main (35dea8f) of package ‘SwiftLibXML’
Creating working copy of package ‘swift-docc-plugin’
Checking out 1.5.0 of package ‘swift-docc-plugin’
Creating working copy of package ‘swift-argument-parser’
Checking out 1.8.2 of package ‘swift-argument-parser’
Creating working copy of package ‘SwiftGLib’
Checking out main (26a304a) of package ‘SwiftGLib’
Creating working copy of package ‘swift-docc-symbolkit’
Checking out 1.0.0 of package ‘swift-docc-symbolkit’
Creating working copy of package ‘Yams’
Checking out 4.0.6 of package ‘Yams’
Creating working copy of package ‘gir2swift’
Checking out main (e2b894e) of package ‘gir2swift’
dataCorrupted(Swift.DecodingError.Context(codingPath: [], debugDescription: "The given data was not valid JSON.", underlyingError: Optional(Error Domain=NSCocoaErrorDomain Code=3840 "Unexpected end of file" UserInfo={NSDebugDescription=Unexpected end of file})))Resolve Package Graph
dataCorrupted(Swift.DecodingError.Context(codingPath: [], debugDescription: "The given data was not valid JSON.", underlyingError: Optional(Error Domain=NSCocoaErrorDomain Code=3840 "Unexpected end of file" UserInfo={NSDebugDescription=Unexpected end of file})))
Resolved source packages:
spi-builder-workspace: (null)
2026-09-28 08:49:30.630 xcodebuild[526:3083] Writing error result bundle to /var/folders/5k/5yc19ymj0jqd5v0zvgfqz0xw0000gn/T/ResultBundle_2026-28-09_08-49-0030.xcresult
xcodebuild: error: Could not resolve package dependencies:
dataCorrupted(Swift.DecodingError.Context(codingPath: [], debugDescription: "The given data was not valid JSON.", underlyingError: Optional(Error Domain=NSCocoaErrorDomain Code=3840 "Unexpected end of file" UserInfo={NSDebugDescription=Unexpected end of file})))
Command line invocation:
/Applications/Xcode-16.3.0.app/Contents/Developer/usr/bin/xcodebuild -IDEClonedSourcePackagesDirPathOverride=/Users/admin/builder/spi-builder-workspace/.dependencies -resolvePackageDependencies
Resolve Package Graph
dataCorrupted(Swift.DecodingError.Context(codingPath: [], debugDescription: "The given data was not valid JSON.", underlyingError: Optional(Error Domain=NSCocoaErrorDomain Code=3840 "Unexpected end of file" UserInfo={NSDebugDescription=Unexpected end of file})))
Resolved source packages:
spi-builder-workspace: (null)
2026-09-28 08:49:41.013 xcodebuild[1017:5584] Writing error result bundle to /var/folders/5k/5yc19ymj0jqd5v0zvgfqz0xw0000gn/T/ResultBundle_2026-28-09_08-49-0041.xcresult
xcodebuild: error: Could not resolve package dependencies:
dataCorrupted(Swift.DecodingError.Context(codingPath: [], debugDescription: "The given data was not valid JSON.", underlyingError: Optional(Error Domain=NSCocoaErrorDomain Code=3840 "Unexpected end of file" UserInfo={NSDebugDescription=Unexpected end of file})))
BUILD FAILURE 6.1 watchOS