The Swift Package Index logo.Swift Package Index

Build Information

Failed to build IQKeyboardToolbar, reference main (9d44e6), with Swift 6.1 for Wasm on 7 Jul 2026 18:54:07 UTC.

Build Command

bash -c docker run --pull=always --rm -v "checkouts-53886768-0":/host -w "$PWD" -e JAVA_HOME="/root/.sdkman/candidates/java/current" -e SPI_BUILD="1" -e SPI_PROCESSING="1" registry.gitlab.com/saguaro1/spi-images:wasm-6.1-latest swift build --swift-sdk wasm32-unknown-wasi 2>&1

Build Log

========================================
RunAll
========================================
Builder version: 0e64495ecc1688c3b3e031a5ef1348b5c05091ae
Interrupt handler set up.
========================================
Checkout
========================================
Clone URL: https://github.com/hackiftekhar/IQKeyboardToolbar.git
Reference: main
Initialized empty Git repository in /host/spi-builder-workspace/.git/
hint: Using 'master' as the name for the initial branch. This default branch name
hint: is subject to change. To configure the initial branch name to use in all
hint: of your new repositories, which will suppress this warning, call:
hint:
hint: 	git config --global init.defaultBranch <name>
hint:
hint: Names commonly chosen instead of 'master' are 'main', 'trunk' and
hint: 'development'. The just-created branch can be renamed via this command:
hint:
hint: 	git branch -m <name>
From https://github.com/hackiftekhar/IQKeyboardToolbar
 * branch            main       -> FETCH_HEAD
 * [new branch]      main       -> origin/main
HEAD is now at 9d44e6b - Improved iOS 26 compatibility when design compatibility turned off from info.plist
Cloned https://github.com/hackiftekhar/IQKeyboardToolbar.git
Revision (git rev-parse @):
9d44e6b5d49776b8b979d5ff24cd4c7b3a4917c1
SUCCESS checkout https://github.com/hackiftekhar/IQKeyboardToolbar.git at main
========================================
Build
========================================
Selected platform:         wasm
Swift version:             6.1
Building package at path:  $PWD
https://github.com/hackiftekhar/IQKeyboardToolbar.git
https://github.com/hackiftekhar/IQKeyboardToolbar.git
WARNING: environment variable SUPPRESS_SWIFT_6_FLAGS is not set
Running build ...
bash -c docker run --pull=always --rm -v "checkouts-53886768-0":/host -w "$PWD" -e JAVA_HOME="/root/.sdkman/candidates/java/current" -e SPI_BUILD="1" -e SPI_PROCESSING="1" registry.gitlab.com/saguaro1/spi-images:wasm-6.1-latest swift build --swift-sdk wasm32-unknown-wasi -Xswiftc -Xfrontend -Xswiftc -stats-output-dir -Xswiftc -Xfrontend -Xswiftc .stats -Xswiftc -strict-concurrency=complete -Xswiftc -enable-upcoming-feature -Xswiftc StrictConcurrency -Xswiftc -enable-upcoming-feature -Xswiftc DisableOutwardActorInference -Xswiftc -enable-upcoming-feature -Xswiftc GlobalActorIsolatedTypesUsability -Xswiftc -enable-upcoming-feature -Xswiftc InferSendableFromCaptures 2>&1
wasm-6.1-latest: Pulling from saguaro1/spi-images
Digest: sha256:1ad245dad3d2ae0004e1afbc92334bd39884ed9ca587cf04d0a8d5f640fb02e9
Status: Image is up to date for registry.gitlab.com/saguaro1/spi-images:wasm-6.1-latest
Fetching https://github.com/hackiftekhar/IQKeyboardCore.git
[1/275] Fetching iqkeyboardcore
Fetched https://github.com/hackiftekhar/IQKeyboardCore.git from cache (0.39s)
Computing version for https://github.com/hackiftekhar/IQKeyboardCore.git
Computed https://github.com/hackiftekhar/IQKeyboardCore.git at 1.0.9 (0.64s)
Creating working copy for https://github.com/hackiftekhar/IQKeyboardCore.git
Working copy of https://github.com/hackiftekhar/IQKeyboardCore.git resolved at 1.0.9
Building for debugging...
[0/5] Write sources
[0/5] Copying PrivacyInfo.xcprivacy
[0/5] Write sources
[3/5] Copying PrivacyInfo.xcprivacy
[4/5] Write swift-version-24593BA9C3E375BF.txt
error: emit-module command failed with exit code 1 (use -v to see invocation)
[6/11] Emitting module IQKeyboardCore
/host/spi-builder-workspace/.build/checkouts/IQKeyboardCore/IQKeyboardCore/Classes/IQKeyboardExtended.swift:24:8: error: no such module 'UIKit'
22 | //  THE SOFTWARE.
23 |
24 | import UIKit
   |        `- error: no such module 'UIKit'
25 |
26 | /// Wrapper for IQKeyboardManager compatible types. This type provides an extension point for
[7/11] Compiling IQKeyboardCore IQKeyboardConstants.swift
/host/spi-builder-workspace/.build/checkouts/IQKeyboardCore/IQKeyboardCore/Classes/IQKeyboardExtended.swift:24:8: error: no such module 'UIKit'
22 | //  THE SOFTWARE.
23 |
24 | import UIKit
   |        `- error: no such module 'UIKit'
25 |
26 | /// Wrapper for IQKeyboardManager compatible types. This type provides an extension point for
[8/11] Compiling IQKeyboardCore resource_bundle_accessor.swift
/host/spi-builder-workspace/.build/checkouts/IQKeyboardCore/IQKeyboardCore/Classes/IQKeyboardExtended.swift:24:8: error: no such module 'UIKit'
22 | //  THE SOFTWARE.
23 |
24 | import UIKit
   |        `- error: no such module 'UIKit'
25 |
26 | /// Wrapper for IQKeyboardManager compatible types. This type provides an extension point for
[9/11] Compiling IQKeyboardCore UIView+Hierarchy.swift
/host/spi-builder-workspace/.build/checkouts/IQKeyboardCore/IQKeyboardCore/Classes/IQKeyboardExtended.swift:24:8: error: no such module 'UIKit'
22 | //  THE SOFTWARE.
23 |
24 | import UIKit
   |        `- error: no such module 'UIKit'
25 |
26 | /// Wrapper for IQKeyboardManager compatible types. This type provides an extension point for
[10/11] Compiling IQKeyboardCore IQKeyboardExtended.swift
/host/spi-builder-workspace/.build/checkouts/IQKeyboardCore/IQKeyboardCore/Classes/IQKeyboardExtended.swift:24:8: error: no such module 'UIKit'
22 | //  THE SOFTWARE.
23 |
24 | import UIKit
   |        `- error: no such module 'UIKit'
25 |
26 | /// Wrapper for IQKeyboardManager compatible types. This type provides an extension point for
[11/11] Compiling IQKeyboardCore IQTextInputView.swift
/host/spi-builder-workspace/.build/checkouts/IQKeyboardCore/IQKeyboardCore/Classes/IQKeyboardExtended.swift:24:8: error: no such module 'UIKit'
22 | //  THE SOFTWARE.
23 |
24 | import UIKit
   |        `- error: no such module 'UIKit'
25 |
26 | /// Wrapper for IQKeyboardManager compatible types. This type provides an extension point for
Running build ...
bash -c docker run --pull=always --rm -v "checkouts-53886768-0":/host -w "$PWD" -e JAVA_HOME="/root/.sdkman/candidates/java/current" -e SPI_BUILD="1" -e SPI_PROCESSING="1" registry.gitlab.com/saguaro1/spi-images:wasm-6.1-latest swift build --swift-sdk wasm32-unknown-wasi 2>&1
wasm-6.1-latest: Pulling from saguaro1/spi-images
Digest: sha256:1ad245dad3d2ae0004e1afbc92334bd39884ed9ca587cf04d0a8d5f640fb02e9
Status: Image is up to date for registry.gitlab.com/saguaro1/spi-images:wasm-6.1-latest
[0/1] Planning build
Building for debugging...
[0/1] Write swift-version-24593BA9C3E375BF.txt
error: emit-module command failed with exit code 1 (use -v to see invocation)
[2/7] Emitting module IQKeyboardCore
/host/spi-builder-workspace/.build/checkouts/IQKeyboardCore/IQKeyboardCore/Classes/IQKeyboardExtended.swift:24:8: error: no such module 'UIKit'
22 | //  THE SOFTWARE.
23 |
24 | import UIKit
   |        `- error: no such module 'UIKit'
25 |
26 | /// Wrapper for IQKeyboardManager compatible types. This type provides an extension point for
[3/7] Compiling IQKeyboardCore IQKeyboardExtended.swift
/host/spi-builder-workspace/.build/checkouts/IQKeyboardCore/IQKeyboardCore/Classes/IQKeyboardExtended.swift:24:8: error: no such module 'UIKit'
22 | //  THE SOFTWARE.
23 |
24 | import UIKit
   |        `- error: no such module 'UIKit'
25 |
26 | /// Wrapper for IQKeyboardManager compatible types. This type provides an extension point for
[4/7] Compiling IQKeyboardCore IQKeyboardConstants.swift
/host/spi-builder-workspace/.build/checkouts/IQKeyboardCore/IQKeyboardCore/Classes/IQKeyboardExtended.swift:24:8: error: no such module 'UIKit'
22 | //  THE SOFTWARE.
23 |
24 | import UIKit
   |        `- error: no such module 'UIKit'
25 |
26 | /// Wrapper for IQKeyboardManager compatible types. This type provides an extension point for
[5/7] Compiling IQKeyboardCore UIView+Hierarchy.swift
/host/spi-builder-workspace/.build/checkouts/IQKeyboardCore/IQKeyboardCore/Classes/IQKeyboardExtended.swift:24:8: error: no such module 'UIKit'
22 | //  THE SOFTWARE.
23 |
24 | import UIKit
   |        `- error: no such module 'UIKit'
25 |
26 | /// Wrapper for IQKeyboardManager compatible types. This type provides an extension point for
[6/7] Compiling IQKeyboardCore resource_bundle_accessor.swift
/host/spi-builder-workspace/.build/checkouts/IQKeyboardCore/IQKeyboardCore/Classes/IQKeyboardExtended.swift:24:8: error: no such module 'UIKit'
22 | //  THE SOFTWARE.
23 |
24 | import UIKit
   |        `- error: no such module 'UIKit'
25 |
26 | /// Wrapper for IQKeyboardManager compatible types. This type provides an extension point for
[7/7] Compiling IQKeyboardCore IQTextInputView.swift
/host/spi-builder-workspace/.build/checkouts/IQKeyboardCore/IQKeyboardCore/Classes/IQKeyboardExtended.swift:24:8: error: no such module 'UIKit'
22 | //  THE SOFTWARE.
23 |
24 | import UIKit
   |        `- error: no such module 'UIKit'
25 |
26 | /// Wrapper for IQKeyboardManager compatible types. This type provides an extension point for
BUILD FAILURE 6.1 wasm