The Swift Package Index logo.Swift Package Index

Build Information

Failed to build swift-embeddings, reference main (47d2f4), with Swift 6.3 for Linux on 28 Sep 2026 09:53:21 UTC.

Build Command

bash -c docker run --pull=always --rm -v "checkouts-54344845-0":/host -w "$PWD" -e JAVA_HOME="/root/.sdkman/candidates/java/current" -e SPI_BUILD="1" -e SPI_PROCESSING="1" registry.gitlab.com/saguaro1/spi-images:basic-6.3-latest swift build --triple x86_64-unknown-linux-gnu 2>&1

Build Log

========================================
RunAll
========================================
Builder version: 5.1.0
Interrupt handler set up.
========================================
Checkout
========================================
Clone URL: https://github.com/jkrukowski/swift-embeddings.git
Reference: main
Initialized empty Git repository in /host/spi-builder-workspace/.git/
hint: Using 'master' as the name for the initial branch. This default branch name
hint: is subject to change. To configure the initial branch name to use in all
hint: of your new repositories, which will suppress this warning, call:
hint:
hint: 	git config --global init.defaultBranch <name>
hint:
hint: Names commonly chosen instead of 'master' are 'main', 'trunk' and
hint: 'development'. The just-created branch can be renamed via this command:
hint:
hint: 	git branch -m <name>
From https://github.com/jkrukowski/swift-embeddings
 * branch            main       -> FETCH_HEAD
 * [new branch]      main       -> origin/main
HEAD is now at 47d2f40 Require swift-huggingface 0.10.0 for watchOS and tvOS support
Cloned https://github.com/jkrukowski/swift-embeddings.git
Revision (git rev-parse @):
47d2f40e2e7a643340a1b477da7efc7cc7d99327
SUCCESS checkout https://github.com/jkrukowski/swift-embeddings.git at main
========================================
Build
========================================
Selected platform:         linux
Swift version:             6.3
Building package at path:  $PWD
https://github.com/jkrukowski/swift-embeddings.git
Running build ...
bash -c docker run --pull=always --rm -v "checkouts-54344845-0":/host -w "$PWD" -e JAVA_HOME="/root/.sdkman/candidates/java/current" -e SPI_BUILD="1" -e SPI_PROCESSING="1" registry.gitlab.com/saguaro1/spi-images:basic-6.3-latest swift build --triple x86_64-unknown-linux-gnu 2>&1
basic-6.3-latest: Pulling from saguaro1/spi-images
Digest: sha256:c577f8f8f4df4f423827bf5e7d96027716bb7030ef75b2fd4a15f7fb0043ce6d
Status: Image is up to date for registry.gitlab.com/saguaro1/spi-images:basic-6.3-latest
Fetching https://github.com/jkrukowski/swift-safetensors.git
Fetching https://github.com/tuist/Command.git
Fetching https://github.com/huggingface/swift-huggingface.git
Fetching https://github.com/apple/swift-argument-parser.git
[1/263] Fetching swift-safetensors
[238/2788] Fetching swift-safetensors, command
Fetching https://github.com/jkrukowski/swift-sentencepiece
Fetching https://github.com/huggingface/swift-transformers.git
[2789/21736] Fetching swift-safetensors, command, swift-argument-parser
[2979/24509] Fetching swift-safetensors, command, swift-argument-parser, swift-huggingface
Fetched https://github.com/huggingface/swift-huggingface.git from cache (0.67s)
[11694/21736] Fetching swift-safetensors, command, swift-argument-parser
Fetching https://github.com/apple/swift-numerics.git
Fetched https://github.com/jkrukowski/swift-safetensors.git from cache (0.81s)
Fetched https://github.com/tuist/Command.git from cache (0.81s)
Fetched https://github.com/apple/swift-argument-parser.git from cache (0.81s)
[1/90] Fetching swift-sentencepiece
[82/7146] Fetching swift-sentencepiece, swift-transformers
[2349/13786] Fetching swift-sentencepiece, swift-transformers, swift-numerics
Fetched https://github.com/jkrukowski/swift-sentencepiece from cache (0.79s)
Fetched https://github.com/huggingface/swift-transformers.git from cache (0.79s)
Fetched https://github.com/apple/swift-numerics.git from cache (0.65s)
Computing version for https://github.com/jkrukowski/swift-sentencepiece
Computed https://github.com/jkrukowski/swift-sentencepiece at 0.0.6 (1.48s)
Computing version for https://github.com/huggingface/swift-transformers.git
Computed https://github.com/huggingface/swift-transformers.git at 1.3.4 (0.16s)
Fetching https://github.com/huggingface/swift-jinja.git
Fetching https://github.com/apple/swift-collections.git
Fetching https://github.com/apple/swift-crypto.git
Fetching https://github.com/ibireme/yyjson.git
[1/18562] Fetching swift-crypto
[1115/19938] Fetching swift-crypto, swift-jinja
[3234/47717] Fetching swift-crypto, swift-jinja, swift-collections
[10738/52616] Fetching swift-crypto, swift-jinja, swift-collections, yyjson
Fetched https://github.com/ibireme/yyjson.git from cache (1.11s)
Fetched https://github.com/huggingface/swift-jinja.git from cache (1.36s)
Fetched https://github.com/apple/swift-collections.git from cache (1.40s)
Fetched https://github.com/apple/swift-crypto.git from cache (1.40s)
Computing version for https://github.com/ibireme/yyjson.git
Computed https://github.com/ibireme/yyjson.git at 0.12.0 (2.47s)
Computing version for https://github.com/huggingface/swift-huggingface.git
Computed https://github.com/huggingface/swift-huggingface.git at 0.11.0 (0.16s)
Fetching https://github.com/mattt/EventSource.git
[1/303] Fetching eventsource
Fetched https://github.com/mattt/EventSource.git from cache (0.52s)
Computing version for https://github.com/apple/swift-numerics.git
Computed https://github.com/apple/swift-numerics.git at 1.1.1 (0.71s)
Computing version for https://github.com/huggingface/swift-jinja.git
Computed https://github.com/huggingface/swift-jinja.git at 2.5.1 (0.18s)
Computing version for https://github.com/jkrukowski/swift-safetensors.git
Computed https://github.com/jkrukowski/swift-safetensors.git at 0.1.1 (0.14s)
Computing version for https://github.com/mattt/EventSource.git
Computed https://github.com/mattt/EventSource.git at 1.5.1 (0.14s)
Computing version for https://github.com/apple/swift-argument-parser.git
Computed https://github.com/apple/swift-argument-parser.git at 1.8.2 (0.16s)
Computing version for https://github.com/tuist/Command.git
Computed https://github.com/tuist/Command.git at 0.14.14 (0.14s)
Fetching https://github.com/tuist/Path
Fetching https://github.com/apple/swift-log
Fetching https://github.com/Kolos65/Mockable
[1/8165] Fetching swift-log
[2/8577] Fetching swift-log, path
[1095/10707] Fetching swift-log, path, mockable
Fetched https://github.com/tuist/Path from cache (0.56s)
Fetched https://github.com/Kolos65/Mockable from cache (0.56s)
Fetched https://github.com/apple/swift-log from cache (0.56s)
Computing version for https://github.com/Kolos65/Mockable
Computed https://github.com/Kolos65/Mockable at 0.6.4 (0.74s)
Fetching https://github.com/swiftlang/swift-syntax.git
Fetching https://github.com/pointfreeco/xctest-dynamic-overlay
[1/2727] Fetching xctest-dynamic-overlay
[2728/82797] Fetching xctest-dynamic-overlay, swift-syntax
Fetched https://github.com/pointfreeco/xctest-dynamic-overlay from cache (3.39s)
Fetched https://github.com/swiftlang/swift-syntax.git from cache (3.41s)
Computing version for https://github.com/tuist/Path
Computed https://github.com/tuist/Path at 0.3.8 (3.61s)
Computing version for https://github.com/apple/swift-log
Computed https://github.com/apple/swift-log at 1.15.1 (0.15s)
Computing version for https://github.com/pointfreeco/xctest-dynamic-overlay
Computed https://github.com/pointfreeco/xctest-dynamic-overlay at 1.9.0 (0.15s)
Computing version for https://github.com/swiftlang/swift-syntax.git
Computed https://github.com/swiftlang/swift-syntax.git at 603.0.2 (0.28s)
Computing version for https://github.com/apple/swift-collections.git
Computed https://github.com/apple/swift-collections.git at 1.7.1 (0.24s)
Computing version for https://github.com/apple/swift-crypto.git
Computed https://github.com/apple/swift-crypto.git at 4.5.2 (1.07s)
Fetching https://github.com/apple/swift-asn1.git
[1/1986] Fetching swift-asn1
Fetched https://github.com/apple/swift-asn1.git from cache (0.46s)
Computing version for https://github.com/apple/swift-asn1.git
Computed https://github.com/apple/swift-asn1.git at 1.7.3 (0.65s)
Creating working copy for https://github.com/jkrukowski/swift-safetensors.git
Working copy of https://github.com/jkrukowski/swift-safetensors.git resolved at 0.1.1
Creating working copy for https://github.com/apple/swift-asn1.git
Working copy of https://github.com/apple/swift-asn1.git resolved at 1.7.3
Creating working copy for https://github.com/apple/swift-crypto.git
Working copy of https://github.com/apple/swift-crypto.git resolved at 4.5.2
Creating working copy for https://github.com/mattt/EventSource.git
Working copy of https://github.com/mattt/EventSource.git resolved at 1.5.1
Creating working copy for https://github.com/huggingface/swift-jinja.git
Working copy of https://github.com/huggingface/swift-jinja.git resolved at 2.5.1
Creating working copy for https://github.com/jkrukowski/swift-sentencepiece
Working copy of https://github.com/jkrukowski/swift-sentencepiece resolved at 0.0.6
Creating working copy for https://github.com/tuist/Path
Working copy of https://github.com/tuist/Path resolved at 0.3.8
Creating working copy for https://github.com/huggingface/swift-huggingface.git
Working copy of https://github.com/huggingface/swift-huggingface.git resolved at 0.11.0
Creating working copy for https://github.com/Kolos65/Mockable
Working copy of https://github.com/Kolos65/Mockable resolved at 0.6.4
Creating working copy for https://github.com/ibireme/yyjson.git
Working copy of https://github.com/ibireme/yyjson.git resolved at 0.12.0
Creating working copy for https://github.com/swiftlang/swift-syntax.git
Working copy of https://github.com/swiftlang/swift-syntax.git resolved at 603.0.2
Creating working copy for https://github.com/apple/swift-collections.git
Working copy of https://github.com/apple/swift-collections.git resolved at 1.7.1
Creating working copy for https://github.com/apple/swift-numerics.git
Working copy of https://github.com/apple/swift-numerics.git resolved at 1.1.1
Creating working copy for https://github.com/apple/swift-log
Working copy of https://github.com/apple/swift-log resolved at 1.15.1
Creating working copy for https://github.com/huggingface/swift-transformers.git
Working copy of https://github.com/huggingface/swift-transformers.git resolved at 1.3.4
Creating working copy for https://github.com/tuist/Command.git
Working copy of https://github.com/tuist/Command.git resolved at 0.14.14
Creating working copy for https://github.com/pointfreeco/xctest-dynamic-overlay
Working copy of https://github.com/pointfreeco/xctest-dynamic-overlay resolved at 1.9.0
Creating working copy for https://github.com/apple/swift-argument-parser.git
Working copy of https://github.com/apple/swift-argument-parser.git resolved at 1.8.2
Downloading binary artifact https://github.com/jkrukowski/swift-sentencepiece/releases/download/0.0.5/sentencepiece.xcframework.zip
[1369/40026617] Downloading https://github.com/jkrukowski/swift-sentencepiece/releases/download/0.0.5/sentencepiece.xcframework.zip
Downloaded https://github.com/jkrukowski/swift-sentencepiece/releases/download/0.0.5/sentencepiece.xcframework.zip (3.36s)
Downloading package prebuilt https://download.swift.org/prebuilts/swift-syntax/603.0.2/swift-6.3.2-RELEASE-ubuntu_jammy_x86_64-MacroSupport.tar.gz
Downloaded https://download.swift.org/prebuilts/swift-syntax/603.0.2/swift-6.3.2-RELEASE-ubuntu_jammy_x86_64-MacroSupport.tar.gz (0.26s)
[1/1] Compiling plugin GenerateManual
[2/2] Compiling plugin GenerateDoccReference
Building for debugging...
[2/439] Write sources
[7/439] Copying t5_tokenizer_config.json
[7/439] Copying gpt2_tokenizer_config.json
[9/439] Write sources
[31/439] Compiling _NumericsShims _NumericsShims.c
[32/439] Compiling CXKCPShims shims.c
[33/439] Compiling KeccakHash.c
[34/439] Compiling KeccakSponge.c
[35/439] Compiling SimpleFIPS202.c
[36/439] Compiling fiat_p256_adx_sqr.S
[37/439] Compiling fiat_curve25519_adx_square.S
[38/439] Compiling fiat_p256_adx_mul.S
[39/439] Compiling fiat_curve25519_adx_mul.S
[40/439] Compiling md5-x86_64-linux.S
[41/439] Compiling md5-x86_64-apple.S
[42/439] Compiling md5-586-apple.S
[43/439] Compiling md5-586-linux.S
[44/439] Compiling chacha20_poly1305_x86_64-apple.S
[45/439] Compiling chacha20_poly1305_armv8-win.S
[46/439] Compiling chacha20_poly1305_x86_64-linux.S
[47/439] Compiling chacha20_poly1305_armv8-linux.S
[48/439] Compiling chacha-x86_64-linux.S
[49/439] Compiling chacha20_poly1305_armv8-apple.S
[50/439] Compiling chacha-x86_64-apple.S
[51/439] Compiling chacha-x86-linux.S
[52/439] Compiling chacha-x86-apple.S
[53/439] Compiling chacha-armv8-win.S
[54/439] Compiling KeccakP-1600-opt64.c
[55/439] Compiling CCryptoBoringSSLShims shims.c
[56/439] Compiling chacha-armv8-apple.S
[57/439] Compiling chacha-armv8-linux.S
[58/439] Compiling chacha-armv4-linux.S
[59/439] Compiling aes128gcmsiv-x86_64-apple.S
[60/439] Compiling aes128gcmsiv-x86_64-linux.S
[61/439] Compiling x86_64-mont-linux.S
[62/439] Compiling x86_64-mont5-linux.S
[63/439] Compiling x86_64-mont5-apple.S
[64/439] Compiling x86_64-mont-apple.S
[65/439] Compiling err_data.cc
[66/439] Compiling vpaes-x86_64-apple.S
[66/439] Compiling x86-mont-linux.S
[68/439] Compiling vpaes-x86_64-linux.S
[69/439] Compiling vpaes-x86-linux.S
[70/439] Compiling x86-mont-apple.S
[71/439] Compiling vpaes-armv7-linux.S
[72/439] Compiling vpaes-armv8-win.S
[73/439] Compiling vpaes-x86-apple.S
[74/439] Compiling vpaes-armv8-apple.S
[75/439] Compiling vpaes-armv8-linux.S
[76/439] Compiling sha512-x86_64-linux.S
[77/439] Compiling sha512-x86_64-apple.S
[78/439] Compiling sha512-armv8-win.S
[79/439] Compiling sha512-armv8-linux.S
[80/439] Compiling sha512-586-linux.S
[81/439] Compiling sha512-armv4-linux.S
[82/439] Compiling sha512-armv8-apple.S
[83/439] Compiling sha256-x86_64-apple.S
[84/439] Compiling sha512-586-apple.S
[85/439] Compiling sha256-x86_64-linux.S
[86/439] Compiling sha256-armv8-win.S
[87/439] Compiling sha256-armv8-linux.S
[88/439] Compiling sha256-armv4-linux.S
[89/439] Compiling sha256-armv8-apple.S
[90/439] Compiling sha256-586-linux.S
[91/439] Compiling sha256-586-apple.S
[92/439] Compiling sha1-armv8-win.S
[93/439] Compiling sha1-armv8-linux.S
[94/439] Compiling sha1-x86_64-apple.S
[95/439] Compiling sha1-x86_64-linux.S
[96/439] Compiling sha1-armv8-apple.S
[97/439] Compiling sha1-armv4-large-linux.S
[98/439] Compiling sha1-586-linux.S
[99/439] Compiling sha1-586-apple.S
[100/439] Compiling rsaz-avx2-apple.S
[101/439] Compiling rdrand-x86_64-linux.S
[102/439] Compiling rsaz-avx2-linux.S
[103/439] Compiling rdrand-x86_64-apple.S
[104/439] Compiling p256_beeu-armv8-asm-win.S
[105/439] Compiling p256_beeu-armv8-asm-linux.S
[106/439] Compiling p256_beeu-x86_64-asm-apple.S
[107/439] Compiling p256_beeu-x86_64-asm-linux.S
[108/439] Compiling p256-x86_64-asm-apple.S
[109/439] Compiling p256_beeu-armv8-asm-apple.S
[110/439] Compiling p256-x86_64-asm-linux.S
[111/439] Compiling p256-armv8-asm-win.S
[112/439] Compiling p256-armv8-asm-linux.S
[113/439] Compiling ghashv8-armv8-apple.S
[114/439] Compiling ghashv8-armv8-win.S
[114/439] Compiling ghashv8-armv8-linux.S
[116/439] Compiling p256-armv8-asm-apple.S
[117/439] Compiling ghash-x86-linux.S
[118/439] Compiling ghash-x86_64-apple.S
[119/439] Compiling ghashv8-armv7-linux.S
[120/439] Compiling ghash-x86_64-linux.S
[121/439] Compiling ghash-ssse3-x86_64-linux.S
[122/439] Compiling ghash-x86-apple.S
[123/439] Compiling ghash-ssse3-x86_64-apple.S
[124/439] Compiling ghash-ssse3-x86-linux.S
[125/439] Compiling ghash-ssse3-x86-apple.S
[126/439] Compiling ghash-neon-armv8-win.S
[127/439] Compiling ghash-neon-armv8-linux.S
[128/439] Compiling ghash-armv4-linux.S
[129/439] Compiling ghash-neon-armv8-apple.S
[130/439] Compiling co-586-linux.S
[131/439] Compiling co-586-apple.S
[132/439] Compiling bsaes-armv7-linux.S
[133/439] Compiling bn-armv8-apple.S
[134/439] Compiling bn-armv8-win.S
[135/439] Compiling bn-586-apple.S
[136/439] Compiling bn-armv8-linux.S
[137/439] Compiling bn-586-linux.S
[138/439] Compiling armv8-mont-linux.S
[139/439] Compiling armv8-mont-apple.S
[140/439] Compiling armv4-mont-linux.S
[141/439] Compiling aesv8-gcm-armv8-win.S
[142/439] Compiling armv8-mont-win.S
[143/439] Compiling aesv8-gcm-armv8-linux.S
[144/439] Compiling aesv8-armv8-linux.S
[145/439] Compiling aesv8-armv8-apple.S
[146/439] Compiling aesv8-gcm-armv8-apple.S
[147/439] Compiling aesv8-armv8-win.S
[148/439] Compiling aesv8-armv7-linux.S
[149/439] Compiling aesni-x86_64-linux.S
[150/439] Compiling aesni-x86-linux.S
[151/439] Compiling aesni-x86_64-apple.S
[152/439] Compiling aesni-x86-apple.S
[153/439] Compiling aesni-gcm-x86_64-linux.S
[154/439] Compiling aesni-gcm-x86_64-apple.S
[155/439] Compiling aes-gcm-avx512-x86_64-linux.S
[156/439] Compiling aes-gcm-avx512-x86_64-apple.S
[157/439] Compiling aes-gcm-avx2-x86_64-apple.S
[158/439] Compiling aes-gcm-avx2-x86_64-linux.S
[159/439] Compiling x_spki.cc
[160/439] Compiling x_sig.cc
[161/439] Compiling xwing.cc
[162/439] Compiling x_x509a.cc
[163/439] Compiling yyjson.c
[164/439] Write swift-version-24593BA9C3E375BF.txt
[165/439] Compiling x_req.cc
[166/441] Compiling x_x509.cc
[167/457] Compiling x_exten.cc
[168/457] Compiling x_name.cc
[169/457] Compiling x_attrib.cc
[170/470] Compiling x_pubkey.cc
[171/510] Compiling x_crl.cc
[172/521] Compiling x_all.cc
[174/523] Emitting module RealModule
[175/524] Emitting module Logging
[176/525] Emitting module Safetensors
error: emit-module command failed with exit code 1 (use -v to see invocation)
[177/527] Emitting module MLTensorUtils
/host/spi-builder-workspace/Sources/MLTensorUtils/Activations.swift:1:8: error: no such module 'CoreML'
 1 | import CoreML
   |        `- error: no such module 'CoreML'
 2 |
 3 | public enum GELUApproximation {
[178/527] Emitting module MockableMacro
[179/531] Compiling Logging SwiftLogNoOpLogHandler.swift
[180/531] Compiling Logging Locks.swift
[181/531] Compiling RealModule RelaxedArithmetic.swift
[183/531] Compiling MockableMacro ProtocolDeclSyntax+Extensions.swift
[184/531] Compiling MockableMacro String+Extensions.swift
[185/531] Compiling MockableMacro TokenSyntax+Extensions.swift
[186/531] Compiling MockableMacro VariableDeclSyntax+Extensions.swift
[187/531] Compiling Logging LoggingSystem.swift
[188/531] Compiling Logging MultiplexLogHandler.swift
[189/531] Compiling Logging StreamLogHandler.swift
[190/531] Compiling Path Path.swift
[191/531] Emitting module Path
[192/531] Compiling Safetensors TensorData.swift
[193/531] Compiling Safetensors Utils.swift
[194/531] Compiling MockableMacro MockableMacroError.swift
[195/531] Compiling MockableMacro MockableMacroWarning.swift
[196/531] Compiling MockableMacro Plugin.swift
[198/532] Compiling MLTensorUtils Layers.swift
/host/spi-builder-workspace/Sources/MLTensorUtils/Activations.swift:1:8: error: no such module 'CoreML'
 1 | import CoreML
   |        `- error: no such module 'CoreML'
 2 |
 3 | public enum GELUApproximation {
[199/532] Compiling IssueReportingPackageSupport _Test.swift
[200/532] Emitting module IssueReportingPackageSupport
[201/533] Compiling MockableMacro AttributeListSyntax+Extensions.swift
[202/533] Compiling MockableMacro AttributeSyntax+Extensions.swift
[203/533] Compiling MockableMacro DeclModifierListSyntax+Extensions.swift
[204/533] Compiling MockableMacro FunctionDeclSyntax+Extensions.swift
[205/533] Compiling MockableMacro FunctionParameterSyntax+Extensions.swift
[206/533] Compiling RealModule Float16+Real.swift
[207/533] Compiling RealModule Float80+Real.swift
[209/538] Compiling Logging LogEvent.swift
[210/538] Compiling Logging LogHandler.swift
[211/565] Compiling InternalCollectionsUtilities UInt+first and last set bit.swift
[212/565] Compiling InternalCollectionsUtilities UInt+reversed.swift
[213/566] Compiling InternalCollectionsUtilities Iterable+CopyContents.swift
[214/566] Compiling InternalCollectionsUtilities Iterable+Equality.swift
[215/566] Compiling InternalCollectionsUtilities LifetimeOverride.swift
[216/566] Compiling InternalCollectionsUtilities MutableRef.swift
[217/566] Compiling MockableMacro Messages.swift
[218/566] Compiling MockableMacro Namespace.swift
[219/566] Compiling MockableMacro SwiftVersionHelper.swift
[220/566] Compiling MockableMacro TokenFinder.swift
[221/566] Compiling Logging Logger+Attributes.swift
[222/566] Compiling Logging Logger+With.swift
[223/569] Compiling InternalCollectionsUtilities FixedWidthInteger+roundUpToPowerOfTwo.swift
[224/569] Compiling InternalCollectionsUtilities Integer rank.swift
[227/569] Compiling EventSource AsyncSequence+Events.swift
[228/569] Compiling InternalCollectionsUtilities UnsafeRawBufferPointer+Extras.swift
[229/569] Compiling InternalCollectionsUtilities _SortedCollection.swift
[230/569] Compiling InternalCollectionsUtilities _UniqueCollection.swift
[231/569] Compiling InternalCollectionsUtilities RandomAccessCollection+Offsets.swift
[232/569] Compiling InternalCollectionsUtilities Span+Extras.swift
[236/569] Compiling InternalCollectionsUtilities BorrowingIteratorProtocol+Extras.swift
[237/569] Compiling InternalCollectionsUtilities Debugging.swift
[238/569] Compiling InternalCollectionsUtilities Descriptions.swift
[239/569] Compiling InternalCollectionsUtilities MutableSpan+Extras.swift
[240/569] Compiling InternalCollectionsUtilities OutputSpan+Extras.swift
error: emit-module command failed with exit code 1 (use -v to see invocation)
[241/569] Emitting module SentencepieceTokenizer
/host/spi-builder-workspace/.build/checkouts/swift-sentencepiece/Sources/SentencepieceTokenizer/SentencepieceTokenizer.swift:1:8: error: no such module 'Sentencepiece'
 1 | import Sentencepiece
   |        `- error: no such module 'Sentencepiece'
 2 |
 3 | extension SentencepieceTokenizer {
[242/569] Compiling SentencepieceTokenizer SentencepieceTokenizer.swift
/host/spi-builder-workspace/.build/checkouts/swift-sentencepiece/Sources/SentencepieceTokenizer/SentencepieceTokenizer.swift:1:8: error: no such module 'Sentencepiece'
 1 | import Sentencepiece
   |        `- error: no such module 'Sentencepiece'
 2 |
 3 | extension SentencepieceTokenizer {
[243/569] Emitting module InternalCollectionsUtilities
[244/569] Compiling RealModule RealFunctions.swift
[245/569] Compiling RealModule Real.swift
[247/570] Emitting module EventSource
[248/570] Compiling EventSource AsyncEventsSequence.swift
[249/570] Compiling InternalCollectionsUtilities UnsafeMutablePointer+Extras.swift
[250/570] Compiling InternalCollectionsUtilities UnsafeMutableRawBufferPointer+Extras.swift
[251/570] Compiling InternalCollectionsUtilities UnsafePointer+Extras.swift
[252/570] Compiling EventSource EventSource+AsyncHTTPClient.swift
BUILD FAILURE 6.3 linux