Build Information
Failed to build PixelPantry, reference 1.0.9 (40a894), with Swift 6.4 for watchOS using Xcode 27.0 on 23 Sep 2026 21:57:22 UTC.
Build Command
env DEVELOPER_DIR=/Applications/Xcode-27.0.0-Release.Candidate.app xcrun xcodebuild -IDEClonedSourcePackagesDirPathOverride=$PWD/.dependencies -skipMacroValidation -skipPackagePluginValidation -derivedDataPath $PWD/.derivedData build -scheme PixelPantry -destination generic/platform=watchOSBuild Log
========================================
RunAll
========================================
Builder version: 5.1.0
Interrupt handler set up.
========================================
Checkout
========================================
Clone URL: https://github.com/pixel-pantry/PixelPantry.git
Reference: 1.0.9
Initialized empty Git repository in /Users/admin/builder/spi-builder-workspace/.git/
From https://github.com/pixel-pantry/PixelPantry
* tag 1.0.9 -> FETCH_HEAD
HEAD is now at 40a894d Use osascript Process instead of NSAppleScript for admin privileges
Cloned https://github.com/pixel-pantry/PixelPantry.git
Revision (git rev-parse @):
40a894da493fb08aa1073154ec7beb0b54cf6e58
SUCCESS checkout https://github.com/pixel-pantry/PixelPantry.git at 1.0.9
========================================
Build
========================================
Selected platform: watchOS
Swift version: 6.4
Building package at path: $PWD
https://github.com/pixel-pantry/PixelPantry.git
Command line invocation:
/Applications/Xcode-27.0.0-Release.Candidate.app/Contents/Developer/usr/bin/xcodebuild -IDEClonedSourcePackagesDirPathOverride=/Users/admin/builder/spi-builder-workspace/.dependencies -resolvePackageDependencies
Resolve Package Graph
Resolve Package Graph
Resolved source packages:
PixelPantry: /Users/admin/builder/spi-builder-workspace
resolved source packages: PixelPantry
2026-09-23 17:56:41.804 xcodebuild[529:3050] [MT] IDERunDestination: Supported platforms for the buildables in the current scheme is empty.
{
"dependencies" : [
],
"manifest_display_name" : "PixelPantry",
"name" : "PixelPantry",
"path" : "/Users/admin/builder/spi-builder-workspace",
"platforms" : [
{
"name" : "macos",
"version" : "13.0"
}
],
"products" : [
{
"name" : "PixelPantry",
"targets" : [
"PixelPantry"
],
"type" : {
"library" : [
"automatic"
]
}
}
],
"targets" : [
{
"c99name" : "PixelPantryTests",
"module_type" : "SwiftTarget",
"name" : "PixelPantryTests",
"path" : "Tests/PixelPantryTests",
"sources" : [
"RequestSignerTests.swift",
"SignatureCompatibilityTests.swift",
"UpdateModelTests.swift",
"VerifierTests.swift"
],
"target_dependencies" : [
"PixelPantry"
],
"type" : "test"
},
{
"c99name" : "PixelPantry",
"module_type" : "SwiftTarget",
"name" : "PixelPantry",
"path" : "Sources/PixelPantry",
"product_memberships" : [
"PixelPantry"
],
"sources" : [
"Configuration.swift",
"Installation/Downloader.swift",
"Installation/Installer.swift",
"Installation/Verifier.swift",
"Models/PPError.swift",
"Models/Update.swift",
"Networking/APIClient.swift",
"Networking/Endpoints.swift",
"Networking/RequestSigner.swift",
"PixelPantry.swift",
"UI/UpdateView.swift",
"UI/UpdateViewModel.swift",
"UI/UpdateWindow.swift"
],
"type" : "library"
}
],
"tools_version" : "5.9"
}
{
"workspace" : {
"name" : "PixelPantry",
"schemes" : [
"PixelPantry"
]
}
}
2026-09-23 17:57:13.777 xcodebuild[626:3864] [MT] IDERunDestination: Supported platforms for the buildables in the current scheme is empty.
Running build ...
env DEVELOPER_DIR=/Applications/Xcode-27.0.0-Release.Candidate.app xcrun xcodebuild -IDEClonedSourcePackagesDirPathOverride=$PWD/.dependencies -skipMacroValidation -skipPackagePluginValidation -derivedDataPath $PWD/.derivedData build -scheme PixelPantry -destination generic/platform=watchOS
Command line invocation:
/Applications/Xcode-27.0.0-Release.Candidate.app/Contents/Developer/usr/bin/xcodebuild -IDEClonedSourcePackagesDirPathOverride=/Users/admin/builder/spi-builder-workspace/.dependencies -skipMacroValidation -skipPackagePluginValidation -derivedDataPath /Users/admin/builder/spi-builder-workspace/.derivedData build -scheme PixelPantry -destination generic/platform=watchOS
Resolve Package Graph
Resolved source packages:
PixelPantry: /Users/admin/builder/spi-builder-workspace
ComputePackagePrebuildTargetDependencyGraph
Prepare packages
CreateBuildRequest
SendProjectDescription
CreateBuildOperation
ComputeTargetDependencyGraph
note: Building targets in dependency order
note: Target dependency graph (2 targets)
Target 'PixelPantry-product' in project 'PixelPantry'
➜ Explicit dependency on target 'PixelPantry' in project 'PixelPantry'
Target 'PixelPantry' in project 'PixelPantry' (no dependencies)
GatherProvisioningInputs
CreateBuildDescription
ExecuteExternalTool /Applications/Xcode-27.0.0-Release.Candidate.app/Contents/Developer/Toolchains/XcodeDefault.xctoolchain/usr/bin/clang -v -E -dM -isysroot /Applications/Xcode-27.0.0-Release.Candidate.app/Contents/Developer/Platforms/WatchOS.platform/Developer/SDKs/WatchOS27.0.sdk -x c -c /dev/null
ExecuteExternalTool /Applications/Xcode-27.0.0-Release.Candidate.app/Contents/Developer/Toolchains/XcodeDefault.xctoolchain/usr/bin/swiftc --version
ExecuteExternalTool /Applications/Xcode-27.0.0-Release.Candidate.app/Contents/Developer/Toolchains/XcodeDefault.xctoolchain/usr/bin/ld -version_details
ReadFileContents /Applications/Xcode-27.0.0-Release.Candidate.app/Contents/Developer/Toolchains/XcodeDefault.xctoolchain/usr/share/docc/features.json
Build description signature: e67e12739c53c86a04804cd8e925b0ac
Build description path: /Users/admin/builder/spi-builder-workspace/.derivedData/Build/Intermediates.noindex/XCBuildData/e67e12739c53c86a04804cd8e925b0ac.xcbuilddata
CreateBuildDirectory /Users/admin/builder/spi-builder-workspace/.derivedData/CompilationCache.noindex
cd /Users/admin/builder/spi-builder-workspace/.swiftpm/xcode
builtin-create-build-directory /Users/admin/builder/spi-builder-workspace/.derivedData/CompilationCache.noindex
CreateBuildDirectory /Users/admin/builder/spi-builder-workspace/.derivedData/SDKExplicitPrecompiledModules
cd /Users/admin/builder/spi-builder-workspace/.swiftpm/xcode
builtin-create-build-directory /Users/admin/builder/spi-builder-workspace/.derivedData/SDKExplicitPrecompiledModules
CreateBuildDirectory /Users/admin/builder/spi-builder-workspace/.derivedData/ModuleCache.noindex
cd /Users/admin/builder/spi-builder-workspace/.swiftpm/xcode
builtin-create-build-directory /Users/admin/builder/spi-builder-workspace/.derivedData/ModuleCache.noindex
CreateBuildDirectory /Users/admin/builder/spi-builder-workspace/.derivedData/Build/Products
cd /Users/admin/builder/spi-builder-workspace/.swiftpm/xcode
builtin-create-build-directory /Users/admin/builder/spi-builder-workspace/.derivedData/Build/Products
CreateBuildDirectory /Users/admin/builder/spi-builder-workspace/.derivedData/Build/Intermediates.noindex
cd /Users/admin/builder/spi-builder-workspace/.swiftpm/xcode
builtin-create-build-directory /Users/admin/builder/spi-builder-workspace/.derivedData/Build/Intermediates.noindex
ClangStatCache /Applications/Xcode-27.0.0-Release.Candidate.app/Contents/Developer/Toolchains/XcodeDefault.xctoolchain/usr/bin/clang-stat-cache /Applications/Xcode-27.0.0-Release.Candidate.app/Contents/Developer/Platforms/WatchOS.platform/Developer/SDKs/WatchOS27.0.sdk /Users/admin/builder/spi-builder-workspace/.derivedData/SDKStatCaches.noindex/watchos27.0-24R360-e829b21a6f8c9b70876ba0858053c04477534ef55a1706bf4c1112bbb242f0a2.sdkstatcache
cd /Users/admin/builder/spi-builder-workspace/.swiftpm/xcode
/Applications/Xcode-27.0.0-Release.Candidate.app/Contents/Developer/Toolchains/XcodeDefault.xctoolchain/usr/bin/clang-stat-cache /Applications/Xcode-27.0.0-Release.Candidate.app/Contents/Developer/Platforms/WatchOS.platform/Developer/SDKs/WatchOS27.0.sdk -o /Users/admin/builder/spi-builder-workspace/.derivedData/SDKStatCaches.noindex/watchos27.0-24R360-e829b21a6f8c9b70876ba0858053c04477534ef55a1706bf4c1112bbb242f0a2.sdkstatcache
CreateBuildDirectory /Users/admin/builder/spi-builder-workspace/.derivedData/Build/Intermediates.noindex/SwiftExplicitPrecompiledModules
cd /Users/admin/builder/spi-builder-workspace/.swiftpm/xcode
builtin-create-build-directory /Users/admin/builder/spi-builder-workspace/.derivedData/Build/Intermediates.noindex/SwiftExplicitPrecompiledModules
CreateBuildDirectory /Users/admin/builder/spi-builder-workspace/.derivedData/Build/Intermediates.noindex/ExplicitPrecompiledModules
cd /Users/admin/builder/spi-builder-workspace/.swiftpm/xcode
builtin-create-build-directory /Users/admin/builder/spi-builder-workspace/.derivedData/Build/Intermediates.noindex/ExplicitPrecompiledModules
CreateBuildDirectory /Users/admin/builder/spi-builder-workspace/.derivedData/Build/Intermediates.noindex/PrecompiledHeaders
cd /Users/admin/builder/spi-builder-workspace/.swiftpm/xcode
builtin-create-build-directory /Users/admin/builder/spi-builder-workspace/.derivedData/Build/Intermediates.noindex/PrecompiledHeaders
CreateBuildDirectory /Users/admin/builder/spi-builder-workspace/.derivedData/Build/Intermediates.noindex/EagerLinkingTBDs/Debug-watchos
cd /Users/admin/builder/spi-builder-workspace/.swiftpm/xcode
builtin-create-build-directory /Users/admin/builder/spi-builder-workspace/.derivedData/Build/Intermediates.noindex/EagerLinkingTBDs/Debug-watchos
CreateBuildDirectory /Users/admin/builder/spi-builder-workspace/.derivedData/Build/Products/Debug-watchos
cd /Users/admin/builder/spi-builder-workspace/.swiftpm/xcode
builtin-create-build-directory /Users/admin/builder/spi-builder-workspace/.derivedData/Build/Products/Debug-watchos
CreateBuildDirectory /Users/admin/builder/spi-builder-workspace/.derivedData/Build/Products/Debug-watchos/PackageFrameworks
cd /Users/admin/builder/spi-builder-workspace/.swiftpm/xcode
builtin-create-build-directory /Users/admin/builder/spi-builder-workspace/.derivedData/Build/Products/Debug-watchos/PackageFrameworks
WriteAuxiliaryFile /Users/admin/builder/spi-builder-workspace/.derivedData/Build/Intermediates.noindex/PixelPantry.build/Debug-watchos/PixelPantry-t.build/PixelPantry.modulemap (in target 'PixelPantry' from project 'PixelPantry')
cd /Users/admin/builder/spi-builder-workspace
write-file /Users/admin/builder/spi-builder-workspace/.derivedData/Build/Intermediates.noindex/PixelPantry.build/Debug-watchos/PixelPantry-t.build/PixelPantry.modulemap
WriteAuxiliaryFile /Users/admin/builder/spi-builder-workspace/.derivedData/Build/Intermediates.noindex/PixelPantry.build/Debug-watchos/PixelPantry-t.build/PixelPantry.DependencyStaticMetadataFileList (in target 'PixelPantry' from project 'PixelPantry')
cd /Users/admin/builder/spi-builder-workspace
write-file /Users/admin/builder/spi-builder-workspace/.derivedData/Build/Intermediates.noindex/PixelPantry.build/Debug-watchos/PixelPantry-t.build/PixelPantry.DependencyStaticMetadataFileList
WriteAuxiliaryFile /Users/admin/builder/spi-builder-workspace/.derivedData/Build/Intermediates.noindex/PixelPantry.build/Debug-watchos/PixelPantry-t.build/Objects-normal/arm64_32/PixelPantry.SwiftConstValuesFileList (in target 'PixelPantry' from project 'PixelPantry')
cd /Users/admin/builder/spi-builder-workspace
write-file /Users/admin/builder/spi-builder-workspace/.derivedData/Build/Intermediates.noindex/PixelPantry.build/Debug-watchos/PixelPantry-t.build/Objects-normal/arm64_32/PixelPantry.SwiftConstValuesFileList
WriteAuxiliaryFile /Users/admin/builder/spi-builder-workspace/.derivedData/Build/Intermediates.noindex/PixelPantry.build/Debug-watchos/PixelPantry-t.build/Objects-normal/arm64/PixelPantry-OutputFileMap.json (in target 'PixelPantry' from project 'PixelPantry')
cd /Users/admin/builder/spi-builder-workspace
write-file /Users/admin/builder/spi-builder-workspace/.derivedData/Build/Intermediates.noindex/PixelPantry.build/Debug-watchos/PixelPantry-t.build/Objects-normal/arm64/PixelPantry-OutputFileMap.json
WriteAuxiliaryFile /Users/admin/builder/spi-builder-workspace/.derivedData/Build/Intermediates.noindex/PixelPantry.build/Debug-watchos/PixelPantry-t.build/Objects-normal/arm64/PixelPantry_const_extract_protocols.json (in target 'PixelPantry' from project 'PixelPantry')
cd /Users/admin/builder/spi-builder-workspace
write-file /Users/admin/builder/spi-builder-workspace/.derivedData/Build/Intermediates.noindex/PixelPantry.build/Debug-watchos/PixelPantry-t.build/Objects-normal/arm64/PixelPantry_const_extract_protocols.json
WriteAuxiliaryFile /Users/admin/builder/spi-builder-workspace/.derivedData/Build/Intermediates.noindex/PixelPantry.build/Debug-watchos/PixelPantry-t.build/Objects-normal/arm64_32/PixelPantry_const_extract_protocols.json (in target 'PixelPantry' from project 'PixelPantry')
cd /Users/admin/builder/spi-builder-workspace
write-file /Users/admin/builder/spi-builder-workspace/.derivedData/Build/Intermediates.noindex/PixelPantry.build/Debug-watchos/PixelPantry-t.build/Objects-normal/arm64_32/PixelPantry_const_extract_protocols.json
WriteAuxiliaryFile /Users/admin/builder/spi-builder-workspace/.derivedData/Build/Intermediates.noindex/PixelPantry.build/Debug-watchos/PixelPantry-t.build/Objects-normal/arm64_32/PixelPantry.LinkFileList (in target 'PixelPantry' from project 'PixelPantry')
cd /Users/admin/builder/spi-builder-workspace
write-file /Users/admin/builder/spi-builder-workspace/.derivedData/Build/Intermediates.noindex/PixelPantry.build/Debug-watchos/PixelPantry-t.build/Objects-normal/arm64_32/PixelPantry.LinkFileList
WriteAuxiliaryFile /Users/admin/builder/spi-builder-workspace/.derivedData/Build/Intermediates.noindex/PixelPantry.build/Debug-watchos/PixelPantry-t.build/Objects-normal/arm64_32/PixelPantry-OutputFileMap.json (in target 'PixelPantry' from project 'PixelPantry')
cd /Users/admin/builder/spi-builder-workspace
write-file /Users/admin/builder/spi-builder-workspace/.derivedData/Build/Intermediates.noindex/PixelPantry.build/Debug-watchos/PixelPantry-t.build/Objects-normal/arm64_32/PixelPantry-OutputFileMap.json
WriteAuxiliaryFile /Users/admin/builder/spi-builder-workspace/.derivedData/Build/Intermediates.noindex/PixelPantry.build/Debug-watchos/PixelPantry-t.build/PixelPantry.DependencyMetadataFileList (in target 'PixelPantry' from project 'PixelPantry')
cd /Users/admin/builder/spi-builder-workspace
write-file /Users/admin/builder/spi-builder-workspace/.derivedData/Build/Intermediates.noindex/PixelPantry.build/Debug-watchos/PixelPantry-t.build/PixelPantry.DependencyMetadataFileList
WriteAuxiliaryFile /Users/admin/builder/spi-builder-workspace/.derivedData/Build/Intermediates.noindex/PixelPantry.build/Debug-watchos/PixelPantry-t.build/Objects-normal/arm64_32/PixelPantry.SwiftFileList (in target 'PixelPantry' from project 'PixelPantry')
cd /Users/admin/builder/spi-builder-workspace
write-file /Users/admin/builder/spi-builder-workspace/.derivedData/Build/Intermediates.noindex/PixelPantry.build/Debug-watchos/PixelPantry-t.build/Objects-normal/arm64_32/PixelPantry.SwiftFileList
WriteAuxiliaryFile /Users/admin/builder/spi-builder-workspace/.derivedData/Build/Intermediates.noindex/PixelPantry.build/Debug-watchos/PixelPantry-t.build/Objects-normal/arm64/PixelPantry.SwiftFileList (in target 'PixelPantry' from project 'PixelPantry')
cd /Users/admin/builder/spi-builder-workspace
write-file /Users/admin/builder/spi-builder-workspace/.derivedData/Build/Intermediates.noindex/PixelPantry.build/Debug-watchos/PixelPantry-t.build/Objects-normal/arm64/PixelPantry.SwiftFileList
WriteAuxiliaryFile /Users/admin/builder/spi-builder-workspace/.derivedData/Build/Intermediates.noindex/PixelPantry.build/Debug-watchos/PixelPantry-t.build/Objects-normal/arm64/PixelPantry.SwiftConstValuesFileList (in target 'PixelPantry' from project 'PixelPantry')
cd /Users/admin/builder/spi-builder-workspace
write-file /Users/admin/builder/spi-builder-workspace/.derivedData/Build/Intermediates.noindex/PixelPantry.build/Debug-watchos/PixelPantry-t.build/Objects-normal/arm64/PixelPantry.SwiftConstValuesFileList
WriteAuxiliaryFile /Users/admin/builder/spi-builder-workspace/.derivedData/Build/Intermediates.noindex/PixelPantry.build/Debug-watchos/PixelPantry-t.build/Objects-normal/arm64/PixelPantry.LinkFileList (in target 'PixelPantry' from project 'PixelPantry')
cd /Users/admin/builder/spi-builder-workspace
write-file /Users/admin/builder/spi-builder-workspace/.derivedData/Build/Intermediates.noindex/PixelPantry.build/Debug-watchos/PixelPantry-t.build/Objects-normal/arm64/PixelPantry.LinkFileList
Copy /Users/admin/builder/spi-builder-workspace/.derivedData/Build/Intermediates.noindex/GeneratedModuleMaps-watchos/PixelPantry.modulemap /Users/admin/builder/spi-builder-workspace/.derivedData/Build/Intermediates.noindex/PixelPantry.build/Debug-watchos/PixelPantry-t.build/PixelPantry.modulemap (in target 'PixelPantry' from project 'PixelPantry')
cd /Users/admin/builder/spi-builder-workspace
builtin-copy -exclude .DS_Store -exclude CVS -exclude .svn -exclude .git -exclude .hg -resolve-src-symlinks /Users/admin/builder/spi-builder-workspace/.derivedData/Build/Intermediates.noindex/PixelPantry.build/Debug-watchos/PixelPantry-t.build/PixelPantry.modulemap /Users/admin/builder/spi-builder-workspace/.derivedData/Build/Intermediates.noindex/GeneratedModuleMaps-watchos
SwiftDriver PixelPantry normal arm64 com.apple.xcode.tools.swift.compiler (in target 'PixelPantry' from project 'PixelPantry')
cd /Users/admin/builder/spi-builder-workspace/.swiftpm/xcode
builtin-SwiftDriver -- /Applications/Xcode-27.0.0-Release.Candidate.app/Contents/Developer/Toolchains/XcodeDefault.xctoolchain/usr/bin/swiftc -parse-as-library -module-name PixelPantry -Onone @/Users/admin/builder/spi-builder-workspace/.derivedData/Build/Intermediates.noindex/PixelPantry.build/Debug-watchos/PixelPantry-t.build/Objects-normal/arm64/PixelPantry.SwiftFileList -DSWIFT_PACKAGE -DDEBUG -DSWIFT_MODULE_RESOURCE_BUNDLE_UNAVAILABLE -DXcode -plugin-path /Applications/Xcode-27.0.0-Release.Candidate.app/Contents/Developer/Toolchains/XcodeDefault.xctoolchain/usr/lib/swift/host/plugins/testing -enable-experimental-feature DebugDescriptionMacro -sdk /Applications/Xcode-27.0.0-Release.Candidate.app/Contents/Developer/Platforms/WatchOS.platform/Developer/SDKs/WatchOS27.0.sdk -target arm64-apple-watchos9.0 -g -module-cache-path /Users/admin/builder/spi-builder-workspace/.derivedData/ModuleCache.noindex -Xfrontend -serialize-debugging-options -profile-coverage-mapping -profile-generate -enable-testing -index-store-path /Users/admin/builder/spi-builder-workspace/.derivedData/Index.noindex/DataStore -Xcc -D_LIBCPP_HARDENING_MODE\=_LIBCPP_HARDENING_MODE_DEBUG -swift-version 5 -I /Users/admin/builder/spi-builder-workspace/.derivedData/Build/Products/Debug-watchos -Isystem /Applications/Xcode-27.0.0-Release.Candidate.app/Contents/Developer/Platforms/WatchOS.platform/Developer/usr/lib -F /Users/admin/builder/spi-builder-workspace/.derivedData/Build/Products/Debug-watchos -F /Applications/Xcode-27.0.0-Release.Candidate.app/Contents/Developer/Platforms/WatchOS.platform/Developer/Library/Frameworks -F /Applications/Xcode-27.0.0-Release.Candidate.app/Contents/Developer/Platforms/WatchOS.platform/Developer/SDKs/WatchOS27.0.sdk/Developer/Library/Frameworks -c -j10 -enable-batch-mode -incremental -Xcc -ivfsstatcache -Xcc /Users/admin/builder/spi-builder-workspace/.derivedData/SDKStatCaches.noindex/watchos27.0-24R360-e829b21a6f8c9b70876ba0858053c04477534ef55a1706bf4c1112bbb242f0a2.sdkstatcache -output-file-map /Users/admin/builder/spi-builder-workspace/.derivedData/Build/Intermediates.noindex/PixelPantry.build/Debug-watchos/PixelPantry-t.build/Objects-normal/arm64/PixelPantry-OutputFileMap.json -save-temps -no-color-diagnostics -explicit-module-build -module-cache-path /Users/admin/builder/spi-builder-workspace/.derivedData/Build/Intermediates.noindex/SwiftExplicitPrecompiledModules -clang-scanner-module-cache-path /Users/admin/builder/spi-builder-workspace/.derivedData/ModuleCache.noindex -sdk-module-cache-path /Users/admin/builder/spi-builder-workspace/.derivedData/SDKExplicitPrecompiledModules -emit-dependencies -emit-module -emit-module-path /Users/admin/builder/spi-builder-workspace/.derivedData/Build/Intermediates.noindex/PixelPantry.build/Debug-watchos/PixelPantry-t.build/Objects-normal/arm64/PixelPantry.swiftmodule -serialize-diagnostics -dependency-scan-serialize-diagnostics-path /Users/admin/builder/spi-builder-workspace/.derivedData/Build/Intermediates.noindex/PixelPantry.build/Debug-watchos/PixelPantry-t.build/Objects-normal/arm64/PixelPantry-dependency-scan.dia -validate-clang-modules-once -clang-build-session-file /Users/admin/builder/spi-builder-workspace/.derivedData/ModuleCache.noindex/Session.modulevalidation -Xcc -fmodules-prune-interval\=86400 -Xcc -fmodules-prune-after\=345600 -package-name spi_builder_workspace -emit-const-values -const-gather-protocols-list /Users/admin/builder/spi-builder-workspace/.derivedData/Build/Intermediates.noindex/PixelPantry.build/Debug-watchos/PixelPantry-t.build/Objects-normal/arm64/PixelPantry_const_extract_protocols.json -Xcc -I/Users/admin/builder/spi-builder-workspace/.derivedData/Build/Products/Debug-watchos/include -Xcc -I/Users/admin/builder/spi-builder-workspace/.derivedData/Build/Intermediates.noindex/PixelPantry.build/Debug-watchos/PixelPantry-t.build/DerivedSources-normal/arm64 -Xcc -I/Users/admin/builder/spi-builder-workspace/.derivedData/Build/Intermediates.noindex/PixelPantry.build/Debug-watchos/PixelPantry-t.build/DerivedSources/arm64 -Xcc -I/Users/admin/builder/spi-builder-workspace/.derivedData/Build/Intermediates.noindex/PixelPantry.build/Debug-watchos/PixelPantry-t.build/DerivedSources -Xcc -DSWIFT_PACKAGE -Xcc -DDEBUG\=1 -emit-objc-header -emit-objc-header-path /Users/admin/builder/spi-builder-workspace/.derivedData/Build/Intermediates.noindex/PixelPantry.build/Debug-watchos/PixelPantry-t.build/Objects-normal/arm64/PixelPantry-Swift.h -working-directory /Users/admin/builder/spi-builder-workspace/.swiftpm/xcode -experimental-emit-module-separately -disable-cmo
/Users/admin/builder/spi-builder-workspace/Sources/PixelPantry/Installation/Installer.swift:2:8: error: Unable to resolve module dependency: 'AppKit' (in target 'PixelPantry' from project 'PixelPantry')
note: A dependency of main module 'PixelPantry'
/Users/admin/builder/spi-builder-workspace/Sources/PixelPantry/UI/UpdateView.swift:2:8: note: Also imported here
/Users/admin/builder/spi-builder-workspace/Sources/PixelPantry/UI/UpdateWindow.swift:1:8: note: Also imported here
/Users/admin/builder/spi-builder-workspace/Sources/PixelPantry/Installation/Installer.swift:2:8: note: A dependency of main module 'PixelPantry'
import AppKit
^ (in target 'PixelPantry' from project 'PixelPantry')
/Users/admin/builder/spi-builder-workspace/Sources/PixelPantry/UI/UpdateView.swift:2:8: note: Also imported here
import AppKit
^ (in target 'PixelPantry' from project 'PixelPantry')
/Users/admin/builder/spi-builder-workspace/Sources/PixelPantry/UI/UpdateWindow.swift:1:8: note: Also imported here
import AppKit
^ (in target 'PixelPantry' from project 'PixelPantry')
SwiftDriver PixelPantry normal arm64_32 com.apple.xcode.tools.swift.compiler (in target 'PixelPantry' from project 'PixelPantry')
cd /Users/admin/builder/spi-builder-workspace/.swiftpm/xcode
builtin-SwiftDriver -- /Applications/Xcode-27.0.0-Release.Candidate.app/Contents/Developer/Toolchains/XcodeDefault.xctoolchain/usr/bin/swiftc -parse-as-library -module-name PixelPantry -Onone @/Users/admin/builder/spi-builder-workspace/.derivedData/Build/Intermediates.noindex/PixelPantry.build/Debug-watchos/PixelPantry-t.build/Objects-normal/arm64_32/PixelPantry.SwiftFileList -DSWIFT_PACKAGE -DDEBUG -DSWIFT_MODULE_RESOURCE_BUNDLE_UNAVAILABLE -DXcode -plugin-path /Applications/Xcode-27.0.0-Release.Candidate.app/Contents/Developer/Toolchains/XcodeDefault.xctoolchain/usr/lib/swift/host/plugins/testing -enable-experimental-feature DebugDescriptionMacro -sdk /Applications/Xcode-27.0.0-Release.Candidate.app/Contents/Developer/Platforms/WatchOS.platform/Developer/SDKs/WatchOS27.0.sdk -target arm64_32-apple-watchos9.0 -g -module-cache-path /Users/admin/builder/spi-builder-workspace/.derivedData/ModuleCache.noindex -Xfrontend -serialize-debugging-options -profile-coverage-mapping -profile-generate -enable-testing -index-store-path /Users/admin/builder/spi-builder-workspace/.derivedData/Index.noindex/DataStore -Xcc -D_LIBCPP_HARDENING_MODE\=_LIBCPP_HARDENING_MODE_DEBUG -swift-version 5 -I /Users/admin/builder/spi-builder-workspace/.derivedData/Build/Products/Debug-watchos -Isystem /Applications/Xcode-27.0.0-Release.Candidate.app/Contents/Developer/Platforms/WatchOS.platform/Developer/usr/lib -F /Users/admin/builder/spi-builder-workspace/.derivedData/Build/Products/Debug-watchos -F /Applications/Xcode-27.0.0-Release.Candidate.app/Contents/Developer/Platforms/WatchOS.platform/Developer/Library/Frameworks -F /Applications/Xcode-27.0.0-Release.Candidate.app/Contents/Developer/Platforms/WatchOS.platform/Developer/SDKs/WatchOS27.0.sdk/Developer/Library/Frameworks -c -j10 -enable-batch-mode -incremental -Xcc -ivfsstatcache -Xcc /Users/admin/builder/spi-builder-workspace/.derivedData/SDKStatCaches.noindex/watchos27.0-24R360-e829b21a6f8c9b70876ba0858053c04477534ef55a1706bf4c1112bbb242f0a2.sdkstatcache -output-file-map /Users/admin/builder/spi-builder-workspace/.derivedData/Build/Intermediates.noindex/PixelPantry.build/Debug-watchos/PixelPantry-t.build/Objects-normal/arm64_32/PixelPantry-OutputFileMap.json -save-temps -no-color-diagnostics -explicit-module-build -module-cache-path /Users/admin/builder/spi-builder-workspace/.derivedData/Build/Intermediates.noindex/SwiftExplicitPrecompiledModules -clang-scanner-module-cache-path /Users/admin/builder/spi-builder-workspace/.derivedData/ModuleCache.noindex -sdk-module-cache-path /Users/admin/builder/spi-builder-workspace/.derivedData/SDKExplicitPrecompiledModules -emit-dependencies -emit-module -emit-module-path /Users/admin/builder/spi-builder-workspace/.derivedData/Build/Intermediates.noindex/PixelPantry.build/Debug-watchos/PixelPantry-t.build/Objects-normal/arm64_32/PixelPantry.swiftmodule -serialize-diagnostics -dependency-scan-serialize-diagnostics-path /Users/admin/builder/spi-builder-workspace/.derivedData/Build/Intermediates.noindex/PixelPantry.build/Debug-watchos/PixelPantry-t.build/Objects-normal/arm64_32/PixelPantry-dependency-scan.dia -validate-clang-modules-once -clang-build-session-file /Users/admin/builder/spi-builder-workspace/.derivedData/ModuleCache.noindex/Session.modulevalidation -Xcc -fmodules-prune-interval\=86400 -Xcc -fmodules-prune-after\=345600 -package-name spi_builder_workspace -emit-const-values -const-gather-protocols-list /Users/admin/builder/spi-builder-workspace/.derivedData/Build/Intermediates.noindex/PixelPantry.build/Debug-watchos/PixelPantry-t.build/Objects-normal/arm64_32/PixelPantry_const_extract_protocols.json -Xcc -I/Users/admin/builder/spi-builder-workspace/.derivedData/Build/Products/Debug-watchos/include -Xcc -I/Users/admin/builder/spi-builder-workspace/.derivedData/Build/Intermediates.noindex/PixelPantry.build/Debug-watchos/PixelPantry-t.build/DerivedSources-normal/arm64_32 -Xcc -I/Users/admin/builder/spi-builder-workspace/.derivedData/Build/Intermediates.noindex/PixelPantry.build/Debug-watchos/PixelPantry-t.build/DerivedSources/arm64_32 -Xcc -I/Users/admin/builder/spi-builder-workspace/.derivedData/Build/Intermediates.noindex/PixelPantry.build/Debug-watchos/PixelPantry-t.build/DerivedSources -Xcc -DSWIFT_PACKAGE -Xcc -DDEBUG\=1 -emit-objc-header -emit-objc-header-path /Users/admin/builder/spi-builder-workspace/.derivedData/Build/Intermediates.noindex/PixelPantry.build/Debug-watchos/PixelPantry-t.build/Objects-normal/arm64_32/PixelPantry-Swift.h -working-directory /Users/admin/builder/spi-builder-workspace/.swiftpm/xcode -experimental-emit-module-separately -disable-cmo
/Users/admin/builder/spi-builder-workspace/Sources/PixelPantry/Installation/Installer.swift:2:8: error: Unable to resolve module dependency: 'AppKit' (in target 'PixelPantry' from project 'PixelPantry')
note: A dependency of main module 'PixelPantry'
/Users/admin/builder/spi-builder-workspace/Sources/PixelPantry/UI/UpdateView.swift:2:8: note: Also imported here
/Users/admin/builder/spi-builder-workspace/Sources/PixelPantry/UI/UpdateWindow.swift:1:8: note: Also imported here
/Users/admin/builder/spi-builder-workspace/Sources/PixelPantry/Installation/Installer.swift:2:8: note: A dependency of main module 'PixelPantry'
import AppKit
^ (in target 'PixelPantry' from project 'PixelPantry')
/Users/admin/builder/spi-builder-workspace/Sources/PixelPantry/UI/UpdateView.swift:2:8: note: Also imported here
import AppKit
^ (in target 'PixelPantry' from project 'PixelPantry')
/Users/admin/builder/spi-builder-workspace/Sources/PixelPantry/UI/UpdateWindow.swift:1:8: note: Also imported here
import AppKit
^ (in target 'PixelPantry' from project 'PixelPantry')
PruneExplicitPrecompiledModules /Users/admin/builder/spi-builder-workspace/.derivedData/SDKExplicitPrecompiledModules
PruneExplicitPrecompiledModules /Users/admin/builder/spi-builder-workspace/.derivedData/Build/Intermediates.noindex/SwiftExplicitPrecompiledModules
PruneExplicitPrecompiledModules /Users/admin/builder/spi-builder-workspace/.derivedData/Build/Intermediates.noindex/ExplicitPrecompiledModules
2026-09-23 17:57:15.368 xcodebuild[627:3911] [MT] IDERunDestination: Supported platforms for the buildables in the current scheme is empty.
** BUILD FAILED **
The following build commands failed:
SwiftDriver PixelPantry normal arm64 com.apple.xcode.tools.swift.compiler (in target 'PixelPantry' from project 'PixelPantry')
SwiftDriver PixelPantry normal arm64_32 com.apple.xcode.tools.swift.compiler (in target 'PixelPantry' from project 'PixelPantry')
Building workspace PixelPantry with scheme PixelPantry
(3 failures)
Command line invocation:
/Applications/Xcode-27.0.0-Release.Candidate.app/Contents/Developer/usr/bin/xcodebuild -IDEClonedSourcePackagesDirPathOverride=/Users/admin/builder/spi-builder-workspace/.dependencies -resolvePackageDependencies
Resolve Package Graph
Resolved source packages:
PixelPantry: /Users/admin/builder/spi-builder-workspace
resolved source packages: PixelPantry
2026-09-23 17:57:19.017 xcodebuild[643:4184] [MT] IDERunDestination: Supported platforms for the buildables in the current scheme is empty.
{
"dependencies" : [
],
"manifest_display_name" : "PixelPantry",
"name" : "PixelPantry",
"path" : "/Users/admin/builder/spi-builder-workspace",
"platforms" : [
{
"name" : "macos",
"version" : "13.0"
}
],
"products" : [
{
"name" : "PixelPantry",
"targets" : [
"PixelPantry"
],
"type" : {
"library" : [
"automatic"
]
}
}
],
"targets" : [
{
"c99name" : "PixelPantryTests",
"module_type" : "SwiftTarget",
"name" : "PixelPantryTests",
"path" : "Tests/PixelPantryTests",
"sources" : [
"RequestSignerTests.swift",
"SignatureCompatibilityTests.swift",
"UpdateModelTests.swift",
"VerifierTests.swift"
],
"target_dependencies" : [
"PixelPantry"
],
"type" : "test"
},
{
"c99name" : "PixelPantry",
"module_type" : "SwiftTarget",
"name" : "PixelPantry",
"path" : "Sources/PixelPantry",
"product_memberships" : [
"PixelPantry"
],
"sources" : [
"Configuration.swift",
"Installation/Downloader.swift",
"Installation/Installer.swift",
"Installation/Verifier.swift",
"Models/PPError.swift",
"Models/Update.swift",
"Networking/APIClient.swift",
"Networking/Endpoints.swift",
"Networking/RequestSigner.swift",
"PixelPantry.swift",
"UI/UpdateView.swift",
"UI/UpdateViewModel.swift",
"UI/UpdateWindow.swift"
],
"type" : "library"
}
],
"tools_version" : "5.9"
}
{
"workspace" : {
"name" : "PixelPantry",
"schemes" : [
"PixelPantry"
]
}
}
2026-09-23 17:57:20.304 xcodebuild[671:4421] [MT] IDERunDestination: Supported platforms for the buildables in the current scheme is empty.
Running build ...
env DEVELOPER_DIR=/Applications/Xcode-27.0.0-Release.Candidate.app xcrun xcodebuild -IDEClonedSourcePackagesDirPathOverride=$PWD/.dependencies -skipMacroValidation -skipPackagePluginValidation -derivedDataPath $PWD/.derivedData build -scheme PixelPantry -destination generic/platform=watchOS
Command line invocation:
/Applications/Xcode-27.0.0-Release.Candidate.app/Contents/Developer/usr/bin/xcodebuild -IDEClonedSourcePackagesDirPathOverride=/Users/admin/builder/spi-builder-workspace/.dependencies -skipMacroValidation -skipPackagePluginValidation -derivedDataPath /Users/admin/builder/spi-builder-workspace/.derivedData build -scheme PixelPantry -destination generic/platform=watchOS
Resolve Package Graph
Resolved source packages:
PixelPantry: /Users/admin/builder/spi-builder-workspace
ComputePackagePrebuildTargetDependencyGraph
Prepare packages
CreateBuildRequest
SendProjectDescription
CreateBuildOperation
ComputeTargetDependencyGraph
note: Building targets in dependency order
note: Target dependency graph (2 targets)
Target 'PixelPantry-product' in project 'PixelPantry'
➜ Explicit dependency on target 'PixelPantry' in project 'PixelPantry'
Target 'PixelPantry' in project 'PixelPantry' (no dependencies)
GatherProvisioningInputs
CreateBuildDescription
ClangStatCache /Applications/Xcode-27.0.0-Release.Candidate.app/Contents/Developer/Toolchains/XcodeDefault.xctoolchain/usr/bin/clang-stat-cache /Applications/Xcode-27.0.0-Release.Candidate.app/Contents/Developer/Platforms/WatchOS.platform/Developer/SDKs/WatchOS27.0.sdk /Users/admin/builder/spi-builder-workspace/.derivedData/SDKStatCaches.noindex/watchos27.0-24R360-e829b21a6f8c9b70876ba0858053c04477534ef55a1706bf4c1112bbb242f0a2.sdkstatcache
cd /Users/admin/builder/spi-builder-workspace/.swiftpm/xcode
/Applications/Xcode-27.0.0-Release.Candidate.app/Contents/Developer/Toolchains/XcodeDefault.xctoolchain/usr/bin/clang-stat-cache /Applications/Xcode-27.0.0-Release.Candidate.app/Contents/Developer/Platforms/WatchOS.platform/Developer/SDKs/WatchOS27.0.sdk -o /Users/admin/builder/spi-builder-workspace/.derivedData/SDKStatCaches.noindex/watchos27.0-24R360-e829b21a6f8c9b70876ba0858053c04477534ef55a1706bf4c1112bbb242f0a2.sdkstatcache
SwiftDriver PixelPantry normal arm64_32 com.apple.xcode.tools.swift.compiler (in target 'PixelPantry' from project 'PixelPantry')
cd /Users/admin/builder/spi-builder-workspace/.swiftpm/xcode
builtin-SwiftDriver -- /Applications/Xcode-27.0.0-Release.Candidate.app/Contents/Developer/Toolchains/XcodeDefault.xctoolchain/usr/bin/swiftc -parse-as-library -module-name PixelPantry -Onone @/Users/admin/builder/spi-builder-workspace/.derivedData/Build/Intermediates.noindex/PixelPantry.build/Debug-watchos/PixelPantry-t.build/Objects-normal/arm64_32/PixelPantry.SwiftFileList -DSWIFT_PACKAGE -DDEBUG -DSWIFT_MODULE_RESOURCE_BUNDLE_UNAVAILABLE -DXcode -plugin-path /Applications/Xcode-27.0.0-Release.Candidate.app/Contents/Developer/Toolchains/XcodeDefault.xctoolchain/usr/lib/swift/host/plugins/testing -enable-experimental-feature DebugDescriptionMacro -sdk /Applications/Xcode-27.0.0-Release.Candidate.app/Contents/Developer/Platforms/WatchOS.platform/Developer/SDKs/WatchOS27.0.sdk -target arm64_32-apple-watchos9.0 -g -module-cache-path /Users/admin/builder/spi-builder-workspace/.derivedData/ModuleCache.noindex -Xfrontend -serialize-debugging-options -profile-coverage-mapping -profile-generate -enable-testing -index-store-path /Users/admin/builder/spi-builder-workspace/.derivedData/Index.noindex/DataStore -Xcc -D_LIBCPP_HARDENING_MODE\=_LIBCPP_HARDENING_MODE_DEBUG -swift-version 5 -I /Users/admin/builder/spi-builder-workspace/.derivedData/Build/Products/Debug-watchos -Isystem /Applications/Xcode-27.0.0-Release.Candidate.app/Contents/Developer/Platforms/WatchOS.platform/Developer/usr/lib -F /Users/admin/builder/spi-builder-workspace/.derivedData/Build/Products/Debug-watchos -F /Applications/Xcode-27.0.0-Release.Candidate.app/Contents/Developer/Platforms/WatchOS.platform/Developer/Library/Frameworks -F /Applications/Xcode-27.0.0-Release.Candidate.app/Contents/Developer/Platforms/WatchOS.platform/Developer/SDKs/WatchOS27.0.sdk/Developer/Library/Frameworks -c -j10 -enable-batch-mode -incremental -Xcc -ivfsstatcache -Xcc /Users/admin/builder/spi-builder-workspace/.derivedData/SDKStatCaches.noindex/watchos27.0-24R360-e829b21a6f8c9b70876ba0858053c04477534ef55a1706bf4c1112bbb242f0a2.sdkstatcache -output-file-map /Users/admin/builder/spi-builder-workspace/.derivedData/Build/Intermediates.noindex/PixelPantry.build/Debug-watchos/PixelPantry-t.build/Objects-normal/arm64_32/PixelPantry-OutputFileMap.json -save-temps -no-color-diagnostics -explicit-module-build -module-cache-path /Users/admin/builder/spi-builder-workspace/.derivedData/Build/Intermediates.noindex/SwiftExplicitPrecompiledModules -clang-scanner-module-cache-path /Users/admin/builder/spi-builder-workspace/.derivedData/ModuleCache.noindex -sdk-module-cache-path /Users/admin/builder/spi-builder-workspace/.derivedData/SDKExplicitPrecompiledModules -emit-dependencies -emit-module -emit-module-path /Users/admin/builder/spi-builder-workspace/.derivedData/Build/Intermediates.noindex/PixelPantry.build/Debug-watchos/PixelPantry-t.build/Objects-normal/arm64_32/PixelPantry.swiftmodule -serialize-diagnostics -dependency-scan-serialize-diagnostics-path /Users/admin/builder/spi-builder-workspace/.derivedData/Build/Intermediates.noindex/PixelPantry.build/Debug-watchos/PixelPantry-t.build/Objects-normal/arm64_32/PixelPantry-dependency-scan.dia -validate-clang-modules-once -clang-build-session-file /Users/admin/builder/spi-builder-workspace/.derivedData/ModuleCache.noindex/Session.modulevalidation -Xcc -fmodules-prune-interval\=86400 -Xcc -fmodules-prune-after\=345600 -package-name spi_builder_workspace -emit-const-values -const-gather-protocols-list /Users/admin/builder/spi-builder-workspace/.derivedData/Build/Intermediates.noindex/PixelPantry.build/Debug-watchos/PixelPantry-t.build/Objects-normal/arm64_32/PixelPantry_const_extract_protocols.json -Xcc -I/Users/admin/builder/spi-builder-workspace/.derivedData/Build/Products/Debug-watchos/include -Xcc -I/Users/admin/builder/spi-builder-workspace/.derivedData/Build/Intermediates.noindex/PixelPantry.build/Debug-watchos/PixelPantry-t.build/DerivedSources-normal/arm64_32 -Xcc -I/Users/admin/builder/spi-builder-workspace/.derivedData/Build/Intermediates.noindex/PixelPantry.build/Debug-watchos/PixelPantry-t.build/DerivedSources/arm64_32 -Xcc -I/Users/admin/builder/spi-builder-workspace/.derivedData/Build/Intermediates.noindex/PixelPantry.build/Debug-watchos/PixelPantry-t.build/DerivedSources -Xcc -DSWIFT_PACKAGE -Xcc -DDEBUG\=1 -emit-objc-header -emit-objc-header-path /Users/admin/builder/spi-builder-workspace/.derivedData/Build/Intermediates.noindex/PixelPantry.build/Debug-watchos/PixelPantry-t.build/Objects-normal/arm64_32/PixelPantry-Swift.h -working-directory /Users/admin/builder/spi-builder-workspace/.swiftpm/xcode -experimental-emit-module-separately -disable-cmo
/Users/admin/builder/spi-builder-workspace/Sources/PixelPantry/Installation/Installer.swift:2:8: error: Unable to resolve module dependency: 'AppKit' (in target 'PixelPantry' from project 'PixelPantry')
note: A dependency of main module 'PixelPantry'
/Users/admin/builder/spi-builder-workspace/Sources/PixelPantry/UI/UpdateView.swift:2:8: note: Also imported here
/Users/admin/builder/spi-builder-workspace/Sources/PixelPantry/UI/UpdateWindow.swift:1:8: note: Also imported here
/Users/admin/builder/spi-builder-workspace/Sources/PixelPantry/Installation/Installer.swift:2:8: note: A dependency of main module 'PixelPantry'
import AppKit
^ (in target 'PixelPantry' from project 'PixelPantry')
/Users/admin/builder/spi-builder-workspace/Sources/PixelPantry/UI/UpdateView.swift:2:8: note: Also imported here
import AppKit
^ (in target 'PixelPantry' from project 'PixelPantry')
/Users/admin/builder/spi-builder-workspace/Sources/PixelPantry/UI/UpdateWindow.swift:1:8: note: Also imported here
import AppKit
^ (in target 'PixelPantry' from project 'PixelPantry')
SwiftDriver PixelPantry normal arm64 com.apple.xcode.tools.swift.compiler (in target 'PixelPantry' from project 'PixelPantry')
cd /Users/admin/builder/spi-builder-workspace/.swiftpm/xcode
builtin-SwiftDriver -- /Applications/Xcode-27.0.0-Release.Candidate.app/Contents/Developer/Toolchains/XcodeDefault.xctoolchain/usr/bin/swiftc -parse-as-library -module-name PixelPantry -Onone @/Users/admin/builder/spi-builder-workspace/.derivedData/Build/Intermediates.noindex/PixelPantry.build/Debug-watchos/PixelPantry-t.build/Objects-normal/arm64/PixelPantry.SwiftFileList -DSWIFT_PACKAGE -DDEBUG -DSWIFT_MODULE_RESOURCE_BUNDLE_UNAVAILABLE -DXcode -plugin-path /Applications/Xcode-27.0.0-Release.Candidate.app/Contents/Developer/Toolchains/XcodeDefault.xctoolchain/usr/lib/swift/host/plugins/testing -enable-experimental-feature DebugDescriptionMacro -sdk /Applications/Xcode-27.0.0-Release.Candidate.app/Contents/Developer/Platforms/WatchOS.platform/Developer/SDKs/WatchOS27.0.sdk -target arm64-apple-watchos9.0 -g -module-cache-path /Users/admin/builder/spi-builder-workspace/.derivedData/ModuleCache.noindex -Xfrontend -serialize-debugging-options -profile-coverage-mapping -profile-generate -enable-testing -index-store-path /Users/admin/builder/spi-builder-workspace/.derivedData/Index.noindex/DataStore -Xcc -D_LIBCPP_HARDENING_MODE\=_LIBCPP_HARDENING_MODE_DEBUG -swift-version 5 -I /Users/admin/builder/spi-builder-workspace/.derivedData/Build/Products/Debug-watchos -Isystem /Applications/Xcode-27.0.0-Release.Candidate.app/Contents/Developer/Platforms/WatchOS.platform/Developer/usr/lib -F /Users/admin/builder/spi-builder-workspace/.derivedData/Build/Products/Debug-watchos -F /Applications/Xcode-27.0.0-Release.Candidate.app/Contents/Developer/Platforms/WatchOS.platform/Developer/Library/Frameworks -F /Applications/Xcode-27.0.0-Release.Candidate.app/Contents/Developer/Platforms/WatchOS.platform/Developer/SDKs/WatchOS27.0.sdk/Developer/Library/Frameworks -c -j10 -enable-batch-mode -incremental -Xcc -ivfsstatcache -Xcc /Users/admin/builder/spi-builder-workspace/.derivedData/SDKStatCaches.noindex/watchos27.0-24R360-e829b21a6f8c9b70876ba0858053c04477534ef55a1706bf4c1112bbb242f0a2.sdkstatcache -output-file-map /Users/admin/builder/spi-builder-workspace/.derivedData/Build/Intermediates.noindex/PixelPantry.build/Debug-watchos/PixelPantry-t.build/Objects-normal/arm64/PixelPantry-OutputFileMap.json -save-temps -no-color-diagnostics -explicit-module-build -module-cache-path /Users/admin/builder/spi-builder-workspace/.derivedData/Build/Intermediates.noindex/SwiftExplicitPrecompiledModules -clang-scanner-module-cache-path /Users/admin/builder/spi-builder-workspace/.derivedData/ModuleCache.noindex -sdk-module-cache-path /Users/admin/builder/spi-builder-workspace/.derivedData/SDKExplicitPrecompiledModules -emit-dependencies -emit-module -emit-module-path /Users/admin/builder/spi-builder-workspace/.derivedData/Build/Intermediates.noindex/PixelPantry.build/Debug-watchos/PixelPantry-t.build/Objects-normal/arm64/PixelPantry.swiftmodule -serialize-diagnostics -dependency-scan-serialize-diagnostics-path /Users/admin/builder/spi-builder-workspace/.derivedData/Build/Intermediates.noindex/PixelPantry.build/Debug-watchos/PixelPantry-t.build/Objects-normal/arm64/PixelPantry-dependency-scan.dia -validate-clang-modules-once -clang-build-session-file /Users/admin/builder/spi-builder-workspace/.derivedData/ModuleCache.noindex/Session.modulevalidation -Xcc -fmodules-prune-interval\=86400 -Xcc -fmodules-prune-after\=345600 -package-name spi_builder_workspace -emit-const-values -const-gather-protocols-list /Users/admin/builder/spi-builder-workspace/.derivedData/Build/Intermediates.noindex/PixelPantry.build/Debug-watchos/PixelPantry-t.build/Objects-normal/arm64/PixelPantry_const_extract_protocols.json -Xcc -I/Users/admin/builder/spi-builder-workspace/.derivedData/Build/Products/Debug-watchos/include -Xcc -I/Users/admin/builder/spi-builder-workspace/.derivedData/Build/Intermediates.noindex/PixelPantry.build/Debug-watchos/PixelPantry-t.build/DerivedSources-normal/arm64 -Xcc -I/Users/admin/builder/spi-builder-workspace/.derivedData/Build/Intermediates.noindex/PixelPantry.build/Debug-watchos/PixelPantry-t.build/DerivedSources/arm64 -Xcc -I/Users/admin/builder/spi-builder-workspace/.derivedData/Build/Intermediates.noindex/PixelPantry.build/Debug-watchos/PixelPantry-t.build/DerivedSources -Xcc -DSWIFT_PACKAGE -Xcc -DDEBUG\=1 -emit-objc-header -emit-objc-header-path /Users/admin/builder/spi-builder-workspace/.derivedData/Build/Intermediates.noindex/PixelPantry.build/Debug-watchos/PixelPantry-t.build/Objects-normal/arm64/PixelPantry-Swift.h -working-directory /Users/admin/builder/spi-builder-workspace/.swiftpm/xcode -experimental-emit-module-separately -disable-cmo
/Users/admin/builder/spi-builder-workspace/Sources/PixelPantry/Installation/Installer.swift:2:8: error: Unable to resolve module dependency: 'AppKit' (in target 'PixelPantry' from project 'PixelPantry')
note: A dependency of main module 'PixelPantry'
/Users/admin/builder/spi-builder-workspace/Sources/PixelPantry/UI/UpdateView.swift:2:8: note: Also imported here
/Users/admin/builder/spi-builder-workspace/Sources/PixelPantry/UI/UpdateWindow.swift:1:8: note: Also imported here
/Users/admin/builder/spi-builder-workspace/Sources/PixelPantry/Installation/Installer.swift:2:8: note: A dependency of main module 'PixelPantry'
import AppKit
^ (in target 'PixelPantry' from project 'PixelPantry')
/Users/admin/builder/spi-builder-workspace/Sources/PixelPantry/UI/UpdateView.swift:2:8: note: Also imported here
import AppKit
^ (in target 'PixelPantry' from project 'PixelPantry')
/Users/admin/builder/spi-builder-workspace/Sources/PixelPantry/UI/UpdateWindow.swift:1:8: note: Also imported here
import AppKit
^ (in target 'PixelPantry' from project 'PixelPantry')
PruneExplicitPrecompiledModules /Users/admin/builder/spi-builder-workspace/.derivedData/Build/Intermediates.noindex/SwiftExplicitPrecompiledModules
PruneExplicitPrecompiledModules /Users/admin/builder/spi-builder-workspace/.derivedData/Build/Intermediates.noindex/ExplicitPrecompiledModules
PruneExplicitPrecompiledModules /Users/admin/builder/spi-builder-workspace/.derivedData/SDKExplicitPrecompiledModules
2026-09-23 17:57:21.302 xcodebuild[672:4445] [MT] IDERunDestination: Supported platforms for the buildables in the current scheme is empty.
** BUILD FAILED **
The following build commands failed:
SwiftDriver PixelPantry normal arm64_32 com.apple.xcode.tools.swift.compiler (in target 'PixelPantry' from project 'PixelPantry')
SwiftDriver PixelPantry normal arm64 com.apple.xcode.tools.swift.compiler (in target 'PixelPantry' from project 'PixelPantry')
Building workspace PixelPantry with scheme PixelPantry
(3 failures)
BUILD FAILURE 6.4 watchOS