Build Information
Failed to build SwiftBncsLib, reference master (39ff13), with Swift 6.4 for watchOS using Xcode 27.0 on 16 Sep 2026 19:18:04 UTC.
Build Command
env DEVELOPER_DIR=/Applications/Xcode-27.0.0-Release.Candidate.app xcrun xcodebuild -IDEClonedSourcePackagesDirPathOverride=$PWD/.dependencies -skipMacroValidation -skipPackagePluginValidation -derivedDataPath $PWD/.derivedData build -scheme SwiftBncsLib-Package -destination generic/platform=watchOSBuild Log
SwiftCompile normal arm64 /Users/admin/builder/spi-builder-workspace/.dependencies/checkouts/CryptoSwift/Sources/CryptoSwift/Array+Extension.swift (in target 'CryptoSwift' from project 'CryptoSwift')
cd /Users/admin/builder/spi-builder-workspace/.swiftpm/xcode
builtin-SwiftPerFileCompile Array+Extension.swift
SwiftCompile normal arm64 /Users/admin/builder/spi-builder-workspace/.dependencies/checkouts/CryptoSwift/Sources/CryptoSwift/Array+Extensions.swift (in target 'CryptoSwift' from project 'CryptoSwift')
cd /Users/admin/builder/spi-builder-workspace/.swiftpm/xcode
builtin-SwiftPerFileCompile Array+Extensions.swift
SwiftCompile normal arm64 /Users/admin/builder/spi-builder-workspace/.dependencies/checkouts/CryptoSwift/Sources/CryptoSwift/Authenticator.swift (in target 'CryptoSwift' from project 'CryptoSwift')
cd /Users/admin/builder/spi-builder-workspace/.swiftpm/xcode
builtin-SwiftPerFileCompile Authenticator.swift
SwiftCompile normal arm64 /Users/admin/builder/spi-builder-workspace/.dependencies/checkouts/CryptoSwift/Sources/CryptoSwift/BatchedCollection.swift (in target 'CryptoSwift' from project 'CryptoSwift')
cd /Users/admin/builder/spi-builder-workspace/.swiftpm/xcode
builtin-SwiftPerFileCompile BatchedCollection.swift
SwiftCompile normal arm64 /Users/admin/builder/spi-builder-workspace/.dependencies/checkouts/CryptoSwift/Sources/CryptoSwift/Bit.swift (in target 'CryptoSwift' from project 'CryptoSwift')
cd /Users/admin/builder/spi-builder-workspace/.swiftpm/xcode
builtin-SwiftPerFileCompile Bit.swift
SwiftCompile normal arm64 Compiling\ ECB.swift,\ OFB.swift,\ PCBC.swift,\ RandomAccessBlockModeWorker.swift,\ Blowfish.swift,\ ChaCha20.swift,\ Checksum.swift /Users/admin/builder/spi-builder-workspace/.dependencies/checkouts/CryptoSwift/Sources/CryptoSwift/BlockMode/ECB.swift /Users/admin/builder/spi-builder-workspace/.dependencies/checkouts/CryptoSwift/Sources/CryptoSwift/BlockMode/OFB.swift /Users/admin/builder/spi-builder-workspace/.dependencies/checkouts/CryptoSwift/Sources/CryptoSwift/BlockMode/PCBC.swift /Users/admin/builder/spi-builder-workspace/.dependencies/checkouts/CryptoSwift/Sources/CryptoSwift/BlockMode/RandomAccessBlockModeWorker.swift /Users/admin/builder/spi-builder-workspace/.dependencies/checkouts/CryptoSwift/Sources/CryptoSwift/Blowfish.swift /Users/admin/builder/spi-builder-workspace/.dependencies/checkouts/CryptoSwift/Sources/CryptoSwift/ChaCha20.swift /Users/admin/builder/spi-builder-workspace/.dependencies/checkouts/CryptoSwift/Sources/CryptoSwift/Checksum.swift (in target 'CryptoSwift' from project 'CryptoSwift')
SwiftCompile normal arm64 /Users/admin/builder/spi-builder-workspace/.dependencies/checkouts/CryptoSwift/Sources/CryptoSwift/BlockMode/ECB.swift (in target 'CryptoSwift' from project 'CryptoSwift')
cd /Users/admin/builder/spi-builder-workspace/.swiftpm/xcode
builtin-SwiftPerFileCompile ECB.swift
SwiftCompile normal arm64 /Users/admin/builder/spi-builder-workspace/.dependencies/checkouts/CryptoSwift/Sources/CryptoSwift/BlockMode/OFB.swift (in target 'CryptoSwift' from project 'CryptoSwift')
cd /Users/admin/builder/spi-builder-workspace/.swiftpm/xcode
builtin-SwiftPerFileCompile OFB.swift
SwiftCompile normal arm64 /Users/admin/builder/spi-builder-workspace/.dependencies/checkouts/CryptoSwift/Sources/CryptoSwift/BlockMode/PCBC.swift (in target 'CryptoSwift' from project 'CryptoSwift')
cd /Users/admin/builder/spi-builder-workspace/.swiftpm/xcode
builtin-SwiftPerFileCompile PCBC.swift
SwiftCompile normal arm64 /Users/admin/builder/spi-builder-workspace/.dependencies/checkouts/CryptoSwift/Sources/CryptoSwift/BlockMode/RandomAccessBlockModeWorker.swift (in target 'CryptoSwift' from project 'CryptoSwift')
cd /Users/admin/builder/spi-builder-workspace/.swiftpm/xcode
builtin-SwiftPerFileCompile RandomAccessBlockModeWorker.swift
SwiftCompile normal arm64 /Users/admin/builder/spi-builder-workspace/.dependencies/checkouts/CryptoSwift/Sources/CryptoSwift/Blowfish.swift (in target 'CryptoSwift' from project 'CryptoSwift')
cd /Users/admin/builder/spi-builder-workspace/.swiftpm/xcode
builtin-SwiftPerFileCompile Blowfish.swift
SwiftCompile normal arm64 /Users/admin/builder/spi-builder-workspace/.dependencies/checkouts/CryptoSwift/Sources/CryptoSwift/ChaCha20.swift (in target 'CryptoSwift' from project 'CryptoSwift')
cd /Users/admin/builder/spi-builder-workspace/.swiftpm/xcode
builtin-SwiftPerFileCompile ChaCha20.swift
SwiftCompile normal arm64 /Users/admin/builder/spi-builder-workspace/.dependencies/checkouts/CryptoSwift/Sources/CryptoSwift/Checksum.swift (in target 'CryptoSwift' from project 'CryptoSwift')
cd /Users/admin/builder/spi-builder-workspace/.swiftpm/xcode
builtin-SwiftPerFileCompile Checksum.swift
SwiftDriverJobDiscovery normal arm64_32 Compiling NoPadding.swift, Operators.swift, PBKDF1.swift, PBKDF2.swift, PKCS5.swift, PKCS7.swift (in target 'CryptoSwift' from project 'CryptoSwift')
SwiftCompile normal arm64_32 Compiling\ PKCS7Padding.swift,\ Padding.swift,\ Poly1305.swift,\ Rabbit.swift,\ RandomAccessCryptor.swift,\ RandomBytesSequence.swift /Users/admin/builder/spi-builder-workspace/.dependencies/checkouts/CryptoSwift/Sources/CryptoSwift/PKCS/PKCS7Padding.swift /Users/admin/builder/spi-builder-workspace/.dependencies/checkouts/CryptoSwift/Sources/CryptoSwift/Padding.swift /Users/admin/builder/spi-builder-workspace/.dependencies/checkouts/CryptoSwift/Sources/CryptoSwift/Poly1305.swift /Users/admin/builder/spi-builder-workspace/.dependencies/checkouts/CryptoSwift/Sources/CryptoSwift/Rabbit.swift /Users/admin/builder/spi-builder-workspace/.dependencies/checkouts/CryptoSwift/Sources/CryptoSwift/RandomAccessCryptor.swift /Users/admin/builder/spi-builder-workspace/.dependencies/checkouts/CryptoSwift/Sources/CryptoSwift/RandomBytesSequence.swift (in target 'CryptoSwift' from project 'CryptoSwift')
SwiftCompile normal arm64_32 /Users/admin/builder/spi-builder-workspace/.dependencies/checkouts/CryptoSwift/Sources/CryptoSwift/PKCS/PKCS7Padding.swift (in target 'CryptoSwift' from project 'CryptoSwift')
cd /Users/admin/builder/spi-builder-workspace/.swiftpm/xcode
builtin-SwiftPerFileCompile PKCS7Padding.swift
SwiftCompile normal arm64_32 /Users/admin/builder/spi-builder-workspace/.dependencies/checkouts/CryptoSwift/Sources/CryptoSwift/Padding.swift (in target 'CryptoSwift' from project 'CryptoSwift')
cd /Users/admin/builder/spi-builder-workspace/.swiftpm/xcode
builtin-SwiftPerFileCompile Padding.swift
SwiftCompile normal arm64_32 /Users/admin/builder/spi-builder-workspace/.dependencies/checkouts/CryptoSwift/Sources/CryptoSwift/Poly1305.swift (in target 'CryptoSwift' from project 'CryptoSwift')
cd /Users/admin/builder/spi-builder-workspace/.swiftpm/xcode
builtin-SwiftPerFileCompile Poly1305.swift
SwiftCompile normal arm64_32 /Users/admin/builder/spi-builder-workspace/.dependencies/checkouts/CryptoSwift/Sources/CryptoSwift/Rabbit.swift (in target 'CryptoSwift' from project 'CryptoSwift')
cd /Users/admin/builder/spi-builder-workspace/.swiftpm/xcode
builtin-SwiftPerFileCompile Rabbit.swift
SwiftCompile normal arm64_32 /Users/admin/builder/spi-builder-workspace/.dependencies/checkouts/CryptoSwift/Sources/CryptoSwift/RandomAccessCryptor.swift (in target 'CryptoSwift' from project 'CryptoSwift')
cd /Users/admin/builder/spi-builder-workspace/.swiftpm/xcode
builtin-SwiftPerFileCompile RandomAccessCryptor.swift
SwiftCompile normal arm64_32 /Users/admin/builder/spi-builder-workspace/.dependencies/checkouts/CryptoSwift/Sources/CryptoSwift/RandomBytesSequence.swift (in target 'CryptoSwift' from project 'CryptoSwift')
cd /Users/admin/builder/spi-builder-workspace/.swiftpm/xcode
builtin-SwiftPerFileCompile RandomBytesSequence.swift
SwiftDriverJobDiscovery normal arm64_32 Compiling Blowfish+Foundation.swift, ChaCha20+Foundation.swift, Data+Extension.swift, HMAC+Foundation.swift, Rabbit+Foundation.swift, String+FoundationExtension.swift (in target 'CryptoSwift' from project 'CryptoSwift')
SwiftCompile normal arm64_32 Compiling\ Utils+Foundation.swift,\ Generics.swift,\ HKDF.swift,\ HMAC.swift,\ Int+Extension.swift,\ MD5.swift /Users/admin/builder/spi-builder-workspace/.dependencies/checkouts/CryptoSwift/Sources/CryptoSwift/Foundation/Utils+Foundation.swift /Users/admin/builder/spi-builder-workspace/.dependencies/checkouts/CryptoSwift/Sources/CryptoSwift/Generics.swift /Users/admin/builder/spi-builder-workspace/.dependencies/checkouts/CryptoSwift/Sources/CryptoSwift/HKDF.swift /Users/admin/builder/spi-builder-workspace/.dependencies/checkouts/CryptoSwift/Sources/CryptoSwift/HMAC.swift /Users/admin/builder/spi-builder-workspace/.dependencies/checkouts/CryptoSwift/Sources/CryptoSwift/Int+Extension.swift /Users/admin/builder/spi-builder-workspace/.dependencies/checkouts/CryptoSwift/Sources/CryptoSwift/MD5.swift (in target 'CryptoSwift' from project 'CryptoSwift')
SwiftCompile normal arm64_32 /Users/admin/builder/spi-builder-workspace/.dependencies/checkouts/CryptoSwift/Sources/CryptoSwift/Foundation/Utils+Foundation.swift (in target 'CryptoSwift' from project 'CryptoSwift')
cd /Users/admin/builder/spi-builder-workspace/.swiftpm/xcode
builtin-SwiftPerFileCompile Utils+Foundation.swift
SwiftCompile normal arm64_32 /Users/admin/builder/spi-builder-workspace/.dependencies/checkouts/CryptoSwift/Sources/CryptoSwift/Generics.swift (in target 'CryptoSwift' from project 'CryptoSwift')
cd /Users/admin/builder/spi-builder-workspace/.swiftpm/xcode
builtin-SwiftPerFileCompile Generics.swift
SwiftCompile normal arm64_32 /Users/admin/builder/spi-builder-workspace/.dependencies/checkouts/CryptoSwift/Sources/CryptoSwift/HKDF.swift (in target 'CryptoSwift' from project 'CryptoSwift')
cd /Users/admin/builder/spi-builder-workspace/.swiftpm/xcode
builtin-SwiftPerFileCompile HKDF.swift
SwiftCompile normal arm64_32 /Users/admin/builder/spi-builder-workspace/.dependencies/checkouts/CryptoSwift/Sources/CryptoSwift/HMAC.swift (in target 'CryptoSwift' from project 'CryptoSwift')
cd /Users/admin/builder/spi-builder-workspace/.swiftpm/xcode
builtin-SwiftPerFileCompile HMAC.swift
SwiftCompile normal arm64_32 /Users/admin/builder/spi-builder-workspace/.dependencies/checkouts/CryptoSwift/Sources/CryptoSwift/Int+Extension.swift (in target 'CryptoSwift' from project 'CryptoSwift')
cd /Users/admin/builder/spi-builder-workspace/.swiftpm/xcode
builtin-SwiftPerFileCompile Int+Extension.swift
SwiftCompile normal arm64_32 /Users/admin/builder/spi-builder-workspace/.dependencies/checkouts/CryptoSwift/Sources/CryptoSwift/MD5.swift (in target 'CryptoSwift' from project 'CryptoSwift')
cd /Users/admin/builder/spi-builder-workspace/.swiftpm/xcode
builtin-SwiftPerFileCompile MD5.swift
SwiftDriverJobDiscovery normal arm64_32 Compiling Cipher.swift, Collection+Extension.swift, Cryptors.swift, Digest.swift, DigestType.swift, AES+Foundation.swift, Array+Foundation.swift (in target 'CryptoSwift' from project 'CryptoSwift')
SwiftDriverJobDiscovery normal arm64 Compiling Utils+Foundation.swift, Generics.swift, HKDF.swift, HMAC.swift, Int+Extension.swift, MD5.swift (in target 'CryptoSwift' from project 'CryptoSwift')
Ld /Users/admin/builder/spi-builder-workspace/.derivedData/Build/Intermediates.noindex/swift-nio.build/Debug-watchos/NIOPriorityQueue-t.build/Objects-normal/arm64_32/Binary/NIOPriorityQueue.o normal arm64_32 (in target 'NIOPriorityQueue' from project 'swift-nio')
cd /Users/admin/builder/spi-builder-workspace/.dependencies/checkouts/swift-nio
/Applications/Xcode-27.0.0-Release.Candidate.app/Contents/Developer/Toolchains/XcodeDefault.xctoolchain/usr/bin/clang -Xlinker -reproducible -target arm64_32-apple-watchos9.0 -r -isysroot /Applications/Xcode-27.0.0-Release.Candidate.app/Contents/Developer/Platforms/WatchOS.platform/Developer/SDKs/WatchOS27.0.sdk -O0 -w -Xlinker -no_warn_duplicate_libraries -F/Users/admin/builder/spi-builder-workspace/.derivedData/Build/Intermediates.noindex/EagerLinkingTBDs/Debug-watchos -F/Users/admin/builder/spi-builder-workspace/.derivedData/Build/Products/Debug-watchos -iframework /Applications/Xcode-27.0.0-Release.Candidate.app/Contents/Developer/Platforms/WatchOS.platform/Developer/Library/Frameworks -iframework /Applications/Xcode-27.0.0-Release.Candidate.app/Contents/Developer/Platforms/WatchOS.platform/Developer/SDKs/WatchOS27.0.sdk/Developer/Library/Frameworks -filelist /Users/admin/builder/spi-builder-workspace/.derivedData/Build/Intermediates.noindex/swift-nio.build/Debug-watchos/NIOPriorityQueue-t.build/Objects-normal/arm64_32/NIOPriorityQueue.LinkFileList -nostdlib -Xlinker -object_path_lto -Xlinker /Users/admin/builder/spi-builder-workspace/.derivedData/Build/Intermediates.noindex/swift-nio.build/Debug-watchos/NIOPriorityQueue-t.build/Objects-normal/arm64_32/NIOPriorityQueue_lto.o -Xlinker -no_deduplicate -Xlinker -debug_variant -Xlinker -dependency_info -Xlinker /Users/admin/builder/spi-builder-workspace/.derivedData/Build/Intermediates.noindex/swift-nio.build/Debug-watchos/NIOPriorityQueue-t.build/Objects-normal/arm64_32/NIOPriorityQueue_dependency_info.dat -fobjc-link-runtime -L/Applications/Xcode-27.0.0-Release.Candidate.app/Contents/Developer/Toolchains/XcodeDefault.xctoolchain/usr/lib/swift/watchos -L/usr/lib/swift -Xlinker -add_ast_path -Xlinker /Users/admin/builder/spi-builder-workspace/.derivedData/Build/Intermediates.noindex/swift-nio.build/Debug-watchos/NIOPriorityQueue-t.build/Objects-normal/arm64_32/NIOPriorityQueue.swiftmodule -o /Users/admin/builder/spi-builder-workspace/.derivedData/Build/Intermediates.noindex/swift-nio.build/Debug-watchos/NIOPriorityQueue-t.build/Objects-normal/arm64_32/Binary/NIOPriorityQueue.o
Ld /Users/admin/builder/spi-builder-workspace/.derivedData/Build/Intermediates.noindex/swift-nio.build/Debug-watchos/NIOPriorityQueue-t.build/Objects-normal/arm64/Binary/NIOPriorityQueue.o normal arm64 (in target 'NIOPriorityQueue' from project 'swift-nio')
cd /Users/admin/builder/spi-builder-workspace/.dependencies/checkouts/swift-nio
/Applications/Xcode-27.0.0-Release.Candidate.app/Contents/Developer/Toolchains/XcodeDefault.xctoolchain/usr/bin/clang -Xlinker -reproducible -target arm64-apple-watchos9.0 -r -isysroot /Applications/Xcode-27.0.0-Release.Candidate.app/Contents/Developer/Platforms/WatchOS.platform/Developer/SDKs/WatchOS27.0.sdk -O0 -w -Xlinker -no_warn_duplicate_libraries -F/Users/admin/builder/spi-builder-workspace/.derivedData/Build/Intermediates.noindex/EagerLinkingTBDs/Debug-watchos -F/Users/admin/builder/spi-builder-workspace/.derivedData/Build/Products/Debug-watchos -iframework /Applications/Xcode-27.0.0-Release.Candidate.app/Contents/Developer/Platforms/WatchOS.platform/Developer/Library/Frameworks -iframework /Applications/Xcode-27.0.0-Release.Candidate.app/Contents/Developer/Platforms/WatchOS.platform/Developer/SDKs/WatchOS27.0.sdk/Developer/Library/Frameworks -filelist /Users/admin/builder/spi-builder-workspace/.derivedData/Build/Intermediates.noindex/swift-nio.build/Debug-watchos/NIOPriorityQueue-t.build/Objects-normal/arm64/NIOPriorityQueue.LinkFileList -nostdlib -Xlinker -object_path_lto -Xlinker /Users/admin/builder/spi-builder-workspace/.derivedData/Build/Intermediates.noindex/swift-nio.build/Debug-watchos/NIOPriorityQueue-t.build/Objects-normal/arm64/NIOPriorityQueue_lto.o -Xlinker -no_deduplicate -Xlinker -debug_variant -Xlinker -dependency_info -Xlinker /Users/admin/builder/spi-builder-workspace/.derivedData/Build/Intermediates.noindex/swift-nio.build/Debug-watchos/NIOPriorityQueue-t.build/Objects-normal/arm64/NIOPriorityQueue_dependency_info.dat -fobjc-link-runtime -L/Applications/Xcode-27.0.0-Release.Candidate.app/Contents/Developer/Toolchains/XcodeDefault.xctoolchain/usr/lib/swift/watchos -L/usr/lib/swift -Xlinker -add_ast_path -Xlinker /Users/admin/builder/spi-builder-workspace/.derivedData/Build/Intermediates.noindex/swift-nio.build/Debug-watchos/NIOPriorityQueue-t.build/Objects-normal/arm64/NIOPriorityQueue.swiftmodule -o /Users/admin/builder/spi-builder-workspace/.derivedData/Build/Intermediates.noindex/swift-nio.build/Debug-watchos/NIOPriorityQueue-t.build/Objects-normal/arm64/Binary/NIOPriorityQueue.o
SwiftDriverJobDiscovery normal arm64 Compiling UInt32+Extension.swift, UInt64+Extension.swift, UInt8+Extension.swift, Updatable.swift, Utils.swift, ZeroPadding.swift (in target 'CryptoSwift' from project 'CryptoSwift')
SwiftDriver SwiftBncsLib normal arm64 com.apple.xcode.tools.swift.compiler (in target 'SwiftBncsLib' from project 'SwiftBncsLib')
cd /Users/admin/builder/spi-builder-workspace/.swiftpm/xcode
builtin-SwiftDriver -- /Applications/Xcode-27.0.0-Release.Candidate.app/Contents/Developer/Toolchains/XcodeDefault.xctoolchain/usr/bin/swiftc -parse-as-library -module-name SwiftBncsLib -Onone @/Users/admin/builder/spi-builder-workspace/.derivedData/Build/Intermediates.noindex/SwiftBncsLib.build/Debug-watchos/SwiftBncsLib-t.build/Objects-normal/arm64/SwiftBncsLib.SwiftFileList -DSWIFT_PACKAGE -DDEBUG -DSWIFT_MODULE_RESOURCE_BUNDLE_UNAVAILABLE -DXcode -plugin-path /Applications/Xcode-27.0.0-Release.Candidate.app/Contents/Developer/Toolchains/XcodeDefault.xctoolchain/usr/lib/swift/host/plugins/testing -enable-experimental-feature DebugDescriptionMacro -sdk /Applications/Xcode-27.0.0-Release.Candidate.app/Contents/Developer/Platforms/WatchOS.platform/Developer/SDKs/WatchOS27.0.sdk -target arm64-apple-watchos9.0 -g -module-cache-path /Users/admin/builder/spi-builder-workspace/.derivedData/ModuleCache.noindex -Xfrontend -serialize-debugging-options -profile-coverage-mapping -profile-generate -enable-testing -index-store-path /Users/admin/builder/spi-builder-workspace/.derivedData/Index.noindex/DataStore -Xcc -D_LIBCPP_HARDENING_MODE\=_LIBCPP_HARDENING_MODE_DEBUG -swift-version 4 -I /Users/admin/builder/spi-builder-workspace/.derivedData/Build/Products/Debug-watchos -Isystem /Applications/Xcode-27.0.0-Release.Candidate.app/Contents/Developer/Platforms/WatchOS.platform/Developer/usr/lib -F /Users/admin/builder/spi-builder-workspace/.derivedData/Build/Products/Debug-watchos/PackageFrameworks -F /Users/admin/builder/spi-builder-workspace/.derivedData/Build/Products/Debug-watchos -F /Applications/Xcode-27.0.0-Release.Candidate.app/Contents/Developer/Platforms/WatchOS.platform/Developer/Library/Frameworks -F /Applications/Xcode-27.0.0-Release.Candidate.app/Contents/Developer/Platforms/WatchOS.platform/Developer/SDKs/WatchOS27.0.sdk/Developer/Library/Frameworks -c -j10 -enable-batch-mode -incremental -Xcc -ivfsstatcache -Xcc /Users/admin/builder/spi-builder-workspace/.derivedData/SDKStatCaches.noindex/watchos27.0-24R360-e829b21a6f8c9b70876ba0858053c04477534ef55a1706bf4c1112bbb242f0a2.sdkstatcache -output-file-map /Users/admin/builder/spi-builder-workspace/.derivedData/Build/Intermediates.noindex/SwiftBncsLib.build/Debug-watchos/SwiftBncsLib-t.build/Objects-normal/arm64/SwiftBncsLib-OutputFileMap.json -save-temps -no-color-diagnostics -emit-dependencies -emit-module -emit-module-path /Users/admin/builder/spi-builder-workspace/.derivedData/Build/Intermediates.noindex/SwiftBncsLib.build/Debug-watchos/SwiftBncsLib-t.build/Objects-normal/arm64/SwiftBncsLib.swiftmodule -serialize-diagnostics -validate-clang-modules-once -clang-build-session-file /Users/admin/builder/spi-builder-workspace/.derivedData/ModuleCache.noindex/Session.modulevalidation -Xcc -fmodules-prune-interval\=86400 -Xcc -fmodules-prune-after\=345600 -emit-const-values -const-gather-protocols-list /Users/admin/builder/spi-builder-workspace/.derivedData/Build/Intermediates.noindex/SwiftBncsLib.build/Debug-watchos/SwiftBncsLib-t.build/Objects-normal/arm64/SwiftBncsLib_const_extract_protocols.json -Xcc -I/Users/admin/builder/spi-builder-workspace/.derivedData/Build/Products/Debug-watchos/include -Xcc -I/Users/admin/builder/spi-builder-workspace/.derivedData/Build/Intermediates.noindex/SwiftBncsLib.build/Debug-watchos/SwiftBncsLib-t.build/DerivedSources-normal/arm64 -Xcc -I/Users/admin/builder/spi-builder-workspace/.derivedData/Build/Intermediates.noindex/SwiftBncsLib.build/Debug-watchos/SwiftBncsLib-t.build/DerivedSources/arm64 -Xcc -I/Users/admin/builder/spi-builder-workspace/.derivedData/Build/Intermediates.noindex/SwiftBncsLib.build/Debug-watchos/SwiftBncsLib-t.build/DerivedSources -Xcc -DSWIFT_PACKAGE -Xcc -DDEBUG\=1 -emit-objc-header -emit-objc-header-path /Users/admin/builder/spi-builder-workspace/.derivedData/Build/Intermediates.noindex/SwiftBncsLib.build/Debug-watchos/SwiftBncsLib-t.build/Objects-normal/arm64/SwiftBncsLib-Swift.h -working-directory /Users/admin/builder/spi-builder-workspace/.swiftpm/xcode -experimental-emit-module-separately -disable-cmo
SwiftDriver SwiftBncsLib normal arm64_32 com.apple.xcode.tools.swift.compiler (in target 'SwiftBncsLib' from project 'SwiftBncsLib')
cd /Users/admin/builder/spi-builder-workspace/.swiftpm/xcode
builtin-SwiftDriver -- /Applications/Xcode-27.0.0-Release.Candidate.app/Contents/Developer/Toolchains/XcodeDefault.xctoolchain/usr/bin/swiftc -parse-as-library -module-name SwiftBncsLib -Onone @/Users/admin/builder/spi-builder-workspace/.derivedData/Build/Intermediates.noindex/SwiftBncsLib.build/Debug-watchos/SwiftBncsLib-t.build/Objects-normal/arm64_32/SwiftBncsLib.SwiftFileList -DSWIFT_PACKAGE -DDEBUG -DSWIFT_MODULE_RESOURCE_BUNDLE_UNAVAILABLE -DXcode -plugin-path /Applications/Xcode-27.0.0-Release.Candidate.app/Contents/Developer/Toolchains/XcodeDefault.xctoolchain/usr/lib/swift/host/plugins/testing -enable-experimental-feature DebugDescriptionMacro -sdk /Applications/Xcode-27.0.0-Release.Candidate.app/Contents/Developer/Platforms/WatchOS.platform/Developer/SDKs/WatchOS27.0.sdk -target arm64_32-apple-watchos9.0 -g -module-cache-path /Users/admin/builder/spi-builder-workspace/.derivedData/ModuleCache.noindex -Xfrontend -serialize-debugging-options -profile-coverage-mapping -profile-generate -enable-testing -index-store-path /Users/admin/builder/spi-builder-workspace/.derivedData/Index.noindex/DataStore -Xcc -D_LIBCPP_HARDENING_MODE\=_LIBCPP_HARDENING_MODE_DEBUG -swift-version 4 -I /Users/admin/builder/spi-builder-workspace/.derivedData/Build/Products/Debug-watchos -Isystem /Applications/Xcode-27.0.0-Release.Candidate.app/Contents/Developer/Platforms/WatchOS.platform/Developer/usr/lib -F /Users/admin/builder/spi-builder-workspace/.derivedData/Build/Products/Debug-watchos/PackageFrameworks -F /Users/admin/builder/spi-builder-workspace/.derivedData/Build/Products/Debug-watchos -F /Applications/Xcode-27.0.0-Release.Candidate.app/Contents/Developer/Platforms/WatchOS.platform/Developer/Library/Frameworks -F /Applications/Xcode-27.0.0-Release.Candidate.app/Contents/Developer/Platforms/WatchOS.platform/Developer/SDKs/WatchOS27.0.sdk/Developer/Library/Frameworks -c -j10 -enable-batch-mode -incremental -Xcc -ivfsstatcache -Xcc /Users/admin/builder/spi-builder-workspace/.derivedData/SDKStatCaches.noindex/watchos27.0-24R360-e829b21a6f8c9b70876ba0858053c04477534ef55a1706bf4c1112bbb242f0a2.sdkstatcache -output-file-map /Users/admin/builder/spi-builder-workspace/.derivedData/Build/Intermediates.noindex/SwiftBncsLib.build/Debug-watchos/SwiftBncsLib-t.build/Objects-normal/arm64_32/SwiftBncsLib-OutputFileMap.json -save-temps -no-color-diagnostics -emit-dependencies -emit-module -emit-module-path /Users/admin/builder/spi-builder-workspace/.derivedData/Build/Intermediates.noindex/SwiftBncsLib.build/Debug-watchos/SwiftBncsLib-t.build/Objects-normal/arm64_32/SwiftBncsLib.swiftmodule -serialize-diagnostics -validate-clang-modules-once -clang-build-session-file /Users/admin/builder/spi-builder-workspace/.derivedData/ModuleCache.noindex/Session.modulevalidation -Xcc -fmodules-prune-interval\=86400 -Xcc -fmodules-prune-after\=345600 -emit-const-values -const-gather-protocols-list /Users/admin/builder/spi-builder-workspace/.derivedData/Build/Intermediates.noindex/SwiftBncsLib.build/Debug-watchos/SwiftBncsLib-t.build/Objects-normal/arm64_32/SwiftBncsLib_const_extract_protocols.json -Xcc -I/Users/admin/builder/spi-builder-workspace/.derivedData/Build/Products/Debug-watchos/include -Xcc -I/Users/admin/builder/spi-builder-workspace/.derivedData/Build/Intermediates.noindex/SwiftBncsLib.build/Debug-watchos/SwiftBncsLib-t.build/DerivedSources-normal/arm64_32 -Xcc -I/Users/admin/builder/spi-builder-workspace/.derivedData/Build/Intermediates.noindex/SwiftBncsLib.build/Debug-watchos/SwiftBncsLib-t.build/DerivedSources/arm64_32 -Xcc -I/Users/admin/builder/spi-builder-workspace/.derivedData/Build/Intermediates.noindex/SwiftBncsLib.build/Debug-watchos/SwiftBncsLib-t.build/DerivedSources -Xcc -DSWIFT_PACKAGE -Xcc -DDEBUG\=1 -emit-objc-header -emit-objc-header-path /Users/admin/builder/spi-builder-workspace/.derivedData/Build/Intermediates.noindex/SwiftBncsLib.build/Debug-watchos/SwiftBncsLib-t.build/Objects-normal/arm64_32/SwiftBncsLib-Swift.h -working-directory /Users/admin/builder/spi-builder-workspace/.swiftpm/xcode -experimental-emit-module-separately -disable-cmo
CreateUniversalBinary /Users/admin/builder/spi-builder-workspace/.derivedData/Build/Products/Debug-watchos/NIOPriorityQueue.o normal arm64\ arm64_32 (in target 'NIOPriorityQueue' from project 'swift-nio')
cd /Users/admin/builder/spi-builder-workspace/.dependencies/checkouts/swift-nio
/Applications/Xcode-27.0.0-Release.Candidate.app/Contents/Developer/Toolchains/XcodeDefault.xctoolchain/usr/bin/lipo -create /Users/admin/builder/spi-builder-workspace/.derivedData/Build/Intermediates.noindex/swift-nio.build/Debug-watchos/NIOPriorityQueue-t.build/Objects-normal/arm64/Binary/NIOPriorityQueue.o /Users/admin/builder/spi-builder-workspace/.derivedData/Build/Intermediates.noindex/swift-nio.build/Debug-watchos/NIOPriorityQueue-t.build/Objects-normal/arm64_32/Binary/NIOPriorityQueue.o -output /Users/admin/builder/spi-builder-workspace/.derivedData/Build/Products/Debug-watchos/NIOPriorityQueue.o
SwiftEmitModule normal arm64 Emitting\ module\ for\ SwiftBncsLib (in target 'SwiftBncsLib' from project 'SwiftBncsLib')
/Users/admin/builder/spi-builder-workspace/Sources/SwiftBncsLib/FoundationInputStreamExtension.swift:5:5: warning: 'public' modifier is redundant for instance method declared in a public extension
3 | public extension InputStream {
4 |
5 | public func readData(maxLength: Int) -> Foundation.Data? {
| `- warning: 'public' modifier is redundant for instance method declared in a public extension
6 | var bytes = [UInt8](repeating: 0, count: maxLength)
7 |
/Users/admin/builder/spi-builder-workspace/Sources/SwiftBncsLib/FoundationOutputStreamExtension.swift:5:5: warning: 'public' modifier is redundant for instance method declared in a public extension
3 | public extension OutputStream {
4 |
5 | public func write(byte: UInt8) {
| `- warning: 'public' modifier is redundant for instance method declared in a public extension
6 | var copy = byte
7 | write(©, maxLength: 1)
/Users/admin/builder/spi-builder-workspace/Sources/SwiftBncsLib/FoundationOutputStreamExtension.swift:10:5: warning: 'public' modifier is redundant for instance method declared in a public extension
8 | }
9 |
10 | public func write(bytes: [UInt8]) {
| `- warning: 'public' modifier is redundant for instance method declared in a public extension
11 | var copy = bytes
12 | write(©, maxLength: bytes.count)
/Users/admin/builder/spi-builder-workspace/Sources/SwiftBncsLib/FoundationOutputStreamExtension.swift:15:5: warning: 'public' modifier is redundant for instance method declared in a public extension
13 | }
14 |
15 | public func write(data: Foundation.Data) {
| `- warning: 'public' modifier is redundant for instance method declared in a public extension
16 | var dataCopy = data
17 | let _ = dataCopy.withUnsafeMutableBytes { contents in
SwiftCompile normal arm64 (in target 'SwiftBncsLib' from project 'SwiftBncsLib')
cd /Users/admin/builder/spi-builder-workspace/.swiftpm/xcode
SwiftEmitModule normal arm64_32 Emitting\ module\ for\ SwiftBncsLib (in target 'SwiftBncsLib' from project 'SwiftBncsLib')
/Users/admin/builder/spi-builder-workspace/Sources/SwiftBncsLib/FoundationInputStreamExtension.swift:5:5: warning: 'public' modifier is redundant for instance method declared in a public extension
3 | public extension InputStream {
4 |
5 | public func readData(maxLength: Int) -> Foundation.Data? {
| `- warning: 'public' modifier is redundant for instance method declared in a public extension
6 | var bytes = [UInt8](repeating: 0, count: maxLength)
7 |
/Users/admin/builder/spi-builder-workspace/Sources/SwiftBncsLib/FoundationOutputStreamExtension.swift:5:5: warning: 'public' modifier is redundant for instance method declared in a public extension
3 | public extension OutputStream {
4 |
5 | public func write(byte: UInt8) {
| `- warning: 'public' modifier is redundant for instance method declared in a public extension
6 | var copy = byte
7 | write(©, maxLength: 1)
/Users/admin/builder/spi-builder-workspace/Sources/SwiftBncsLib/FoundationOutputStreamExtension.swift:10:5: warning: 'public' modifier is redundant for instance method declared in a public extension
8 | }
9 |
10 | public func write(bytes: [UInt8]) {
| `- warning: 'public' modifier is redundant for instance method declared in a public extension
11 | var copy = bytes
12 | write(©, maxLength: bytes.count)
/Users/admin/builder/spi-builder-workspace/Sources/SwiftBncsLib/FoundationOutputStreamExtension.swift:15:5: warning: 'public' modifier is redundant for instance method declared in a public extension
13 | }
14 |
15 | public func write(data: Foundation.Data) {
| `- warning: 'public' modifier is redundant for instance method declared in a public extension
16 | var dataCopy = data
17 | let _ = dataCopy.withUnsafeMutableBytes { contents in
SwiftCompile normal arm64_32 (in target 'SwiftBncsLib' from project 'SwiftBncsLib')
cd /Users/admin/builder/spi-builder-workspace/.swiftpm/xcode
SwiftCompile normal arm64_32 Compiling\ BncsEnumerations.swift,\ BncsStructures.swift,\ BnftpRequestComposer.swift /Users/admin/builder/spi-builder-workspace/Sources/SwiftBncsLib/BncsEnumerations.swift /Users/admin/builder/spi-builder-workspace/Sources/SwiftBncsLib/BncsStructures.swift /Users/admin/builder/spi-builder-workspace/Sources/SwiftBncsLib/BnftpRequestComposer.swift (in target 'SwiftBncsLib' from project 'SwiftBncsLib')
SwiftCompile normal arm64_32 /Users/admin/builder/spi-builder-workspace/Sources/SwiftBncsLib/BncsEnumerations.swift (in target 'SwiftBncsLib' from project 'SwiftBncsLib')
cd /Users/admin/builder/spi-builder-workspace/.swiftpm/xcode
builtin-SwiftPerFileCompile BncsEnumerations.swift
SwiftCompile normal arm64_32 /Users/admin/builder/spi-builder-workspace/Sources/SwiftBncsLib/BncsStructures.swift (in target 'SwiftBncsLib' from project 'SwiftBncsLib')
cd /Users/admin/builder/spi-builder-workspace/.swiftpm/xcode
builtin-SwiftPerFileCompile BncsStructures.swift
SwiftCompile normal arm64_32 /Users/admin/builder/spi-builder-workspace/Sources/SwiftBncsLib/BnftpRequestComposer.swift (in target 'SwiftBncsLib' from project 'SwiftBncsLib')
cd /Users/admin/builder/spi-builder-workspace/.swiftpm/xcode
builtin-SwiftPerFileCompile BnftpRequestComposer.swift
SwiftDriverJobDiscovery normal arm64_32 Compiling SHA1.swift, SHA2.swift, SHA3.swift, SecureBytes.swift, String+Extension.swift, UInt16+Extension.swift (in target 'CryptoSwift' from project 'CryptoSwift')
SwiftCompile normal arm64 Compiling\ MessageComposer.swift,\ MessageConsumer.swift /Users/admin/builder/spi-builder-workspace/Sources/SwiftBncsLib/Messaging/MessageComposer.swift /Users/admin/builder/spi-builder-workspace/Sources/SwiftBncsLib/Messaging/MessageConsumer.swift (in target 'SwiftBncsLib' from project 'SwiftBncsLib')
SwiftCompile normal arm64 /Users/admin/builder/spi-builder-workspace/Sources/SwiftBncsLib/Messaging/MessageComposer.swift (in target 'SwiftBncsLib' from project 'SwiftBncsLib')
cd /Users/admin/builder/spi-builder-workspace/.swiftpm/xcode
builtin-SwiftPerFileCompile MessageComposer.swift
SwiftCompile normal arm64 /Users/admin/builder/spi-builder-workspace/Sources/SwiftBncsLib/Messaging/MessageConsumer.swift (in target 'SwiftBncsLib' from project 'SwiftBncsLib')
cd /Users/admin/builder/spi-builder-workspace/.swiftpm/xcode
builtin-SwiftPerFileCompile MessageConsumer.swift
SwiftDriverJobDiscovery normal arm64_32 Compiling AES.Cryptors.swift, AES.swift, Array+Extension.swift, Array+Extensions.swift, Authenticator.swift, BatchedCollection.swift, Bit.swift (in target 'CryptoSwift' from project 'CryptoSwift')
SwiftCompile normal arm64_32 Compiling\ FourCC.swift,\ IntUtil.swift,\ BncsMessage.swift /Users/admin/builder/spi-builder-workspace/Sources/SwiftBncsLib/FourCC.swift /Users/admin/builder/spi-builder-workspace/Sources/SwiftBncsLib/IntUtil.swift /Users/admin/builder/spi-builder-workspace/Sources/SwiftBncsLib/Messaging/BncsMessage.swift (in target 'SwiftBncsLib' from project 'SwiftBncsLib')
SwiftCompile normal arm64_32 /Users/admin/builder/spi-builder-workspace/Sources/SwiftBncsLib/FourCC.swift (in target 'SwiftBncsLib' from project 'SwiftBncsLib')
cd /Users/admin/builder/spi-builder-workspace/.swiftpm/xcode
builtin-SwiftPerFileCompile FourCC.swift
SwiftCompile normal arm64_32 /Users/admin/builder/spi-builder-workspace/Sources/SwiftBncsLib/IntUtil.swift (in target 'SwiftBncsLib' from project 'SwiftBncsLib')
cd /Users/admin/builder/spi-builder-workspace/.swiftpm/xcode
builtin-SwiftPerFileCompile IntUtil.swift
SwiftCompile normal arm64_32 /Users/admin/builder/spi-builder-workspace/Sources/SwiftBncsLib/Messaging/BncsMessage.swift (in target 'SwiftBncsLib' from project 'SwiftBncsLib')
cd /Users/admin/builder/spi-builder-workspace/.swiftpm/xcode
builtin-SwiftPerFileCompile BncsMessage.swift
SwiftDriverJobDiscovery normal arm64_32 Compiling Utils+Foundation.swift, Generics.swift, HKDF.swift, HMAC.swift, Int+Extension.swift, MD5.swift (in target 'CryptoSwift' from project 'CryptoSwift')
SwiftCompile normal arm64 Compiling\ BnlsMessageConsumer.swift,\ Message.swift /Users/admin/builder/spi-builder-workspace/Sources/SwiftBncsLib/Messaging/BnlsMessageConsumer.swift /Users/admin/builder/spi-builder-workspace/Sources/SwiftBncsLib/Messaging/Message.swift (in target 'SwiftBncsLib' from project 'SwiftBncsLib')
SwiftCompile normal arm64 /Users/admin/builder/spi-builder-workspace/Sources/SwiftBncsLib/Messaging/BnlsMessageConsumer.swift (in target 'SwiftBncsLib' from project 'SwiftBncsLib')
cd /Users/admin/builder/spi-builder-workspace/.swiftpm/xcode
builtin-SwiftPerFileCompile BnlsMessageConsumer.swift
SwiftCompile normal arm64 /Users/admin/builder/spi-builder-workspace/Sources/SwiftBncsLib/Messaging/Message.swift (in target 'SwiftBncsLib' from project 'SwiftBncsLib')
cd /Users/admin/builder/spi-builder-workspace/.swiftpm/xcode
builtin-SwiftPerFileCompile Message.swift
SwiftDriverJobDiscovery normal arm64_32 Emitting module for SwiftBncsLib (in target 'SwiftBncsLib' from project 'SwiftBncsLib')
SwiftDriver\ Compilation\ Requirements SwiftBncsLib normal arm64_32 com.apple.xcode.tools.swift.compiler (in target 'SwiftBncsLib' from project 'SwiftBncsLib')
cd /Users/admin/builder/spi-builder-workspace/.swiftpm/xcode
builtin-Swift-Compilation-Requirements -- /Applications/Xcode-27.0.0-Release.Candidate.app/Contents/Developer/Toolchains/XcodeDefault.xctoolchain/usr/bin/swiftc -parse-as-library -module-name SwiftBncsLib -Onone @/Users/admin/builder/spi-builder-workspace/.derivedData/Build/Intermediates.noindex/SwiftBncsLib.build/Debug-watchos/SwiftBncsLib-t.build/Objects-normal/arm64_32/SwiftBncsLib.SwiftFileList -DSWIFT_PACKAGE -DDEBUG -DSWIFT_MODULE_RESOURCE_BUNDLE_UNAVAILABLE -DXcode -plugin-path /Applications/Xcode-27.0.0-Release.Candidate.app/Contents/Developer/Toolchains/XcodeDefault.xctoolchain/usr/lib/swift/host/plugins/testing -enable-experimental-feature DebugDescriptionMacro -sdk /Applications/Xcode-27.0.0-Release.Candidate.app/Contents/Developer/Platforms/WatchOS.platform/Developer/SDKs/WatchOS27.0.sdk -target arm64_32-apple-watchos9.0 -g -module-cache-path /Users/admin/builder/spi-builder-workspace/.derivedData/ModuleCache.noindex -Xfrontend -serialize-debugging-options -profile-coverage-mapping -profile-generate -enable-testing -index-store-path /Users/admin/builder/spi-builder-workspace/.derivedData/Index.noindex/DataStore -Xcc -D_LIBCPP_HARDENING_MODE\=_LIBCPP_HARDENING_MODE_DEBUG -swift-version 4 -I /Users/admin/builder/spi-builder-workspace/.derivedData/Build/Products/Debug-watchos -Isystem /Applications/Xcode-27.0.0-Release.Candidate.app/Contents/Developer/Platforms/WatchOS.platform/Developer/usr/lib -F /Users/admin/builder/spi-builder-workspace/.derivedData/Build/Products/Debug-watchos/PackageFrameworks -F /Users/admin/builder/spi-builder-workspace/.derivedData/Build/Products/Debug-watchos -F /Applications/Xcode-27.0.0-Release.Candidate.app/Contents/Developer/Platforms/WatchOS.platform/Developer/Library/Frameworks -F /Applications/Xcode-27.0.0-Release.Candidate.app/Contents/Developer/Platforms/WatchOS.platform/Developer/SDKs/WatchOS27.0.sdk/Developer/Library/Frameworks -c -j10 -enable-batch-mode -incremental -Xcc -ivfsstatcache -Xcc /Users/admin/builder/spi-builder-workspace/.derivedData/SDKStatCaches.noindex/watchos27.0-24R360-e829b21a6f8c9b70876ba0858053c04477534ef55a1706bf4c1112bbb242f0a2.sdkstatcache -output-file-map /Users/admin/builder/spi-builder-workspace/.derivedData/Build/Intermediates.noindex/SwiftBncsLib.build/Debug-watchos/SwiftBncsLib-t.build/Objects-normal/arm64_32/SwiftBncsLib-OutputFileMap.json -save-temps -no-color-diagnostics -emit-dependencies -emit-module -emit-module-path /Users/admin/builder/spi-builder-workspace/.derivedData/Build/Intermediates.noindex/SwiftBncsLib.build/Debug-watchos/SwiftBncsLib-t.build/Objects-normal/arm64_32/SwiftBncsLib.swiftmodule -serialize-diagnostics -validate-clang-modules-once -clang-build-session-file /Users/admin/builder/spi-builder-workspace/.derivedData/ModuleCache.noindex/Session.modulevalidation -Xcc -fmodules-prune-interval\=86400 -Xcc -fmodules-prune-after\=345600 -emit-const-values -const-gather-protocols-list /Users/admin/builder/spi-builder-workspace/.derivedData/Build/Intermediates.noindex/SwiftBncsLib.build/Debug-watchos/SwiftBncsLib-t.build/Objects-normal/arm64_32/SwiftBncsLib_const_extract_protocols.json -Xcc -I/Users/admin/builder/spi-builder-workspace/.derivedData/Build/Products/Debug-watchos/include -Xcc -I/Users/admin/builder/spi-builder-workspace/.derivedData/Build/Intermediates.noindex/SwiftBncsLib.build/Debug-watchos/SwiftBncsLib-t.build/DerivedSources-normal/arm64_32 -Xcc -I/Users/admin/builder/spi-builder-workspace/.derivedData/Build/Intermediates.noindex/SwiftBncsLib.build/Debug-watchos/SwiftBncsLib-t.build/DerivedSources/arm64_32 -Xcc -I/Users/admin/builder/spi-builder-workspace/.derivedData/Build/Intermediates.noindex/SwiftBncsLib.build/Debug-watchos/SwiftBncsLib-t.build/DerivedSources -Xcc -DSWIFT_PACKAGE -Xcc -DDEBUG\=1 -emit-objc-header -emit-objc-header-path /Users/admin/builder/spi-builder-workspace/.derivedData/Build/Intermediates.noindex/SwiftBncsLib.build/Debug-watchos/SwiftBncsLib-t.build/Objects-normal/arm64_32/SwiftBncsLib-Swift.h -working-directory /Users/admin/builder/spi-builder-workspace/.swiftpm/xcode -experimental-emit-module-separately -disable-cmo
SwiftDriverJobDiscovery normal arm64 Emitting module for SwiftBncsLib (in target 'SwiftBncsLib' from project 'SwiftBncsLib')
SwiftDriver\ Compilation\ Requirements SwiftBncsLib normal arm64 com.apple.xcode.tools.swift.compiler (in target 'SwiftBncsLib' from project 'SwiftBncsLib')
cd /Users/admin/builder/spi-builder-workspace/.swiftpm/xcode
builtin-Swift-Compilation-Requirements -- /Applications/Xcode-27.0.0-Release.Candidate.app/Contents/Developer/Toolchains/XcodeDefault.xctoolchain/usr/bin/swiftc -parse-as-library -module-name SwiftBncsLib -Onone @/Users/admin/builder/spi-builder-workspace/.derivedData/Build/Intermediates.noindex/SwiftBncsLib.build/Debug-watchos/SwiftBncsLib-t.build/Objects-normal/arm64/SwiftBncsLib.SwiftFileList -DSWIFT_PACKAGE -DDEBUG -DSWIFT_MODULE_RESOURCE_BUNDLE_UNAVAILABLE -DXcode -plugin-path /Applications/Xcode-27.0.0-Release.Candidate.app/Contents/Developer/Toolchains/XcodeDefault.xctoolchain/usr/lib/swift/host/plugins/testing -enable-experimental-feature DebugDescriptionMacro -sdk /Applications/Xcode-27.0.0-Release.Candidate.app/Contents/Developer/Platforms/WatchOS.platform/Developer/SDKs/WatchOS27.0.sdk -target arm64-apple-watchos9.0 -g -module-cache-path /Users/admin/builder/spi-builder-workspace/.derivedData/ModuleCache.noindex -Xfrontend -serialize-debugging-options -profile-coverage-mapping -profile-generate -enable-testing -index-store-path /Users/admin/builder/spi-builder-workspace/.derivedData/Index.noindex/DataStore -Xcc -D_LIBCPP_HARDENING_MODE\=_LIBCPP_HARDENING_MODE_DEBUG -swift-version 4 -I /Users/admin/builder/spi-builder-workspace/.derivedData/Build/Products/Debug-watchos -Isystem /Applications/Xcode-27.0.0-Release.Candidate.app/Contents/Developer/Platforms/WatchOS.platform/Developer/usr/lib -F /Users/admin/builder/spi-builder-workspace/.derivedData/Build/Products/Debug-watchos/PackageFrameworks -F /Users/admin/builder/spi-builder-workspace/.derivedData/Build/Products/Debug-watchos -F /Applications/Xcode-27.0.0-Release.Candidate.app/Contents/Developer/Platforms/WatchOS.platform/Developer/Library/Frameworks -F /Applications/Xcode-27.0.0-Release.Candidate.app/Contents/Developer/Platforms/WatchOS.platform/Developer/SDKs/WatchOS27.0.sdk/Developer/Library/Frameworks -c -j10 -enable-batch-mode -incremental -Xcc -ivfsstatcache -Xcc /Users/admin/builder/spi-builder-workspace/.derivedData/SDKStatCaches.noindex/watchos27.0-24R360-e829b21a6f8c9b70876ba0858053c04477534ef55a1706bf4c1112bbb242f0a2.sdkstatcache -output-file-map /Users/admin/builder/spi-builder-workspace/.derivedData/Build/Intermediates.noindex/SwiftBncsLib.build/Debug-watchos/SwiftBncsLib-t.build/Objects-normal/arm64/SwiftBncsLib-OutputFileMap.json -save-temps -no-color-diagnostics -emit-dependencies -emit-module -emit-module-path /Users/admin/builder/spi-builder-workspace/.derivedData/Build/Intermediates.noindex/SwiftBncsLib.build/Debug-watchos/SwiftBncsLib-t.build/Objects-normal/arm64/SwiftBncsLib.swiftmodule -serialize-diagnostics -validate-clang-modules-once -clang-build-session-file /Users/admin/builder/spi-builder-workspace/.derivedData/ModuleCache.noindex/Session.modulevalidation -Xcc -fmodules-prune-interval\=86400 -Xcc -fmodules-prune-after\=345600 -emit-const-values -const-gather-protocols-list /Users/admin/builder/spi-builder-workspace/.derivedData/Build/Intermediates.noindex/SwiftBncsLib.build/Debug-watchos/SwiftBncsLib-t.build/Objects-normal/arm64/SwiftBncsLib_const_extract_protocols.json -Xcc -I/Users/admin/builder/spi-builder-workspace/.derivedData/Build/Products/Debug-watchos/include -Xcc -I/Users/admin/builder/spi-builder-workspace/.derivedData/Build/Intermediates.noindex/SwiftBncsLib.build/Debug-watchos/SwiftBncsLib-t.build/DerivedSources-normal/arm64 -Xcc -I/Users/admin/builder/spi-builder-workspace/.derivedData/Build/Intermediates.noindex/SwiftBncsLib.build/Debug-watchos/SwiftBncsLib-t.build/DerivedSources/arm64 -Xcc -I/Users/admin/builder/spi-builder-workspace/.derivedData/Build/Intermediates.noindex/SwiftBncsLib.build/Debug-watchos/SwiftBncsLib-t.build/DerivedSources -Xcc -DSWIFT_PACKAGE -Xcc -DDEBUG\=1 -emit-objc-header -emit-objc-header-path /Users/admin/builder/spi-builder-workspace/.derivedData/Build/Intermediates.noindex/SwiftBncsLib.build/Debug-watchos/SwiftBncsLib-t.build/Objects-normal/arm64/SwiftBncsLib-Swift.h -working-directory /Users/admin/builder/spi-builder-workspace/.swiftpm/xcode -experimental-emit-module-separately -disable-cmo
Copy /Users/admin/builder/spi-builder-workspace/.derivedData/Build/Products/Debug-watchos/SwiftBncsLib.swiftmodule/arm64_32-apple-watchos.swiftmodule /Users/admin/builder/spi-builder-workspace/.derivedData/Build/Intermediates.noindex/SwiftBncsLib.build/Debug-watchos/SwiftBncsLib-t.build/Objects-normal/arm64_32/SwiftBncsLib.swiftmodule (in target 'SwiftBncsLib' from project 'SwiftBncsLib')
cd /Users/admin/builder/spi-builder-workspace
builtin-copy -exclude .DS_Store -exclude CVS -exclude .svn -exclude .git -exclude .hg -resolve-src-symlinks -rename /Users/admin/builder/spi-builder-workspace/.derivedData/Build/Intermediates.noindex/SwiftBncsLib.build/Debug-watchos/SwiftBncsLib-t.build/Objects-normal/arm64_32/SwiftBncsLib.swiftmodule /Users/admin/builder/spi-builder-workspace/.derivedData/Build/Products/Debug-watchos/SwiftBncsLib.swiftmodule/arm64_32-apple-watchos.swiftmodule
SwiftMergeGeneratedHeaders /Users/admin/builder/spi-builder-workspace/.derivedData/Build/Intermediates.noindex/GeneratedModuleMaps-watchos/SwiftBncsLib-Swift.h /Users/admin/builder/spi-builder-workspace/.derivedData/Build/Intermediates.noindex/SwiftBncsLib.build/Debug-watchos/SwiftBncsLib-t.build/Objects-normal/arm64/SwiftBncsLib-Swift.h /Users/admin/builder/spi-builder-workspace/.derivedData/Build/Intermediates.noindex/SwiftBncsLib.build/Debug-watchos/SwiftBncsLib-t.build/Objects-normal/arm64_32/SwiftBncsLib-Swift.h (in target 'SwiftBncsLib' from project 'SwiftBncsLib')
cd /Users/admin/builder/spi-builder-workspace
builtin-swiftHeaderTool -arch arm64 /Users/admin/builder/spi-builder-workspace/.derivedData/Build/Intermediates.noindex/SwiftBncsLib.build/Debug-watchos/SwiftBncsLib-t.build/Objects-normal/arm64/SwiftBncsLib-Swift.h -arch arm64_32 /Users/admin/builder/spi-builder-workspace/.derivedData/Build/Intermediates.noindex/SwiftBncsLib.build/Debug-watchos/SwiftBncsLib-t.build/Objects-normal/arm64_32/SwiftBncsLib-Swift.h -o /Users/admin/builder/spi-builder-workspace/.derivedData/Build/Intermediates.noindex/GeneratedModuleMaps-watchos/SwiftBncsLib-Swift.h
Copy /Users/admin/builder/spi-builder-workspace/.derivedData/Build/Products/Debug-watchos/SwiftBncsLib.swiftmodule/arm64_32-apple-watchos.swiftdoc /Users/admin/builder/spi-builder-workspace/.derivedData/Build/Intermediates.noindex/SwiftBncsLib.build/Debug-watchos/SwiftBncsLib-t.build/Objects-normal/arm64_32/SwiftBncsLib.swiftdoc (in target 'SwiftBncsLib' from project 'SwiftBncsLib')
cd /Users/admin/builder/spi-builder-workspace
builtin-copy -exclude .DS_Store -exclude CVS -exclude .svn -exclude .git -exclude .hg -resolve-src-symlinks -rename /Users/admin/builder/spi-builder-workspace/.derivedData/Build/Intermediates.noindex/SwiftBncsLib.build/Debug-watchos/SwiftBncsLib-t.build/Objects-normal/arm64_32/SwiftBncsLib.swiftdoc /Users/admin/builder/spi-builder-workspace/.derivedData/Build/Products/Debug-watchos/SwiftBncsLib.swiftmodule/arm64_32-apple-watchos.swiftdoc
Copy /Users/admin/builder/spi-builder-workspace/.derivedData/Build/Products/Debug-watchos/SwiftBncsLib.swiftmodule/arm64_32-apple-watchos.abi.json /Users/admin/builder/spi-builder-workspace/.derivedData/Build/Intermediates.noindex/SwiftBncsLib.build/Debug-watchos/SwiftBncsLib-t.build/Objects-normal/arm64_32/SwiftBncsLib.abi.json (in target 'SwiftBncsLib' from project 'SwiftBncsLib')
cd /Users/admin/builder/spi-builder-workspace
builtin-copy -exclude .DS_Store -exclude CVS -exclude .svn -exclude .git -exclude .hg -resolve-src-symlinks -rename /Users/admin/builder/spi-builder-workspace/.derivedData/Build/Intermediates.noindex/SwiftBncsLib.build/Debug-watchos/SwiftBncsLib-t.build/Objects-normal/arm64_32/SwiftBncsLib.abi.json /Users/admin/builder/spi-builder-workspace/.derivedData/Build/Products/Debug-watchos/SwiftBncsLib.swiftmodule/arm64_32-apple-watchos.abi.json
Copy /Users/admin/builder/spi-builder-workspace/.derivedData/Build/Products/Debug-watchos/SwiftBncsLib.swiftmodule/arm64-apple-watchos.swiftmodule /Users/admin/builder/spi-builder-workspace/.derivedData/Build/Intermediates.noindex/SwiftBncsLib.build/Debug-watchos/SwiftBncsLib-t.build/Objects-normal/arm64/SwiftBncsLib.swiftmodule (in target 'SwiftBncsLib' from project 'SwiftBncsLib')
cd /Users/admin/builder/spi-builder-workspace
builtin-copy -exclude .DS_Store -exclude CVS -exclude .svn -exclude .git -exclude .hg -resolve-src-symlinks -rename /Users/admin/builder/spi-builder-workspace/.derivedData/Build/Intermediates.noindex/SwiftBncsLib.build/Debug-watchos/SwiftBncsLib-t.build/Objects-normal/arm64/SwiftBncsLib.swiftmodule /Users/admin/builder/spi-builder-workspace/.derivedData/Build/Products/Debug-watchos/SwiftBncsLib.swiftmodule/arm64-apple-watchos.swiftmodule
Copy /Users/admin/builder/spi-builder-workspace/.derivedData/Build/Products/Debug-watchos/SwiftBncsLib.swiftmodule/arm64-apple-watchos.swiftdoc /Users/admin/builder/spi-builder-workspace/.derivedData/Build/Intermediates.noindex/SwiftBncsLib.build/Debug-watchos/SwiftBncsLib-t.build/Objects-normal/arm64/SwiftBncsLib.swiftdoc (in target 'SwiftBncsLib' from project 'SwiftBncsLib')
cd /Users/admin/builder/spi-builder-workspace
builtin-copy -exclude .DS_Store -exclude CVS -exclude .svn -exclude .git -exclude .hg -resolve-src-symlinks -rename /Users/admin/builder/spi-builder-workspace/.derivedData/Build/Intermediates.noindex/SwiftBncsLib.build/Debug-watchos/SwiftBncsLib-t.build/Objects-normal/arm64/SwiftBncsLib.swiftdoc /Users/admin/builder/spi-builder-workspace/.derivedData/Build/Products/Debug-watchos/SwiftBncsLib.swiftmodule/arm64-apple-watchos.swiftdoc
Copy /Users/admin/builder/spi-builder-workspace/.derivedData/Build/Products/Debug-watchos/SwiftBncsLib.swiftmodule/arm64-apple-watchos.abi.json /Users/admin/builder/spi-builder-workspace/.derivedData/Build/Intermediates.noindex/SwiftBncsLib.build/Debug-watchos/SwiftBncsLib-t.build/Objects-normal/arm64/SwiftBncsLib.abi.json (in target 'SwiftBncsLib' from project 'SwiftBncsLib')
cd /Users/admin/builder/spi-builder-workspace
builtin-copy -exclude .DS_Store -exclude CVS -exclude .svn -exclude .git -exclude .hg -resolve-src-symlinks -rename /Users/admin/builder/spi-builder-workspace/.derivedData/Build/Intermediates.noindex/SwiftBncsLib.build/Debug-watchos/SwiftBncsLib-t.build/Objects-normal/arm64/SwiftBncsLib.abi.json /Users/admin/builder/spi-builder-workspace/.derivedData/Build/Products/Debug-watchos/SwiftBncsLib.swiftmodule/arm64-apple-watchos.abi.json
Copy /Users/admin/builder/spi-builder-workspace/.derivedData/Build/Products/Debug-watchos/SwiftBncsLib.swiftmodule/Project/arm64_32-apple-watchos.swiftsourceinfo /Users/admin/builder/spi-builder-workspace/.derivedData/Build/Intermediates.noindex/SwiftBncsLib.build/Debug-watchos/SwiftBncsLib-t.build/Objects-normal/arm64_32/SwiftBncsLib.swiftsourceinfo (in target 'SwiftBncsLib' from project 'SwiftBncsLib')
cd /Users/admin/builder/spi-builder-workspace
builtin-copy -exclude .DS_Store -exclude CVS -exclude .svn -exclude .git -exclude .hg -resolve-src-symlinks -rename /Users/admin/builder/spi-builder-workspace/.derivedData/Build/Intermediates.noindex/SwiftBncsLib.build/Debug-watchos/SwiftBncsLib-t.build/Objects-normal/arm64_32/SwiftBncsLib.swiftsourceinfo /Users/admin/builder/spi-builder-workspace/.derivedData/Build/Products/Debug-watchos/SwiftBncsLib.swiftmodule/Project/arm64_32-apple-watchos.swiftsourceinfo
Copy /Users/admin/builder/spi-builder-workspace/.derivedData/Build/Products/Debug-watchos/SwiftBncsLib.swiftmodule/Project/arm64-apple-watchos.swiftsourceinfo /Users/admin/builder/spi-builder-workspace/.derivedData/Build/Intermediates.noindex/SwiftBncsLib.build/Debug-watchos/SwiftBncsLib-t.build/Objects-normal/arm64/SwiftBncsLib.swiftsourceinfo (in target 'SwiftBncsLib' from project 'SwiftBncsLib')
cd /Users/admin/builder/spi-builder-workspace
builtin-copy -exclude .DS_Store -exclude CVS -exclude .svn -exclude .git -exclude .hg -resolve-src-symlinks -rename /Users/admin/builder/spi-builder-workspace/.derivedData/Build/Intermediates.noindex/SwiftBncsLib.build/Debug-watchos/SwiftBncsLib-t.build/Objects-normal/arm64/SwiftBncsLib.swiftsourceinfo /Users/admin/builder/spi-builder-workspace/.derivedData/Build/Products/Debug-watchos/SwiftBncsLib.swiftmodule/Project/arm64-apple-watchos.swiftsourceinfo
SwiftCompile normal arm64 Compiling\ ChatChannel.swift,\ CheckRevision.swift,\ FoundationDataExtension.swift /Users/admin/builder/spi-builder-workspace/Sources/SwiftBncsLib/ChatChannel.swift /Users/admin/builder/spi-builder-workspace/Sources/SwiftBncsLib/CheckRevision.swift /Users/admin/builder/spi-builder-workspace/Sources/SwiftBncsLib/FoundationDataExtension.swift (in target 'SwiftBncsLib' from project 'SwiftBncsLib')
/Users/admin/builder/spi-builder-workspace/Sources/SwiftBncsLib/FoundationDataExtension.swift:26:49: warning: 'flatMap' is deprecated: Please use compactMap(_:) for the case where closure returns an optional value [#DeprecatedDeclaration]
24 | let lineLength = 16
25 | return ((0...(contents.count / lineLength)).map { lineIndex in
26 | let hexPrintout = ((0..<lineLength).flatMap { columnIndex in
| |- warning: 'flatMap' is deprecated: Please use compactMap(_:) for the case where closure returns an optional value [#DeprecatedDeclaration]
| `- note: use 'compactMap(_:)' instead
27 | let arrayIndex = lineIndex * 16 + columnIndex
28 | if arrayIndex >= contents.count { return " " }
/Users/admin/builder/spi-builder-workspace/Sources/SwiftBncsLib/FoundationDataExtension.swift:31:50: warning: 'flatMap' is deprecated: Please use compactMap(_:) for the case where closure returns an optional value [#DeprecatedDeclaration]
29 | return String(format: "%02X ", contents[arrayIndex])
30 | }).joined(separator: "")
31 | let charPrintout = ((0..<lineLength).flatMap { columnIndex in
| |- warning: 'flatMap' is deprecated: Please use compactMap(_:) for the case where closure returns an optional value [#DeprecatedDeclaration]
| `- note: use 'compactMap(_:)' instead
32 | let arrayIndex = lineIndex * 16 + columnIndex
33 | if arrayIndex >= contents.count { return " " }
[#DeprecatedDeclaration]: <https://docs.swift.org/compiler/documentation/diagnostics/deprecated-declaration>
SwiftCompile normal arm64 /Users/admin/builder/spi-builder-workspace/Sources/SwiftBncsLib/ChatChannel.swift (in target 'SwiftBncsLib' from project 'SwiftBncsLib')
cd /Users/admin/builder/spi-builder-workspace/.swiftpm/xcode
builtin-SwiftPerFileCompile ChatChannel.swift
SwiftCompile normal arm64 /Users/admin/builder/spi-builder-workspace/Sources/SwiftBncsLib/CheckRevision.swift (in target 'SwiftBncsLib' from project 'SwiftBncsLib')
cd /Users/admin/builder/spi-builder-workspace/.swiftpm/xcode
builtin-SwiftPerFileCompile CheckRevision.swift
SwiftCompile normal arm64 /Users/admin/builder/spi-builder-workspace/Sources/SwiftBncsLib/FoundationDataExtension.swift (in target 'SwiftBncsLib' from project 'SwiftBncsLib')
cd /Users/admin/builder/spi-builder-workspace/.swiftpm/xcode
builtin-SwiftPerFileCompile FoundationDataExtension.swift
SwiftCompile normal arm64_32 Compiling\ BncsMessageComposer.swift,\ BncsMessageConsumer.swift /Users/admin/builder/spi-builder-workspace/Sources/SwiftBncsLib/Messaging/BncsMessageComposer.swift /Users/admin/builder/spi-builder-workspace/Sources/SwiftBncsLib/Messaging/BncsMessageConsumer.swift (in target 'SwiftBncsLib' from project 'SwiftBncsLib')
SwiftCompile normal arm64_32 /Users/admin/builder/spi-builder-workspace/Sources/SwiftBncsLib/Messaging/BncsMessageComposer.swift (in target 'SwiftBncsLib' from project 'SwiftBncsLib')
cd /Users/admin/builder/spi-builder-workspace/.swiftpm/xcode
builtin-SwiftPerFileCompile BncsMessageComposer.swift
SwiftCompile normal arm64_32 /Users/admin/builder/spi-builder-workspace/Sources/SwiftBncsLib/Messaging/BncsMessageConsumer.swift (in target 'SwiftBncsLib' from project 'SwiftBncsLib')
cd /Users/admin/builder/spi-builder-workspace/.swiftpm/xcode
builtin-SwiftPerFileCompile BncsMessageConsumer.swift
SwiftDriverJobDiscovery normal arm64_32 Compiling PKCS7Padding.swift, Padding.swift, Poly1305.swift, Rabbit.swift, RandomAccessCryptor.swift, RandomBytesSequence.swift (in target 'CryptoSwift' from project 'CryptoSwift')
SwiftCompile normal arm64_32 Compiling\ MessageComposer.swift,\ MessageConsumer.swift /Users/admin/builder/spi-builder-workspace/Sources/SwiftBncsLib/Messaging/MessageComposer.swift /Users/admin/builder/spi-builder-workspace/Sources/SwiftBncsLib/Messaging/MessageConsumer.swift (in target 'SwiftBncsLib' from project 'SwiftBncsLib')
SwiftCompile normal arm64_32 /Users/admin/builder/spi-builder-workspace/Sources/SwiftBncsLib/Messaging/MessageComposer.swift (in target 'SwiftBncsLib' from project 'SwiftBncsLib')
cd /Users/admin/builder/spi-builder-workspace/.swiftpm/xcode
builtin-SwiftPerFileCompile MessageComposer.swift
SwiftCompile normal arm64_32 /Users/admin/builder/spi-builder-workspace/Sources/SwiftBncsLib/Messaging/MessageConsumer.swift (in target 'SwiftBncsLib' from project 'SwiftBncsLib')
cd /Users/admin/builder/spi-builder-workspace/.swiftpm/xcode
builtin-SwiftPerFileCompile MessageConsumer.swift
SwiftDriverJobDiscovery normal arm64_32 Compiling BncsEnumerations.swift, BncsStructures.swift, BnftpRequestComposer.swift (in target 'SwiftBncsLib' from project 'SwiftBncsLib')
SwiftCompile normal arm64_32 Compiling\ BnftpResponseConsumer.swift,\ BnlsEnumerations.swift,\ CdKeyDecode.swift /Users/admin/builder/spi-builder-workspace/Sources/SwiftBncsLib/BnftpResponseConsumer.swift /Users/admin/builder/spi-builder-workspace/Sources/SwiftBncsLib/BnlsEnumerations.swift /Users/admin/builder/spi-builder-workspace/Sources/SwiftBncsLib/CdKeyDecode.swift (in target 'SwiftBncsLib' from project 'SwiftBncsLib')
SwiftCompile normal arm64_32 /Users/admin/builder/spi-builder-workspace/Sources/SwiftBncsLib/BnftpResponseConsumer.swift (in target 'SwiftBncsLib' from project 'SwiftBncsLib')
cd /Users/admin/builder/spi-builder-workspace/.swiftpm/xcode
builtin-SwiftPerFileCompile BnftpResponseConsumer.swift
SwiftCompile normal arm64_32 /Users/admin/builder/spi-builder-workspace/Sources/SwiftBncsLib/BnlsEnumerations.swift (in target 'SwiftBncsLib' from project 'SwiftBncsLib')
cd /Users/admin/builder/spi-builder-workspace/.swiftpm/xcode
builtin-SwiftPerFileCompile BnlsEnumerations.swift
SwiftCompile normal arm64_32 /Users/admin/builder/spi-builder-workspace/Sources/SwiftBncsLib/CdKeyDecode.swift (in target 'SwiftBncsLib' from project 'SwiftBncsLib')
cd /Users/admin/builder/spi-builder-workspace/.swiftpm/xcode
builtin-SwiftPerFileCompile CdKeyDecode.swift
SwiftDriverJobDiscovery normal arm64 Compiling BnlsMessageConsumer.swift, Message.swift (in target 'SwiftBncsLib' from project 'SwiftBncsLib')
SwiftDriverJobDiscovery normal arm64_32 Compiling BncsMessageComposer.swift, BncsMessageConsumer.swift (in target 'SwiftBncsLib' from project 'SwiftBncsLib')
SwiftCompile normal arm64 Compiling\ FoundationDataXSha1.swift,\ FoundationInputStreamExtension.swift,\ FoundationOutputStreamExtension.swift /Users/admin/builder/spi-builder-workspace/Sources/SwiftBncsLib/FoundationDataXSha1.swift /Users/admin/builder/spi-builder-workspace/Sources/SwiftBncsLib/FoundationInputStreamExtension.swift /Users/admin/builder/spi-builder-workspace/Sources/SwiftBncsLib/FoundationOutputStreamExtension.swift (in target 'SwiftBncsLib' from project 'SwiftBncsLib')
/Users/admin/builder/spi-builder-workspace/Sources/SwiftBncsLib/FoundationInputStreamExtension.swift:5:5: warning: 'public' modifier is redundant for instance method declared in a public extension
3 | public extension InputStream {
4 |
5 | public func readData(maxLength: Int) -> Foundation.Data? {
| `- warning: 'public' modifier is redundant for instance method declared in a public extension
6 | var bytes = [UInt8](repeating: 0, count: maxLength)
7 |
/Users/admin/builder/spi-builder-workspace/Sources/SwiftBncsLib/FoundationOutputStreamExtension.swift:5:5: warning: 'public' modifier is redundant for instance method declared in a public extension
3 | public extension OutputStream {
4 |
5 | public func write(byte: UInt8) {
| `- warning: 'public' modifier is redundant for instance method declared in a public extension
6 | var copy = byte
7 | write(©, maxLength: 1)
/Users/admin/builder/spi-builder-workspace/Sources/SwiftBncsLib/FoundationOutputStreamExtension.swift:10:5: warning: 'public' modifier is redundant for instance method declared in a public extension
8 | }
9 |
10 | public func write(bytes: [UInt8]) {
| `- warning: 'public' modifier is redundant for instance method declared in a public extension
11 | var copy = bytes
12 | write(©, maxLength: bytes.count)
/Users/admin/builder/spi-builder-workspace/Sources/SwiftBncsLib/FoundationOutputStreamExtension.swift:15:5: warning: 'public' modifier is redundant for instance method declared in a public extension
13 | }
14 |
15 | public func write(data: Foundation.Data) {
| `- warning: 'public' modifier is redundant for instance method declared in a public extension
16 | var dataCopy = data
17 | let _ = dataCopy.withUnsafeMutableBytes { contents in
SwiftCompile normal arm64 /Users/admin/builder/spi-builder-workspace/Sources/SwiftBncsLib/FoundationDataXSha1.swift (in target 'SwiftBncsLib' from project 'SwiftBncsLib')
cd /Users/admin/builder/spi-builder-workspace/.swiftpm/xcode
builtin-SwiftPerFileCompile FoundationDataXSha1.swift
SwiftCompile normal arm64 /Users/admin/builder/spi-builder-workspace/Sources/SwiftBncsLib/FoundationInputStreamExtension.swift (in target 'SwiftBncsLib' from project 'SwiftBncsLib')
cd /Users/admin/builder/spi-builder-workspace/.swiftpm/xcode
builtin-SwiftPerFileCompile FoundationInputStreamExtension.swift
SwiftCompile normal arm64 /Users/admin/builder/spi-builder-workspace/Sources/SwiftBncsLib/FoundationOutputStreamExtension.swift (in target 'SwiftBncsLib' from project 'SwiftBncsLib')
cd /Users/admin/builder/spi-builder-workspace/.swiftpm/xcode
builtin-SwiftPerFileCompile FoundationOutputStreamExtension.swift
SwiftDriverJobDiscovery normal arm64 Compiling MessageComposer.swift, MessageConsumer.swift (in target 'SwiftBncsLib' from project 'SwiftBncsLib')
SwiftCompile normal arm64_32 Compiling\ FoundationDataXSha1.swift,\ FoundationInputStreamExtension.swift,\ FoundationOutputStreamExtension.swift /Users/admin/builder/spi-builder-workspace/Sources/SwiftBncsLib/FoundationDataXSha1.swift /Users/admin/builder/spi-builder-workspace/Sources/SwiftBncsLib/FoundationInputStreamExtension.swift /Users/admin/builder/spi-builder-workspace/Sources/SwiftBncsLib/FoundationOutputStreamExtension.swift (in target 'SwiftBncsLib' from project 'SwiftBncsLib')
/Users/admin/builder/spi-builder-workspace/Sources/SwiftBncsLib/FoundationInputStreamExtension.swift:5:5: warning: 'public' modifier is redundant for instance method declared in a public extension
3 | public extension InputStream {
4 |
5 | public func readData(maxLength: Int) -> Foundation.Data? {
| `- warning: 'public' modifier is redundant for instance method declared in a public extension
6 | var bytes = [UInt8](repeating: 0, count: maxLength)
7 |
/Users/admin/builder/spi-builder-workspace/Sources/SwiftBncsLib/FoundationOutputStreamExtension.swift:5:5: warning: 'public' modifier is redundant for instance method declared in a public extension
3 | public extension OutputStream {
4 |
5 | public func write(byte: UInt8) {
| `- warning: 'public' modifier is redundant for instance method declared in a public extension
6 | var copy = byte
7 | write(©, maxLength: 1)
/Users/admin/builder/spi-builder-workspace/Sources/SwiftBncsLib/FoundationOutputStreamExtension.swift:10:5: warning: 'public' modifier is redundant for instance method declared in a public extension
8 | }
9 |
10 | public func write(bytes: [UInt8]) {
| `- warning: 'public' modifier is redundant for instance method declared in a public extension
11 | var copy = bytes
12 | write(©, maxLength: bytes.count)
/Users/admin/builder/spi-builder-workspace/Sources/SwiftBncsLib/FoundationOutputStreamExtension.swift:15:5: warning: 'public' modifier is redundant for instance method declared in a public extension
13 | }
14 |
15 | public func write(data: Foundation.Data) {
| `- warning: 'public' modifier is redundant for instance method declared in a public extension
16 | var dataCopy = data
17 | let _ = dataCopy.withUnsafeMutableBytes { contents in
SwiftCompile normal arm64_32 /Users/admin/builder/spi-builder-workspace/Sources/SwiftBncsLib/FoundationDataXSha1.swift (in target 'SwiftBncsLib' from project 'SwiftBncsLib')
cd /Users/admin/builder/spi-builder-workspace/.swiftpm/xcode
builtin-SwiftPerFileCompile FoundationDataXSha1.swift
SwiftCompile normal arm64_32 /Users/admin/builder/spi-builder-workspace/Sources/SwiftBncsLib/FoundationInputStreamExtension.swift (in target 'SwiftBncsLib' from project 'SwiftBncsLib')
cd /Users/admin/builder/spi-builder-workspace/.swiftpm/xcode
builtin-SwiftPerFileCompile FoundationInputStreamExtension.swift
SwiftCompile normal arm64_32 /Users/admin/builder/spi-builder-workspace/Sources/SwiftBncsLib/FoundationOutputStreamExtension.swift (in target 'SwiftBncsLib' from project 'SwiftBncsLib')
cd /Users/admin/builder/spi-builder-workspace/.swiftpm/xcode
builtin-SwiftPerFileCompile FoundationOutputStreamExtension.swift
SwiftDriverJobDiscovery normal arm64 Compiling ECB.swift, OFB.swift, PCBC.swift, RandomAccessBlockModeWorker.swift, Blowfish.swift, ChaCha20.swift, Checksum.swift (in target 'CryptoSwift' from project 'CryptoSwift')
SwiftCompile normal arm64_32 Compiling\ MpqReader.swift,\ PortableExecutableUtil.swift /Users/admin/builder/spi-builder-workspace/Sources/SwiftBncsLib/MpqReader.swift /Users/admin/builder/spi-builder-workspace/Sources/SwiftBncsLib/PortableExecutableUtil.swift (in target 'SwiftBncsLib' from project 'SwiftBncsLib')
/Users/admin/builder/spi-builder-workspace/Sources/SwiftBncsLib/MpqReader.swift:234:13: warning: initialization of immutable value 'rawData' was never used; consider replacing with assignment to '_' or removing it [#NoUsage]
232 | let block = blockTable[Int(entry.blockIndex)]
233 |
234 | let rawData = consumer.message.subdataFromIndex(Data.Index(block.filePosition), length: Data.Index(block.compressedSize))
| `- warning: initialization of immutable value 'rawData' was never used; consider replacing with assignment to '_' or removing it [#NoUsage]
235 |
236 | // print("entry ): \(blockTable[Int(entry.blockIndex)])")
/Users/admin/builder/spi-builder-workspace/Sources/SwiftBncsLib/PortableExecutableUtil.swift:124:26: error: integer literal '2147483648' overflows when stored into 'Int'
122 | tree.append(thisIdentifier)
123 |
124 | if nextAddress & 0x80000000 != 0 {
| `- error: integer literal '2147483648' overflows when stored into 'Int'
125 | // branch
126 | let x = processResourceRecord(bytes: bytes, recordOffset: nextAddress & 0x7FFFFFFF, rsrcStart: rsrcStart, rsrcVirtualToRaw: rsrcVirtualToRaw, tree: tree)
/Users/admin/builder/spi-builder-workspace/Sources/SwiftBncsLib/PortableExecutableUtil.swift:78:31: error: integer literal '427121930798' overflows when stored into 'Int'
76 | let rsrcVirtualToRaw = rawStart - virtualStart
77 |
78 | if sectionType == 0x000000637273722E {
| `- error: integer literal '427121930798' overflows when stored into 'Int'
79 | return processResourceRecord(bytes: bytes, recordOffset: 0, rsrcStart: rawStart, rsrcVirtualToRaw: rsrcVirtualToRaw)
80 | }
[#NoUsage]: <https://docs.swift.org/compiler/documentation/diagnostics/no-usage>
Failed frontend command:
/Applications/Xcode-27.0.0-Release.Candidate.app/Contents/Developer/Toolchains/XcodeDefault.xctoolchain/usr/bin/swift-frontend -frontend -c /Users/admin/builder/spi-builder-workspace/Sources/SwiftBncsLib/BncsEnumerations.swift /Users/admin/builder/spi-builder-workspace/Sources/SwiftBncsLib/BncsStructures.swift /Users/admin/builder/spi-builder-workspace/Sources/SwiftBncsLib/BnftpRequestComposer.swift /Users/admin/builder/spi-builder-workspace/Sources/SwiftBncsLib/BnftpResponseConsumer.swift /Users/admin/builder/spi-builder-workspace/Sources/SwiftBncsLib/BnlsEnumerations.swift /Users/admin/builder/spi-builder-workspace/Sources/SwiftBncsLib/CdKeyDecode.swift /Users/admin/builder/spi-builder-workspace/Sources/SwiftBncsLib/ChatChannel.swift /Users/admin/builder/spi-builder-workspace/Sources/SwiftBncsLib/CheckRevision.swift /Users/admin/builder/spi-builder-workspace/Sources/SwiftBncsLib/FoundationDataExtension.swift /Users/admin/builder/spi-builder-workspace/Sources/SwiftBncsLib/FoundationDataXSha1.swift /Users/admin/builder/spi-builder-workspace/Sources/SwiftBncsLib/FoundationInputStreamExtension.swift /Users/admin/builder/spi-builder-workspace/Sources/SwiftBncsLib/FoundationOutputStreamExtension.swift /Users/admin/builder/spi-builder-workspace/Sources/SwiftBncsLib/FourCC.swift /Users/admin/builder/spi-builder-workspace/Sources/SwiftBncsLib/IntUtil.swift /Users/admin/builder/spi-builder-workspace/Sources/SwiftBncsLib/Messaging/BncsMessage.swift /Users/admin/builder/spi-builder-workspace/Sources/SwiftBncsLib/Messaging/BncsMessageComposer.swift /Users/admin/builder/spi-builder-workspace/Sources/SwiftBncsLib/Messaging/BncsMessageConsumer.swift /Users/admin/builder/spi-builder-workspace/Sources/SwiftBncsLib/Messaging/BnlsMessage.swift /Users/admin/builder/spi-builder-workspace/Sources/SwiftBncsLib/Messaging/BnlsMessageComposer.swift /Users/admin/builder/spi-builder-workspace/Sources/SwiftBncsLib/Messaging/BnlsMessageConsumer.swift /Users/admin/builder/spi-builder-workspace/Sources/SwiftBncsLib/Messaging/Message.swift /Users/admin/builder/spi-builder-workspace/Sources/SwiftBncsLib/Messaging/MessageComposer.swift /Users/admin/builder/spi-builder-workspace/Sources/SwiftBncsLib/Messaging/MessageConsumer.swift -primary-file /Users/admin/builder/spi-builder-workspace/Sources/SwiftBncsLib/MpqReader.swift -primary-file /Users/admin/builder/spi-builder-workspace/Sources/SwiftBncsLib/PortableExecutableUtil.swift -emit-dependencies-path /Users/admin/builder/spi-builder-workspace/.derivedData/Build/Intermediates.noindex/SwiftBncsLib.build/Debug-watchos/SwiftBncsLib-t.build/Objects-normal/arm64_32/MpqReader.d -emit-const-values-path /Users/admin/builder/spi-builder-workspace/.derivedData/Build/Intermediates.noindex/SwiftBncsLib.build/Debug-watchos/SwiftBncsLib-t.build/Objects-normal/arm64_32/MpqReader.swiftconstvalues -emit-reference-dependencies-path /Users/admin/builder/spi-builder-workspace/.derivedData/Build/Intermediates.noindex/SwiftBncsLib.build/Debug-watchos/SwiftBncsLib-t.build/Objects-normal/arm64_32/MpqReader.swiftdeps -serialize-diagnostics-path /Users/admin/builder/spi-builder-workspace/.derivedData/Build/Intermediates.noindex/SwiftBncsLib.build/Debug-watchos/SwiftBncsLib-t.build/Objects-normal/arm64_32/MpqReader.dia -emit-dependencies-path /Users/admin/builder/spi-builder-workspace/.derivedData/Build/Intermediates.noindex/SwiftBncsLib.build/Debug-watchos/SwiftBncsLib-t.build/Objects-normal/arm64_32/PortableExecutableUtil.d -emit-const-values-path /Users/admin/builder/spi-builder-workspace/.derivedData/Build/Intermediates.noindex/SwiftBncsLib.build/Debug-watchos/SwiftBncsLib-t.build/Objects-normal/arm64_32/PortableExecutableUtil.swiftconstvalues -emit-reference-dependencies-path /Users/admin/builder/spi-builder-workspace/.derivedData/Build/Intermediates.noindex/SwiftBncsLib.build/Debug-watchos/SwiftBncsLib-t.build/Objects-normal/arm64_32/PortableExecutableUtil.swiftdeps -serialize-diagnostics-path /Users/admin/builder/spi-builder-workspace/.derivedData/Build/Intermediates.noindex/SwiftBncsLib.build/Debug-watchos/SwiftBncsLib-t.build/Objects-normal/arm64_32/PortableExecutableUtil.dia -target arm64_32-apple-watchos9.0 -enable-objc-interop -sdk /Applications/Xcode-27.0.0-Release.Candidate.app/Contents/Developer/Platforms/WatchOS.platform/Developer/SDKs/WatchOS27.0.sdk -I /Users/admin/builder/spi-builder-workspace/.derivedData/Build/Products/Debug-watchos -Isystem /Applications/Xcode-27.0.0-Release.Candidate.app/Contents/Developer/Platforms/WatchOS.platform/Developer/usr/lib -F /Users/admin/builder/spi-builder-workspace/.derivedData/Build/Products/Debug-watchos/PackageFrameworks -F /Users/admin/builder/spi-builder-workspace/.derivedData/Build/Products/Debug-watchos -F /Applications/Xcode-27.0.0-Release.Candidate.app/Contents/Developer/Platforms/WatchOS.platform/Developer/Library/Frameworks -F /Applications/Xcode-27.0.0-Release.Candidate.app/Contents/Developer/Platforms/WatchOS.platform/Developer/SDKs/WatchOS27.0.sdk/Developer/Library/Frameworks -module-cache-path /Users/admin/builder/spi-builder-workspace/.derivedData/ModuleCache.noindex -no-color-diagnostics -Xcc -fno-color-diagnostics -enable-testing -g -debug-info-format\=dwarf -dwarf-version\=4 -profile-generate -profile-coverage-mapping -swift-version 4 -Onone -D SWIFT_PACKAGE -D DEBUG -D SWIFT_MODULE_RESOURCE_BUNDLE_UNAVAILABLE -D Xcode -serialize-debugging-options -enable-experimental-feature DebugDescriptionMacro -empty-abi-descriptor -plugin-path /Applications/Xcode-27.0.0-Release.Candidate.app/Contents/Developer/Toolchains/XcodeDefault.xctoolchain/usr/lib/swift/host/plugins/testing -validate-clang-modules-once -clang-build-session-file /Users/admin/builder/spi-builder-workspace/.derivedData/ModuleCache.noindex/Session.modulevalidation -Xcc -working-directory -Xcc /Users/admin/builder/spi-builder-workspace/.swiftpm/xcode -enable-anonymous-context-mangled-names -file-compilation-dir /Users/admin/builder/spi-builder-workspace/.swiftpm/xcode -Xcc -D_LIBCPP_HARDENING_MODE\=_LIBCPP_HARDENING_MODE_DEBUG -Xcc -ivfsstatcache -Xcc /Users/admin/builder/spi-builder-workspace/.derivedData/SDKStatCaches.noindex/watchos27.0-24R360-e829b21a6f8c9b70876ba0858053c04477534ef55a1706bf4c1112bbb242f0a2.sdkstatcache -Xcc -fmodules-prune-interval\=86400 -Xcc -fmodules-prune-after\=345600 -Xcc -I/Users/admin/builder/spi-builder-workspace/.derivedData/Build/Products/Debug-watchos/include -Xcc -I/Users/admin/builder/spi-builder-workspace/.derivedData/Build/Intermediates.noindex/SwiftBncsLib.build/Debug-watchos/SwiftBncsLib-t.build/DerivedSources-normal/arm64_32 -Xcc -I/Users/admin/builder/spi-builder-workspace/.derivedData/Build/Intermediates.noindex/SwiftBncsLib.build/Debug-watchos/SwiftBncsLib-t.build/DerivedSources/arm64_32 -Xcc -I/Users/admin/builder/spi-builder-workspace/.derivedData/Build/Intermediates.noindex/SwiftBncsLib.build/Debug-watchos/SwiftBncsLib-t.build/DerivedSources -Xcc -DSWIFT_PACKAGE -Xcc -DDEBUG\=1 -no-auto-bridging-header-chaining -module-name SwiftBncsLib -const-gather-protocols-file /Users/admin/builder/spi-builder-workspace/.derivedData/Build/Intermediates.noindex/SwiftBncsLib.build/Debug-watchos/SwiftBncsLib-t.build/Objects-normal/arm64_32/SwiftBncsLib_const_extract_protocols.json -disable-clang-spi -target-sdk-version 27.0 -target-sdk-name watchos27.0 -external-plugin-path /Applications/Xcode-27.0.0-Release.Candidate.app/Contents/Developer/Platforms/WatchOS.platform/Developer/usr/lib/swift/host/plugins\#/Applications/Xcode-27.0.0-Release.Candidate.app/Contents/Developer/Platforms/WatchOS.platform/Developer/usr/bin/swift-plugin-server -external-plugin-path /Applications/Xcode-27.0.0-Release.Candidate.app/Contents/Developer/Platforms/WatchOS.platform/Developer/usr/local/lib/swift/host/plugins\#/Applications/Xcode-27.0.0-Release.Candidate.app/Contents/Developer/Platforms/WatchOS.platform/Developer/usr/bin/swift-plugin-server -in-process-plugin-server-path /Applications/Xcode-27.0.0-Release.Candidate.app/Contents/Developer/Toolchains/XcodeDefault.xctoolchain/usr/lib/swift/host/libSwiftInProcPluginServer.dylib -plugin-path /Applications/Xcode-27.0.0-Release.Candidate.app/Contents/Developer/Toolchains/XcodeDefault.xctoolchain/usr/lib/swift/host/plugins -plugin-path /Applications/Xcode-27.0.0-Release.Candidate.app/Contents/Developer/Toolchains/XcodeDefault.xctoolchain/usr/local/lib/swift/host/plugins -parse-as-library -o /Users/admin/builder/spi-builder-workspace/.derivedData/Build/Intermediates.noindex/SwiftBncsLib.build/Debug-watchos/SwiftBncsLib-t.build/Objects-normal/arm64_32/MpqReader.o -o /Users/admin/builder/spi-builder-workspace/.derivedData/Build/Intermediates.noindex/SwiftBncsLib.build/Debug-watchos/SwiftBncsLib-t.build/Objects-normal/arm64_32/PortableExecutableUtil.o -index-unit-output-path /SwiftBncsLib.build/Debug-watchos/SwiftBncsLib-t.build/Objects-normal/arm64_32/MpqReader.o -index-unit-output-path /SwiftBncsLib.build/Debug-watchos/SwiftBncsLib-t.build/Objects-normal/arm64_32/PortableExecutableUtil.o -index-store-path /Users/admin/builder/spi-builder-workspace/.derivedData/Index.noindex/DataStore -index-system-modules
SwiftCompile normal arm64_32 /Users/admin/builder/spi-builder-workspace/Sources/SwiftBncsLib/MpqReader.swift (in target 'SwiftBncsLib' from project 'SwiftBncsLib')
cd /Users/admin/builder/spi-builder-workspace/.swiftpm/xcode
builtin-SwiftPerFileCompile MpqReader.swift
SwiftCompile normal arm64_32 /Users/admin/builder/spi-builder-workspace/Sources/SwiftBncsLib/PortableExecutableUtil.swift (in target 'SwiftBncsLib' from project 'SwiftBncsLib')
cd /Users/admin/builder/spi-builder-workspace/.swiftpm/xcode
builtin-SwiftPerFileCompile PortableExecutableUtil.swift
SwiftDriverJobDiscovery normal arm64_32 Compiling FourCC.swift, IntUtil.swift, BncsMessage.swift (in target 'SwiftBncsLib' from project 'SwiftBncsLib')
SwiftCompile normal arm64 Compiling\ MpqReader.swift,\ PortableExecutableUtil.swift /Users/admin/builder/spi-builder-workspace/Sources/SwiftBncsLib/MpqReader.swift /Users/admin/builder/spi-builder-workspace/Sources/SwiftBncsLib/PortableExecutableUtil.swift (in target 'SwiftBncsLib' from project 'SwiftBncsLib')
SwiftCompile normal arm64 /Users/admin/builder/spi-builder-workspace/Sources/SwiftBncsLib/MpqReader.swift (in target 'SwiftBncsLib' from project 'SwiftBncsLib')
cd /Users/admin/builder/spi-builder-workspace/.swiftpm/xcode
builtin-SwiftPerFileCompile MpqReader.swift
SwiftCompile normal arm64 /Users/admin/builder/spi-builder-workspace/Sources/SwiftBncsLib/PortableExecutableUtil.swift (in target 'SwiftBncsLib' from project 'SwiftBncsLib')
cd /Users/admin/builder/spi-builder-workspace/.swiftpm/xcode
builtin-SwiftPerFileCompile PortableExecutableUtil.swift
SwiftCompile normal arm64_32 Compiling\ BnlsMessageConsumer.swift,\ Message.swift /Users/admin/builder/spi-builder-workspace/Sources/SwiftBncsLib/Messaging/BnlsMessageConsumer.swift /Users/admin/builder/spi-builder-workspace/Sources/SwiftBncsLib/Messaging/Message.swift (in target 'SwiftBncsLib' from project 'SwiftBncsLib')
SwiftCompile normal arm64_32 /Users/admin/builder/spi-builder-workspace/Sources/SwiftBncsLib/Messaging/BnlsMessageConsumer.swift (in target 'SwiftBncsLib' from project 'SwiftBncsLib')
cd /Users/admin/builder/spi-builder-workspace/.swiftpm/xcode
builtin-SwiftPerFileCompile BnlsMessageConsumer.swift
SwiftCompile normal arm64_32 /Users/admin/builder/spi-builder-workspace/Sources/SwiftBncsLib/Messaging/Message.swift (in target 'SwiftBncsLib' from project 'SwiftBncsLib')
cd /Users/admin/builder/spi-builder-workspace/.swiftpm/xcode
builtin-SwiftPerFileCompile Message.swift
SwiftDriverJobDiscovery normal arm64_32 Compiling MessageComposer.swift, MessageConsumer.swift (in target 'SwiftBncsLib' from project 'SwiftBncsLib')
SwiftCompile normal arm64_32 Compiling\ ChatChannel.swift,\ CheckRevision.swift,\ FoundationDataExtension.swift /Users/admin/builder/spi-builder-workspace/Sources/SwiftBncsLib/ChatChannel.swift /Users/admin/builder/spi-builder-workspace/Sources/SwiftBncsLib/CheckRevision.swift /Users/admin/builder/spi-builder-workspace/Sources/SwiftBncsLib/FoundationDataExtension.swift (in target 'SwiftBncsLib' from project 'SwiftBncsLib')
/Users/admin/builder/spi-builder-workspace/Sources/SwiftBncsLib/FoundationDataExtension.swift:26:49: warning: 'flatMap' is deprecated: Please use compactMap(_:) for the case where closure returns an optional value [#DeprecatedDeclaration]
24 | let lineLength = 16
25 | return ((0...(contents.count / lineLength)).map { lineIndex in
26 | let hexPrintout = ((0..<lineLength).flatMap { columnIndex in
| |- warning: 'flatMap' is deprecated: Please use compactMap(_:) for the case where closure returns an optional value [#DeprecatedDeclaration]
| `- note: use 'compactMap(_:)' instead
27 | let arrayIndex = lineIndex * 16 + columnIndex
28 | if arrayIndex >= contents.count { return " " }
SwiftCompile normal arm64_32 /Users/admin/builder/spi-builder-workspace/Sources/SwiftBncsLib/ChatChannel.swift (in target 'SwiftBncsLib' from project 'SwiftBncsLib')
cd /Users/admin/builder/spi-builder-workspace/.swiftpm/xcode
builtin-SwiftPerFileCompile ChatChannel.swift
SwiftCompile normal arm64_32 /Users/admin/builder/spi-builder-workspace/Sources/SwiftBncsLib/CheckRevision.swift (in target 'SwiftBncsLib' from project 'SwiftBncsLib')
cd /Users/admin/builder/spi-builder-workspace/.swiftpm/xcode
builtin-SwiftPerFileCompile CheckRevision.swift
SwiftCompile normal arm64_32 /Users/admin/builder/spi-builder-workspace/Sources/SwiftBncsLib/FoundationDataExtension.swift (in target 'SwiftBncsLib' from project 'SwiftBncsLib')
cd /Users/admin/builder/spi-builder-workspace/.swiftpm/xcode
builtin-SwiftPerFileCompile FoundationDataExtension.swift
SwiftDriverJobDiscovery normal arm64 Compiling ChatChannel.swift, CheckRevision.swift, FoundationDataExtension.swift (in target 'SwiftBncsLib' from project 'SwiftBncsLib')
SwiftCompile normal arm64_32 Compiling\ BnlsMessage.swift,\ BnlsMessageComposer.swift /Users/admin/builder/spi-builder-workspace/Sources/SwiftBncsLib/Messaging/BnlsMessage.swift /Users/admin/builder/spi-builder-workspace/Sources/SwiftBncsLib/Messaging/BnlsMessageComposer.swift (in target 'SwiftBncsLib' from project 'SwiftBncsLib')
SwiftCompile normal arm64_32 /Users/admin/builder/spi-builder-workspace/Sources/SwiftBncsLib/Messaging/BnlsMessage.swift (in target 'SwiftBncsLib' from project 'SwiftBncsLib')
cd /Users/admin/builder/spi-builder-workspace/.swiftpm/xcode
builtin-SwiftPerFileCompile BnlsMessage.swift
SwiftCompile normal arm64_32 /Users/admin/builder/spi-builder-workspace/Sources/SwiftBncsLib/Messaging/BnlsMessageComposer.swift (in target 'SwiftBncsLib' from project 'SwiftBncsLib')
cd /Users/admin/builder/spi-builder-workspace/.swiftpm/xcode
builtin-SwiftPerFileCompile BnlsMessageComposer.swift
SwiftDriverJobDiscovery normal arm64 Compiling FoundationDataXSha1.swift, FoundationInputStreamExtension.swift, FoundationOutputStreamExtension.swift (in target 'SwiftBncsLib' from project 'SwiftBncsLib')
SwiftCompile normal arm64 Compiling\ BncsEnumerations.swift,\ BncsStructures.swift,\ BnftpRequestComposer.swift /Users/admin/builder/spi-builder-workspace/Sources/SwiftBncsLib/BncsEnumerations.swift /Users/admin/builder/spi-builder-workspace/Sources/SwiftBncsLib/BncsStructures.swift /Users/admin/builder/spi-builder-workspace/Sources/SwiftBncsLib/BnftpRequestComposer.swift (in target 'SwiftBncsLib' from project 'SwiftBncsLib')
SwiftCompile normal arm64 /Users/admin/builder/spi-builder-workspace/Sources/SwiftBncsLib/BncsEnumerations.swift (in target 'SwiftBncsLib' from project 'SwiftBncsLib')
cd /Users/admin/builder/spi-builder-workspace/.swiftpm/xcode
builtin-SwiftPerFileCompile BncsEnumerations.swift
SwiftCompile normal arm64 /Users/admin/builder/spi-builder-workspace/Sources/SwiftBncsLib/BncsStructures.swift (in target 'SwiftBncsLib' from project 'SwiftBncsLib')
cd /Users/admin/builder/spi-builder-workspace/.swiftpm/xcode
builtin-SwiftPerFileCompile BncsStructures.swift
SwiftCompile normal arm64 /Users/admin/builder/spi-builder-workspace/Sources/SwiftBncsLib/BnftpRequestComposer.swift (in target 'SwiftBncsLib' from project 'SwiftBncsLib')
cd /Users/admin/builder/spi-builder-workspace/.swiftpm/xcode
builtin-SwiftPerFileCompile BnftpRequestComposer.swift
SwiftDriverJobDiscovery normal arm64_32 Compiling FoundationDataXSha1.swift, FoundationInputStreamExtension.swift, FoundationOutputStreamExtension.swift (in target 'SwiftBncsLib' from project 'SwiftBncsLib')
SwiftCompile normal arm64 Compiling\ BncsMessageComposer.swift,\ BncsMessageConsumer.swift /Users/admin/builder/spi-builder-workspace/Sources/SwiftBncsLib/Messaging/BncsMessageComposer.swift /Users/admin/builder/spi-builder-workspace/Sources/SwiftBncsLib/Messaging/BncsMessageConsumer.swift (in target 'SwiftBncsLib' from project 'SwiftBncsLib')
SwiftCompile normal arm64 /Users/admin/builder/spi-builder-workspace/Sources/SwiftBncsLib/Messaging/BncsMessageComposer.swift (in target 'SwiftBncsLib' from project 'SwiftBncsLib')
cd /Users/admin/builder/spi-builder-workspace/.swiftpm/xcode
builtin-SwiftPerFileCompile BncsMessageComposer.swift
SwiftCompile normal arm64 /Users/admin/builder/spi-builder-workspace/Sources/SwiftBncsLib/Messaging/BncsMessageConsumer.swift (in target 'SwiftBncsLib' from project 'SwiftBncsLib')
cd /Users/admin/builder/spi-builder-workspace/.swiftpm/xcode
builtin-SwiftPerFileCompile BncsMessageConsumer.swift
SwiftDriverJobDiscovery normal arm64 Compiling AES.Cryptors.swift, AES.swift, Array+Extension.swift, Array+Extensions.swift, Authenticator.swift, BatchedCollection.swift, Bit.swift (in target 'CryptoSwift' from project 'CryptoSwift')
SwiftCompile normal arm64 Compiling\ BnlsMessage.swift,\ BnlsMessageComposer.swift /Users/admin/builder/spi-builder-workspace/Sources/SwiftBncsLib/Messaging/BnlsMessage.swift /Users/admin/builder/spi-builder-workspace/Sources/SwiftBncsLib/Messaging/BnlsMessageComposer.swift (in target 'SwiftBncsLib' from project 'SwiftBncsLib')
SwiftCompile normal arm64 /Users/admin/builder/spi-builder-workspace/Sources/SwiftBncsLib/Messaging/BnlsMessage.swift (in target 'SwiftBncsLib' from project 'SwiftBncsLib')
cd /Users/admin/builder/spi-builder-workspace/.swiftpm/xcode
builtin-SwiftPerFileCompile BnlsMessage.swift
SwiftCompile normal arm64 /Users/admin/builder/spi-builder-workspace/Sources/SwiftBncsLib/Messaging/BnlsMessageComposer.swift (in target 'SwiftBncsLib' from project 'SwiftBncsLib')
cd /Users/admin/builder/spi-builder-workspace/.swiftpm/xcode
builtin-SwiftPerFileCompile BnlsMessageComposer.swift
SwiftDriverJobDiscovery normal arm64_32 Compiling BnlsMessageConsumer.swift, Message.swift (in target 'SwiftBncsLib' from project 'SwiftBncsLib')
SwiftCompile normal arm64 Compiling\ BnftpResponseConsumer.swift,\ BnlsEnumerations.swift,\ CdKeyDecode.swift /Users/admin/builder/spi-builder-workspace/Sources/SwiftBncsLib/BnftpResponseConsumer.swift /Users/admin/builder/spi-builder-workspace/Sources/SwiftBncsLib/BnlsEnumerations.swift /Users/admin/builder/spi-builder-workspace/Sources/SwiftBncsLib/CdKeyDecode.swift (in target 'SwiftBncsLib' from project 'SwiftBncsLib')
SwiftCompile normal arm64 /Users/admin/builder/spi-builder-workspace/Sources/SwiftBncsLib/BnftpResponseConsumer.swift (in target 'SwiftBncsLib' from project 'SwiftBncsLib')
cd /Users/admin/builder/spi-builder-workspace/.swiftpm/xcode
builtin-SwiftPerFileCompile BnftpResponseConsumer.swift
SwiftCompile normal arm64 /Users/admin/builder/spi-builder-workspace/Sources/SwiftBncsLib/BnlsEnumerations.swift (in target 'SwiftBncsLib' from project 'SwiftBncsLib')
cd /Users/admin/builder/spi-builder-workspace/.swiftpm/xcode
builtin-SwiftPerFileCompile BnlsEnumerations.swift
SwiftCompile normal arm64 /Users/admin/builder/spi-builder-workspace/Sources/SwiftBncsLib/CdKeyDecode.swift (in target 'SwiftBncsLib' from project 'SwiftBncsLib')
cd /Users/admin/builder/spi-builder-workspace/.swiftpm/xcode
builtin-SwiftPerFileCompile CdKeyDecode.swift
SwiftDriverJobDiscovery normal arm64_32 Compiling BnftpResponseConsumer.swift, BnlsEnumerations.swift, CdKeyDecode.swift (in target 'SwiftBncsLib' from project 'SwiftBncsLib')
SwiftCompile normal arm64 Compiling\ FourCC.swift,\ IntUtil.swift,\ BncsMessage.swift /Users/admin/builder/spi-builder-workspace/Sources/SwiftBncsLib/FourCC.swift /Users/admin/builder/spi-builder-workspace/Sources/SwiftBncsLib/IntUtil.swift /Users/admin/builder/spi-builder-workspace/Sources/SwiftBncsLib/Messaging/BncsMessage.swift (in target 'SwiftBncsLib' from project 'SwiftBncsLib')
SwiftCompile normal arm64 /Users/admin/builder/spi-builder-workspace/Sources/SwiftBncsLib/FourCC.swift (in target 'SwiftBncsLib' from project 'SwiftBncsLib')
cd /Users/admin/builder/spi-builder-workspace/.swiftpm/xcode
builtin-SwiftPerFileCompile FourCC.swift
SwiftCompile normal arm64 /Users/admin/builder/spi-builder-workspace/Sources/SwiftBncsLib/IntUtil.swift (in target 'SwiftBncsLib' from project 'SwiftBncsLib')
cd /Users/admin/builder/spi-builder-workspace/.swiftpm/xcode
builtin-SwiftPerFileCompile IntUtil.swift
SwiftCompile normal arm64 /Users/admin/builder/spi-builder-workspace/Sources/SwiftBncsLib/Messaging/BncsMessage.swift (in target 'SwiftBncsLib' from project 'SwiftBncsLib')
cd /Users/admin/builder/spi-builder-workspace/.swiftpm/xcode
builtin-SwiftPerFileCompile BncsMessage.swift
SwiftDriverJobDiscovery normal arm64 Compiling BncsMessageComposer.swift, BncsMessageConsumer.swift (in target 'SwiftBncsLib' from project 'SwiftBncsLib')
SwiftDriverJobDiscovery normal arm64_32 Compiling BnlsMessage.swift, BnlsMessageComposer.swift (in target 'SwiftBncsLib' from project 'SwiftBncsLib')
SwiftDriver\ Compilation CryptoSwift normal arm64_32 com.apple.xcode.tools.swift.compiler (in target 'CryptoSwift' from project 'CryptoSwift')
cd /Users/admin/builder/spi-builder-workspace/.swiftpm/xcode
builtin-Swift-Compilation -- /Applications/Xcode-27.0.0-Release.Candidate.app/Contents/Developer/Toolchains/XcodeDefault.xctoolchain/usr/bin/swiftc -parse-as-library -module-name CryptoSwift -Onone @/Users/admin/builder/spi-builder-workspace/.derivedData/Build/Intermediates.noindex/CryptoSwift.build/Debug-watchos/CryptoSwift-t.build/Objects-normal/arm64_32/CryptoSwift.SwiftFileList -DSWIFT_PACKAGE -DDEBUG -DSWIFT_MODULE_RESOURCE_BUNDLE_UNAVAILABLE -DXcode -plugin-path /Applications/Xcode-27.0.0-Release.Candidate.app/Contents/Developer/Toolchains/XcodeDefault.xctoolchain/usr/lib/swift/host/plugins/testing -enable-experimental-feature DebugDescriptionMacro -sdk /Applications/Xcode-27.0.0-Release.Candidate.app/Contents/Developer/Platforms/WatchOS.platform/Developer/SDKs/WatchOS27.0.sdk -target arm64_32-apple-watchos9.0 -g -module-cache-path /Users/admin/builder/spi-builder-workspace/.derivedData/ModuleCache.noindex -Xfrontend -serialize-debugging-options -profile-coverage-mapping -profile-generate -enable-testing -suppress-warnings -index-store-path /Users/admin/builder/spi-builder-workspace/.derivedData/Index.noindex/DataStore -Xcc -D_LIBCPP_HARDENING_MODE\=_LIBCPP_HARDENING_MODE_DEBUG -swift-version 4 -I /Users/admin/builder/spi-builder-workspace/.derivedData/Build/Products/Debug-watchos -Isystem /Applications/Xcode-27.0.0-Release.Candidate.app/Contents/Developer/Platforms/WatchOS.platform/Developer/usr/lib -F /Users/admin/builder/spi-builder-workspace/.derivedData/Build/Products/Debug-watchos -F /Applications/Xcode-27.0.0-Release.Candidate.app/Contents/Developer/Platforms/WatchOS.platform/Developer/Library/Frameworks -F /Applications/Xcode-27.0.0-Release.Candidate.app/Contents/Developer/Platforms/WatchOS.platform/Developer/SDKs/WatchOS27.0.sdk/Developer/Library/Frameworks -c -j10 -enable-batch-mode -incremental -Xcc -ivfsstatcache -Xcc /Users/admin/builder/spi-builder-workspace/.derivedData/SDKStatCaches.noindex/watchos27.0-24R360-e829b21a6f8c9b70876ba0858053c04477534ef55a1706bf4c1112bbb242f0a2.sdkstatcache -output-file-map /Users/admin/builder/spi-builder-workspace/.derivedData/Build/Intermediates.noindex/CryptoSwift.build/Debug-watchos/CryptoSwift-t.build/Objects-normal/arm64_32/CryptoSwift-OutputFileMap.json -save-temps -no-color-diagnostics -emit-dependencies -emit-module -emit-module-path /Users/admin/builder/spi-builder-workspace/.derivedData/Build/Intermediates.noindex/CryptoSwift.build/Debug-watchos/CryptoSwift-t.build/Objects-normal/arm64_32/CryptoSwift.swiftmodule -serialize-diagnostics -validate-clang-modules-once -clang-build-session-file /Users/admin/builder/spi-builder-workspace/.derivedData/ModuleCache.noindex/Session.modulevalidation -Xcc -fmodules-prune-interval\=86400 -Xcc -fmodules-prune-after\=345600 -emit-const-values -const-gather-protocols-list /Users/admin/builder/spi-builder-workspace/.derivedData/Build/Intermediates.noindex/CryptoSwift.build/Debug-watchos/CryptoSwift-t.build/Objects-normal/arm64_32/CryptoSwift_const_extract_protocols.json -Xcc -I/Users/admin/builder/spi-builder-workspace/.derivedData/Build/Products/Debug-watchos/include -Xcc -I/Users/admin/builder/spi-builder-workspace/.derivedData/Build/Intermediates.noindex/CryptoSwift.build/Debug-watchos/CryptoSwift-t.build/DerivedSources-normal/arm64_32 -Xcc -I/Users/admin/builder/spi-builder-workspace/.derivedData/Build/Intermediates.noindex/CryptoSwift.build/Debug-watchos/CryptoSwift-t.build/DerivedSources/arm64_32 -Xcc -I/Users/admin/builder/spi-builder-workspace/.derivedData/Build/Intermediates.noindex/CryptoSwift.build/Debug-watchos/CryptoSwift-t.build/DerivedSources -Xcc -DSWIFT_PACKAGE -Xcc -DDEBUG\=1 -emit-objc-header -emit-objc-header-path /Users/admin/builder/spi-builder-workspace/.derivedData/Build/Intermediates.noindex/CryptoSwift.build/Debug-watchos/CryptoSwift-t.build/Objects-normal/arm64_32/CryptoSwift-Swift.h -working-directory /Users/admin/builder/spi-builder-workspace/.swiftpm/xcode -experimental-emit-module-separately -disable-cmo
SwiftDriver\ Compilation CryptoSwift normal arm64 com.apple.xcode.tools.swift.compiler (in target 'CryptoSwift' from project 'CryptoSwift')
cd /Users/admin/builder/spi-builder-workspace/.swiftpm/xcode
builtin-Swift-Compilation -- /Applications/Xcode-27.0.0-Release.Candidate.app/Contents/Developer/Toolchains/XcodeDefault.xctoolchain/usr/bin/swiftc -parse-as-library -module-name CryptoSwift -Onone @/Users/admin/builder/spi-builder-workspace/.derivedData/Build/Intermediates.noindex/CryptoSwift.build/Debug-watchos/CryptoSwift-t.build/Objects-normal/arm64/CryptoSwift.SwiftFileList -DSWIFT_PACKAGE -DDEBUG -DSWIFT_MODULE_RESOURCE_BUNDLE_UNAVAILABLE -DXcode -plugin-path /Applications/Xcode-27.0.0-Release.Candidate.app/Contents/Developer/Toolchains/XcodeDefault.xctoolchain/usr/lib/swift/host/plugins/testing -enable-experimental-feature DebugDescriptionMacro -sdk /Applications/Xcode-27.0.0-Release.Candidate.app/Contents/Developer/Platforms/WatchOS.platform/Developer/SDKs/WatchOS27.0.sdk -target arm64-apple-watchos9.0 -g -module-cache-path /Users/admin/builder/spi-builder-workspace/.derivedData/ModuleCache.noindex -Xfrontend -serialize-debugging-options -profile-coverage-mapping -profile-generate -enable-testing -suppress-warnings -index-store-path /Users/admin/builder/spi-builder-workspace/.derivedData/Index.noindex/DataStore -Xcc -D_LIBCPP_HARDENING_MODE\=_LIBCPP_HARDENING_MODE_DEBUG -swift-version 4 -I /Users/admin/builder/spi-builder-workspace/.derivedData/Build/Products/Debug-watchos -Isystem /Applications/Xcode-27.0.0-Release.Candidate.app/Contents/Developer/Platforms/WatchOS.platform/Developer/usr/lib -F /Users/admin/builder/spi-builder-workspace/.derivedData/Build/Products/Debug-watchos -F /Applications/Xcode-27.0.0-Release.Candidate.app/Contents/Developer/Platforms/WatchOS.platform/Developer/Library/Frameworks -F /Applications/Xcode-27.0.0-Release.Candidate.app/Contents/Developer/Platforms/WatchOS.platform/Developer/SDKs/WatchOS27.0.sdk/Developer/Library/Frameworks -c -j10 -enable-batch-mode -incremental -Xcc -ivfsstatcache -Xcc /Users/admin/builder/spi-builder-workspace/.derivedData/SDKStatCaches.noindex/watchos27.0-24R360-e829b21a6f8c9b70876ba0858053c04477534ef55a1706bf4c1112bbb242f0a2.sdkstatcache -output-file-map /Users/admin/builder/spi-builder-workspace/.derivedData/Build/Intermediates.noindex/CryptoSwift.build/Debug-watchos/CryptoSwift-t.build/Objects-normal/arm64/CryptoSwift-OutputFileMap.json -save-temps -no-color-diagnostics -emit-dependencies -emit-module -emit-module-path /Users/admin/builder/spi-builder-workspace/.derivedData/Build/Intermediates.noindex/CryptoSwift.build/Debug-watchos/CryptoSwift-t.build/Objects-normal/arm64/CryptoSwift.swiftmodule -serialize-diagnostics -validate-clang-modules-once -clang-build-session-file /Users/admin/builder/spi-builder-workspace/.derivedData/ModuleCache.noindex/Session.modulevalidation -Xcc -fmodules-prune-interval\=86400 -Xcc -fmodules-prune-after\=345600 -emit-const-values -const-gather-protocols-list /Users/admin/builder/spi-builder-workspace/.derivedData/Build/Intermediates.noindex/CryptoSwift.build/Debug-watchos/CryptoSwift-t.build/Objects-normal/arm64/CryptoSwift_const_extract_protocols.json -Xcc -I/Users/admin/builder/spi-builder-workspace/.derivedData/Build/Products/Debug-watchos/include -Xcc -I/Users/admin/builder/spi-builder-workspace/.derivedData/Build/Intermediates.noindex/CryptoSwift.build/Debug-watchos/CryptoSwift-t.build/DerivedSources-normal/arm64 -Xcc -I/Users/admin/builder/spi-builder-workspace/.derivedData/Build/Intermediates.noindex/CryptoSwift.build/Debug-watchos/CryptoSwift-t.build/DerivedSources/arm64 -Xcc -I/Users/admin/builder/spi-builder-workspace/.derivedData/Build/Intermediates.noindex/CryptoSwift.build/Debug-watchos/CryptoSwift-t.build/DerivedSources -Xcc -DSWIFT_PACKAGE -Xcc -DDEBUG\=1 -emit-objc-header -emit-objc-header-path /Users/admin/builder/spi-builder-workspace/.derivedData/Build/Intermediates.noindex/CryptoSwift.build/Debug-watchos/CryptoSwift-t.build/Objects-normal/arm64/CryptoSwift-Swift.h -working-directory /Users/admin/builder/spi-builder-workspace/.swiftpm/xcode -experimental-emit-module-separately -disable-cmo
Ld /Users/admin/builder/spi-builder-workspace/.derivedData/Build/Intermediates.noindex/CryptoSwift.build/Debug-watchos/CryptoSwift-t.build/Objects-normal/arm64_32/Binary/CryptoSwift.o normal arm64_32 (in target 'CryptoSwift' from project 'CryptoSwift')
cd /Users/admin/builder/spi-builder-workspace/.dependencies/checkouts/CryptoSwift
/Applications/Xcode-27.0.0-Release.Candidate.app/Contents/Developer/Toolchains/XcodeDefault.xctoolchain/usr/bin/clang -Xlinker -reproducible -target arm64_32-apple-watchos9.0 -r -isysroot /Applications/Xcode-27.0.0-Release.Candidate.app/Contents/Developer/Platforms/WatchOS.platform/Developer/SDKs/WatchOS27.0.sdk -O0 -w -Xlinker -no_warn_duplicate_libraries -F/Users/admin/builder/spi-builder-workspace/.derivedData/Build/Intermediates.noindex/EagerLinkingTBDs/Debug-watchos -F/Users/admin/builder/spi-builder-workspace/.derivedData/Build/Products/Debug-watchos -iframework /Applications/Xcode-27.0.0-Release.Candidate.app/Contents/Developer/Platforms/WatchOS.platform/Developer/Library/Frameworks -iframework /Applications/Xcode-27.0.0-Release.Candidate.app/Contents/Developer/Platforms/WatchOS.platform/Developer/SDKs/WatchOS27.0.sdk/Developer/Library/Frameworks -filelist /Users/admin/builder/spi-builder-workspace/.derivedData/Build/Intermediates.noindex/CryptoSwift.build/Debug-watchos/CryptoSwift-t.build/Objects-normal/arm64_32/CryptoSwift.LinkFileList -nostdlib -Xlinker -object_path_lto -Xlinker /Users/admin/builder/spi-builder-workspace/.derivedData/Build/Intermediates.noindex/CryptoSwift.build/Debug-watchos/CryptoSwift-t.build/Objects-normal/arm64_32/CryptoSwift_lto.o -Xlinker -no_deduplicate -Xlinker -debug_variant -Xlinker -dependency_info -Xlinker /Users/admin/builder/spi-builder-workspace/.derivedData/Build/Intermediates.noindex/CryptoSwift.build/Debug-watchos/CryptoSwift-t.build/Objects-normal/arm64_32/CryptoSwift_dependency_info.dat -fobjc-link-runtime -L/Applications/Xcode-27.0.0-Release.Candidate.app/Contents/Developer/Toolchains/XcodeDefault.xctoolchain/usr/lib/swift/watchos -L/usr/lib/swift -Xlinker -add_ast_path -Xlinker /Users/admin/builder/spi-builder-workspace/.derivedData/Build/Intermediates.noindex/CryptoSwift.build/Debug-watchos/CryptoSwift-t.build/Objects-normal/arm64_32/CryptoSwift.swiftmodule -o /Users/admin/builder/spi-builder-workspace/.derivedData/Build/Intermediates.noindex/CryptoSwift.build/Debug-watchos/CryptoSwift-t.build/Objects-normal/arm64_32/Binary/CryptoSwift.o
Ld /Users/admin/builder/spi-builder-workspace/.derivedData/Build/Intermediates.noindex/CryptoSwift.build/Debug-watchos/CryptoSwift-t.build/Objects-normal/arm64/Binary/CryptoSwift.o normal arm64 (in target 'CryptoSwift' from project 'CryptoSwift')
cd /Users/admin/builder/spi-builder-workspace/.dependencies/checkouts/CryptoSwift
/Applications/Xcode-27.0.0-Release.Candidate.app/Contents/Developer/Toolchains/XcodeDefault.xctoolchain/usr/bin/clang -Xlinker -reproducible -target arm64-apple-watchos9.0 -r -isysroot /Applications/Xcode-27.0.0-Release.Candidate.app/Contents/Developer/Platforms/WatchOS.platform/Developer/SDKs/WatchOS27.0.sdk -O0 -w -Xlinker -no_warn_duplicate_libraries -F/Users/admin/builder/spi-builder-workspace/.derivedData/Build/Intermediates.noindex/EagerLinkingTBDs/Debug-watchos -F/Users/admin/builder/spi-builder-workspace/.derivedData/Build/Products/Debug-watchos -iframework /Applications/Xcode-27.0.0-Release.Candidate.app/Contents/Developer/Platforms/WatchOS.platform/Developer/Library/Frameworks -iframework /Applications/Xcode-27.0.0-Release.Candidate.app/Contents/Developer/Platforms/WatchOS.platform/Developer/SDKs/WatchOS27.0.sdk/Developer/Library/Frameworks -filelist /Users/admin/builder/spi-builder-workspace/.derivedData/Build/Intermediates.noindex/CryptoSwift.build/Debug-watchos/CryptoSwift-t.build/Objects-normal/arm64/CryptoSwift.LinkFileList -nostdlib -Xlinker -object_path_lto -Xlinker /Users/admin/builder/spi-builder-workspace/.derivedData/Build/Intermediates.noindex/CryptoSwift.build/Debug-watchos/CryptoSwift-t.build/Objects-normal/arm64/CryptoSwift_lto.o -Xlinker -no_deduplicate -Xlinker -debug_variant -Xlinker -dependency_info -Xlinker /Users/admin/builder/spi-builder-workspace/.derivedData/Build/Intermediates.noindex/CryptoSwift.build/Debug-watchos/CryptoSwift-t.build/Objects-normal/arm64/CryptoSwift_dependency_info.dat -fobjc-link-runtime -L/Applications/Xcode-27.0.0-Release.Candidate.app/Contents/Developer/Toolchains/XcodeDefault.xctoolchain/usr/lib/swift/watchos -L/usr/lib/swift -Xlinker -add_ast_path -Xlinker /Users/admin/builder/spi-builder-workspace/.derivedData/Build/Intermediates.noindex/CryptoSwift.build/Debug-watchos/CryptoSwift-t.build/Objects-normal/arm64/CryptoSwift.swiftmodule -o /Users/admin/builder/spi-builder-workspace/.derivedData/Build/Intermediates.noindex/CryptoSwift.build/Debug-watchos/CryptoSwift-t.build/Objects-normal/arm64/Binary/CryptoSwift.o
SwiftDriverJobDiscovery normal arm64 Compiling BncsEnumerations.swift, BncsStructures.swift, BnftpRequestComposer.swift (in target 'SwiftBncsLib' from project 'SwiftBncsLib')
CreateUniversalBinary /Users/admin/builder/spi-builder-workspace/.derivedData/Build/Products/Debug-watchos/CryptoSwift.o normal arm64\ arm64_32 (in target 'CryptoSwift' from project 'CryptoSwift')
cd /Users/admin/builder/spi-builder-workspace/.dependencies/checkouts/CryptoSwift
/Applications/Xcode-27.0.0-Release.Candidate.app/Contents/Developer/Toolchains/XcodeDefault.xctoolchain/usr/bin/lipo -create /Users/admin/builder/spi-builder-workspace/.derivedData/Build/Intermediates.noindex/CryptoSwift.build/Debug-watchos/CryptoSwift-t.build/Objects-normal/arm64/Binary/CryptoSwift.o /Users/admin/builder/spi-builder-workspace/.derivedData/Build/Intermediates.noindex/CryptoSwift.build/Debug-watchos/CryptoSwift-t.build/Objects-normal/arm64_32/Binary/CryptoSwift.o -output /Users/admin/builder/spi-builder-workspace/.derivedData/Build/Products/Debug-watchos/CryptoSwift.o
ExtractAppIntentsMetadata (in target 'NIOPriorityQueue' from project 'swift-nio')
cd /Users/admin/builder/spi-builder-workspace/.dependencies/checkouts/swift-nio
/Applications/Xcode-27.0.0-Release.Candidate.app/Contents/Developer/Toolchains/XcodeDefault.xctoolchain/usr/bin/appintentsmetadataprocessor --toolchain-dir /var/run/com.apple.security.cryptexd/mnt/com.apple.MobileAsset.MetalToolchain-v27.1.266.1.kupayP/Metal.xctoolchain --module-name NIOPriorityQueue --sdk-root /Applications/Xcode-27.0.0-Release.Candidate.app/Contents/Developer/Platforms/WatchOS.platform/Developer/SDKs/WatchOS27.0.sdk --xcode-version 27A266a --platform-family watchOS --deployment-target 9.0 --bundle-identifier swift-nio.NIOPriorityQueue --output /Users/admin/builder/spi-builder-workspace/.derivedData/Build/Products/Debug-watchos/NIOPriorityQueue.appintents --target-triple arm64-apple-watchos9.0 --target-triple arm64_32-apple-watchos9.0 --binary-file /Users/admin/builder/spi-builder-workspace/.derivedData/Build/Products/Debug-watchos/NIOPriorityQueue.o --dependency-file /Users/admin/builder/spi-builder-workspace/.derivedData/Build/Intermediates.noindex/swift-nio.build/Debug-watchos/NIOPriorityQueue-t.build/Objects-normal/arm64/NIOPriorityQueue_dependency_info.dat --dependency-file /Users/admin/builder/spi-builder-workspace/.derivedData/Build/Intermediates.noindex/swift-nio.build/Debug-watchos/NIOPriorityQueue-t.build/Objects-normal/arm64_32/NIOPriorityQueue_dependency_info.dat --stringsdata-file /Users/admin/builder/spi-builder-workspace/.derivedData/Build/Intermediates.noindex/swift-nio.build/Debug-watchos/NIOPriorityQueue-t.build/Objects-normal/arm64/ExtractedAppShortcutsMetadata.stringsdata --stringsdata-file /Users/admin/builder/spi-builder-workspace/.derivedData/Build/Intermediates.noindex/swift-nio.build/Debug-watchos/NIOPriorityQueue-t.build/Objects-normal/arm64_32/ExtractedAppShortcutsMetadata.stringsdata --source-file-list /Users/admin/builder/spi-builder-workspace/.derivedData/Build/Intermediates.noindex/swift-nio.build/Debug-watchos/NIOPriorityQueue-t.build/Objects-normal/arm64/NIOPriorityQueue.SwiftFileList --source-file-list /Users/admin/builder/spi-builder-workspace/.derivedData/Build/Intermediates.noindex/swift-nio.build/Debug-watchos/NIOPriorityQueue-t.build/Objects-normal/arm64_32/NIOPriorityQueue.SwiftFileList --metadata-file-list /Users/admin/builder/spi-builder-workspace/.derivedData/Build/Intermediates.noindex/swift-nio.build/Debug-watchos/NIOPriorityQueue-t.build/NIOPriorityQueue.DependencyMetadataFileList --static-metadata-file-list /Users/admin/builder/spi-builder-workspace/.derivedData/Build/Intermediates.noindex/swift-nio.build/Debug-watchos/NIOPriorityQueue-t.build/NIOPriorityQueue.DependencyStaticMetadataFileList --swift-const-vals-list /Users/admin/builder/spi-builder-workspace/.derivedData/Build/Intermediates.noindex/swift-nio.build/Debug-watchos/NIOPriorityQueue-t.build/Objects-normal/arm64/NIOPriorityQueue.SwiftConstValuesFileList --swift-const-vals-list /Users/admin/builder/spi-builder-workspace/.derivedData/Build/Intermediates.noindex/swift-nio.build/Debug-watchos/NIOPriorityQueue-t.build/Objects-normal/arm64_32/NIOPriorityQueue.SwiftConstValuesFileList --force --compile-time-extraction --deployment-aware-processing --no-app-shortcuts-localization
ExtractAppIntentsMetadata (in target 'CryptoSwift' from project 'CryptoSwift')
cd /Users/admin/builder/spi-builder-workspace/.dependencies/checkouts/CryptoSwift
/Applications/Xcode-27.0.0-Release.Candidate.app/Contents/Developer/Toolchains/XcodeDefault.xctoolchain/usr/bin/appintentsmetadataprocessor --toolchain-dir /var/run/com.apple.security.cryptexd/mnt/com.apple.MobileAsset.MetalToolchain-v27.1.266.1.kupayP/Metal.xctoolchain --module-name CryptoSwift --sdk-root /Applications/Xcode-27.0.0-Release.Candidate.app/Contents/Developer/Platforms/WatchOS.platform/Developer/SDKs/WatchOS27.0.sdk --xcode-version 27A266a --platform-family watchOS --deployment-target 9.0 --bundle-identifier cryptoswift.CryptoSwift --output /Users/admin/builder/spi-builder-workspace/.derivedData/Build/Products/Debug-watchos/CryptoSwift.appintents --target-triple arm64-apple-watchos9.0 --target-triple arm64_32-apple-watchos9.0 --binary-file /Users/admin/builder/spi-builder-workspace/.derivedData/Build/Products/Debug-watchos/CryptoSwift.o --dependency-file /Users/admin/builder/spi-builder-workspace/.derivedData/Build/Intermediates.noindex/CryptoSwift.build/Debug-watchos/CryptoSwift-t.build/Objects-normal/arm64/CryptoSwift_dependency_info.dat --dependency-file /Users/admin/builder/spi-builder-workspace/.derivedData/Build/Intermediates.noindex/CryptoSwift.build/Debug-watchos/CryptoSwift-t.build/Objects-normal/arm64_32/CryptoSwift_dependency_info.dat --stringsdata-file /Users/admin/builder/spi-builder-workspace/.derivedData/Build/Intermediates.noindex/CryptoSwift.build/Debug-watchos/CryptoSwift-t.build/Objects-normal/arm64/ExtractedAppShortcutsMetadata.stringsdata --stringsdata-file /Users/admin/builder/spi-builder-workspace/.derivedData/Build/Intermediates.noindex/CryptoSwift.build/Debug-watchos/CryptoSwift-t.build/Objects-normal/arm64_32/ExtractedAppShortcutsMetadata.stringsdata --source-file-list /Users/admin/builder/spi-builder-workspace/.derivedData/Build/Intermediates.noindex/CryptoSwift.build/Debug-watchos/CryptoSwift-t.build/Objects-normal/arm64/CryptoSwift.SwiftFileList --source-file-list /Users/admin/builder/spi-builder-workspace/.derivedData/Build/Intermediates.noindex/CryptoSwift.build/Debug-watchos/CryptoSwift-t.build/Objects-normal/arm64_32/CryptoSwift.SwiftFileList --metadata-file-list /Users/admin/builder/spi-builder-workspace/.derivedData/Build/Intermediates.noindex/CryptoSwift.build/Debug-watchos/CryptoSwift-t.build/CryptoSwift.DependencyMetadataFileList --static-metadata-file-list /Users/admin/builder/spi-builder-workspace/.derivedData/Build/Intermediates.noindex/CryptoSwift.build/Debug-watchos/CryptoSwift-t.build/CryptoSwift.DependencyStaticMetadataFileList --swift-const-vals-list /Users/admin/builder/spi-builder-workspace/.derivedData/Build/Intermediates.noindex/CryptoSwift.build/Debug-watchos/CryptoSwift-t.build/Objects-normal/arm64/CryptoSwift.SwiftConstValuesFileList --swift-const-vals-list /Users/admin/builder/spi-builder-workspace/.derivedData/Build/Intermediates.noindex/CryptoSwift.build/Debug-watchos/CryptoSwift-t.build/Objects-normal/arm64_32/CryptoSwift.SwiftConstValuesFileList --force --compile-time-extraction --deployment-aware-processing --no-app-shortcuts-localization
SwiftDriverJobDiscovery normal arm64 Compiling BnlsMessage.swift, BnlsMessageComposer.swift (in target 'SwiftBncsLib' from project 'SwiftBncsLib')
PruneExplicitPrecompiledModules /Users/admin/builder/spi-builder-workspace/.derivedData/SDKExplicitPrecompiledModules
PruneExplicitPrecompiledModules /Users/admin/builder/spi-builder-workspace/.derivedData/Build/Intermediates.noindex/ExplicitPrecompiledModules
PruneExplicitPrecompiledModules /Users/admin/builder/spi-builder-workspace/.derivedData/Build/Intermediates.noindex/SwiftExplicitPrecompiledModules
2026-09-16 15:17:51.716 xcodebuild[760:4736] [MT] IDERunDestination: Supported platforms for the buildables in the current scheme is empty.
** BUILD FAILED **
The following build commands failed:
SwiftCompile normal arm64_32 Compiling\ MpqReader.swift,\ PortableExecutableUtil.swift /Users/admin/builder/spi-builder-workspace/Sources/SwiftBncsLib/MpqReader.swift /Users/admin/builder/spi-builder-workspace/Sources/SwiftBncsLib/PortableExecutableUtil.swift (in target 'SwiftBncsLib' from project 'SwiftBncsLib')
SwiftCompile normal arm64_32 /Users/admin/builder/spi-builder-workspace/Sources/SwiftBncsLib/PortableExecutableUtil.swift (in target 'SwiftBncsLib' from project 'SwiftBncsLib')
Building workspace SwiftBncsLib with scheme SwiftBncsLib-Package
(3 failures)
Command line invocation:
/Applications/Xcode-27.0.0-Release.Candidate.app/Contents/Developer/usr/bin/xcodebuild -IDEClonedSourcePackagesDirPathOverride=/Users/admin/builder/spi-builder-workspace/.dependencies -resolvePackageDependencies
Resolve Package Graph
ignoring declared target(s) 'swift-nio-zlib-support' in the system packagecouldn't find pc file for zlib
Resolved source packages:
swift-nio-zlib-support: https://github.com/apple/swift-nio-zlib-support.git @ 1.0.0
swift-nio: https://github.com/apple/swift-nio.git @ 1.14.4
CryptoSwift: https://github.com/krzyzanowskim/CryptoSwift.git @ 0.8.3
SwiftBncsLib: /Users/admin/builder/spi-builder-workspace
resolved source packages: swift-nio-zlib-support, swift-nio, CryptoSwift, SwiftBncsLib
2026-09-16 15:18:00.043 xcodebuild[925:5631] [MT] IDERunDestination: Supported platforms for the buildables in the current scheme is empty.
{
"dependencies" : [
{
"identity" : "swift-nio",
"requirement" : {
"range" : [
{
"lower_bound" : "1.0.0",
"upper_bound" : "2.0.0"
}
]
},
"type" : "sourceControl",
"url" : "https://github.com/apple/swift-nio.git"
},
{
"identity" : "cryptoswift",
"requirement" : {
"range" : [
{
"lower_bound" : "0.8.0",
"upper_bound" : "0.9.0"
}
]
},
"type" : "sourceControl",
"url" : "https://github.com/krzyzanowskim/CryptoSwift.git"
}
],
"manifest_display_name" : "SwiftBncsLib",
"name" : "SwiftBncsLib",
"path" : "/Users/admin/builder/spi-builder-workspace",
"platforms" : [
],
"products" : [
{
"name" : "SwiftBncsClient",
"targets" : [
"SwiftBncsClient"
],
"type" : {
"executable" : null
}
},
{
"name" : "SwiftBnls",
"targets" : [
"SwiftBnls"
],
"type" : {
"executable" : null
}
},
{
"name" : "SwiftBnftp",
"targets" : [
"SwiftBnftp"
],
"type" : {
"executable" : null
}
},
{
"name" : "SwiftBncsNIO",
"targets" : [
"SwiftBncsNIO"
],
"type" : {
"library" : [
"automatic"
]
}
},
{
"name" : "SwiftBncsLib",
"targets" : [
"SwiftBncsLib"
],
"type" : {
"library" : [
"automatic"
]
}
}
],
"targets" : [
{
"c99name" : "SwiftBnls",
"module_type" : "SwiftTarget",
"name" : "SwiftBnls",
"path" : "Sources/SwiftBnls",
"product_dependencies" : [
"NIO"
],
"product_memberships" : [
"SwiftBnls"
],
"sources" : [
"BnlsHandler.swift",
"main.swift"
],
"target_dependencies" : [
"SwiftBncsLib",
"SwiftBncsNIO"
],
"type" : "executable"
},
{
"c99name" : "SwiftBnftp",
"module_type" : "SwiftTarget",
"name" : "SwiftBnftp",
"path" : "Sources/SwiftBnftp",
"product_dependencies" : [
"NIO"
],
"product_memberships" : [
"SwiftBnftp"
],
"sources" : [
"main.swift"
],
"target_dependencies" : [
"SwiftBncsLib",
"SwiftBncsNIO"
],
"type" : "executable"
},
{
"c99name" : "SwiftBncsNIO",
"module_type" : "SwiftTarget",
"name" : "SwiftBncsNIO",
"path" : "Sources/SwiftBncsNIO",
"product_dependencies" : [
"NIO"
],
"product_memberships" : [
"SwiftBncsClient",
"SwiftBnls",
"SwiftBnftp",
"SwiftBncsNIO"
],
"sources" : [
"ByteBufferToBncsMessageDecoder.swift",
"ByteBufferToBnlsMessageDecoder.swift"
],
"target_dependencies" : [
"SwiftBncsLib"
],
"type" : "library"
},
{
"c99name" : "SwiftBncsLibTests",
"module_type" : "SwiftTarget",
"name" : "SwiftBncsLibTests",
"path" : "Tests/SwiftBncsLibTests",
"sources" : [
"BnftpRequestComposerTests.swift",
"BnftpResponseConsumerTests.swift",
"CdKeyDecodeTests.swift",
"ChatChannelTests.swift",
"CheckRevisionTests.swift",
"FoundationDataExtensionTests.swift",
"FoundationDataXSha1Tests.swift",
"FourCCTests.swift",
"Messaging/BncsMessageComposerTests.swift",
"Messaging/BncsMessageConsumerTests.swift",
"Messaging/BncsMessageTests.swift",
"Messaging/BnlsMessageConsumerTests.swift",
"Messaging/BnlsMessageTests.swift",
"Messaging/MessageComposerTests.swift",
"Messaging/MessageConsumerTests.swift",
"Messaging/MessageTests.swift"
],
"target_dependencies" : [
"SwiftBncsLib"
],
"type" : "test"
},
{
"c99name" : "SwiftBncsLib",
"module_type" : "SwiftTarget",
"name" : "SwiftBncsLib",
"path" : "Sources/SwiftBncsLib",
"product_dependencies" : [
"CryptoSwift"
],
"product_memberships" : [
"SwiftBncsClient",
"SwiftBnls",
"SwiftBnftp",
"SwiftBncsNIO",
"SwiftBncsLib"
],
"sources" : [
"BncsEnumerations.swift",
"BncsStructures.swift",
"BnftpRequestComposer.swift",
"BnftpResponseConsumer.swift",
"BnlsEnumerations.swift",
"CdKeyDecode.swift",
"ChatChannel.swift",
"CheckRevision.swift",
"FoundationDataExtension.swift",
"FoundationDataXSha1.swift",
"FoundationInputStreamExtension.swift",
"FoundationOutputStreamExtension.swift",
"FourCC.swift",
"IntUtil.swift",
"Messaging/BncsMessage.swift",
"Messaging/BncsMessageComposer.swift",
"Messaging/BncsMessageConsumer.swift",
"Messaging/BnlsMessage.swift",
"Messaging/BnlsMessageComposer.swift",
"Messaging/BnlsMessageConsumer.swift",
"Messaging/Message.swift",
"Messaging/MessageComposer.swift",
"Messaging/MessageConsumer.swift",
"MpqReader.swift",
"PortableExecutableUtil.swift"
],
"type" : "library"
},
{
"c99name" : "SwiftBncsClient",
"module_type" : "SwiftTarget",
"name" : "SwiftBncsClient",
"path" : "Sources/SwiftBncsClient",
"product_dependencies" : [
"NIO"
],
"product_memberships" : [
"SwiftBncsClient"
],
"sources" : [
"BattleNetHandler.swift",
"BotInstance.swift",
"BotInstanceViewController.swift",
"PacketLogger.swift",
"main.swift"
],
"target_dependencies" : [
"SwiftBncsLib",
"SwiftBncsNIO"
],
"type" : "executable"
}
],
"tools_version" : "4.0"
}
{
"workspace" : {
"name" : "SwiftBncsLib",
"schemes" : [
"SwiftBncsClient",
"SwiftBncsLib",
"SwiftBncsLib-Package",
"SwiftBncsNIO",
"SwiftBnftp",
"SwiftBnls"
]
}
}
2026-09-16 15:18:01.471 xcodebuild[934:5696] [MT] IDERunDestination: Supported platforms for the buildables in the current scheme is empty.
Running build ...
env DEVELOPER_DIR=/Applications/Xcode-27.0.0-Release.Candidate.app xcrun xcodebuild -IDEClonedSourcePackagesDirPathOverride=$PWD/.dependencies -skipMacroValidation -skipPackagePluginValidation -derivedDataPath $PWD/.derivedData build -scheme SwiftBncsLib-Package -destination generic/platform=watchOS
Command line invocation:
/Applications/Xcode-27.0.0-Release.Candidate.app/Contents/Developer/usr/bin/xcodebuild -IDEClonedSourcePackagesDirPathOverride=/Users/admin/builder/spi-builder-workspace/.dependencies -skipMacroValidation -skipPackagePluginValidation -derivedDataPath /Users/admin/builder/spi-builder-workspace/.derivedData build -scheme SwiftBncsLib-Package -destination generic/platform=watchOS
Resolve Package Graph
ignoring declared target(s) 'swift-nio-zlib-support' in the system packagecouldn't find pc file for zlib
Resolved source packages:
swift-nio-zlib-support: https://github.com/apple/swift-nio-zlib-support.git @ 1.0.0
swift-nio: https://github.com/apple/swift-nio.git @ 1.14.4
SwiftBncsLib: /Users/admin/builder/spi-builder-workspace
CryptoSwift: https://github.com/krzyzanowskim/CryptoSwift.git @ 0.8.3
ComputePackagePrebuildTargetDependencyGraph
Prepare packages
CreateBuildRequest
SendProjectDescription
CreateBuildOperation
ComputeTargetDependencyGraph
note: Building targets in dependency order
note: Target dependency graph (18 targets)
Target 'SwiftBnftp-product' in project 'SwiftBncsLib'
➜ Explicit dependency on target 'SwiftBncsLib' in project 'SwiftBncsLib'
➜ Explicit dependency on target 'SwiftBncsNIO' in project 'SwiftBncsLib'
➜ Explicit dependency on target 'CryptoSwift-product' in project 'CryptoSwift'
➜ Explicit dependency on target 'NIO-product' in project 'swift-nio'
Target 'SwiftBnls-product' in project 'SwiftBncsLib'
➜ Explicit dependency on target 'SwiftBncsLib' in project 'SwiftBncsLib'
➜ Explicit dependency on target 'SwiftBncsNIO' in project 'SwiftBncsLib'
➜ Explicit dependency on target 'CryptoSwift-product' in project 'CryptoSwift'
➜ Explicit dependency on target 'NIO-product' in project 'swift-nio'
Target 'SwiftBncsClient-product' in project 'SwiftBncsLib'
➜ Explicit dependency on target 'SwiftBncsLib' in project 'SwiftBncsLib'
➜ Explicit dependency on target 'SwiftBncsNIO' in project 'SwiftBncsLib'
➜ Explicit dependency on target 'CryptoSwift-product' in project 'CryptoSwift'
➜ Explicit dependency on target 'NIO-product' in project 'swift-nio'
Target 'SwiftBncsLib-product' in project 'SwiftBncsLib'
➜ Explicit dependency on target 'SwiftBncsLib' in project 'SwiftBncsLib'
➜ Explicit dependency on target 'CryptoSwift-product' in project 'CryptoSwift'
Target 'SwiftBncsNIO-product' in project 'SwiftBncsLib'
➜ Explicit dependency on target 'SwiftBncsNIO' in project 'SwiftBncsLib'
➜ Explicit dependency on target 'SwiftBncsLib' in project 'SwiftBncsLib'
➜ Explicit dependency on target 'CryptoSwift-product' in project 'CryptoSwift'
➜ Explicit dependency on target 'NIO-product' in project 'swift-nio'
Target 'SwiftBncsNIO' in project 'SwiftBncsLib'
➜ Explicit dependency on target 'SwiftBncsLib' in project 'SwiftBncsLib'
➜ Explicit dependency on target 'CryptoSwift-product' in project 'CryptoSwift'
➜ Explicit dependency on target 'NIO-product' in project 'swift-nio'
Target 'NIO-product' in project 'swift-nio'
➜ Explicit dependency on target 'NIO' in project 'swift-nio'
➜ Explicit dependency on target 'CNIOLinux' in project 'swift-nio'
➜ Explicit dependency on target 'CNIODarwin' in project 'swift-nio'
➜ Explicit dependency on target 'CNIOAtomics' in project 'swift-nio'
➜ Explicit dependency on target 'NIOConcurrencyHelpers' in project 'swift-nio'
➜ Explicit dependency on target 'NIOPriorityQueue' in project 'swift-nio'
➜ Explicit dependency on target 'CNIOSHA1' in project 'swift-nio'
Target 'NIO' in project 'swift-nio'
➜ Explicit dependency on target 'swift-nio-zlib-support' in project 'swift-nio-zlib-support'
➜ Explicit dependency on target 'CNIOLinux' in project 'swift-nio'
➜ Explicit dependency on target 'CNIODarwin' in project 'swift-nio'
➜ Explicit dependency on target 'CNIOAtomics' in project 'swift-nio'
➜ Explicit dependency on target 'NIOConcurrencyHelpers' in project 'swift-nio'
➜ Explicit dependency on target 'NIOPriorityQueue' in project 'swift-nio'
➜ Explicit dependency on target 'CNIOSHA1' in project 'swift-nio'
Target 'CNIOSHA1' in project 'swift-nio'
➜ Explicit dependency on target 'swift-nio-zlib-support' in project 'swift-nio-zlib-support'
Target 'NIOPriorityQueue' in project 'swift-nio'
➜ Explicit dependency on target 'swift-nio-zlib-support' in project 'swift-nio-zlib-support'
Target 'NIOConcurrencyHelpers' in project 'swift-nio'
➜ Explicit dependency on target 'swift-nio-zlib-support' in project 'swift-nio-zlib-support'
➜ Explicit dependency on target 'CNIOAtomics' in project 'swift-nio'
Target 'CNIOAtomics' in project 'swift-nio'
➜ Explicit dependency on target 'swift-nio-zlib-support' in project 'swift-nio-zlib-support'
Target 'CNIODarwin' in project 'swift-nio'
➜ Explicit dependency on target 'swift-nio-zlib-support' in project 'swift-nio-zlib-support'
Target 'CNIOLinux' in project 'swift-nio'
➜ Explicit dependency on target 'swift-nio-zlib-support' in project 'swift-nio-zlib-support'
Target 'swift-nio-zlib-support' in project 'swift-nio-zlib-support' (no dependencies)
Target 'SwiftBncsLib' in project 'SwiftBncsLib'
➜ Explicit dependency on target 'CryptoSwift-product' in project 'CryptoSwift'
Target 'CryptoSwift-product' in project 'CryptoSwift'
➜ Explicit dependency on target 'CryptoSwift' in project 'CryptoSwift'
Target 'CryptoSwift' in project 'CryptoSwift' (no dependencies)
GatherProvisioningInputs
CreateBuildDescription
ClangStatCache /Applications/Xcode-27.0.0-Release.Candidate.app/Contents/Developer/Toolchains/XcodeDefault.xctoolchain/usr/bin/clang-stat-cache /Applications/Xcode-27.0.0-Release.Candidate.app/Contents/Developer/Platforms/WatchOS.platform/Developer/SDKs/WatchOS27.0.sdk /Users/admin/builder/spi-builder-workspace/.derivedData/SDKStatCaches.noindex/watchos27.0-24R360-e829b21a6f8c9b70876ba0858053c04477534ef55a1706bf4c1112bbb242f0a2.sdkstatcache
cd /Users/admin/builder/spi-builder-workspace/.swiftpm/xcode
/Applications/Xcode-27.0.0-Release.Candidate.app/Contents/Developer/Toolchains/XcodeDefault.xctoolchain/usr/bin/clang-stat-cache /Applications/Xcode-27.0.0-Release.Candidate.app/Contents/Developer/Platforms/WatchOS.platform/Developer/SDKs/WatchOS27.0.sdk -o /Users/admin/builder/spi-builder-workspace/.derivedData/SDKStatCaches.noindex/watchos27.0-24R360-e829b21a6f8c9b70876ba0858053c04477534ef55a1706bf4c1112bbb242f0a2.sdkstatcache
ExtractAppIntentsMetadata (in target 'CryptoSwift' from project 'CryptoSwift')
cd /Users/admin/builder/spi-builder-workspace/.dependencies/checkouts/CryptoSwift
/Applications/Xcode-27.0.0-Release.Candidate.app/Contents/Developer/Toolchains/XcodeDefault.xctoolchain/usr/bin/appintentsmetadataprocessor --toolchain-dir /var/run/com.apple.security.cryptexd/mnt/com.apple.MobileAsset.MetalToolchain-v27.1.266.1.kupayP/Metal.xctoolchain --module-name CryptoSwift --sdk-root /Applications/Xcode-27.0.0-Release.Candidate.app/Contents/Developer/Platforms/WatchOS.platform/Developer/SDKs/WatchOS27.0.sdk --xcode-version 27A266a --platform-family watchOS --deployment-target 9.0 --bundle-identifier cryptoswift.CryptoSwift --output /Users/admin/builder/spi-builder-workspace/.derivedData/Build/Products/Debug-watchos/CryptoSwift.appintents --target-triple arm64-apple-watchos9.0 --target-triple arm64_32-apple-watchos9.0 --binary-file /Users/admin/builder/spi-builder-workspace/.derivedData/Build/Products/Debug-watchos/CryptoSwift.o --dependency-file /Users/admin/builder/spi-builder-workspace/.derivedData/Build/Intermediates.noindex/CryptoSwift.build/Debug-watchos/CryptoSwift-t.build/Objects-normal/arm64/CryptoSwift_dependency_info.dat --dependency-file /Users/admin/builder/spi-builder-workspace/.derivedData/Build/Intermediates.noindex/CryptoSwift.build/Debug-watchos/CryptoSwift-t.build/Objects-normal/arm64_32/CryptoSwift_dependency_info.dat --stringsdata-file /Users/admin/builder/spi-builder-workspace/.derivedData/Build/Intermediates.noindex/CryptoSwift.build/Debug-watchos/CryptoSwift-t.build/Objects-normal/arm64/ExtractedAppShortcutsMetadata.stringsdata --stringsdata-file /Users/admin/builder/spi-builder-workspace/.derivedData/Build/Intermediates.noindex/CryptoSwift.build/Debug-watchos/CryptoSwift-t.build/Objects-normal/arm64_32/ExtractedAppShortcutsMetadata.stringsdata --source-file-list /Users/admin/builder/spi-builder-workspace/.derivedData/Build/Intermediates.noindex/CryptoSwift.build/Debug-watchos/CryptoSwift-t.build/Objects-normal/arm64/CryptoSwift.SwiftFileList --source-file-list /Users/admin/builder/spi-builder-workspace/.derivedData/Build/Intermediates.noindex/CryptoSwift.build/Debug-watchos/CryptoSwift-t.build/Objects-normal/arm64_32/CryptoSwift.SwiftFileList --metadata-file-list /Users/admin/builder/spi-builder-workspace/.derivedData/Build/Intermediates.noindex/CryptoSwift.build/Debug-watchos/CryptoSwift-t.build/CryptoSwift.DependencyMetadataFileList --static-metadata-file-list /Users/admin/builder/spi-builder-workspace/.derivedData/Build/Intermediates.noindex/CryptoSwift.build/Debug-watchos/CryptoSwift-t.build/CryptoSwift.DependencyStaticMetadataFileList --swift-const-vals-list /Users/admin/builder/spi-builder-workspace/.derivedData/Build/Intermediates.noindex/CryptoSwift.build/Debug-watchos/CryptoSwift-t.build/Objects-normal/arm64/CryptoSwift.SwiftConstValuesFileList --swift-const-vals-list /Users/admin/builder/spi-builder-workspace/.derivedData/Build/Intermediates.noindex/CryptoSwift.build/Debug-watchos/CryptoSwift-t.build/Objects-normal/arm64_32/CryptoSwift.SwiftConstValuesFileList --force --compile-time-extraction --deployment-aware-processing --no-app-shortcuts-localization
2026-09-16 15:18:03.746 appintentsmetadataprocessor[941:5769] Starting appintentsmetadataprocessor export
2026-09-16 15:18:03.852 appintentsmetadataprocessor[941:5769] Extracted no relevant App Intents symbols, skipping writing output
ExtractAppIntentsMetadata (in target 'NIOPriorityQueue' from project 'swift-nio')
cd /Users/admin/builder/spi-builder-workspace/.dependencies/checkouts/swift-nio
/Applications/Xcode-27.0.0-Release.Candidate.app/Contents/Developer/Toolchains/XcodeDefault.xctoolchain/usr/bin/appintentsmetadataprocessor --toolchain-dir /var/run/com.apple.security.cryptexd/mnt/com.apple.MobileAsset.MetalToolchain-v27.1.266.1.kupayP/Metal.xctoolchain --module-name NIOPriorityQueue --sdk-root /Applications/Xcode-27.0.0-Release.Candidate.app/Contents/Developer/Platforms/WatchOS.platform/Developer/SDKs/WatchOS27.0.sdk --xcode-version 27A266a --platform-family watchOS --deployment-target 9.0 --bundle-identifier swift-nio.NIOPriorityQueue --output /Users/admin/builder/spi-builder-workspace/.derivedData/Build/Products/Debug-watchos/NIOPriorityQueue.appintents --target-triple arm64-apple-watchos9.0 --target-triple arm64_32-apple-watchos9.0 --binary-file /Users/admin/builder/spi-builder-workspace/.derivedData/Build/Products/Debug-watchos/NIOPriorityQueue.o --dependency-file /Users/admin/builder/spi-builder-workspace/.derivedData/Build/Intermediates.noindex/swift-nio.build/Debug-watchos/NIOPriorityQueue-t.build/Objects-normal/arm64/NIOPriorityQueue_dependency_info.dat --dependency-file /Users/admin/builder/spi-builder-workspace/.derivedData/Build/Intermediates.noindex/swift-nio.build/Debug-watchos/NIOPriorityQueue-t.build/Objects-normal/arm64_32/NIOPriorityQueue_dependency_info.dat --stringsdata-file /Users/admin/builder/spi-builder-workspace/.derivedData/Build/Intermediates.noindex/swift-nio.build/Debug-watchos/NIOPriorityQueue-t.build/Objects-normal/arm64/ExtractedAppShortcutsMetadata.stringsdata --stringsdata-file /Users/admin/builder/spi-builder-workspace/.derivedData/Build/Intermediates.noindex/swift-nio.build/Debug-watchos/NIOPriorityQueue-t.build/Objects-normal/arm64_32/ExtractedAppShortcutsMetadata.stringsdata --source-file-list /Users/admin/builder/spi-builder-workspace/.derivedData/Build/Intermediates.noindex/swift-nio.build/Debug-watchos/NIOPriorityQueue-t.build/Objects-normal/arm64/NIOPriorityQueue.SwiftFileList --source-file-list /Users/admin/builder/spi-builder-workspace/.derivedData/Build/Intermediates.noindex/swift-nio.build/Debug-watchos/NIOPriorityQueue-t.build/Objects-normal/arm64_32/NIOPriorityQueue.SwiftFileList --metadata-file-list /Users/admin/builder/spi-builder-workspace/.derivedData/Build/Intermediates.noindex/swift-nio.build/Debug-watchos/NIOPriorityQueue-t.build/NIOPriorityQueue.DependencyMetadataFileList --static-metadata-file-list /Users/admin/builder/spi-builder-workspace/.derivedData/Build/Intermediates.noindex/swift-nio.build/Debug-watchos/NIOPriorityQueue-t.build/NIOPriorityQueue.DependencyStaticMetadataFileList --swift-const-vals-list /Users/admin/builder/spi-builder-workspace/.derivedData/Build/Intermediates.noindex/swift-nio.build/Debug-watchos/NIOPriorityQueue-t.build/Objects-normal/arm64/NIOPriorityQueue.SwiftConstValuesFileList --swift-const-vals-list /Users/admin/builder/spi-builder-workspace/.derivedData/Build/Intermediates.noindex/swift-nio.build/Debug-watchos/NIOPriorityQueue-t.build/Objects-normal/arm64_32/NIOPriorityQueue.SwiftConstValuesFileList --force --compile-time-extraction --deployment-aware-processing --no-app-shortcuts-localization
2026-09-16 15:18:03.746 appintentsmetadataprocessor[940:5768] Starting appintentsmetadataprocessor export
2026-09-16 15:18:03.853 appintentsmetadataprocessor[940:5768] Extracted no relevant App Intents symbols, skipping writing output
SwiftDriver SwiftBncsLib normal arm64 com.apple.xcode.tools.swift.compiler (in target 'SwiftBncsLib' from project 'SwiftBncsLib')
cd /Users/admin/builder/spi-builder-workspace/.swiftpm/xcode
builtin-SwiftDriver -- /Applications/Xcode-27.0.0-Release.Candidate.app/Contents/Developer/Toolchains/XcodeDefault.xctoolchain/usr/bin/swiftc -parse-as-library -module-name SwiftBncsLib -Onone @/Users/admin/builder/spi-builder-workspace/.derivedData/Build/Intermediates.noindex/SwiftBncsLib.build/Debug-watchos/SwiftBncsLib-t.build/Objects-normal/arm64/SwiftBncsLib.SwiftFileList -DSWIFT_PACKAGE -DDEBUG -DSWIFT_MODULE_RESOURCE_BUNDLE_UNAVAILABLE -DXcode -plugin-path /Applications/Xcode-27.0.0-Release.Candidate.app/Contents/Developer/Toolchains/XcodeDefault.xctoolchain/usr/lib/swift/host/plugins/testing -enable-experimental-feature DebugDescriptionMacro -sdk /Applications/Xcode-27.0.0-Release.Candidate.app/Contents/Developer/Platforms/WatchOS.platform/Developer/SDKs/WatchOS27.0.sdk -target arm64-apple-watchos9.0 -g -module-cache-path /Users/admin/builder/spi-builder-workspace/.derivedData/ModuleCache.noindex -Xfrontend -serialize-debugging-options -profile-coverage-mapping -profile-generate -enable-testing -index-store-path /Users/admin/builder/spi-builder-workspace/.derivedData/Index.noindex/DataStore -Xcc -D_LIBCPP_HARDENING_MODE\=_LIBCPP_HARDENING_MODE_DEBUG -swift-version 4 -I /Users/admin/builder/spi-builder-workspace/.derivedData/Build/Products/Debug-watchos -Isystem /Applications/Xcode-27.0.0-Release.Candidate.app/Contents/Developer/Platforms/WatchOS.platform/Developer/usr/lib -F /Users/admin/builder/spi-builder-workspace/.derivedData/Build/Products/Debug-watchos/PackageFrameworks -F /Users/admin/builder/spi-builder-workspace/.derivedData/Build/Products/Debug-watchos -F /Applications/Xcode-27.0.0-Release.Candidate.app/Contents/Developer/Platforms/WatchOS.platform/Developer/Library/Frameworks -F /Applications/Xcode-27.0.0-Release.Candidate.app/Contents/Developer/Platforms/WatchOS.platform/Developer/SDKs/WatchOS27.0.sdk/Developer/Library/Frameworks -c -j10 -enable-batch-mode -incremental -Xcc -ivfsstatcache -Xcc /Users/admin/builder/spi-builder-workspace/.derivedData/SDKStatCaches.noindex/watchos27.0-24R360-e829b21a6f8c9b70876ba0858053c04477534ef55a1706bf4c1112bbb242f0a2.sdkstatcache -output-file-map /Users/admin/builder/spi-builder-workspace/.derivedData/Build/Intermediates.noindex/SwiftBncsLib.build/Debug-watchos/SwiftBncsLib-t.build/Objects-normal/arm64/SwiftBncsLib-OutputFileMap.json -save-temps -no-color-diagnostics -emit-dependencies -emit-module -emit-module-path /Users/admin/builder/spi-builder-workspace/.derivedData/Build/Intermediates.noindex/SwiftBncsLib.build/Debug-watchos/SwiftBncsLib-t.build/Objects-normal/arm64/SwiftBncsLib.swiftmodule -serialize-diagnostics -validate-clang-modules-once -clang-build-session-file /Users/admin/builder/spi-builder-workspace/.derivedData/ModuleCache.noindex/Session.modulevalidation -Xcc -fmodules-prune-interval\=86400 -Xcc -fmodules-prune-after\=345600 -emit-const-values -const-gather-protocols-list /Users/admin/builder/spi-builder-workspace/.derivedData/Build/Intermediates.noindex/SwiftBncsLib.build/Debug-watchos/SwiftBncsLib-t.build/Objects-normal/arm64/SwiftBncsLib_const_extract_protocols.json -Xcc -I/Users/admin/builder/spi-builder-workspace/.derivedData/Build/Products/Debug-watchos/include -Xcc -I/Users/admin/builder/spi-builder-workspace/.derivedData/Build/Intermediates.noindex/SwiftBncsLib.build/Debug-watchos/SwiftBncsLib-t.build/DerivedSources-normal/arm64 -Xcc -I/Users/admin/builder/spi-builder-workspace/.derivedData/Build/Intermediates.noindex/SwiftBncsLib.build/Debug-watchos/SwiftBncsLib-t.build/DerivedSources/arm64 -Xcc -I/Users/admin/builder/spi-builder-workspace/.derivedData/Build/Intermediates.noindex/SwiftBncsLib.build/Debug-watchos/SwiftBncsLib-t.build/DerivedSources -Xcc -DSWIFT_PACKAGE -Xcc -DDEBUG\=1 -emit-objc-header -emit-objc-header-path /Users/admin/builder/spi-builder-workspace/.derivedData/Build/Intermediates.noindex/SwiftBncsLib.build/Debug-watchos/SwiftBncsLib-t.build/Objects-normal/arm64/SwiftBncsLib-Swift.h -working-directory /Users/admin/builder/spi-builder-workspace/.swiftpm/xcode -experimental-emit-module-separately -disable-cmo
SwiftDriver SwiftBncsLib normal arm64_32 com.apple.xcode.tools.swift.compiler (in target 'SwiftBncsLib' from project 'SwiftBncsLib')
cd /Users/admin/builder/spi-builder-workspace/.swiftpm/xcode
builtin-SwiftDriver -- /Applications/Xcode-27.0.0-Release.Candidate.app/Contents/Developer/Toolchains/XcodeDefault.xctoolchain/usr/bin/swiftc -parse-as-library -module-name SwiftBncsLib -Onone @/Users/admin/builder/spi-builder-workspace/.derivedData/Build/Intermediates.noindex/SwiftBncsLib.build/Debug-watchos/SwiftBncsLib-t.build/Objects-normal/arm64_32/SwiftBncsLib.SwiftFileList -DSWIFT_PACKAGE -DDEBUG -DSWIFT_MODULE_RESOURCE_BUNDLE_UNAVAILABLE -DXcode -plugin-path /Applications/Xcode-27.0.0-Release.Candidate.app/Contents/Developer/Toolchains/XcodeDefault.xctoolchain/usr/lib/swift/host/plugins/testing -enable-experimental-feature DebugDescriptionMacro -sdk /Applications/Xcode-27.0.0-Release.Candidate.app/Contents/Developer/Platforms/WatchOS.platform/Developer/SDKs/WatchOS27.0.sdk -target arm64_32-apple-watchos9.0 -g -module-cache-path /Users/admin/builder/spi-builder-workspace/.derivedData/ModuleCache.noindex -Xfrontend -serialize-debugging-options -profile-coverage-mapping -profile-generate -enable-testing -index-store-path /Users/admin/builder/spi-builder-workspace/.derivedData/Index.noindex/DataStore -Xcc -D_LIBCPP_HARDENING_MODE\=_LIBCPP_HARDENING_MODE_DEBUG -swift-version 4 -I /Users/admin/builder/spi-builder-workspace/.derivedData/Build/Products/Debug-watchos -Isystem /Applications/Xcode-27.0.0-Release.Candidate.app/Contents/Developer/Platforms/WatchOS.platform/Developer/usr/lib -F /Users/admin/builder/spi-builder-workspace/.derivedData/Build/Products/Debug-watchos/PackageFrameworks -F /Users/admin/builder/spi-builder-workspace/.derivedData/Build/Products/Debug-watchos -F /Applications/Xcode-27.0.0-Release.Candidate.app/Contents/Developer/Platforms/WatchOS.platform/Developer/Library/Frameworks -F /Applications/Xcode-27.0.0-Release.Candidate.app/Contents/Developer/Platforms/WatchOS.platform/Developer/SDKs/WatchOS27.0.sdk/Developer/Library/Frameworks -c -j10 -enable-batch-mode -incremental -Xcc -ivfsstatcache -Xcc /Users/admin/builder/spi-builder-workspace/.derivedData/SDKStatCaches.noindex/watchos27.0-24R360-e829b21a6f8c9b70876ba0858053c04477534ef55a1706bf4c1112bbb242f0a2.sdkstatcache -output-file-map /Users/admin/builder/spi-builder-workspace/.derivedData/Build/Intermediates.noindex/SwiftBncsLib.build/Debug-watchos/SwiftBncsLib-t.build/Objects-normal/arm64_32/SwiftBncsLib-OutputFileMap.json -save-temps -no-color-diagnostics -emit-dependencies -emit-module -emit-module-path /Users/admin/builder/spi-builder-workspace/.derivedData/Build/Intermediates.noindex/SwiftBncsLib.build/Debug-watchos/SwiftBncsLib-t.build/Objects-normal/arm64_32/SwiftBncsLib.swiftmodule -serialize-diagnostics -validate-clang-modules-once -clang-build-session-file /Users/admin/builder/spi-builder-workspace/.derivedData/ModuleCache.noindex/Session.modulevalidation -Xcc -fmodules-prune-interval\=86400 -Xcc -fmodules-prune-after\=345600 -emit-const-values -const-gather-protocols-list /Users/admin/builder/spi-builder-workspace/.derivedData/Build/Intermediates.noindex/SwiftBncsLib.build/Debug-watchos/SwiftBncsLib-t.build/Objects-normal/arm64_32/SwiftBncsLib_const_extract_protocols.json -Xcc -I/Users/admin/builder/spi-builder-workspace/.derivedData/Build/Products/Debug-watchos/include -Xcc -I/Users/admin/builder/spi-builder-workspace/.derivedData/Build/Intermediates.noindex/SwiftBncsLib.build/Debug-watchos/SwiftBncsLib-t.build/DerivedSources-normal/arm64_32 -Xcc -I/Users/admin/builder/spi-builder-workspace/.derivedData/Build/Intermediates.noindex/SwiftBncsLib.build/Debug-watchos/SwiftBncsLib-t.build/DerivedSources/arm64_32 -Xcc -I/Users/admin/builder/spi-builder-workspace/.derivedData/Build/Intermediates.noindex/SwiftBncsLib.build/Debug-watchos/SwiftBncsLib-t.build/DerivedSources -Xcc -DSWIFT_PACKAGE -Xcc -DDEBUG\=1 -emit-objc-header -emit-objc-header-path /Users/admin/builder/spi-builder-workspace/.derivedData/Build/Intermediates.noindex/SwiftBncsLib.build/Debug-watchos/SwiftBncsLib-t.build/Objects-normal/arm64_32/SwiftBncsLib-Swift.h -working-directory /Users/admin/builder/spi-builder-workspace/.swiftpm/xcode -experimental-emit-module-separately -disable-cmo
CompileC /Users/admin/builder/spi-builder-workspace/.derivedData/Build/Intermediates.noindex/swift-nio.build/Debug-watchos/CNIOAtomics-t.build/Objects-normal/arm64_32/c-atomics.o /Users/admin/builder/spi-builder-workspace/.dependencies/checkouts/swift-nio/Sources/CNIOAtomics/src/c-atomics.c normal arm64_32 c com.apple.compilers.llvm.clang.1_0.compiler (in target 'CNIOAtomics' from project 'swift-nio')
cd /Users/admin/builder/spi-builder-workspace/.swiftpm/xcode
Using response file: /Users/admin/builder/spi-builder-workspace/.derivedData/Build/Intermediates.noindex/swift-nio.build/Debug-watchos/CNIOAtomics-t.build/Objects-normal/arm64_32/7187679823f38a2a940e0043cdf9d637-common-args.resp
/Applications/Xcode-27.0.0-Release.Candidate.app/Contents/Developer/Toolchains/XcodeDefault.xctoolchain/usr/bin/clang -x c -ivfsstatcache /Users/admin/builder/spi-builder-workspace/.derivedData/SDKStatCaches.noindex/watchos27.0-24R360-e829b21a6f8c9b70876ba0858053c04477534ef55a1706bf4c1112bbb242f0a2.sdkstatcache -target arm64_32-apple-watchos9.0 -fmessage-length\=0 -fdiagnostics-show-note-include-stack -fmacro-backtrace-limit\=0 -fno-color-diagnostics -fmodules-prune-interval\=86400 -fmodules-prune-after\=345600 -fbuild-session-file\=/Users/admin/builder/spi-builder-workspace/.derivedData/ModuleCache.noindex/Session.modulevalidation -fmodules-validate-once-per-build-session -Wnon-modular-include-in-framework-module -Werror\=non-modular-include-in-framework-module -Wno-trigraphs -Wno-missing-field-initializers -Wno-missing-prototypes -Wno-return-type -Wno-missing-braces -Wparentheses -Wswitch -Wno-unused-function -Wno-unused-label -Wno-unused-parameter -Wno-unused-variable -Wunused-value -Wno-empty-body -Wno-uninitialized -Wno-unknown-pragmas -w -Wno-shadow -Wno-four-char-constants -Wno-conversion -Wno-constant-conversion -Wno-int-conversion -Wno-bool-conversion -Wno-enum-conversion -Wno-float-conversion -Wno-non-literal-null-conversion -Wno-objc-literal-conversion -Wno-shorten-64-to-32 -Wpointer-sign -Wno-newline-eof -Wno-implicit-fallthrough -isysroot /Applications/Xcode-27.0.0-Release.Candidate.app/Contents/Developer/Platforms/WatchOS.platform/Developer/SDKs/WatchOS27.0.sdk -fstrict-aliasing -Wdeprecated-declarations -Wno-sign-conversion -Wno-infinite-recursion -Wno-comma -Wno-block-capture-autoreleasing -Wno-strict-prototypes -Wno-semicolon-before-method-body -index-store-path /Users/admin/builder/spi-builder-workspace/.derivedData/Index.noindex/DataStore @/Users/admin/builder/spi-builder-workspace/.derivedData/Build/Intermediates.noindex/swift-nio.build/Debug-watchos/CNIOAtomics-t.build/Objects-normal/arm64_32/7187679823f38a2a940e0043cdf9d637-common-args.resp -MMD -MT dependencies -MF /Users/admin/builder/spi-builder-workspace/.derivedData/Build/Intermediates.noindex/swift-nio.build/Debug-watchos/CNIOAtomics-t.build/Objects-normal/arm64_32/c-atomics.d --serialize-diagnostics /Users/admin/builder/spi-builder-workspace/.derivedData/Build/Intermediates.noindex/swift-nio.build/Debug-watchos/CNIOAtomics-t.build/Objects-normal/arm64_32/c-atomics.dia -c /Users/admin/builder/spi-builder-workspace/.dependencies/checkouts/swift-nio/Sources/CNIOAtomics/src/c-atomics.c -o /Users/admin/builder/spi-builder-workspace/.derivedData/Build/Intermediates.noindex/swift-nio.build/Debug-watchos/CNIOAtomics-t.build/Objects-normal/arm64_32/c-atomics.o -index-unit-output-path /swift-nio.build/Debug-watchos/CNIOAtomics-t.build/Objects-normal/arm64_32/c-atomics.o
Failed frontend command:
/Applications/Xcode-27.0.0-Release.Candidate.app/Contents/Developer/Toolchains/XcodeDefault.xctoolchain/usr/bin/clang -cc1 -Wundef-prefix\=TARGET_OS_ -fdiagnostics-show-note-include-stack -fmacro-backtrace-limit\=0 -w -ferror-limit 19 -serialize-diagnostic-file /Users/admin/builder/spi-builder-workspace/.derivedData/Build/Intermediates.noindex/swift-nio.build/Debug-watchos/CNIOAtomics-t.build/Objects-normal/arm64_32/c-atomics.dia -Wdeprecated-objc-isa-usage -Werror\=deprecated-objc-isa-usage -Werror\=implicit-function-declaration -Wnon-modular-include-in-framework-module -Werror\=non-modular-include-in-framework-module -Wno-trigraphs -Wno-missing-field-initializers -Wno-missing-prototypes -Wno-return-type -Wno-missing-braces -Wparentheses -Wswitch -Wno-unused-function -Wno-unused-label -Wno-unused-parameter -Wno-unused-variable -Wunused-value -Wno-empty-body -Wno-uninitialized -Wno-unknown-pragmas -Wno-shadow -Wno-four-char-constants -Wno-conversion -Wno-constant-conversion -Wno-int-conversion -Wno-bool-conversion -Wno-enum-conversion -Wno-float-conversion -Wno-non-literal-null-conversion -Wno-objc-literal-conversion -Wno-shorten-64-to-32 -Wpointer-sign -Wno-newline-eof -Wno-implicit-fallthrough -Wdeprecated-declarations -Wno-sign-conversion -Wno-infinite-recursion -Wno-comma -Wno-block-capture-autoreleasing -Wno-strict-prototypes -Wno-semicolon-before-method-body -Wno-elaborated-enum-base -Wno-error\=allocator-wrappers -index-store-path /Users/admin/builder/spi-builder-workspace/.derivedData/Index.noindex/DataStore -index-unit-output-path /swift-nio.build/Debug-watchos/CNIOAtomics-t.build/Objects-normal/arm64_32/c-atomics.o -fmodule-map-file\=/Users/admin/builder/spi-builder-workspace/.dependencies/checkouts/swift-nio-zlib-support/module.modulemap -fmodule-map-file\=/Applications/Xcode-27.0.0-Release.Candidate.app/Contents/Developer/Platforms/WatchOS.platform/Developer/SDKs/WatchOS.sdk/usr/include/DarwinFoundation2.modulemap -fmodule-map-file\=/Applications/Xcode-27.0.0-Release.Candidate.app/Contents/Developer/Toolchains/XcodeDefault.xctoolchain/usr/lib/clang/21/include/module.modulemap -fmodule-map-file\=/Applications/Xcode-27.0.0-Release.Candidate.app/Contents/Developer/Platforms/WatchOS.platform/Developer/SDKs/WatchOS.sdk/usr/include/DarwinFoundation3.modulemap -fmodule-map-file\=/Applications/Xcode-27.0.0-Release.Candidate.app/Contents/Developer/Toolchains/XcodeDefault.xctoolchain/usr/lib/clang/21/include/module.modulemap -fmodule-map-file\=/Applications/Xcode-27.0.0-Release.Candidate.app/Contents/Developer/Toolchains/XcodeDefault.xctoolchain/usr/lib/clang/21/include/module.modulemap -fmodule-map-file\=/Applications/Xcode-27.0.0-Release.Candidate.app/Contents/Developer/Toolchains/XcodeDefault.xctoolchain/usr/lib/clang/21/include/module.modulemap -o /Users/admin/builder/spi-builder-workspace/.derivedData/Build/Intermediates.noindex/swift-nio.build/Debug-watchos/CNIOAtomics-t.build/Objects-normal/arm64_32/c-atomics.o -disable-free -emit-obj -x c /Users/admin/builder/spi-builder-workspace/.dependencies/checkouts/swift-nio/Sources/CNIOAtomics/src/c-atomics.c -target-abi darwinpcs -target-cpu apple-s4 -target-feature +v8.3a -target-feature +aes -target-feature +complxnum -target-feature +crc -target-feature +fp-armv8 -target-feature +fullfp16 -target-feature +jsconv -target-feature +lse -target-feature +neon -target-feature +pauth -target-feature +perfmon -target-feature +ras -target-feature +rcpc -target-feature +rdm -target-feature +sha2 -triple arm64_32-apple-watchos9.0.0 -target-linker-version 1166.2 -target-sdk-version\=27.0 -fmodules-validate-system-headers -fno-modulemap-allow-subdirectory-search -isysroot /Applications/Xcode-27.0.0-Release.Candidate.app/Contents/Developer/Platforms/WatchOS.platform/Developer/SDKs/WatchOS27.0.sdk -resource-dir /Applications/Xcode-27.0.0-Release.Candidate.app/Contents/Developer/Toolchains/XcodeDefault.xctoolchain/usr/lib/clang/21 -fmodule-format\=obj -fmodule-file\=_Builtin_inttypes\=/Users/admin/builder/spi-builder-workspace/.derivedData/Build/Intermediates.noindex/ExplicitPrecompiledModules/_Builtin_inttypes-3H9ADMB7R1MBRLRQ8LNHIW9WF.pcm -fmodule-file\=_Builtin_stdatomic\=/Users/admin/builder/spi-builder-workspace/.derivedData/Build/Intermediates.noindex/ExplicitPrecompiledModules/_Builtin_stdatomic-QKC7LFHWS2CZI9UG4SMDJ68P.pcm -fmodule-file\=_Builtin_stdbool\=/Users/admin/builder/spi-builder-workspace/.derivedData/Build/Intermediates.noindex/ExplicitPrecompiledModules/_Builtin_stdbool-C795FZDBIYT8T1PWQI3ZQAS0Z.pcm -fmodule-file\=_Builtin_stdint\=/Users/admin/builder/spi-builder-workspace/.derivedData/Build/Intermediates.noindex/ExplicitPrecompiledModules/_Builtin_stdint-C9F8CC0X0IM0BACQMFOUG41PC.pcm -fmodule-file\=_DarwinFoundation2\=/Users/admin/builder/spi-builder-workspace/.derivedData/Build/Intermediates.noindex/ExplicitPrecompiledModules/_DarwinFoundation2-UOPWJD88NWYOYIOBXLEYL9XL.pcm -fmodule-file\=_DarwinFoundation3\=/Users/admin/builder/spi-builder-workspace/.derivedData/Build/Intermediates.noindex/ExplicitPrecompiledModules/_DarwinFoundation3-8YQJHADOAGVLGCJ0XL0EXZ0DO.pcm -I /Users/admin/builder/spi-builder-workspace/.derivedData/Build/Products/Debug-watchos/include -I /Users/admin/builder/spi-builder-workspace/.dependencies/checkouts/swift-nio/Sources/CNIOAtomics/include -I /Users/admin/builder/spi-builder-workspace/.derivedData/Build/Intermediates.noindex/swift-nio.build/Debug-watchos/CNIOAtomics-t.build/DerivedSources-normal/arm64_32 -I /Users/admin/builder/spi-builder-workspace/.derivedData/Build/Intermediates.noindex/swift-nio.build/Debug-watchos/CNIOAtomics-t.build/DerivedSources/arm64_32 -I /Users/admin/builder/spi-builder-workspace/.derivedData/Build/Intermediates.noindex/swift-nio.build/Debug-watchos/CNIOAtomics-t.build/DerivedSources -F /Users/admin/builder/spi-builder-workspace/.derivedData/Build/Products/Debug-watchos -iframework /Applications/Xcode-27.0.0-Release.Candidate.app/Contents/Developer/Platforms/WatchOS.platform/Developer/Library/Frameworks -iframework /Applications/Xcode-27.0.0-Release.Candidate.app/Contents/Developer/Platforms/WatchOS.platform/Developer/SDKs/WatchOS27.0.sdk/Developer/Library/Frameworks -internal-isystem /Applications/Xcode-27.0.0-Release.Candidate.app/Contents/Developer/Platforms/WatchOS.platform/Developer/SDKs/WatchOS27.0.sdk/usr/local/include -internal-isystem /Applications/Xcode-27.0.0-Release.Candidate.app/Contents/Developer/Toolchains/XcodeDefault.xctoolchain/usr/lib/clang/21/include -internal-externc-isystem /Applications/Xcode-27.0.0-Release.Candidate.app/Contents/Developer/Platforms/WatchOS.platform/Developer/SDKs/WatchOS27.0.sdk/usr/include -internal-externc-isystem /Applications/Xcode-27.0.0-Release.Candidate.app/Contents/Developer/Toolchains/XcodeDefault.xctoolchain/usr/include -internal-iframework /Applications/Xcode-27.0.0-Release.Candidate.app/Contents/Developer/Platforms/WatchOS.platform/Developer/SDKs/WatchOS27.0.sdk/System/Library/Frameworks -internal-iframework /Applications/Xcode-27.0.0-Release.Candidate.app/Contents/Developer/Platforms/WatchOS.platform/Developer/SDKs/WatchOS27.0.sdk/System/Library/SubFrameworks -internal-iframework /Applications/Xcode-27.0.0-Release.Candidate.app/Contents/Developer/Platforms/WatchOS.platform/Developer/SDKs/WatchOS27.0.sdk/Library/Frameworks -ivfsstatcache /Users/admin/builder/spi-builder-workspace/.derivedData/SDKStatCaches.noindex/watchos27.0-24R360-e829b21a6f8c9b70876ba0858053c04477534ef55a1706bf4c1112bbb242f0a2.sdkstatcache -std\=gnu17 -fskip-odr-check-in-gmf -fmodules -fmodule-name\=CNIOAtomics -fno-implicit-modules -fmax-type-align\=16 -fpascal-strings -fvisibility-inlines-hidden-static-local-var -mdarwin-stkchk-strong-link -fno-odr-hash-protocols -pic-level 2 -fencode-extended-block-signature -stack-protector 1 -fgnuc-version\=4.2.1 -fblocks -fno-convergent-functions -ffp-contract\=on -fclang-abi-compat\=4.0 -fno-experimental-relative-c++-abi-vtables -fno-file-reproducible -clang-vendor-feature\=+disableNonDependentMemberExprInCurrentInstantiation -clang-vendor-feature\=+enableAggressiveVLAFolding -clang-vendor-feature\=+revert09abecef7bbf -clang-vendor-feature\=+thisNoAlignAttr -clang-vendor-feature\=+thisNoNullAttr -clang-vendor-feature\=+disableAtImportPrivateFrameworkInImplementationError -O0 -fno-assume-unique-vtables -fdebug-compilation-dir\=/Users/admin/builder/spi-builder-workspace/.swiftpm/xcode -fcoverage-compilation-dir\=/Users/admin/builder/spi-builder-workspace/.swiftpm/xcode -fcoverage-mapping -fcommon -fdwarf2-cfi-asm -fobjc-msgsend-selector-stubs -fregister-global-dtors-with-atexit -fno-strict-return -dwarf-version\=4 -debugger-tuning\=lldb -disable-llvm-verifier -dwarf-ext-refs -funwind-tables\=1 -fprofile-instrument\=clang -enable-tlsdesc -clear-ast-before-backend -discard-value-names -main-file-name c-atomics.c -mframe-pointer\=non-leaf -debug-info-kind\=standalone -fno-loop-interchange -fdiagnostics-hotness-threshold\=0 -fdiagnostics-misexpect-tolerance\=0 -D DEBUG\=1 -D SWIFT_PACKAGE -D Xcode -fdefine-target-os-macros -MT dependencies -dependency-file /Users/admin/builder/spi-builder-workspace/.derivedData/Build/Intermediates.noindex/swift-nio.build/Debug-watchos/CNIOAtomics-t.build/Objects-normal/arm64_32/c-atomics.d -skip-unused-modulemap-deps -module-file-deps\=direct -fdepfile-entry\=/Applications/Xcode-27.0.0-Release.Candidate.app/Contents/Developer/Platforms/WatchOS.platform/Developer/SDKs/WatchOS27.0.sdk/SDKSettings.json
CompileC /Users/admin/builder/spi-builder-workspace/.derivedData/Build/Intermediates.noindex/swift-nio.build/Debug-watchos/CNIOAtomics-t.build/Objects-normal/arm64/c-atomics.o /Users/admin/builder/spi-builder-workspace/.dependencies/checkouts/swift-nio/Sources/CNIOAtomics/src/c-atomics.c normal arm64 c com.apple.compilers.llvm.clang.1_0.compiler (in target 'CNIOAtomics' from project 'swift-nio')
cd /Users/admin/builder/spi-builder-workspace/.swiftpm/xcode
Using response file: /Users/admin/builder/spi-builder-workspace/.derivedData/Build/Intermediates.noindex/swift-nio.build/Debug-watchos/CNIOAtomics-t.build/Objects-normal/arm64/7187679823f38a2a940e0043cdf9d637-common-args.resp
/Applications/Xcode-27.0.0-Release.Candidate.app/Contents/Developer/Toolchains/XcodeDefault.xctoolchain/usr/bin/clang -x c -ivfsstatcache /Users/admin/builder/spi-builder-workspace/.derivedData/SDKStatCaches.noindex/watchos27.0-24R360-e829b21a6f8c9b70876ba0858053c04477534ef55a1706bf4c1112bbb242f0a2.sdkstatcache -target arm64-apple-watchos9.0 -fmessage-length\=0 -fdiagnostics-show-note-include-stack -fmacro-backtrace-limit\=0 -fno-color-diagnostics -fmodules-prune-interval\=86400 -fmodules-prune-after\=345600 -fbuild-session-file\=/Users/admin/builder/spi-builder-workspace/.derivedData/ModuleCache.noindex/Session.modulevalidation -fmodules-validate-once-per-build-session -Wnon-modular-include-in-framework-module -Werror\=non-modular-include-in-framework-module -Wno-trigraphs -Wno-missing-field-initializers -Wno-missing-prototypes -Wno-return-type -Wno-missing-braces -Wparentheses -Wswitch -Wno-unused-function -Wno-unused-label -Wno-unused-parameter -Wno-unused-variable -Wunused-value -Wno-empty-body -Wno-uninitialized -Wno-unknown-pragmas -w -Wno-shadow -Wno-four-char-constants -Wno-conversion -Wno-constant-conversion -Wno-int-conversion -Wno-bool-conversion -Wno-enum-conversion -Wno-float-conversion -Wno-non-literal-null-conversion -Wno-objc-literal-conversion -Wshorten-64-to-32 -Wpointer-sign -Wno-newline-eof -Wno-implicit-fallthrough -isysroot /Applications/Xcode-27.0.0-Release.Candidate.app/Contents/Developer/Platforms/WatchOS.platform/Developer/SDKs/WatchOS27.0.sdk -fstrict-aliasing -Wdeprecated-declarations -Wno-sign-conversion -Wno-infinite-recursion -Wno-comma -Wno-block-capture-autoreleasing -Wno-strict-prototypes -Wno-semicolon-before-method-body -index-store-path /Users/admin/builder/spi-builder-workspace/.derivedData/Index.noindex/DataStore @/Users/admin/builder/spi-builder-workspace/.derivedData/Build/Intermediates.noindex/swift-nio.build/Debug-watchos/CNIOAtomics-t.build/Objects-normal/arm64/7187679823f38a2a940e0043cdf9d637-common-args.resp -MMD -MT dependencies -MF /Users/admin/builder/spi-builder-workspace/.derivedData/Build/Intermediates.noindex/swift-nio.build/Debug-watchos/CNIOAtomics-t.build/Objects-normal/arm64/c-atomics.d --serialize-diagnostics /Users/admin/builder/spi-builder-workspace/.derivedData/Build/Intermediates.noindex/swift-nio.build/Debug-watchos/CNIOAtomics-t.build/Objects-normal/arm64/c-atomics.dia -c /Users/admin/builder/spi-builder-workspace/.dependencies/checkouts/swift-nio/Sources/CNIOAtomics/src/c-atomics.c -o /Users/admin/builder/spi-builder-workspace/.derivedData/Build/Intermediates.noindex/swift-nio.build/Debug-watchos/CNIOAtomics-t.build/Objects-normal/arm64/c-atomics.o -index-unit-output-path /swift-nio.build/Debug-watchos/CNIOAtomics-t.build/Objects-normal/arm64/c-atomics.o
Failed frontend command:
/Applications/Xcode-27.0.0-Release.Candidate.app/Contents/Developer/Toolchains/XcodeDefault.xctoolchain/usr/bin/clang -cc1 -Wundef-prefix\=TARGET_OS_ -fdiagnostics-show-note-include-stack -fmacro-backtrace-limit\=0 -w -ferror-limit 19 -serialize-diagnostic-file /Users/admin/builder/spi-builder-workspace/.derivedData/Build/Intermediates.noindex/swift-nio.build/Debug-watchos/CNIOAtomics-t.build/Objects-normal/arm64/c-atomics.dia -Wdeprecated-objc-isa-usage -Werror\=deprecated-objc-isa-usage -Werror\=implicit-function-declaration -Wnon-modular-include-in-framework-module -Werror\=non-modular-include-in-framework-module -Wno-trigraphs -Wno-missing-field-initializers -Wno-missing-prototypes -Wno-return-type -Wno-missing-braces -Wparentheses -Wswitch -Wno-unused-function -Wno-unused-label -Wno-unused-parameter -Wno-unused-variable -Wunused-value -Wno-empty-body -Wno-uninitialized -Wno-unknown-pragmas -Wno-shadow -Wno-four-char-constants -Wno-conversion -Wno-constant-conversion -Wno-int-conversion -Wno-bool-conversion -Wno-enum-conversion -Wno-float-conversion -Wno-non-literal-null-conversion -Wno-objc-literal-conversion -Wshorten-64-to-32 -Wpointer-sign -Wno-newline-eof -Wno-implicit-fallthrough -Wdeprecated-declarations -Wno-sign-conversion -Wno-infinite-recursion -Wno-comma -Wno-block-capture-autoreleasing -Wno-strict-prototypes -Wno-semicolon-before-method-body -Wno-elaborated-enum-base -Wno-error\=allocator-wrappers -index-store-path /Users/admin/builder/spi-builder-workspace/.derivedData/Index.noindex/DataStore -index-unit-output-path /swift-nio.build/Debug-watchos/CNIOAtomics-t.build/Objects-normal/arm64/c-atomics.o -fmodule-map-file\=/Users/admin/builder/spi-builder-workspace/.dependencies/checkouts/swift-nio-zlib-support/module.modulemap -fmodule-map-file\=/Applications/Xcode-27.0.0-Release.Candidate.app/Contents/Developer/Platforms/WatchOS.platform/Developer/SDKs/WatchOS.sdk/usr/include/DarwinFoundation2.modulemap -fmodule-map-file\=/Applications/Xcode-27.0.0-Release.Candidate.app/Contents/Developer/Toolchains/XcodeDefault.xctoolchain/usr/lib/clang/21/include/module.modulemap -fmodule-map-file\=/Applications/Xcode-27.0.0-Release.Candidate.app/Contents/Developer/Platforms/WatchOS.platform/Developer/SDKs/WatchOS.sdk/usr/include/DarwinFoundation3.modulemap -fmodule-map-file\=/Applications/Xcode-27.0.0-Release.Candidate.app/Contents/Developer/Toolchains/XcodeDefault.xctoolchain/usr/lib/clang/21/include/module.modulemap -fmodule-map-file\=/Applications/Xcode-27.0.0-Release.Candidate.app/Contents/Developer/Toolchains/XcodeDefault.xctoolchain/usr/lib/clang/21/include/module.modulemap -fmodule-map-file\=/Applications/Xcode-27.0.0-Release.Candidate.app/Contents/Developer/Toolchains/XcodeDefault.xctoolchain/usr/lib/clang/21/include/module.modulemap -o /Users/admin/builder/spi-builder-workspace/.derivedData/Build/Intermediates.noindex/swift-nio.build/Debug-watchos/CNIOAtomics-t.build/Objects-normal/arm64/c-atomics.o -disable-free -emit-obj -x c /Users/admin/builder/spi-builder-workspace/.dependencies/checkouts/swift-nio/Sources/CNIOAtomics/src/c-atomics.c -target-abi darwinpcs -target-cpu apple-s9 -target-feature +v8.6a -target-feature +aes -target-feature +bf16 -target-feature +complxnum -target-feature +crc -target-feature +dotprod -target-feature +fp-armv8 -target-feature +fp16fml -target-feature +fpac -target-feature +fullfp16 -target-feature +hcx -target-feature +i8mm -target-feature +jsconv -target-feature +lse -target-feature +neon -target-feature +pauth -target-feature +perfmon -target-feature +ras -target-feature +rcpc -target-feature +rdm -target-feature +sha2 -target-feature +sha3 -target-feature +ssbs -triple arm64-apple-watchos9.0.0 -target-linker-version 1166.2 -target-sdk-version\=27.0 -fmodules-validate-system-headers -fno-modulemap-allow-subdirectory-search -isysroot /Applications/Xcode-27.0.0-Release.Candidate.app/Contents/Developer/Platforms/WatchOS.platform/Developer/SDKs/WatchOS27.0.sdk -resource-dir /Applications/Xcode-27.0.0-Release.Candidate.app/Contents/Developer/Toolchains/XcodeDefault.xctoolchain/usr/lib/clang/21 -fmodule-format\=obj -fmodule-file\=_Builtin_inttypes\=/Users/admin/builder/spi-builder-workspace/.derivedData/Build/Intermediates.noindex/ExplicitPrecompiledModules/_Builtin_inttypes-4QKZTPSXCB84C33E5VPLU08N9.pcm -fmodule-file\=_Builtin_stdatomic\=/Users/admin/builder/spi-builder-workspace/.derivedData/Build/Intermediates.noindex/ExplicitPrecompiledModules/_Builtin_stdatomic-2TZ5F2LHUF21NLH7K5RHBKX2B.pcm -fmodule-file\=_Builtin_stdbool\=/Users/admin/builder/spi-builder-workspace/.derivedData/Build/Intermediates.noindex/ExplicitPrecompiledModules/_Builtin_stdbool-5ZH7P5RJNXA8SAG7EHP5206PC.pcm -fmodule-file\=_Builtin_stdint\=/Users/admin/builder/spi-builder-workspace/.derivedData/Build/Intermediates.noindex/ExplicitPrecompiledModules/_Builtin_stdint-CSE9JYDM5Q1PO78CBR9FK72Q4.pcm -fmodule-file\=_DarwinFoundation2\=/Users/admin/builder/spi-builder-workspace/.derivedData/Build/Intermediates.noindex/ExplicitPrecompiledModules/_DarwinFoundation2-97B3A1VFJWM3XXNSKJIWN1MUQ.pcm -fmodule-file\=_DarwinFoundation3\=/Users/admin/builder/spi-builder-workspace/.derivedData/Build/Intermediates.noindex/ExplicitPrecompiledModules/_DarwinFoundation3-AEQ8M866EXUQLRMRTUGOCYYV3.pcm -I /Users/admin/builder/spi-builder-workspace/.derivedData/Build/Products/Debug-watchos/include -I /Users/admin/builder/spi-builder-workspace/.dependencies/checkouts/swift-nio/Sources/CNIOAtomics/include -I /Users/admin/builder/spi-builder-workspace/.derivedData/Build/Intermediates.noindex/swift-nio.build/Debug-watchos/CNIOAtomics-t.build/DerivedSources-normal/arm64 -I /Users/admin/builder/spi-builder-workspace/.derivedData/Build/Intermediates.noindex/swift-nio.build/Debug-watchos/CNIOAtomics-t.build/DerivedSources/arm64 -I /Users/admin/builder/spi-builder-workspace/.derivedData/Build/Intermediates.noindex/swift-nio.build/Debug-watchos/CNIOAtomics-t.build/DerivedSources -F /Users/admin/builder/spi-builder-workspace/.derivedData/Build/Products/Debug-watchos -iframework /Applications/Xcode-27.0.0-Release.Candidate.app/Contents/Developer/Platforms/WatchOS.platform/Developer/Library/Frameworks -iframework /Applications/Xcode-27.0.0-Release.Candidate.app/Contents/Developer/Platforms/WatchOS.platform/Developer/SDKs/WatchOS27.0.sdk/Developer/Library/Frameworks -internal-isystem /Applications/Xcode-27.0.0-Release.Candidate.app/Contents/Developer/Platforms/WatchOS.platform/Developer/SDKs/WatchOS27.0.sdk/usr/local/include -internal-isystem /Applications/Xcode-27.0.0-Release.Candidate.app/Contents/Developer/Toolchains/XcodeDefault.xctoolchain/usr/lib/clang/21/include -internal-externc-isystem /Applications/Xcode-27.0.0-Release.Candidate.app/Contents/Developer/Platforms/WatchOS.platform/Developer/SDKs/WatchOS27.0.sdk/usr/include -internal-externc-isystem /Applications/Xcode-27.0.0-Release.Candidate.app/Contents/Developer/Toolchains/XcodeDefault.xctoolchain/usr/include -internal-iframework /Applications/Xcode-27.0.0-Release.Candidate.app/Contents/Developer/Platforms/WatchOS.platform/Developer/SDKs/WatchOS27.0.sdk/System/Library/Frameworks -internal-iframework /Applications/Xcode-27.0.0-Release.Candidate.app/Contents/Developer/Platforms/WatchOS.platform/Developer/SDKs/WatchOS27.0.sdk/System/Library/SubFrameworks -internal-iframework /Applications/Xcode-27.0.0-Release.Candidate.app/Contents/Developer/Platforms/WatchOS.platform/Developer/SDKs/WatchOS27.0.sdk/Library/Frameworks -ivfsstatcache /Users/admin/builder/spi-builder-workspace/.derivedData/SDKStatCaches.noindex/watchos27.0-24R360-e829b21a6f8c9b70876ba0858053c04477534ef55a1706bf4c1112bbb242f0a2.sdkstatcache -std\=gnu17 -fskip-odr-check-in-gmf -fmodules -fmodule-name\=CNIOAtomics -fno-implicit-modules -fmax-type-align\=16 -fpascal-strings -fstack-check -fvisibility-inlines-hidden-static-local-var -mdarwin-stkchk-strong-link -fno-odr-hash-protocols -pic-level 2 -fencode-extended-block-signature -stack-protector 1 -fgnuc-version\=4.2.1 -fblocks -fno-convergent-functions -ffp-contract\=on -fclang-abi-compat\=4.0 -fno-experimental-relative-c++-abi-vtables -fno-file-reproducible -clang-vendor-feature\=+disableNonDependentMemberExprInCurrentInstantiation -clang-vendor-feature\=+enableAggressiveVLAFolding -clang-vendor-feature\=+revert09abecef7bbf -clang-vendor-feature\=+thisNoAlignAttr -clang-vendor-feature\=+thisNoNullAttr -clang-vendor-feature\=+disableAtImportPrivateFrameworkInImplementationError -O0 -fno-assume-unique-vtables -fdebug-compilation-dir\=/Users/admin/builder/spi-builder-workspace/.swiftpm/xcode -fcoverage-compilation-dir\=/Users/admin/builder/spi-builder-workspace/.swiftpm/xcode -fcoverage-mapping -fcommon -fdwarf2-cfi-asm -fobjc-msgsend-selector-stubs -fregister-global-dtors-with-atexit -fno-strict-return -dwarf-version\=4 -debugger-tuning\=lldb -disable-llvm-verifier -dwarf-ext-refs -funwind-tables\=1 -fprofile-instrument\=clang -enable-tlsdesc -clear-ast-before-backend -discard-value-names -main-file-name c-atomics.c -mframe-pointer\=non-leaf -debug-info-kind\=standalone -fno-loop-interchange -fdiagnostics-hotness-threshold\=0 -fdiagnostics-misexpect-tolerance\=0 -D DEBUG\=1 -D SWIFT_PACKAGE -D Xcode -fdefine-target-os-macros -MT dependencies -dependency-file /Users/admin/builder/spi-builder-workspace/.derivedData/Build/Intermediates.noindex/swift-nio.build/Debug-watchos/CNIOAtomics-t.build/Objects-normal/arm64/c-atomics.d -skip-unused-modulemap-deps -module-file-deps\=direct -fdepfile-entry\=/Applications/Xcode-27.0.0-Release.Candidate.app/Contents/Developer/Platforms/WatchOS.platform/Developer/SDKs/WatchOS27.0.sdk/SDKSettings.json
SwiftDriver NIO normal arm64_32 com.apple.xcode.tools.swift.compiler (in target 'NIO' from project 'swift-nio')
cd /Users/admin/builder/spi-builder-workspace/.swiftpm/xcode
builtin-SwiftDriver -- /Applications/Xcode-27.0.0-Release.Candidate.app/Contents/Developer/Toolchains/XcodeDefault.xctoolchain/usr/bin/swiftc -parse-as-library -module-name NIO -Onone @/Users/admin/builder/spi-builder-workspace/.derivedData/Build/Intermediates.noindex/swift-nio.build/Debug-watchos/NIO-t.build/Objects-normal/arm64_32/NIO.SwiftFileList -DSWIFT_PACKAGE -DDEBUG -DSWIFT_MODULE_RESOURCE_BUNDLE_UNAVAILABLE -Xcc -fmodule-map-file\=/Users/admin/builder/spi-builder-workspace/.derivedData/Build/Intermediates.noindex/GeneratedModuleMaps-watchos/CNIOSHA1.modulemap -Xcc -fmodule-map-file\=/Users/admin/builder/spi-builder-workspace/.derivedData/Build/Intermediates.noindex/GeneratedModuleMaps-watchos/CNIOAtomics.modulemap -Xcc -fmodule-map-file\=/Users/admin/builder/spi-builder-workspace/.derivedData/Build/Intermediates.noindex/GeneratedModuleMaps-watchos/CNIODarwin.modulemap -Xcc -fmodule-map-file\=/Users/admin/builder/spi-builder-workspace/.derivedData/Build/Intermediates.noindex/GeneratedModuleMaps-watchos/CNIOLinux.modulemap -Xcc -fmodule-map-file\=/Users/admin/builder/spi-builder-workspace/.dependencies/checkouts/swift-nio-zlib-support/module.modulemap -DXcode -plugin-path /Applications/Xcode-27.0.0-Release.Candidate.app/Contents/Developer/Toolchains/XcodeDefault.xctoolchain/usr/lib/swift/host/plugins/testing -enable-experimental-feature DebugDescriptionMacro -sdk /Applications/Xcode-27.0.0-Release.Candidate.app/Contents/Developer/Platforms/WatchOS.platform/Developer/SDKs/WatchOS27.0.sdk -target arm64_32-apple-watchos9.0 -g -module-cache-path /Users/admin/builder/spi-builder-workspace/.derivedData/ModuleCache.noindex -Xfrontend -serialize-debugging-options -profile-coverage-mapping -profile-generate -enable-testing -suppress-warnings -index-store-path /Users/admin/builder/spi-builder-workspace/.derivedData/Index.noindex/DataStore -Xcc -D_LIBCPP_HARDENING_MODE\=_LIBCPP_HARDENING_MODE_DEBUG -swift-version 4 -I /Users/admin/builder/spi-builder-workspace/.derivedData/Build/Products/Debug-watchos -Isystem /Applications/Xcode-27.0.0-Release.Candidate.app/Contents/Developer/Platforms/WatchOS.platform/Developer/usr/lib -F /Users/admin/builder/spi-builder-workspace/.derivedData/Build/Products/Debug-watchos/PackageFrameworks -F /Users/admin/builder/spi-builder-workspace/.derivedData/Build/Products/Debug-watchos -F /Applications/Xcode-27.0.0-Release.Candidate.app/Contents/Developer/Platforms/WatchOS.platform/Developer/Library/Frameworks -F /Applications/Xcode-27.0.0-Release.Candidate.app/Contents/Developer/Platforms/WatchOS.platform/Developer/SDKs/WatchOS27.0.sdk/Developer/Library/Frameworks -c -j10 -enable-batch-mode -incremental -Xcc -ivfsstatcache -Xcc /Users/admin/builder/spi-builder-workspace/.derivedData/SDKStatCaches.noindex/watchos27.0-24R360-e829b21a6f8c9b70876ba0858053c04477534ef55a1706bf4c1112bbb242f0a2.sdkstatcache -output-file-map /Users/admin/builder/spi-builder-workspace/.derivedData/Build/Intermediates.noindex/swift-nio.build/Debug-watchos/NIO-t.build/Objects-normal/arm64_32/NIO-OutputFileMap.json -save-temps -no-color-diagnostics -emit-dependencies -emit-module -emit-module-path /Users/admin/builder/spi-builder-workspace/.derivedData/Build/Intermediates.noindex/swift-nio.build/Debug-watchos/NIO-t.build/Objects-normal/arm64_32/NIO.swiftmodule -serialize-diagnostics -validate-clang-modules-once -clang-build-session-file /Users/admin/builder/spi-builder-workspace/.derivedData/ModuleCache.noindex/Session.modulevalidation -Xcc -fmodules-prune-interval\=86400 -Xcc -fmodules-prune-after\=345600 -emit-const-values -const-gather-protocols-list /Users/admin/builder/spi-builder-workspace/.derivedData/Build/Intermediates.noindex/swift-nio.build/Debug-watchos/NIO-t.build/Objects-normal/arm64_32/NIO_const_extract_protocols.json -Xcc -I/Users/admin/builder/spi-builder-workspace/.dependencies/checkouts/swift-nio/Sources/CNIOSHA1/include -Xcc -I/Users/admin/builder/spi-builder-workspace/.dependencies/checkouts/swift-nio/Sources/CNIOAtomics/include -Xcc -I/Users/admin/builder/spi-builder-workspace/.dependencies/checkouts/swift-nio/Sources/CNIODarwin/include -Xcc -I/Users/admin/builder/spi-builder-workspace/.dependencies/checkouts/swift-nio/Sources/CNIOLinux/include -Xcc -I/Users/admin/builder/spi-builder-workspace/.derivedData/Build/Products/Debug-watchos/include -Xcc -I/Users/admin/builder/spi-builder-workspace/.derivedData/Build/Intermediates.noindex/swift-nio.build/Debug-watchos/NIO-t.build/DerivedSources-normal/arm64_32 -Xcc -I/Users/admin/builder/spi-builder-workspace/.derivedData/Build/Intermediates.noindex/swift-nio.build/Debug-watchos/NIO-t.build/DerivedSources/arm64_32 -Xcc -I/Users/admin/builder/spi-builder-workspace/.derivedData/Build/Intermediates.noindex/swift-nio.build/Debug-watchos/NIO-t.build/DerivedSources -Xcc -DSWIFT_PACKAGE -Xcc -DDEBUG\=1 -emit-objc-header -emit-objc-header-path /Users/admin/builder/spi-builder-workspace/.derivedData/Build/Intermediates.noindex/swift-nio.build/Debug-watchos/NIO-t.build/Objects-normal/arm64_32/NIO-Swift.h -working-directory /Users/admin/builder/spi-builder-workspace/.swiftpm/xcode -experimental-emit-module-separately -disable-cmo
SwiftDriver NIO normal arm64 com.apple.xcode.tools.swift.compiler (in target 'NIO' from project 'swift-nio')
cd /Users/admin/builder/spi-builder-workspace/.swiftpm/xcode
builtin-SwiftDriver -- /Applications/Xcode-27.0.0-Release.Candidate.app/Contents/Developer/Toolchains/XcodeDefault.xctoolchain/usr/bin/swiftc -parse-as-library -module-name NIO -Onone @/Users/admin/builder/spi-builder-workspace/.derivedData/Build/Intermediates.noindex/swift-nio.build/Debug-watchos/NIO-t.build/Objects-normal/arm64/NIO.SwiftFileList -DSWIFT_PACKAGE -DDEBUG -DSWIFT_MODULE_RESOURCE_BUNDLE_UNAVAILABLE -Xcc -fmodule-map-file\=/Users/admin/builder/spi-builder-workspace/.derivedData/Build/Intermediates.noindex/GeneratedModuleMaps-watchos/CNIOSHA1.modulemap -Xcc -fmodule-map-file\=/Users/admin/builder/spi-builder-workspace/.derivedData/Build/Intermediates.noindex/GeneratedModuleMaps-watchos/CNIOAtomics.modulemap -Xcc -fmodule-map-file\=/Users/admin/builder/spi-builder-workspace/.derivedData/Build/Intermediates.noindex/GeneratedModuleMaps-watchos/CNIODarwin.modulemap -Xcc -fmodule-map-file\=/Users/admin/builder/spi-builder-workspace/.derivedData/Build/Intermediates.noindex/GeneratedModuleMaps-watchos/CNIOLinux.modulemap -Xcc -fmodule-map-file\=/Users/admin/builder/spi-builder-workspace/.dependencies/checkouts/swift-nio-zlib-support/module.modulemap -DXcode -plugin-path /Applications/Xcode-27.0.0-Release.Candidate.app/Contents/Developer/Toolchains/XcodeDefault.xctoolchain/usr/lib/swift/host/plugins/testing -enable-experimental-feature DebugDescriptionMacro -sdk /Applications/Xcode-27.0.0-Release.Candidate.app/Contents/Developer/Platforms/WatchOS.platform/Developer/SDKs/WatchOS27.0.sdk -target arm64-apple-watchos9.0 -g -module-cache-path /Users/admin/builder/spi-builder-workspace/.derivedData/ModuleCache.noindex -Xfrontend -serialize-debugging-options -profile-coverage-mapping -profile-generate -enable-testing -suppress-warnings -index-store-path /Users/admin/builder/spi-builder-workspace/.derivedData/Index.noindex/DataStore -Xcc -D_LIBCPP_HARDENING_MODE\=_LIBCPP_HARDENING_MODE_DEBUG -swift-version 4 -I /Users/admin/builder/spi-builder-workspace/.derivedData/Build/Products/Debug-watchos -Isystem /Applications/Xcode-27.0.0-Release.Candidate.app/Contents/Developer/Platforms/WatchOS.platform/Developer/usr/lib -F /Users/admin/builder/spi-builder-workspace/.derivedData/Build/Products/Debug-watchos/PackageFrameworks -F /Users/admin/builder/spi-builder-workspace/.derivedData/Build/Products/Debug-watchos -F /Applications/Xcode-27.0.0-Release.Candidate.app/Contents/Developer/Platforms/WatchOS.platform/Developer/Library/Frameworks -F /Applications/Xcode-27.0.0-Release.Candidate.app/Contents/Developer/Platforms/WatchOS.platform/Developer/SDKs/WatchOS27.0.sdk/Developer/Library/Frameworks -c -j10 -enable-batch-mode -incremental -Xcc -ivfsstatcache -Xcc /Users/admin/builder/spi-builder-workspace/.derivedData/SDKStatCaches.noindex/watchos27.0-24R360-e829b21a6f8c9b70876ba0858053c04477534ef55a1706bf4c1112bbb242f0a2.sdkstatcache -output-file-map /Users/admin/builder/spi-builder-workspace/.derivedData/Build/Intermediates.noindex/swift-nio.build/Debug-watchos/NIO-t.build/Objects-normal/arm64/NIO-OutputFileMap.json -save-temps -no-color-diagnostics -emit-dependencies -emit-module -emit-module-path /Users/admin/builder/spi-builder-workspace/.derivedData/Build/Intermediates.noindex/swift-nio.build/Debug-watchos/NIO-t.build/Objects-normal/arm64/NIO.swiftmodule -serialize-diagnostics -validate-clang-modules-once -clang-build-session-file /Users/admin/builder/spi-builder-workspace/.derivedData/ModuleCache.noindex/Session.modulevalidation -Xcc -fmodules-prune-interval\=86400 -Xcc -fmodules-prune-after\=345600 -emit-const-values -const-gather-protocols-list /Users/admin/builder/spi-builder-workspace/.derivedData/Build/Intermediates.noindex/swift-nio.build/Debug-watchos/NIO-t.build/Objects-normal/arm64/NIO_const_extract_protocols.json -Xcc -I/Users/admin/builder/spi-builder-workspace/.dependencies/checkouts/swift-nio/Sources/CNIOSHA1/include -Xcc -I/Users/admin/builder/spi-builder-workspace/.dependencies/checkouts/swift-nio/Sources/CNIOAtomics/include -Xcc -I/Users/admin/builder/spi-builder-workspace/.dependencies/checkouts/swift-nio/Sources/CNIODarwin/include -Xcc -I/Users/admin/builder/spi-builder-workspace/.dependencies/checkouts/swift-nio/Sources/CNIOLinux/include -Xcc -I/Users/admin/builder/spi-builder-workspace/.derivedData/Build/Products/Debug-watchos/include -Xcc -I/Users/admin/builder/spi-builder-workspace/.derivedData/Build/Intermediates.noindex/swift-nio.build/Debug-watchos/NIO-t.build/DerivedSources-normal/arm64 -Xcc -I/Users/admin/builder/spi-builder-workspace/.derivedData/Build/Intermediates.noindex/swift-nio.build/Debug-watchos/NIO-t.build/DerivedSources/arm64 -Xcc -I/Users/admin/builder/spi-builder-workspace/.derivedData/Build/Intermediates.noindex/swift-nio.build/Debug-watchos/NIO-t.build/DerivedSources -Xcc -DSWIFT_PACKAGE -Xcc -DDEBUG\=1 -emit-objc-header -emit-objc-header-path /Users/admin/builder/spi-builder-workspace/.derivedData/Build/Intermediates.noindex/swift-nio.build/Debug-watchos/NIO-t.build/Objects-normal/arm64/NIO-Swift.h -working-directory /Users/admin/builder/spi-builder-workspace/.swiftpm/xcode -experimental-emit-module-separately -disable-cmo
SwiftCompile normal arm64 Compiling\ CdKeyDecode.swift /Users/admin/builder/spi-builder-workspace/Sources/SwiftBncsLib/CdKeyDecode.swift (in target 'SwiftBncsLib' from project 'SwiftBncsLib')
SwiftCompile normal arm64 /Users/admin/builder/spi-builder-workspace/Sources/SwiftBncsLib/CdKeyDecode.swift (in target 'SwiftBncsLib' from project 'SwiftBncsLib')
cd /Users/admin/builder/spi-builder-workspace/.swiftpm/xcode
builtin-SwiftPerFileCompile CdKeyDecode.swift
SwiftCompile normal arm64 Compiling\ BnftpResponseConsumer.swift /Users/admin/builder/spi-builder-workspace/Sources/SwiftBncsLib/BnftpResponseConsumer.swift (in target 'SwiftBncsLib' from project 'SwiftBncsLib')
SwiftCompile normal arm64 /Users/admin/builder/spi-builder-workspace/Sources/SwiftBncsLib/BnftpResponseConsumer.swift (in target 'SwiftBncsLib' from project 'SwiftBncsLib')
cd /Users/admin/builder/spi-builder-workspace/.swiftpm/xcode
builtin-SwiftPerFileCompile BnftpResponseConsumer.swift
SwiftCompile normal arm64 Compiling\ BncsMessage.swift /Users/admin/builder/spi-builder-workspace/Sources/SwiftBncsLib/Messaging/BncsMessage.swift (in target 'SwiftBncsLib' from project 'SwiftBncsLib')
SwiftCompile normal arm64 /Users/admin/builder/spi-builder-workspace/Sources/SwiftBncsLib/Messaging/BncsMessage.swift (in target 'SwiftBncsLib' from project 'SwiftBncsLib')
cd /Users/admin/builder/spi-builder-workspace/.swiftpm/xcode
builtin-SwiftPerFileCompile BncsMessage.swift
SwiftCompile normal arm64 Compiling\ IntUtil.swift /Users/admin/builder/spi-builder-workspace/Sources/SwiftBncsLib/IntUtil.swift (in target 'SwiftBncsLib' from project 'SwiftBncsLib')
SwiftCompile normal arm64 /Users/admin/builder/spi-builder-workspace/Sources/SwiftBncsLib/IntUtil.swift (in target 'SwiftBncsLib' from project 'SwiftBncsLib')
cd /Users/admin/builder/spi-builder-workspace/.swiftpm/xcode
builtin-SwiftPerFileCompile IntUtil.swift
SwiftCompile normal arm64 Compiling\ MpqReader.swift /Users/admin/builder/spi-builder-workspace/Sources/SwiftBncsLib/MpqReader.swift (in target 'SwiftBncsLib' from project 'SwiftBncsLib')
SwiftCompile normal arm64 /Users/admin/builder/spi-builder-workspace/Sources/SwiftBncsLib/MpqReader.swift (in target 'SwiftBncsLib' from project 'SwiftBncsLib')
cd /Users/admin/builder/spi-builder-workspace/.swiftpm/xcode
builtin-SwiftPerFileCompile MpqReader.swift
SwiftEmitModule normal arm64 Emitting\ module\ for\ SwiftBncsLib (in target 'SwiftBncsLib' from project 'SwiftBncsLib')
/Users/admin/builder/spi-builder-workspace/Sources/SwiftBncsLib/FoundationInputStreamExtension.swift:5:5: warning: 'public' modifier is redundant for instance method declared in a public extension
3 | public extension InputStream {
4 |
5 | public func readData(maxLength: Int) -> Foundation.Data? {
| `- warning: 'public' modifier is redundant for instance method declared in a public extension
6 | var bytes = [UInt8](repeating: 0, count: maxLength)
7 |
/Users/admin/builder/spi-builder-workspace/Sources/SwiftBncsLib/FoundationOutputStreamExtension.swift:5:5: warning: 'public' modifier is redundant for instance method declared in a public extension
3 | public extension OutputStream {
4 |
5 | public func write(byte: UInt8) {
| `- warning: 'public' modifier is redundant for instance method declared in a public extension
6 | var copy = byte
7 | write(©, maxLength: 1)
/Users/admin/builder/spi-builder-workspace/Sources/SwiftBncsLib/FoundationOutputStreamExtension.swift:10:5: warning: 'public' modifier is redundant for instance method declared in a public extension
8 | }
9 |
10 | public func write(bytes: [UInt8]) {
| `- warning: 'public' modifier is redundant for instance method declared in a public extension
11 | var copy = bytes
12 | write(©, maxLength: bytes.count)
/Users/admin/builder/spi-builder-workspace/Sources/SwiftBncsLib/FoundationOutputStreamExtension.swift:15:5: warning: 'public' modifier is redundant for instance method declared in a public extension
13 | }
14 |
15 | public func write(data: Foundation.Data) {
| `- warning: 'public' modifier is redundant for instance method declared in a public extension
16 | var dataCopy = data
17 | let _ = dataCopy.withUnsafeMutableBytes { contents in
SwiftCompile normal arm64 (in target 'SwiftBncsLib' from project 'SwiftBncsLib')
cd /Users/admin/builder/spi-builder-workspace/.swiftpm/xcode
SwiftEmitModule normal arm64_32 Emitting\ module\ for\ SwiftBncsLib (in target 'SwiftBncsLib' from project 'SwiftBncsLib')
/Users/admin/builder/spi-builder-workspace/Sources/SwiftBncsLib/FoundationInputStreamExtension.swift:5:5: warning: 'public' modifier is redundant for instance method declared in a public extension
3 | public extension InputStream {
4 |
5 | public func readData(maxLength: Int) -> Foundation.Data? {
| `- warning: 'public' modifier is redundant for instance method declared in a public extension
6 | var bytes = [UInt8](repeating: 0, count: maxLength)
7 |
/Users/admin/builder/spi-builder-workspace/Sources/SwiftBncsLib/FoundationOutputStreamExtension.swift:5:5: warning: 'public' modifier is redundant for instance method declared in a public extension
3 | public extension OutputStream {
4 |
5 | public func write(byte: UInt8) {
| `- warning: 'public' modifier is redundant for instance method declared in a public extension
6 | var copy = byte
7 | write(©, maxLength: 1)
/Users/admin/builder/spi-builder-workspace/Sources/SwiftBncsLib/FoundationOutputStreamExtension.swift:10:5: warning: 'public' modifier is redundant for instance method declared in a public extension
8 | }
9 |
10 | public func write(bytes: [UInt8]) {
| `- warning: 'public' modifier is redundant for instance method declared in a public extension
11 | var copy = bytes
12 | write(©, maxLength: bytes.count)
/Users/admin/builder/spi-builder-workspace/Sources/SwiftBncsLib/FoundationOutputStreamExtension.swift:15:5: warning: 'public' modifier is redundant for instance method declared in a public extension
13 | }
14 |
15 | public func write(data: Foundation.Data) {
| `- warning: 'public' modifier is redundant for instance method declared in a public extension
16 | var dataCopy = data
17 | let _ = dataCopy.withUnsafeMutableBytes { contents in
SwiftCompile normal arm64_32 (in target 'SwiftBncsLib' from project 'SwiftBncsLib')
cd /Users/admin/builder/spi-builder-workspace/.swiftpm/xcode
SwiftCompile normal arm64_32 Compiling\ PortableExecutableUtil.swift /Users/admin/builder/spi-builder-workspace/Sources/SwiftBncsLib/PortableExecutableUtil.swift (in target 'SwiftBncsLib' from project 'SwiftBncsLib')
/Users/admin/builder/spi-builder-workspace/Sources/SwiftBncsLib/PortableExecutableUtil.swift:124:26: error: integer literal '2147483648' overflows when stored into 'Int'
122 | tree.append(thisIdentifier)
123 |
124 | if nextAddress & 0x80000000 != 0 {
| `- error: integer literal '2147483648' overflows when stored into 'Int'
125 | // branch
126 | let x = processResourceRecord(bytes: bytes, recordOffset: nextAddress & 0x7FFFFFFF, rsrcStart: rsrcStart, rsrcVirtualToRaw: rsrcVirtualToRaw, tree: tree)
/Users/admin/builder/spi-builder-workspace/Sources/SwiftBncsLib/PortableExecutableUtil.swift:78:31: error: integer literal '427121930798' overflows when stored into 'Int'
76 | let rsrcVirtualToRaw = rawStart - virtualStart
77 |
78 | if sectionType == 0x000000637273722E {
| `- error: integer literal '427121930798' overflows when stored into 'Int'
79 | return processResourceRecord(bytes: bytes, recordOffset: 0, rsrcStart: rawStart, rsrcVirtualToRaw: rsrcVirtualToRaw)
80 | }
Failed frontend command:
/Applications/Xcode-27.0.0-Release.Candidate.app/Contents/Developer/Toolchains/XcodeDefault.xctoolchain/usr/bin/swift-frontend -frontend -c /Users/admin/builder/spi-builder-workspace/Sources/SwiftBncsLib/BncsEnumerations.swift /Users/admin/builder/spi-builder-workspace/Sources/SwiftBncsLib/BncsStructures.swift /Users/admin/builder/spi-builder-workspace/Sources/SwiftBncsLib/BnftpRequestComposer.swift /Users/admin/builder/spi-builder-workspace/Sources/SwiftBncsLib/BnftpResponseConsumer.swift /Users/admin/builder/spi-builder-workspace/Sources/SwiftBncsLib/BnlsEnumerations.swift /Users/admin/builder/spi-builder-workspace/Sources/SwiftBncsLib/CdKeyDecode.swift /Users/admin/builder/spi-builder-workspace/Sources/SwiftBncsLib/ChatChannel.swift /Users/admin/builder/spi-builder-workspace/Sources/SwiftBncsLib/CheckRevision.swift /Users/admin/builder/spi-builder-workspace/Sources/SwiftBncsLib/FoundationDataExtension.swift /Users/admin/builder/spi-builder-workspace/Sources/SwiftBncsLib/FoundationDataXSha1.swift /Users/admin/builder/spi-builder-workspace/Sources/SwiftBncsLib/FoundationInputStreamExtension.swift /Users/admin/builder/spi-builder-workspace/Sources/SwiftBncsLib/FoundationOutputStreamExtension.swift /Users/admin/builder/spi-builder-workspace/Sources/SwiftBncsLib/FourCC.swift /Users/admin/builder/spi-builder-workspace/Sources/SwiftBncsLib/IntUtil.swift /Users/admin/builder/spi-builder-workspace/Sources/SwiftBncsLib/Messaging/BncsMessage.swift /Users/admin/builder/spi-builder-workspace/Sources/SwiftBncsLib/Messaging/BncsMessageComposer.swift /Users/admin/builder/spi-builder-workspace/Sources/SwiftBncsLib/Messaging/BncsMessageConsumer.swift /Users/admin/builder/spi-builder-workspace/Sources/SwiftBncsLib/Messaging/BnlsMessage.swift /Users/admin/builder/spi-builder-workspace/Sources/SwiftBncsLib/Messaging/BnlsMessageComposer.swift /Users/admin/builder/spi-builder-workspace/Sources/SwiftBncsLib/Messaging/BnlsMessageConsumer.swift /Users/admin/builder/spi-builder-workspace/Sources/SwiftBncsLib/Messaging/Message.swift /Users/admin/builder/spi-builder-workspace/Sources/SwiftBncsLib/Messaging/MessageComposer.swift /Users/admin/builder/spi-builder-workspace/Sources/SwiftBncsLib/Messaging/MessageConsumer.swift /Users/admin/builder/spi-builder-workspace/Sources/SwiftBncsLib/MpqReader.swift -primary-file /Users/admin/builder/spi-builder-workspace/Sources/SwiftBncsLib/PortableExecutableUtil.swift -emit-dependencies-path /Users/admin/builder/spi-builder-workspace/.derivedData/Build/Intermediates.noindex/SwiftBncsLib.build/Debug-watchos/SwiftBncsLib-t.build/Objects-normal/arm64_32/PortableExecutableUtil.d -emit-const-values-path /Users/admin/builder/spi-builder-workspace/.derivedData/Build/Intermediates.noindex/SwiftBncsLib.build/Debug-watchos/SwiftBncsLib-t.build/Objects-normal/arm64_32/PortableExecutableUtil.swiftconstvalues -emit-reference-dependencies-path /Users/admin/builder/spi-builder-workspace/.derivedData/Build/Intermediates.noindex/SwiftBncsLib.build/Debug-watchos/SwiftBncsLib-t.build/Objects-normal/arm64_32/PortableExecutableUtil.swiftdeps -serialize-diagnostics-path /Users/admin/builder/spi-builder-workspace/.derivedData/Build/Intermediates.noindex/SwiftBncsLib.build/Debug-watchos/SwiftBncsLib-t.build/Objects-normal/arm64_32/PortableExecutableUtil.dia -target arm64_32-apple-watchos9.0 -enable-objc-interop -sdk /Applications/Xcode-27.0.0-Release.Candidate.app/Contents/Developer/Platforms/WatchOS.platform/Developer/SDKs/WatchOS27.0.sdk -I /Users/admin/builder/spi-builder-workspace/.derivedData/Build/Products/Debug-watchos -Isystem /Applications/Xcode-27.0.0-Release.Candidate.app/Contents/Developer/Platforms/WatchOS.platform/Developer/usr/lib -F /Users/admin/builder/spi-builder-workspace/.derivedData/Build/Products/Debug-watchos/PackageFrameworks -F /Users/admin/builder/spi-builder-workspace/.derivedData/Build/Products/Debug-watchos -F /Applications/Xcode-27.0.0-Release.Candidate.app/Contents/Developer/Platforms/WatchOS.platform/Developer/Library/Frameworks -F /Applications/Xcode-27.0.0-Release.Candidate.app/Contents/Developer/Platforms/WatchOS.platform/Developer/SDKs/WatchOS27.0.sdk/Developer/Library/Frameworks -module-cache-path /Users/admin/builder/spi-builder-workspace/.derivedData/ModuleCache.noindex -no-color-diagnostics -Xcc -fno-color-diagnostics -enable-testing -g -debug-info-format\=dwarf -dwarf-version\=4 -profile-generate -profile-coverage-mapping -swift-version 4 -Onone -D SWIFT_PACKAGE -D DEBUG -D SWIFT_MODULE_RESOURCE_BUNDLE_UNAVAILABLE -D Xcode -serialize-debugging-options -enable-experimental-feature DebugDescriptionMacro -empty-abi-descriptor -plugin-path /Applications/Xcode-27.0.0-Release.Candidate.app/Contents/Developer/Toolchains/XcodeDefault.xctoolchain/usr/lib/swift/host/plugins/testing -validate-clang-modules-once -clang-build-session-file /Users/admin/builder/spi-builder-workspace/.derivedData/ModuleCache.noindex/Session.modulevalidation -Xcc -working-directory -Xcc /Users/admin/builder/spi-builder-workspace/.swiftpm/xcode -enable-anonymous-context-mangled-names -file-compilation-dir /Users/admin/builder/spi-builder-workspace/.swiftpm/xcode -Xcc -D_LIBCPP_HARDENING_MODE\=_LIBCPP_HARDENING_MODE_DEBUG -Xcc -ivfsstatcache -Xcc /Users/admin/builder/spi-builder-workspace/.derivedData/SDKStatCaches.noindex/watchos27.0-24R360-e829b21a6f8c9b70876ba0858053c04477534ef55a1706bf4c1112bbb242f0a2.sdkstatcache -Xcc -fmodules-prune-interval\=86400 -Xcc -fmodules-prune-after\=345600 -Xcc -I/Users/admin/builder/spi-builder-workspace/.derivedData/Build/Products/Debug-watchos/include -Xcc -I/Users/admin/builder/spi-builder-workspace/.derivedData/Build/Intermediates.noindex/SwiftBncsLib.build/Debug-watchos/SwiftBncsLib-t.build/DerivedSources-normal/arm64_32 -Xcc -I/Users/admin/builder/spi-builder-workspace/.derivedData/Build/Intermediates.noindex/SwiftBncsLib.build/Debug-watchos/SwiftBncsLib-t.build/DerivedSources/arm64_32 -Xcc -I/Users/admin/builder/spi-builder-workspace/.derivedData/Build/Intermediates.noindex/SwiftBncsLib.build/Debug-watchos/SwiftBncsLib-t.build/DerivedSources -Xcc -DSWIFT_PACKAGE -Xcc -DDEBUG\=1 -no-auto-bridging-header-chaining -module-name SwiftBncsLib -const-gather-protocols-file /Users/admin/builder/spi-builder-workspace/.derivedData/Build/Intermediates.noindex/SwiftBncsLib.build/Debug-watchos/SwiftBncsLib-t.build/Objects-normal/arm64_32/SwiftBncsLib_const_extract_protocols.json -disable-clang-spi -target-sdk-version 27.0 -target-sdk-name watchos27.0 -external-plugin-path /Applications/Xcode-27.0.0-Release.Candidate.app/Contents/Developer/Platforms/WatchOS.platform/Developer/usr/lib/swift/host/plugins\#/Applications/Xcode-27.0.0-Release.Candidate.app/Contents/Developer/Platforms/WatchOS.platform/Developer/usr/bin/swift-plugin-server -external-plugin-path /Applications/Xcode-27.0.0-Release.Candidate.app/Contents/Developer/Platforms/WatchOS.platform/Developer/usr/local/lib/swift/host/plugins\#/Applications/Xcode-27.0.0-Release.Candidate.app/Contents/Developer/Platforms/WatchOS.platform/Developer/usr/bin/swift-plugin-server -in-process-plugin-server-path /Applications/Xcode-27.0.0-Release.Candidate.app/Contents/Developer/Toolchains/XcodeDefault.xctoolchain/usr/lib/swift/host/libSwiftInProcPluginServer.dylib -plugin-path /Applications/Xcode-27.0.0-Release.Candidate.app/Contents/Developer/Toolchains/XcodeDefault.xctoolchain/usr/lib/swift/host/plugins -plugin-path /Applications/Xcode-27.0.0-Release.Candidate.app/Contents/Developer/Toolchains/XcodeDefault.xctoolchain/usr/local/lib/swift/host/plugins -parse-as-library -o /Users/admin/builder/spi-builder-workspace/.derivedData/Build/Intermediates.noindex/SwiftBncsLib.build/Debug-watchos/SwiftBncsLib-t.build/Objects-normal/arm64_32/PortableExecutableUtil.o -index-unit-output-path /SwiftBncsLib.build/Debug-watchos/SwiftBncsLib-t.build/Objects-normal/arm64_32/PortableExecutableUtil.o -index-store-path /Users/admin/builder/spi-builder-workspace/.derivedData/Index.noindex/DataStore -index-system-modules
SwiftCompile normal arm64_32 /Users/admin/builder/spi-builder-workspace/Sources/SwiftBncsLib/PortableExecutableUtil.swift (in target 'SwiftBncsLib' from project 'SwiftBncsLib')
cd /Users/admin/builder/spi-builder-workspace/.swiftpm/xcode
builtin-SwiftPerFileCompile PortableExecutableUtil.swift
SwiftEmitModule normal arm64_32 Emitting\ module\ for\ NIO (in target 'NIO' from project 'swift-nio')
SwiftCompile normal arm64_32 (in target 'NIO' from project 'swift-nio')
cd /Users/admin/builder/spi-builder-workspace/.swiftpm/xcode
SwiftDriverJobDiscovery normal arm64 Compiling BncsMessage.swift (in target 'SwiftBncsLib' from project 'SwiftBncsLib')
SwiftEmitModule normal arm64 Emitting\ module\ for\ NIO (in target 'NIO' from project 'swift-nio')
SwiftCompile normal arm64 (in target 'NIO' from project 'swift-nio')
cd /Users/admin/builder/spi-builder-workspace/.swiftpm/xcode
SwiftDriverJobDiscovery normal arm64 Compiling BnftpResponseConsumer.swift (in target 'SwiftBncsLib' from project 'SwiftBncsLib')
SwiftCompile normal arm64_32 Compiling\ FoundationDataExtension.swift /Users/admin/builder/spi-builder-workspace/Sources/SwiftBncsLib/FoundationDataExtension.swift (in target 'SwiftBncsLib' from project 'SwiftBncsLib')
SwiftCompile normal arm64_32 /Users/admin/builder/spi-builder-workspace/Sources/SwiftBncsLib/FoundationDataExtension.swift (in target 'SwiftBncsLib' from project 'SwiftBncsLib')
cd /Users/admin/builder/spi-builder-workspace/.swiftpm/xcode
builtin-SwiftPerFileCompile FoundationDataExtension.swift
SwiftDriverJobDiscovery normal arm64 Compiling IntUtil.swift (in target 'SwiftBncsLib' from project 'SwiftBncsLib')
SwiftCompile normal arm64 Compiling\ BncsMessageConsumer.swift /Users/admin/builder/spi-builder-workspace/Sources/SwiftBncsLib/Messaging/BncsMessageConsumer.swift (in target 'SwiftBncsLib' from project 'SwiftBncsLib')
SwiftCompile normal arm64 /Users/admin/builder/spi-builder-workspace/Sources/SwiftBncsLib/Messaging/BncsMessageConsumer.swift (in target 'SwiftBncsLib' from project 'SwiftBncsLib')
cd /Users/admin/builder/spi-builder-workspace/.swiftpm/xcode
builtin-SwiftPerFileCompile BncsMessageConsumer.swift
SwiftCompile normal arm64_32 Compiling\ CheckRevision.swift /Users/admin/builder/spi-builder-workspace/Sources/SwiftBncsLib/CheckRevision.swift (in target 'SwiftBncsLib' from project 'SwiftBncsLib')
SwiftCompile normal arm64_32 /Users/admin/builder/spi-builder-workspace/Sources/SwiftBncsLib/CheckRevision.swift (in target 'SwiftBncsLib' from project 'SwiftBncsLib')
cd /Users/admin/builder/spi-builder-workspace/.swiftpm/xcode
builtin-SwiftPerFileCompile CheckRevision.swift
SwiftCompile normal arm64 Compiling\ PortableExecutableUtil.swift /Users/admin/builder/spi-builder-workspace/Sources/SwiftBncsLib/PortableExecutableUtil.swift (in target 'SwiftBncsLib' from project 'SwiftBncsLib')
SwiftCompile normal arm64 /Users/admin/builder/spi-builder-workspace/Sources/SwiftBncsLib/PortableExecutableUtil.swift (in target 'SwiftBncsLib' from project 'SwiftBncsLib')
cd /Users/admin/builder/spi-builder-workspace/.swiftpm/xcode
builtin-SwiftPerFileCompile PortableExecutableUtil.swift
PruneExplicitPrecompiledModules /Users/admin/builder/spi-builder-workspace/.derivedData/Build/Intermediates.noindex/SwiftExplicitPrecompiledModules
PruneExplicitPrecompiledModules /Users/admin/builder/spi-builder-workspace/.derivedData/SDKExplicitPrecompiledModules
PruneExplicitPrecompiledModules /Users/admin/builder/spi-builder-workspace/.derivedData/Build/Intermediates.noindex/ExplicitPrecompiledModules
2026-09-16 15:18:02.560 xcodebuild[936:5726] [MT] IDERunDestination: Supported platforms for the buildables in the current scheme is empty.
** BUILD FAILED **
The following build commands failed:
SwiftCompile normal arm64_32 Compiling\ PortableExecutableUtil.swift /Users/admin/builder/spi-builder-workspace/Sources/SwiftBncsLib/PortableExecutableUtil.swift (in target 'SwiftBncsLib' from project 'SwiftBncsLib')
SwiftCompile normal arm64_32 /Users/admin/builder/spi-builder-workspace/Sources/SwiftBncsLib/PortableExecutableUtil.swift (in target 'SwiftBncsLib' from project 'SwiftBncsLib')
Building workspace SwiftBncsLib with scheme SwiftBncsLib-Package
(3 failures)
BUILD FAILURE 6.4 watchOS