Build Information
Failed to build FWFramework, reference 10.0.0 (a08b0a), with Swift 6.1 for Wasm on 29 Sep 2026 03:26:31 UTC.
Build Command
bash -c docker run --pull=always --rm -v "checkouts-54344843-0":/host -w "$PWD" -e JAVA_HOME="/root/.sdkman/candidates/java/current" -e SPI_BUILD="1" -e SPI_PROCESSING="1" registry.gitlab.com/saguaro1/spi-images:wasm-6.1-latest swift build --swift-sdk wasm32-unknown-wasi 2>&1Build Log
========================================
RunAll
========================================
Builder version: 5.1.0
Interrupt handler set up.
========================================
Checkout
========================================
Clone URL: https://github.com/lszzy/FWFramework.git
Reference: 10.0.0
Initialized empty Git repository in /host/spi-builder-workspace/.git/
hint: Using 'master' as the name for the initial branch. This default branch name
hint: is subject to change. To configure the initial branch name to use in all
hint: of your new repositories, which will suppress this warning, call:
hint:
hint: git config --global init.defaultBranch <name>
hint:
hint: Names commonly chosen instead of 'master' are 'main', 'trunk' and
hint: 'development'. The just-created branch can be renamed via this command:
hint:
hint: git branch -m <name>
From https://github.com/lszzy/FWFramework
* tag 10.0.0 -> FETCH_HEAD
HEAD is now at a08b0ac Finish Release-10.0.0-20260923
Cloned https://github.com/lszzy/FWFramework.git
Revision (git rev-parse @):
a08b0aca0d66ffc671304836838e5f469ce46573
SUCCESS checkout https://github.com/lszzy/FWFramework.git at 10.0.0
========================================
Build
========================================
Selected platform: wasm
Swift version: 6.1
Building package at path: $PWD
https://github.com/lszzy/FWFramework.git
https://github.com/lszzy/FWFramework.git
WARNING: environment variable SUPPRESS_SWIFT_6_FLAGS is not set
Running build ...
bash -c docker run --pull=always --rm -v "checkouts-54344843-0":/host -w "$PWD" -e JAVA_HOME="/root/.sdkman/candidates/java/current" -e SPI_BUILD="1" -e SPI_PROCESSING="1" registry.gitlab.com/saguaro1/spi-images:wasm-6.1-latest swift build --swift-sdk wasm32-unknown-wasi -Xswiftc -Xfrontend -Xswiftc -stats-output-dir -Xswiftc -Xfrontend -Xswiftc .stats -Xswiftc -strict-concurrency=complete -Xswiftc -enable-upcoming-feature -Xswiftc StrictConcurrency -Xswiftc -enable-upcoming-feature -Xswiftc DisableOutwardActorInference -Xswiftc -enable-upcoming-feature -Xswiftc GlobalActorIsolatedTypesUsability -Xswiftc -enable-upcoming-feature -Xswiftc InferSendableFromCaptures 2>&1
wasm-6.1-latest: Pulling from saguaro1/spi-images
Digest: sha256:beceeede496da67681f4fa220a6b97cc098a0178841a413735f598dc6bbaf4c8
Status: Image is up to date for registry.gitlab.com/saguaro1/spi-images:wasm-6.1-latest
Fetching https://github.com/SDWebImage/SDWebImage.git
Fetching https://github.com/tristanhimmelman/ObjectMapper.git
Fetching https://github.com/airbnb/lottie-ios.git
Fetching https://github.com/Alamofire/Alamofire.git
Fetching https://github.com/apple/swift-syntax.git
[1/26047] Fetching sdwebimage
[4690/62561] Fetching sdwebimage, lottie-ios
[9119/68903] Fetching sdwebimage, lottie-ios, objectmapper
[25692/101846] Fetching sdwebimage, lottie-ios, objectmapper, alamofire
[35392/181916] Fetching sdwebimage, lottie-ios, objectmapper, alamofire, swift-syntax
Fetched https://github.com/tristanhimmelman/ObjectMapper.git from cache (1.33s)
[38845/175574] Fetching sdwebimage, lottie-ios, alamofire, swift-syntax
Fetched https://github.com/SDWebImage/SDWebImage.git from cache (1.35s)
[14917/149527] Fetching lottie-ios, alamofire, swift-syntax
Fetched https://github.com/Alamofire/Alamofire.git from cache (3.15s)
[88834/116584] Fetching lottie-ios, swift-syntax
Fetched https://github.com/apple/swift-syntax.git from cache (3.53s)
[8955/36514] Fetching lottie-ios
Fetched https://github.com/airbnb/lottie-ios.git from cache (12.97s)
Computing version for https://github.com/apple/swift-syntax.git
Computed https://github.com/apple/swift-syntax.git at 509.1.1 (13.97s)
Computing version for https://github.com/tristanhimmelman/ObjectMapper.git
Computed https://github.com/tristanhimmelman/ObjectMapper.git at 4.4.3 (0.24s)
Computing version for https://github.com/airbnb/lottie-ios.git
Computed https://github.com/airbnb/lottie-ios.git at 4.6.1 (0.22s)
Computing version for https://github.com/Alamofire/Alamofire.git
Computed https://github.com/Alamofire/Alamofire.git at 5.12.2 (0.21s)
Computing version for https://github.com/SDWebImage/SDWebImage.git
Computed https://github.com/SDWebImage/SDWebImage.git at 5.21.7 (0.23s)
Creating working copy for https://github.com/tristanhimmelman/ObjectMapper.git
Working copy of https://github.com/tristanhimmelman/ObjectMapper.git resolved at 4.4.3
Creating working copy for https://github.com/airbnb/lottie-ios.git
Working copy of https://github.com/airbnb/lottie-ios.git resolved at 4.6.1
Creating working copy for https://github.com/SDWebImage/SDWebImage.git
Working copy of https://github.com/SDWebImage/SDWebImage.git resolved at 5.21.7
Creating working copy for https://github.com/apple/swift-syntax.git
Working copy of https://github.com/apple/swift-syntax.git resolved at 509.1.1
Creating working copy for https://github.com/Alamofire/Alamofire.git
Working copy of https://github.com/Alamofire/Alamofire.git resolved at 5.12.2
Downloading binary artifact https://github.com/lszzy/FWFramework/releases/download/7.0.0/MMKV.xcframework.zip
[16375/367174] Downloading https://github.com/lszzy/FWFramework/releases/download/7.0.0/MMKV.xcframework.zip
Downloaded https://github.com/lszzy/FWFramework/releases/download/7.0.0/MMKV.xcframework.zip (0.35s)
warning: 'objectmapper': found 2 file(s) which are unhandled; explicitly declare them as resources or exclude from the target
/host/spi-builder-workspace/.build/checkouts/ObjectMapper/Sources/Info.plist
/host/spi-builder-workspace/.build/checkouts/ObjectMapper/Sources/Resources/PrivacyInfo.xcprivacy
Building for debugging...
[0/128] Write sources
[14/128] Copying PrivacyInfo.xcprivacy
[16/128] Write sources
[17/128] Copying PrivacyInfo.xcprivacy
[18/128] Write sources
In file included from <built-in>:1:
/host/spi-builder-workspace/.build/wasm32-unknown-wasi/debug/SDWebImage.build/DerivedSources/resource_bundle_accessor.h:2:9: fatal error: 'Foundation/Foundation.h' file not found
2 | #import <Foundation/Foundation.h>
| ^~~~~~~~~~~~~~~~~~~~~~~~~
1 error generated.
[29/128] Compiling UIColor+SDHexString.m
In file included from <built-in>:1:
/host/spi-builder-workspace/.build/wasm32-unknown-wasi/debug/SDWebImage.build/DerivedSources/resource_bundle_accessor.h:2:9: fatal error: 'Foundation/Foundation.h' file not found
2 | #import <Foundation/Foundation.h>
| ^~~~~~~~~~~~~~~~~~~~~~~~~
1 error generated.
In file included from <built-in>:1:
/host/spi-builder-workspace/.build/wasm32-unknown-wasi/debug/SDWebImage.build/DerivedSources/resource_bundle_accessor.h:2:9: fatal error: 'Foundation/Foundation.h' file not found
2 | #import <Foundation/Foundation.h>
| ^~~~~~~~~~~~~~~~~~~~~~~~~
1 error generated.
[29/128] Compiling SDWeakProxy.m
[29/128] Compiling SDFileAttributeHelper.m
In file included from <built-in>:1:
/host/spi-builder-workspace/.build/wasm32-unknown-wasi/debug/SDWebImage.build/DerivedSources/resource_bundle_accessor.h:2:9: fatal error: 'Foundation/Foundation.h' file not found
2 | #import <Foundation/Foundation.h>
| ^~~~~~~~~~~~~~~~~~~~~~~~~
1 error generated.
[29/128] Compiling SDInternalMacros.m
In file included from <built-in>:1:
/host/spi-builder-workspace/.build/wasm32-unknown-wasi/debug/SDWebImage.build/DerivedSources/resource_bundle_accessor.h:2:9: fatal error: 'Foundation/Foundation.h' file not found
2 | #import <Foundation/Foundation.h>
| ^~~~~~~~~~~~~~~~~~~~~~~~~
1 error generated.
[29/128] Compiling SDImageAssetManager.m
In file included from <built-in>:1:
/host/spi-builder-workspace/.build/wasm32-unknown-wasi/debug/SDWebImage.build/DerivedSources/resource_bundle_accessor.h:2:9: fatal error: 'Foundation/Foundation.h' file not found
2 | #import <Foundation/Foundation.h>
| ^~~~~~~~~~~~~~~~~~~~~~~~~
[29/128] Compiling SDImageFramePool.m
In file included from <built-in>:1:
/host/spi-builder-workspace/.build/wasm32-unknown-wasi/debug/SDWebImage.build/DerivedSources/resource_bundle_accessor.h:2:9: fatal error: 'Foundation/Foundation.h' file not found
2 | #import <Foundation/Foundation.h>
| ^~~~~~~~~~~~~~~~~~~~~~~~~
[29/128] Compiling SDImageCachesManagerOperation.m
[29/128] Write swift-version-24593BA9C3E375BF.txt
Running build ...
bash -c docker run --pull=always --rm -v "checkouts-54344843-0":/host -w "$PWD" -e JAVA_HOME="/root/.sdkman/candidates/java/current" -e SPI_BUILD="1" -e SPI_PROCESSING="1" registry.gitlab.com/saguaro1/spi-images:wasm-6.1-latest swift build --swift-sdk wasm32-unknown-wasi 2>&1
wasm-6.1-latest: Pulling from saguaro1/spi-images
Digest: sha256:beceeede496da67681f4fa220a6b97cc098a0178841a413735f598dc6bbaf4c8
Status: Image is up to date for registry.gitlab.com/saguaro1/spi-images:wasm-6.1-latest
warning: 'objectmapper': found 2 file(s) which are unhandled; explicitly declare them as resources or exclude from the target
/host/spi-builder-workspace/.build/checkouts/ObjectMapper/Sources/Info.plist
/host/spi-builder-workspace/.build/checkouts/ObjectMapper/Sources/Resources/PrivacyInfo.xcprivacy
[0/1] Planning build
Building for debugging...
[0/100] Write sources
[0/99] Copying PrivacyInfo.xcprivacy
In file included from <built-in>:1:
/host/spi-builder-workspace/.build/wasm32-unknown-wasi/debug/SDWebImage.build/DerivedSources/resource_bundle_accessor.h:2:9: fatal error: 'Foundation/Foundation.h' file not found
2 | #import <Foundation/Foundation.h>
| ^~~~~~~~~~~~~~~~~~~~~~~~~
1 error generated.
[10/99] Compiling SDWebImage resource_bundle_accessor.m
In file included from <built-in>:1:
/host/spi-builder-workspace/.build/wasm32-unknown-wasi/debug/SDWebImage.build/DerivedSources/resource_bundle_accessor.h:2:9: fatal error: 'Foundation/Foundation.h' file not found
2 | #import <Foundation/Foundation.h>
| ^~~~~~~~~~~~~~~~~~~~~~~~~
1 error generated.
[10/99] Compiling SDWeakProxy.m
In file included from <built-in>:1:
/host/spi-builder-workspace/.build/wasm32-unknown-wasi/debug/SDWebImage.build/DerivedSources/resource_bundle_accessor.h:2:9: fatal error: 'Foundation/Foundation.h' file not found
2 | #import <Foundation/Foundation.h>
| ^~~~~~~~~~~~~~~~~~~~~~~~~
1 error generated.
In file included from <built-in>:1:
/host/spi-builder-workspace/.build/wasm32-unknown-wasi/debug/SDWebImage.build/DerivedSources/resource_bundle_accessor.h:2:9: fatal error: 'Foundation/Foundation.h' file not found
2 | #import <Foundation/Foundation.h>
| ^~~~~~~~~~~~~~~~~~~~~~~~~
1 error generated.
[10/99] Compiling UIColor+SDHexString.m
[10/99] Compiling SDInternalMacros.m
In file included from <built-in>:1:
/host/spi-builder-workspace/.build/wasm32-unknown-wasi/debug/SDWebImage.build/DerivedSources/resource_bundle_accessor.h:2:9: fatal error: 'Foundation/Foundation.h' file not found
2 | #import <Foundation/Foundation.h>
| ^~~~~~~~~~~~~~~~~~~~~~~~~
1 error generated.
[10/99] Compiling SDImageCachesManagerOperation.m
In file included from <built-in>:1:
/host/spi-builder-workspace/.build/wasm32-unknown-wasi/debug/SDWebImage.build/DerivedSources/resource_bundle_accessor.h:2:9: fatal error: 'Foundation/Foundation.h' file not found
2 | #import <Foundation/Foundation.h>
| ^~~~~~~~~~~~~~~~~~~~~~~~~
1 error generated.
[10/99] Compiling SDImageAssetManager.m
In file included from <built-in>:1:
/host/spi-builder-workspace/.build/wasm32-unknown-wasi/debug/SDWebImage.build/DerivedSources/resource_bundle_accessor.h:2:9: fatal error: 'Foundation/Foundation.h' file not found
2 | #import <Foundation/Foundation.h>
| ^~~~~~~~~~~~~~~~~~~~~~~~~
[10/99] Compiling SDImageFramePool.m
[10/99] Write swift-version-24593BA9C3E375BF.txt
BUILD FAILURE 6.1 wasm