Build Information
Failed to build GoogleCloudContactCenterInsightsV1, reference 0.5.0 (1c21e0), with Swift 6.2 for Android on 11 Oct 2026 10:52:45 UTC.
Build Command
bash -c docker run --pull=always --rm -v "checkouts-54344843-2":/host -w "$PWD" -e JAVA_HOME="/root/.sdkman/candidates/java/current" -e SPI_BUILD="1" -e SPI_PROCESSING="1" registry.gitlab.com/saguaro1/spi-images:android-6.2-latest swift build --swift-sdk aarch64-unknown-linux-android28 2>&1Build Log
========================================
RunAll
========================================
Builder version: 5.1.1
Interrupt handler set up.
========================================
Checkout
========================================
Clone URL: https://github.com/googleapis/swift-google-cloud-contactcenterinsights-v1.git
Reference: 0.5.0
Initialized empty Git repository in /host/spi-builder-workspace/.git/
hint: Using 'master' as the name for the initial branch. This default branch name
hint: is subject to change. To configure the initial branch name to use in all
hint: of your new repositories, which will suppress this warning, call:
hint:
hint: git config --global init.defaultBranch <name>
hint:
hint: Names commonly chosen instead of 'master' are 'main', 'trunk' and
hint: 'development'. The just-created branch can be renamed via this command:
hint:
hint: git branch -m <name>
From https://github.com/googleapis/swift-google-cloud-contactcenterinsights-v1
* tag 0.5.0 -> FETCH_HEAD
HEAD is now at 1c21e0b chore: release circa 2026-10-07 (#1382)
Cloned https://github.com/googleapis/swift-google-cloud-contactcenterinsights-v1.git
Revision (git rev-parse @):
1c21e0b70742604e6b89827e703e841c6df0c330
SPI manifest file found: $PWD/.spi.yml
SUCCESS checkout https://github.com/googleapis/swift-google-cloud-contactcenterinsights-v1.git at 0.5.0
========================================
Build
========================================
Selected platform: android
Swift version: 6.2
Building package at path: $PWD
https://github.com/googleapis/swift-google-cloud-contactcenterinsights-v1.git
Running build ...
bash -c docker run --pull=always --rm -v "checkouts-54344843-2":/host -w "$PWD" -e JAVA_HOME="/root/.sdkman/candidates/java/current" -e SPI_BUILD="1" -e SPI_PROCESSING="1" registry.gitlab.com/saguaro1/spi-images:android-6.2-latest swift build --swift-sdk aarch64-unknown-linux-android28 2>&1
android-6.2-latest: Pulling from saguaro1/spi-images
Digest: sha256:a839c9ce201f1dacc8eb056626ec7ab0a1c6d53d7b77c83feda395f4507c51be
Status: Image is up to date for registry.gitlab.com/saguaro1/spi-images:android-6.2-latest
Fetching https://github.com/googleapis/swift-google-longrunning
Fetching https://github.com/googleapis/swift-google-wkt
Fetching https://github.com/googleapis/swift-google-rpc
Fetching https://github.com/apple/swift-log
Fetching https://github.com/googleapis/swift-google-gax
Fetching https://github.com/googleapis/swift-google-auth
[5/422] Fetching swift-google-rpc
[99/1041] Fetching swift-google-rpc, swift-google-longrunning
[1042/2789] Fetching swift-google-rpc, swift-google-longrunning, swift-google-gax
[1445/3812] Fetching swift-google-rpc, swift-google-longrunning, swift-google-gax, swift-google-auth
[2473/12069] Fetching swift-google-rpc, swift-google-longrunning, swift-google-gax, swift-google-auth, swift-log
[3590/13092] Fetching swift-google-rpc, swift-google-longrunning, swift-google-gax, swift-google-auth, swift-log, swift-google-wkt
Fetched https://github.com/googleapis/swift-google-auth from cache (0.59s)
[5270/12069] Fetching swift-google-rpc, swift-google-longrunning, swift-google-gax, swift-log, swift-google-wkt
Fetching https://github.com/googleapis/swift-google-type
Fetched https://github.com/googleapis/swift-google-gax from cache (0.66s)
Fetched https://github.com/googleapis/swift-google-wkt from cache (0.67s)
[5335/9298] Fetching swift-google-rpc, swift-google-longrunning, swift-log
Fetched https://github.com/googleapis/swift-google-rpc from cache (0.86s)
Fetched https://github.com/googleapis/swift-google-longrunning from cache (0.86s)
Fetched https://github.com/apple/swift-log from cache (0.87s)
[9/437] Fetching swift-google-type
Fetched https://github.com/googleapis/swift-google-type from cache (0.46s)
Computing version for https://github.com/googleapis/swift-google-wkt
Computed https://github.com/googleapis/swift-google-wkt at 0.5.0 (1.40s)
Fetching https://github.com/swift-extras/swift-extras-base64
[10/954] Fetching swift-extras-base64
Fetched https://github.com/swift-extras/swift-extras-base64 from cache (0.43s)
Computing version for https://github.com/googleapis/swift-google-type
Computed https://github.com/googleapis/swift-google-type at 0.5.0 (0.83s)
Computing version for https://github.com/googleapis/swift-google-rpc
Computed https://github.com/googleapis/swift-google-rpc at 0.5.0 (0.36s)
Computing version for https://github.com/googleapis/swift-google-longrunning
Computed https://github.com/googleapis/swift-google-longrunning at 0.5.0 (0.44s)
Computing version for https://github.com/googleapis/swift-google-gax
Computed https://github.com/googleapis/swift-google-gax at 0.5.0 (0.31s)
Fetching https://github.com/swift-server/async-http-client.git
Fetching https://github.com/apple/swift-nio
[1/16464] Fetching async-http-client
[16465/102838] Fetching async-http-client, swift-nio
Fetched https://github.com/swift-server/async-http-client.git from cache (1.44s)
[20730/86374] Fetching swift-nio
Fetched https://github.com/apple/swift-nio from cache (6.13s)
Computing version for https://github.com/googleapis/swift-google-auth
Computed https://github.com/googleapis/swift-google-auth at 0.5.0 (6.52s)
Fetching https://github.com/vapor/jwt-kit.git
[1/10254] Fetching jwt-kit
Fetching https://github.com/apple/swift-system.git
Fetched https://github.com/vapor/jwt-kit.git from cache (1.24s)
[1/7241] Fetching swift-system
Fetched https://github.com/apple/swift-system.git from cache (0.82s)
Computing version for https://github.com/swift-extras/swift-extras-base64
Computed https://github.com/swift-extras/swift-extras-base64 at 1.2.0 (2.44s)
Computing version for https://github.com/swift-server/async-http-client.git
Computed https://github.com/swift-server/async-http-client.git at 1.36.2 (0.35s)
Fetching https://github.com/apple/swift-service-context.git
Fetching https://github.com/apple/swift-distributed-tracing.git
Fetching https://github.com/apple/swift-nio-transport-services.git
[1/1500] Fetching swift-service-context
[1501/8051] Fetching swift-service-context, swift-distributed-tracing
[1502/10918] Fetching swift-service-context, swift-distributed-tracing, swift-nio-transport-services
Fetched https://github.com/apple/swift-service-context.git from cache (0.52s)
[3236/9418] Fetching swift-distributed-tracing, swift-nio-transport-services
Fetching https://github.com/apple/swift-configuration.git
Fetched https://github.com/apple/swift-nio-transport-services.git from cache (0.69s)
Fetching https://github.com/apple/swift-nio-ssl.git
Fetching https://github.com/apple/swift-algorithms.git
Fetching https://github.com/apple/swift-nio-extras.git
Fetched https://github.com/apple/swift-distributed-tracing.git from cache (0.83s)
Fetching https://github.com/apple/swift-atomics.git
[1/3928] Fetching swift-configuration
[3929/20799] Fetching swift-configuration, swift-nio-ssl
Fetching https://github.com/apple/swift-nio-http2.git
Fetched https://github.com/apple/swift-configuration.git from cache (0.64s)
[169/16871] Fetching swift-nio-ssl
[508/18760] Fetching swift-nio-ssl, swift-atomics
[695/25463] Fetching swift-nio-ssl, swift-atomics, swift-nio-extras
[1501/31627] Fetching swift-nio-ssl, swift-atomics, swift-nio-extras, swift-algorithms
Fetched https://github.com/apple/swift-atomics.git from cache (0.85s)
[16073/29738] Fetching swift-nio-ssl, swift-nio-extras, swift-algorithms
Fetched https://github.com/apple/swift-algorithms.git from cache (0.89s)
Fetched https://github.com/apple/swift-nio-extras.git from cache (0.89s)
[3543/16871] Fetching swift-nio-ssl
[3544/29165] Fetching swift-nio-ssl, swift-nio-http2
Fetched https://github.com/apple/swift-nio-http2.git from cache (2.10s)
Fetched https://github.com/apple/swift-nio-ssl.git from cache (2.85s)
Computing version for https://github.com/apple/swift-service-context.git
Computed https://github.com/apple/swift-service-context.git at 1.3.0 (3.91s)
Computing version for https://github.com/apple/swift-algorithms.git
Computed https://github.com/apple/swift-algorithms.git at 1.2.1 (1.63s)
Fetching https://github.com/apple/swift-numerics.git
[1/6733] Fetching swift-numerics
Fetched https://github.com/apple/swift-numerics.git from cache (0.67s)
Computing version for https://github.com/apple/swift-log
Computed https://github.com/apple/swift-log at 1.16.1 (0.93s)
Computing version for https://github.com/apple/swift-distributed-tracing.git
Computed https://github.com/apple/swift-distributed-tracing.git at 1.5.0 (0.36s)
Computing version for https://github.com/apple/swift-atomics.git
Computed https://github.com/apple/swift-atomics.git at 1.3.1 (0.39s)
Computing version for https://github.com/apple/swift-numerics.git
Computed https://github.com/apple/swift-numerics.git at 1.1.1 (0.42s)
Computing version for https://github.com/apple/swift-nio
Computed https://github.com/apple/swift-nio at 2.104.0 (0.57s)
Fetching https://github.com/apple/swift-collections.git
[1/28703] Fetching swift-collections
Fetched https://github.com/apple/swift-collections.git from cache (1.74s)
Computing version for https://github.com/apple/swift-configuration.git
Computed https://github.com/apple/swift-configuration.git at 1.2.2 (3.22s)
Fetching https://github.com/swift-server/swift-service-lifecycle
[29/2867] Fetching swift-service-lifecycle
Fetched https://github.com/swift-server/swift-service-lifecycle from cache (0.75s)
Computing version for https://github.com/apple/swift-nio-transport-services.git
Computed https://github.com/apple/swift-nio-transport-services.git at 1.28.0 (1.02s)
Computing version for https://github.com/swift-server/swift-service-lifecycle
Computed https://github.com/swift-server/swift-service-lifecycle at 2.12.1 (0.34s)
Fetching https://github.com/apple/swift-async-algorithms.git
[1/6820] Fetching swift-async-algorithms
Fetched https://github.com/apple/swift-async-algorithms.git from cache (0.68s)
Computing version for https://github.com/apple/swift-async-algorithms.git
Computed https://github.com/apple/swift-async-algorithms.git at 1.1.7 (1.11s)
Computing version for https://github.com/apple/swift-collections.git
Computed https://github.com/apple/swift-collections.git at 1.7.2 (0.46s)
Computing version for https://github.com/apple/swift-nio-http2.git
Computed https://github.com/apple/swift-nio-http2.git at 1.46.0 (0.37s)
Computing version for https://github.com/vapor/jwt-kit.git
Computed https://github.com/vapor/jwt-kit.git at 5.7.1 (0.30s)
Fetching https://github.com/apple/swift-certificates.git
Fetching https://github.com/apple/swift-crypto.git
[1/18629] Fetching swift-crypto
[560/26238] Fetching swift-crypto, swift-certificates
Fetched https://github.com/apple/swift-certificates.git from cache (0.81s)
[2050/18629] Fetching swift-crypto
Fetched https://github.com/apple/swift-crypto.git from cache (2.03s)
Computing version for https://github.com/apple/swift-crypto.git
Computed https://github.com/apple/swift-crypto.git at 4.5.2 (3.11s)
Fetching https://github.com/apple/swift-asn1.git
[21/2009] Fetching swift-asn1
Fetched https://github.com/apple/swift-asn1.git from cache (0.49s)
Computing version for https://github.com/apple/swift-asn1.git
Computed https://github.com/apple/swift-asn1.git at 1.7.3 (0.79s)
Computing version for https://github.com/apple/swift-certificates.git
Computed https://github.com/apple/swift-certificates.git at 1.21.0 (0.41s)
Computing version for https://github.com/apple/swift-nio-ssl.git
Computed https://github.com/apple/swift-nio-ssl.git at 2.37.5 (0.45s)
Computing version for https://github.com/apple/swift-system.git
Computed https://github.com/apple/swift-system.git at 1.8.1 (0.34s)
Computing version for https://github.com/apple/swift-nio-extras.git
Computed https://github.com/apple/swift-nio-extras.git at 1.35.1 (0.51s)
Fetching https://github.com/apple/swift-http-structured-headers.git
Fetching https://github.com/apple/swift-http-types.git
[13/1253] Fetching swift-http-structured-headers
[954/3192] Fetching swift-http-structured-headers, swift-http-types
Fetched https://github.com/apple/swift-http-structured-headers.git from cache (0.43s)
[369/1939] Fetching swift-http-types
Fetched https://github.com/apple/swift-http-types.git from cache (0.51s)
Computing version for https://github.com/apple/swift-http-structured-headers.git
Computed https://github.com/apple/swift-http-structured-headers.git at 1.7.0 (0.84s)
Computing version for https://github.com/apple/swift-http-types.git
Computed https://github.com/apple/swift-http-types.git at 1.8.0 (0.34s)
Creating working copy for https://github.com/apple/swift-http-structured-headers.git
Working copy of https://github.com/apple/swift-http-structured-headers.git resolved at 1.7.0
Creating working copy for https://github.com/apple/swift-nio-http2.git
Working copy of https://github.com/apple/swift-nio-http2.git resolved at 1.46.0
Creating working copy for https://github.com/apple/swift-nio-transport-services.git
Working copy of https://github.com/apple/swift-nio-transport-services.git resolved at 1.28.0
Creating working copy for https://github.com/apple/swift-log
Working copy of https://github.com/apple/swift-log resolved at 1.16.1
Creating working copy for https://github.com/apple/swift-service-context.git
Working copy of https://github.com/apple/swift-service-context.git resolved at 1.3.0
Creating working copy for https://github.com/apple/swift-asn1.git
Working copy of https://github.com/apple/swift-asn1.git resolved at 1.7.3
Creating working copy for https://github.com/apple/swift-async-algorithms.git
Working copy of https://github.com/apple/swift-async-algorithms.git resolved at 1.1.7
Creating working copy for https://github.com/googleapis/swift-google-rpc
Working copy of https://github.com/googleapis/swift-google-rpc resolved at 0.5.0
Creating working copy for https://github.com/apple/swift-crypto.git
Working copy of https://github.com/apple/swift-crypto.git resolved at 4.5.2
Creating working copy for https://github.com/swift-server/swift-service-lifecycle
Working copy of https://github.com/swift-server/swift-service-lifecycle resolved at 2.12.1
Creating working copy for https://github.com/apple/swift-configuration.git
Working copy of https://github.com/apple/swift-configuration.git resolved at 1.2.2
Creating working copy for https://github.com/apple/swift-nio-ssl.git
Working copy of https://github.com/apple/swift-nio-ssl.git resolved at 2.37.5
Creating working copy for https://github.com/swift-server/async-http-client.git
Working copy of https://github.com/swift-server/async-http-client.git resolved at 1.36.2
Creating working copy for https://github.com/googleapis/swift-google-auth
Working copy of https://github.com/googleapis/swift-google-auth resolved at 0.5.0
Creating working copy for https://github.com/googleapis/swift-google-wkt
Working copy of https://github.com/googleapis/swift-google-wkt resolved at 0.5.0
Creating working copy for https://github.com/apple/swift-distributed-tracing.git
Working copy of https://github.com/apple/swift-distributed-tracing.git resolved at 1.5.0
Creating working copy for https://github.com/apple/swift-nio
Working copy of https://github.com/apple/swift-nio resolved at 2.104.0
Creating working copy for https://github.com/googleapis/swift-google-longrunning
Working copy of https://github.com/googleapis/swift-google-longrunning resolved at 0.5.0
Creating working copy for https://github.com/apple/swift-atomics.git
Working copy of https://github.com/apple/swift-atomics.git resolved at 1.3.1
Creating working copy for https://github.com/vapor/jwt-kit.git
Working copy of https://github.com/vapor/jwt-kit.git resolved at 5.7.1
Creating working copy for https://github.com/apple/swift-http-types.git
Working copy of https://github.com/apple/swift-http-types.git resolved at 1.8.0
Creating working copy for https://github.com/apple/swift-algorithms.git
Working copy of https://github.com/apple/swift-algorithms.git resolved at 1.2.1
Creating working copy for https://github.com/googleapis/swift-google-gax
Working copy of https://github.com/googleapis/swift-google-gax resolved at 0.5.0
Creating working copy for https://github.com/apple/swift-nio-extras.git
Working copy of https://github.com/apple/swift-nio-extras.git resolved at 1.35.1
Creating working copy for https://github.com/apple/swift-numerics.git
Working copy of https://github.com/apple/swift-numerics.git resolved at 1.1.1
Creating working copy for https://github.com/apple/swift-system.git
Working copy of https://github.com/apple/swift-system.git resolved at 1.8.1
Creating working copy for https://github.com/apple/swift-collections.git
Working copy of https://github.com/apple/swift-collections.git resolved at 1.7.2
Creating working copy for https://github.com/apple/swift-certificates.git
Working copy of https://github.com/apple/swift-certificates.git resolved at 1.21.0
Creating working copy for https://github.com/swift-extras/swift-extras-base64
Working copy of https://github.com/swift-extras/swift-extras-base64 resolved at 1.2.0
Creating working copy for https://github.com/googleapis/swift-google-type
Working copy of https://github.com/googleapis/swift-google-type resolved at 0.5.0
Building for debugging...
[0/1198] Compiling aesni-x86-apple.S
[1/1198] Compiling _NumericsShims _NumericsShims.c
[2/1198] Write sources
[6/1198] Write swift-version--11D90AFD9DD3AB2.txt
[6/1198] Write sources
[43/1198] Compiling _AtomicsShims.c
[44/1204] Compiling hash_to_curve.cc
[45/1206] Compiling a_bool.cc
[46/1206] Compiling posix_time.cc
[48/1226] Emitting module ServiceContextModule
[48/1226] Compiling a_mbstr.cc
[49/1237] Compiling a_object.cc
[50/1248] Compiling t_x509a.cc
[52/1276] Compiling InternalCollectionsUtilities BorrowingIteratorProtocol+Equality.swift
[53/1276] Compiling InternalCollectionsUtilities BorrowingIteratorProtocol+Extras.swift
[54/1278] Compiling RealModule Float80+Real.swift
[55/1279] Compiling RealModule RealFunctions.swift
[56/1279] Compiling RealModule Real.swift
[57/1279] Compiling InternalCollectionsUtilities UnsafeMutablePointer+Extras.swift
[58/1279] Compiling InternalCollectionsUtilities UnsafeMutableRawBufferPointer+Extras.swift
[59/1279] Compiling InternalCollectionsUtilities UnsafePointer+Extras.swift
[60/1279] Compiling InternalCollectionsUtilities Iterable+CopyContents.swift
[61/1279] Compiling InternalCollectionsUtilities Iterable+Equality.swift
[62/1279] Compiling InternalCollectionsUtilities LifetimeOverride.swift
[63/1279] Compiling InternalCollectionsUtilities MutableRef.swift
[64/1279] Compiling InternalCollectionsUtilities MutableSpan+Extras.swift
[65/1279] Compiling InternalCollectionsUtilities OutputSpan+Extras.swift
[66/1279] Compiling InternalCollectionsUtilities RandomAccessCollection+Offsets.swift
[67/1279] Compiling InternalCollectionsUtilities Span+Extras.swift
[70/1279] Compiling InternalCollectionsUtilities Debugging.swift
[71/1279] Compiling InternalCollectionsUtilities Descriptions.swift
[75/1282] Emitting module InternalCollectionsUtilities
[76/1282] Emitting module RealModule
[77/1282] Compiling InternalCollectionsUtilities TemporaryAllocation.swift
[78/1282] Compiling InternalCollectionsUtilities _UnsafeBitSet+Index.swift
[79/1282] Compiling InternalCollectionsUtilities Strideable+LimitHelpers.swift
[80/1282] Compiling InternalCollectionsUtilities String+Padding.swift
[83/1282] Compiling InternalCollectionsUtilities _UnsafeBitSet+_Word.swift
[84/1282] Compiling InternalCollectionsUtilities _UnsafeBitSet.swift
[85/1282] Compiling InternalCollectionsUtilities UnsafeBufferPointer+Extras.swift
[86/1282] Compiling InternalCollectionsUtilities UnsafeMutableBufferPointer+Extras.swift
[89/1282] Compiling SwiftASN1 DER.swift
[90/1282] Compiling SwiftASN1 Errors.swift
[91/1282] Compiling InternalCollectionsUtilities UInt+first and last set bit.swift
[92/1282] Compiling InternalCollectionsUtilities UInt+reversed.swift
[93/1282] Compiling ServiceContextModule ServiceContext.swift
[94/1282] Emitting module _NIOBase64
[95/1282] Compiling _NIOBase64 Base64.swift
[96/1283] Compiling RealModule Float16+Real.swift
[102/1283] Compiling RealModule RelaxedArithmetic.swift
[103/1283] Compiling _NIODataStructures PriorityQueue.swift
[104/1285] Compiling ServiceContextModule ServiceContextKey.swift
[105/1285] Compiling Logging LoggingSystem.swift
[107/1291] Compiling Logging Logger+Attributes.swift
[110/1291] Emitting module _NIODataStructures
[112/1291] Compiling _NIODataStructures Heap.swift
[113/1291] Compiling _NIODataStructures _TinyArray.swift
[114/1291] Compiling InternalCollectionsUtilities UnsafeRawBufferPointer+Extras.swift
[115/1291] Compiling InternalCollectionsUtilities _SortedCollection.swift
[116/1291] Compiling InternalCollectionsUtilities _UniqueCollection.swift
[116/1293] Wrapping AST for RealModule for debugging
[117/1293] Wrapping AST for _NIOBase64 for debugging
[119/1293] Emitting module _CertificateInternals
[120/1293] Compiling _CertificateInternals _TinyArray.swift
[122/1294] Write sources
[201/1300] Wrapping AST for ServiceContextModule for debugging
[203/1300] Compiling CXKCPShims shims.c
[204/1300] Wrapping AST for _NIODataStructures for debugging
[205/1304] Compiling SimpleFIPS202.c
[206/1304] Wrapping AST for InternalCollectionsUtilities for debugging
[208/1304] Compiling SpanPreview MutableSpan+InputSpanHelpers.swift
[209/1304] Compiling Logging Logger.swift
[210/1304] Compiling Logging Logger+With.swift
[211/1304] Compiling SpanPreview OutputSpan+InputSpanHelpers.swift
[211/1304] Wrapping AST for _CertificateInternals for debugging
[212/1304] Compiling KeccakSponge.c
[214/1304] Compiling Instrumentation NoOpInstrument.swift
[215/1304] Emitting module SpanPreview
[216/1304] Compiling SpanPreview InputSpan.swift
[216/1305] Compiling KeccakHash.c
[218/1305] Compiling Instrumentation MultiplexInstrument.swift
[218/1305] Compiling CSystem shims.c
[220/1305] Emitting module Instrumentation
[220/1305] Compiling CNIOWindows WSAStartup.c
[221/1305] Compiling CNIOWindows shim.c
[223/1305] Compiling CNIOWASI CNIOWASI.c
[224/1305] Compiling CNIOPosix event_loop_id.c
[226/1305] Compiling Instrumentation Instrument.swift
[226/1348] Wrapping AST for SpanPreview for debugging
[227/1384] Compiling CNIOOpenBSD shim.c
[228/1384] Compiling CNIOLinux shim.c
[229/1384] Compiling CNIOLinux liburing_shims.c
[230/1384] Compiling KeccakP-1600-opt64.c
[231/1384] Compiling CNIOLLHTTP c_nio_http.c
[233/1384] Compiling DequeModule Deque._UnsafeHandle.swift
[234/1384] Compiling DequeModule Deque.swift
[235/1384] Compiling DequeModule UniqueDeque+Initializers.swift
[236/1384] Compiling DequeModule UniqueDeque+Insertions.swift
[237/1384] Compiling DequeModule UniqueDeque+Iterable.swift
[238/1384] Compiling DequeModule UniqueDeque+Prepend.swift
[239/1384] Compiling DequeModule UniqueDeque+Removals.swift
[240/1384] Compiling DequeModule UniqueDeque+Consumption.swift
[241/1384] Compiling DequeModule UniqueDeque+ContainerOperations.swift
[242/1384] Compiling DequeModule UniqueDeque+Deprecations.swift
[243/1384] Compiling DequeModule UniqueDeque+Descriptions.swift
[244/1384] Compiling DequeModule UniqueDeque+Equatable.swift
[245/1384] Compiling DequeModule UniqueDeque+Hashable.swift
[246/1389] Compiling DequeModule _DequeBuffer.swift
[247/1389] Compiling DequeModule _DequeBufferHeader.swift
[248/1389] Compiling DequeModule RigidDeque+Append.swift
[249/1389] Compiling DequeModule RigidDeque+Consumption.swift
[250/1389] Compiling DequeModule RigidDeque+ContainerOperations.swift
[251/1389] Compiling DequeModule RigidDeque+Deprecations.swift
[251/1389] Compiling CNIOLLHTTP c_nio_api.c
[252/1389] Compiling CNIOFreeBSD shim.c
[253/1389] Compiling CNIOExtrasZlib zutil.c
[254/1389] Compiling CNIOLLHTTP c_nio_llhttp.c
[255/1389] Compiling CNIOExtrasZlib trees.c
[256/1389] Compiling CNIOExtrasZlib inftrees.c
[257/1389] Compiling CNIOExtrasZlib inffast.c
[258/1389] Compiling CNIOExtrasZlib inflate.c
[260/1389] Compiling DequeModule RigidDeque+Prepend.swift
[261/1389] Compiling DequeModule RigidDeque+Removals.swift
[262/1389] Compiling DequeModule RigidDeque+Replacements.swift
[263/1389] Compiling DequeModule RigidDeque+Testing.swift
[264/1389] Compiling DequeModule RigidDeque.swift
[265/1389] Compiling DequeModule UniqueDeque+Append.swift
[266/1389] Compiling DequeModule RigidDeque+Descriptions.swift
[267/1389] Compiling DequeModule RigidDeque+Equatable.swift
[268/1389] Compiling DequeModule RigidDeque+Hashable.swift
[269/1389] Compiling DequeModule RigidDeque+Initializers.swift
[270/1389] Compiling DequeModule RigidDeque+Insertions.swift
[271/1389] Compiling DequeModule RigidDeque+Iterable.swift
[271/1389] Compiling CNIOExtrasZlib crc32.c
[272/1389] Compiling CNIOExtrasZlib deflate.c
[273/1389] Compiling CNIODarwin shim.c
[274/1389] Compiling CNIOExtrasZlib adler32.c
[275/1389] Compiling fiat_p256_adx_sqr.S
[276/1389] Compiling fiat_p256_adx_mul.S
[277/1389] Compiling fiat_curve25519_adx_square.S
[278/1389] Compiling fiat_curve25519_adx_mul.S
[280/1389] Emitting module SystemPackage
[280/1394] Compiling CNIOBoringSSLShims shims.c
[289/1394] Compiling DequeModule Deque+Codable.swift
[290/1394] Compiling DequeModule Deque+Collection.swift
[291/1394] Compiling DequeModule Deque+CustomReflectable.swift
[292/1394] Compiling DequeModule Deque+Descriptions.swift
[293/1394] Compiling DequeModule Deque+Equatable.swift
[294/1394] Compiling DequeModule Deque+ExpressibleByArrayLiteral.swift
[295/1394] Compiling DequeModule Deque+Extras.swift
[296/1394] Compiling DequeModule Deque+Hashable.swift
[297/1394] Compiling DequeModule Deque+Testing.swift
[298/1394] Compiling DequeModule Deque._Storage.swift
[311/1394] Compiling Logging MetadataProvider.swift
[325/1394] Emitting module Logging
[326/1394] Compiling Instrumentation InstrumentationSystem.swift
[332/1394] Compiling Instrumentation Locks.swift
[342/1396] Emitting module SwiftASN1
[345/1405] Wrapping AST for Logging for debugging
[346/1405] Wrapping AST for SwiftASN1 for debugging
[347/1405] Wrapping AST for Instrumentation for debugging
[349/1405] Compiling Tracing InstrumentationSystem+Tracing.swift
[350/1405] Compiling Tracing NoOpTracer.swift
[351/1406] Emitting module Tracing
[352/1406] Compiling Tracing WithTracer.swift
[353/1406] Compiling Tracing TracingTime.swift
[359/1406] Compiling Tracing TracerProtocol.swift
[360/1406] Compiling Tracing TracerProtocol+Legacy.swift
[361/1406] Compiling Tracing Tracer.swift
[362/1406] Compiling Tracing SpanProtocol.swift
[364/1407] Compiling SystemPackage SystemString.swift
[365/1407] Compiling SystemPackage Util+StringArray.swift
[366/1407] Compiling SystemPackage Util.swift
[367/1407] Compiling SystemPackage UtilConsumers.swift
[368/1407] Compiling SystemPackage WinSDK+Overlay.swift
[369/1408] Compiling tls_record.cc
[370/1408] Compiling tls_method.cc
[371/1408] Wrapping AST for Tracing for debugging
[372/1408] Wrapping AST for SystemPackage for debugging
[373/1408] Compiling tls13_server.cc
[374/1408] Compiling tls13_enc.cc
[376/1408] Emitting module DequeModule
[377/1408] Compiling DequeModule UniqueDeque+Replacements.swift
[378/1408] Compiling DequeModule UniqueDeque.swift
[379/1408] Compiling DequeModule _DequeSlot.swift
[380/1408] Compiling DequeModule _UnsafeDequeHandle.swift
[381/1408] Compiling DequeModule _UnsafeDequeSegments.swift
[381/1409] Compiling ssl_versions.cc
[382/1409] Compiling tls13_client.cc
[384/1409] Compiling tls13_both.cc
[385/1452] Compiling t1_enc.cc
[386/1452] Wrapping AST for DequeModule for debugging
[387/1452] Compiling ssl_transcript.cc
[389/1452] Compiling Configuration Deprecations.swift
[390/1452] Compiling Configuration ExpressibleByConfigInt.swift
[391/1452] Compiling Configuration ExpressibleByConfigString.swift
[392/1452] Compiling Configuration CLIKeyEncoder.swift
[393/1452] Compiling Configuration ConfigKeyEncoder.swift
[394/1452] Compiling Configuration DotSeparatorKeyDecoder.swift
[394/1457] Compiling ssl_x509.cc
[396/1457] Emitting module Configuration
[396/1457] Compiling ssl_stat.cc
[397/1457] Compiling ssl_session.cc
[398/1457] Compiling ssl_privkey.cc
[400/1457] Compiling Configuration EnvironmentKeyEncoder.swift
[401/1457] Compiling Configuration EnvironmentVariablesProvider.swift
[402/1457] Compiling Configuration CommonProviderFileSystem.swift
[403/1457] Compiling Configuration DirectoryFilesProvider.swift
[404/1457] Compiling Configuration FileProvider.swift
[405/1457] Compiling Configuration FileProviderSnapshot.swift
[405/1457] Compiling ssl_key_share.cc
[406/1457] Compiling ssl_file.cc
[408/1457] Emitting module ExtrasBase64
[409/1457] Compiling ExtrasBase64 Base64+Span.swift
[410/1457] Compiling ExtrasBase64 Base64.swift
[411/1457] Compiling ExtrasBase64 Base32.swift
[412/1457] Compiling ExtrasBase64 Base32+Span.swift
[413/1489] Compiling ssl_lib.cc
[414/1489] Wrapping AST for ExtrasBase64 for debugging
[415/1489] Compiling ssl_credential.cc
[416/1489] Compiling ssl_cipher.cc
[417/1489] Compiling ssl_buffer.cc
[419/1489] Compiling Configuration MutableInMemoryProvider.swift
[420/1489] Compiling Configuration ConfigProvider+Operators.swift
[421/1489] Compiling Configuration KeyMappingProvider.swift
[422/1489] Compiling Configuration SecretsSpecifier.swift
[423/1489] Compiling Configuration AsyncCombineLatestManySequence.swift
[424/1489] Compiling Configuration CombineLatestManyStateMachine.swift
[425/1489] Compiling Configuration CombineLatestManyStorage.swift
[426/1489] Compiling Configuration AsyncSequences.swift
[427/1489] Compiling Configuration FoundationExtensions.swift
[428/1489] Compiling Configuration Span.swift
[429/1489] Compiling Configuration ConfigBytesFromStringDecoder.swift
[430/1489] Compiling Configuration JSONSnapshot.swift
[431/1489] Compiling Configuration PropertyListSnapshot.swift
[432/1489] Compiling Configuration ReloadingFileProvider.swift
[433/1489] Compiling Configuration ReloadingFileProviderMetrics.swift
[434/1489] Compiling Configuration YAMLSnapshot.swift
[435/1489] Compiling Configuration InMemoryProvider.swift
[436/1489] Compiling GoogleWKT AnyPackable.swift
[437/1489] Compiling GoogleWKT DecodeToDefault.swift
[438/1489] Compiling GoogleWKT DiscoveryBase64.swift
[439/1489] Compiling GoogleWKT ProtoJSONDecoder.swift
[440/1489] Compiling GoogleWKT ProtoJSONEncoder.swift
[441/1489] Compiling GoogleWKT UnknownFields.swift
[441/1489] Compiling ssl_cert.cc
[443/1489] Compiling GoogleWKT WKTEmpty.swift
[444/1489] Compiling GoogleWKT WKTFieldMask.swift
[445/1489] Compiling GoogleWKT WKTFloatValue.swift
[446/1489] Compiling GoogleWKT WKTInt32Value.swift
[447/1489] Compiling GoogleWKT WKTInt64Value.swift
[448/1489] Compiling GoogleWKT WKTRecursive.swift
[448/1489] Compiling ssl_asn1.cc
[451/1489] Compiling GoogleWKT WKTAny.swift
[452/1489] Compiling GoogleWKT WKTAnyError.swift
[453/1489] Compiling GoogleWKT WKTBoolValue.swift
[454/1489] Compiling GoogleWKT WKTBytesValue.swift
[455/1493] Compiling GoogleWKT WKTValue.swift
[456/1493] Compiling GoogleWKT WKTApi.swift
[457/1493] Compiling GoogleWKT WKTEnum.swift
[458/1493] Compiling GoogleWKT WKTEnumValue.swift
[459/1493] Compiling GoogleWKT WKTStringValue.swift
[460/1493] Compiling GoogleWKT WKTTimestamp.swift
[461/1493] Compiling GoogleWKT WKTUInt32Value.swift
[462/1493] Compiling GoogleWKT WKTUInt64Value.swift
[463/1493] Compiling GoogleWKT WKTField.swift
[464/1493] Compiling GoogleWKT WKTMethod.swift
[465/1493] Compiling GoogleWKT WKTMixin.swift
[466/1493] Compiling GoogleWKT WKTOption.swift
[471/1493] Compiling GoogleWKT WKTDoubleValue.swift
[472/1493] Compiling GoogleWKT WKTDuration.swift
[474/1493] Compiling ssl_aead_ctx.cc
[475/1493] Compiling s3_pkt.cc
[476/1493] Compiling handshake_server.cc
[477/1493] Compiling s3_lib.cc
[479/1493] Compiling GoogleWKT WKTSourceContext.swift
[480/1493] Compiling GoogleWKT WKTSyntax.swift
[481/1493] Compiling GoogleWKT WKTType.swift
[482/1493] Compiling GoogleWKT PackageVersion.swift
[482/1493] Compiling s3_both.cc
[490/1494] Compiling handoff.cc
[492/1494] Emitting module GoogleWKT
[498/1495] Wrapping AST for Configuration for debugging
[499/1513] Compiling handshake_client.cc
[501/1516] Compiling GoogleType PostalAddress.swift
[502/1516] Compiling GoogleType Quaternion.swift
[502/1530] Compiling handshake.cc
[503/1530] Wrapping AST for GoogleWKT for debugging
[505/1530] Compiling GoogleRpc BadRequest.swift
[506/1530] Compiling GoogleRpc Code.swift
[509/1532] Emitting module GoogleType
[510/1532] Emitting module GoogleRpc
[511/1532] Compiling GoogleRpc RetryInfo.swift
[512/1532] Compiling GoogleRpc Status.swift
[513/1532] Compiling GoogleRpc QuotaFailure.swift
[514/1532] Compiling GoogleRpc RequestInfo.swift
[515/1532] Compiling GoogleRpc ResourceInfo.swift
[517/1532] Compiling GoogleRpc LocalizedMessage.swift
[518/1532] Compiling GoogleRpc PackageVersion.swift
[519/1532] Compiling GoogleRpc PreconditionFailure.swift
[520/1532] Compiling GoogleRpc HttpRequest.swift
[521/1532] Compiling GoogleRpc HttpResponse.swift
[521/1532] Compiling encrypted_client_hello.cc
[523/1532] Compiling GoogleRpc HttpHeader.swift
[524/1532] Compiling GoogleRpc DebugInfo.swift
[525/1532] Compiling GoogleRpc ErrorInfo.swift
[528/1532] Compiling GoogleRpc Help.swift
[528/1532] Compiling dtls_record.cc
[536/1532] Compiling GoogleType TimeOfDay.swift
[537/1532] Compiling GoogleType TimeZone.swift
[538/1533] Compiling extensions.cc
[539/1533] Compiling dtls_method.cc
[540/1533] Wrapping AST for GoogleType for debugging
[541/1533] Compiling md5-x86_64-linux.S
[542/1533] Compiling md5-x86_64-apple.S
[543/1533] Compiling d1_srtp.cc
[548/1534] Compiling md5-586-apple.S
[549/1534] Compiling md5-586-linux.S
[551/1534] Compiling chacha20_poly1305_x86_64-linux.S
[552/1534] Compiling chacha20_poly1305_x86_64-apple.S
[553/1534] Compiling chacha20_poly1305_armv8-win.S
[554/1534] Compiling chacha20_poly1305_armv8-apple.S
[555/1534] Compiling chacha-x86_64-linux.S
[556/1534] Compiling chacha20_poly1305_armv8-linux.S
[557/1534] Wrapping AST for GoogleRpc for debugging
[558/1534] Compiling chacha-x86-apple.S
[559/1534] Compiling chacha-x86-linux.S
[560/1534] Compiling chacha-x86_64-apple.S
[561/1534] Compiling chacha-armv8-linux.S
[562/1534] Compiling chacha-armv8-win.S
[563/1534] Compiling chacha-armv8-apple.S
[564/1534] Compiling chacha-armv4-linux.S
[565/1534] Compiling x86_64-mont5-linux.S
[566/1534] Compiling aes128gcmsiv-x86_64-linux.S
[567/1534] Compiling d1_pkt.cc
[568/1534] Compiling x86_64-mont-apple.S
[569/1534] Compiling x86_64-mont-linux.S
[570/1534] Compiling aes128gcmsiv-x86_64-apple.S
[571/1534] Compiling x86_64-mont5-apple.S
[572/1534] Compiling x86-mont-apple.S
[573/1534] Compiling x86-mont-linux.S
[573/1534] Compiling vpaes-x86_64-apple.S
[575/1534] Compiling vpaes-x86_64-linux.S
[576/1534] Compiling vpaes-x86-apple.S
[577/1534] Compiling vpaes-x86-linux.S
[578/1534] Compiling vpaes-armv8-win.S
[579/1534] Compiling vpaes-armv8-apple.S
[580/1534] Compiling vpaes-armv8-linux.S
[581/1534] Compiling sha512-x86_64-apple.S
[582/1534] Compiling sha512-x86_64-linux.S
[583/1534] Compiling vpaes-armv7-linux.S
[584/1534] Compiling sha512-armv8-win.S
[585/1534] Compiling err_data.cc
[586/1534] Compiling bio_ssl.cc
[587/1534] Compiling sha512-armv8-linux.S
[588/1534] Compiling sha512-armv8-apple.S
[589/1534] Compiling sha512-586-linux.S
[590/1534] Compiling sha512-armv4-linux.S
[591/1534] Compiling sha512-586-apple.S
[592/1534] Compiling sha256-armv8-apple.S
[593/1534] Compiling sha256-armv4-linux.S
[594/1534] Compiling sha256-x86_64-apple.S
[594/1534] Compiling sha256-armv8-win.S
[596/1534] Compiling sha256-x86_64-linux.S
[597/1534] Compiling sha256-586-apple.S
[598/1534] Compiling sha1-x86_64-linux.S
[599/1534] Compiling sha1-x86_64-apple.S
[600/1534] Compiling sha256-armv8-linux.S
[601/1534] Compiling sha256-586-linux.S
[602/1534] Compiling sha1-armv4-large-linux.S
[603/1534] Compiling sha1-armv8-win.S
[604/1534] Compiling sha1-586-linux.S
[605/1534] Compiling rsaz-avx2-linux.S
[606/1534] Compiling sha1-armv8-apple.S
[607/1534] Compiling sha1-armv8-linux.S
[608/1534] Compiling sha1-586-apple.S
[609/1534] Compiling rsaz-avx2-apple.S
[610/1534] Compiling rdrand-x86_64-linux.S
[611/1534] Compiling rdrand-x86_64-apple.S
[612/1534] Compiling p256_beeu-x86_64-asm-linux.S
[613/1534] Compiling p256_beeu-armv8-asm-win.S
[614/1534] Compiling p256_beeu-x86_64-asm-apple.S
[615/1534] Compiling p256_beeu-armv8-asm-linux.S
[616/1534] Compiling d1_lib.cc
[617/1534] Compiling p256_beeu-armv8-asm-apple.S
[618/1534] Compiling p256-x86_64-asm-linux.S
[619/1534] Compiling d1_both.cc
[620/1534] Compiling p256-armv8-asm-win.S
[621/1534] Compiling p256-x86_64-asm-apple.S
[622/1534] Compiling p256-armv8-asm-apple.S
[623/1534] Compiling ghashv8-armv7-linux.S
[624/1534] Compiling ghashv8-armv8-win.S
[625/1534] Compiling ghashv8-armv8-apple.S
[626/1534] Compiling ghashv8-armv8-linux.S
[627/1534] Compiling ghash-x86-linux.S
[628/1534] Compiling ghash-ssse3-x86_64-apple.S
[629/1534] Compiling ghash-x86_64-linux.S
[630/1534] Compiling ghash-x86-apple.S
[631/1534] Compiling ghash-x86_64-apple.S
[632/1534] Compiling p256-armv8-asm-linux.S
[633/1534] Compiling ghash-neon-armv8-win.S
[634/1534] Compiling ghash-ssse3-x86_64-linux.S
[635/1534] Compiling ghash-neon-armv8-apple.S
[636/1534] Compiling ghash-ssse3-x86-apple.S
[637/1534] Compiling ghash-ssse3-x86-linux.S
[638/1534] Compiling co-586-apple.S
[639/1534] Compiling co-586-linux.S
[640/1534] Compiling ghash-neon-armv8-linux.S
[641/1534] Compiling ghash-armv4-linux.S
[642/1534] Compiling bn-armv8-win.S
[643/1534] Compiling bsaes-armv7-linux.S
[644/1534] Compiling bn-armv8-apple.S
[645/1534] Compiling bn-armv8-linux.S
[646/1534] Compiling bn-586-linux.S
[647/1534] Compiling bn-586-apple.S
[648/1534] Compiling armv8-mont-win.S
[649/1534] Compiling aesv8-gcm-armv8-win.S
[650/1534] Compiling armv4-mont-linux.S
[651/1534] Compiling aesv8-gcm-armv8-apple.S
[652/1534] Compiling armv8-mont-apple.S
[653/1534] Compiling aesv8-armv8-win.S
[654/1534] Compiling aesv8-armv8-apple.S
[655/1534] Compiling aesv8-gcm-armv8-linux.S
[656/1534] Compiling aesni-x86_64-apple.S
[657/1534] Compiling aesni-x86_64-linux.S
[658/1534] Compiling armv8-mont-linux.S
[659/1534] Compiling aesv8-armv8-linux.S
[660/1534] Compiling aesv8-armv7-linux.S
[661/1534] Compiling aesni-x86-apple.S
[662/1534] Compiling aesni-x86-linux.S
[663/1534] Compiling aes-gcm-avx2-x86_64-apple.S
[664/1534] Compiling aesni-gcm-x86_64-apple.S
[665/1534] Compiling aes-gcm-avx2-x86_64-linux.S
[666/1534] Compiling aes-gcm-avx10-x86_64-apple.S
[667/1534] Compiling aes-gcm-avx10-x86_64-linux.S
[668/1534] Compiling aesni-gcm-x86_64-linux.S
[669/1534] Compiling x_pubkey.cc
[670/1534] Compiling x_name.cc
[671/1534] Compiling x_x509a.cc
[672/1534] Compiling x_sig.cc
[673/1534] Compiling x_val.cc
[674/1534] Compiling x_req.cc
[675/1534] Compiling x_spki.cc
[676/1534] Compiling x_x509.cc
[677/1534] Compiling x_exten.cc
[678/1534] Compiling x_algor.cc
[679/1534] Compiling x_crl.cc
[680/1534] Compiling x509rset.cc
[681/1534] Compiling x509name.cc
[682/1534] Compiling x509cset.cc
[683/1534] Compiling x_all.cc
[684/1534] Compiling x_attrib.cc
[685/1534] Compiling x509spki.cc
[686/1534] Compiling x509_obj.cc
[687/1534] Compiling x509_vpm.cc
[688/1534] Compiling x509_v3.cc
[689/1534] Compiling x509_trs.cc
[690/1534] Compiling x509_req.cc
[691/1534] Compiling x509_vfy.cc
[692/1534] Compiling x509_lu.cc
[693/1534] Compiling x509_set.cc
[694/1534] Compiling x509_txt.cc
[695/1534] Compiling x509_ext.cc
[696/1534] Compiling x509_cmp.cc
[697/1534] Compiling x509_def.cc
[698/1534] Compiling v3_utl.cc
[699/1534] Compiling x509_d2.cc
[700/1534] Compiling v3_prn.cc
[701/1534] Compiling x509_att.cc
[702/1534] Compiling x509.cc
[703/1534] Compiling v3_ncons.cc
[704/1534] Compiling v3_skey.cc
[705/1534] Compiling v3_purp.cc
[706/1534] Compiling v3_pmaps.cc
[707/1534] Compiling v3_pcons.cc
[708/1534] Compiling v3_ocsp.cc
[709/1534] Compiling v3_info.cc
[710/1534] Compiling v3_lib.cc
[711/1534] Compiling v3_int.cc
[712/1534] Compiling v3_genn.cc
[713/1534] Compiling v3_cpols.cc
[714/1534] Compiling v3_ia5.cc
[715/1534] Compiling v3_enum.cc
[716/1534] Compiling v3_extku.cc
[717/1534] Compiling v3_crld.cc
[718/1534] Compiling v3_conf.cc
[719/1534] Compiling v3_bcons.cc
[720/1534] Compiling v3_bitst.cc
[721/1534] Compiling v3_akeya.cc
[722/1534] Compiling v3_akey.cc
[723/1534] Compiling t_x509.cc
[724/1534] Compiling t_x509a.cc
[725/1534] Compiling v3_alt.cc
[726/1534] Compiling policy.cc
[727/1534] Compiling by_file.cc
[728/1534] Compiling t_crl.cc
[729/1534] Compiling i2d_pr.cc
[730/1534] Compiling t_req.cc
[731/1534] Compiling rsa_pss.cc
[732/1534] Compiling algorithm.cc
[733/1534] Compiling a_verify.cc
[734/1534] Compiling name_print.cc
[735/1534] Compiling by_dir.cc
[736/1534] Compiling pmbtoken.cc
[737/1534] Compiling a_sign.cc
[738/1534] Compiling asn1_gen.cc
[739/1534] Compiling thread_none.cc
[740/1534] Compiling thread_win.cc
[741/1534] Compiling trust_token.cc
[742/1534] Compiling spake2plus.cc
[743/1534] Compiling thread_pthread.cc
[744/1534] Compiling voprf.cc
[745/1534] Compiling a_digest.cc
[746/1534] Compiling thread.cc
[747/1534] Compiling stack.cc
[748/1534] Compiling slhdsa.cc
[749/1534] Compiling sha512.cc
[750/1534] Compiling sha256.cc
[751/1534] Compiling siphash.cc
[752/1534] Compiling refcount.cc
[753/1534] Compiling rsa_print.cc
[754/1534] Compiling urandom.cc
[755/1534] Compiling sha1.cc
[756/1534] Compiling rsa_extra.cc
[757/1534] Compiling rsa_crypt.cc
[758/1534] Compiling trusty.cc
[759/1534] Compiling rand.cc
[760/1534] Compiling rc4.cc
[761/1534] Compiling windows.cc
[762/1534] Compiling rsa_asn1.cc
[763/1534] Compiling getentropy.cc
[764/1534] Compiling ios.cc
[765/1534] Compiling poly1305_arm_asm.S
[766/1534] Compiling passive.cc
[767/1534] Compiling poly1305_arm.cc
[768/1534] Compiling fork_detect.cc
[769/1534] Compiling deterministic.cc
[770/1534] Compiling forkunsafe.cc
[771/1534] Compiling poly1305_vec.cc
[772/1534] Compiling poly1305.cc
[773/1534] Compiling pool.cc
[774/1534] Compiling pem_x509.cc
[775/1534] Compiling pkcs7_x509.cc
[776/1534] Compiling pkcs8_x509.cc
[777/1534] Compiling pkcs7.cc
[778/1534] Compiling pem_pk8.cc
[779/1534] Compiling pkcs8.cc
[780/1534] Compiling p5_pbev2.cc
[781/1534] Compiling pem_xaux.cc
[782/1534] Compiling pem_pkey.cc
[783/1534] Compiling mldsa.cc
[784/1534] Compiling pem_oth.cc
[785/1534] Compiling obj.cc
[786/1534] Compiling obj_xref.cc
[787/1534] Compiling mlkem.cc
[788/1534] Compiling mem.cc
[789/1534] Compiling pem_info.cc
[790/1534] Compiling pem_lib.cc
[791/1534] Compiling md5.cc
[792/1534] Compiling poly_rq_mul.S
[793/1534] Compiling fips_shared_support.cc
[794/1534] Compiling pem_all.cc
[795/1534] Compiling sign.cc
[796/1534] Compiling md4.cc
[797/1534] Compiling hpke.cc
[798/1534] Compiling hrss.cc
[799/1534] Compiling lhash.cc
[800/1534] Compiling ex_data.cc
[801/1534] Compiling scrypt.cc
[802/1534] Compiling kyber.cc
[803/1534] Compiling print.cc
[804/1534] Compiling pbkdf.cc
[805/1534] Compiling p_x25519.cc
[806/1534] Compiling p_ed25519.cc
[807/1534] Compiling p_rsa_asn1.cc
[808/1534] Compiling p_x25519_asn1.cc
[809/1534] Compiling p_rsa.cc
[810/1534] Compiling p_ec.cc
[811/1534] Compiling p_hkdf.cc
[812/1534] Compiling evp_ctx.cc
[813/1534] Compiling p_dh.cc
[814/1534] Compiling p_ed25519_asn1.cc
[815/1534] Compiling evp.cc
[816/1534] Compiling err.cc
[817/1534] Compiling p_ec_asn1.cc
[818/1534] Compiling p_dh_asn1.cc
[819/1534] Compiling ecdh.cc
[820/1534] Compiling p_dsa_asn1.cc
[821/1534] Compiling engine.cc
[822/1534] Compiling ecdsa_asn1.cc
[823/1534] Compiling hash_to_curve.cc
[824/1534] Compiling ec_asn1.cc
[825/1534] Compiling dsa_asn1.cc
[826/1534] Compiling ec_derive.cc
[827/1534] Compiling evp_asn1.cc
[828/1534] Compiling dh_asn1.cc
[829/1534] Compiling bcm.cc
[830/1534] Compiling params.cc
[831/1534] Compiling x25519-asm-arm.S
[832/1534] Compiling curve25519_64_adx.cc
[833/1534] Compiling dsa.cc
[833/1534] Compiling spake25519.cc
[835/1534] Compiling des.cc
[836/1534] Compiling curve25519.cc
[837/1534] Compiling cpu_intel.cc
[838/1534] Compiling cpu_aarch64_sysreg.cc
[839/1534] Compiling digest_extra.cc
[840/1534] Compiling cpu_arm_linux.cc
[841/1534] Compiling cpu_aarch64_fuchsia.cc
[842/1534] Compiling crypto.cc
[843/1534] Compiling cpu_arm_freebsd.cc
[844/1534] Compiling cpu_aarch64_openbsd.cc
[845/1534] Compiling cpu_aarch64_apple.cc
[846/1534] Compiling cpu_aarch64_win.cc
[847/1534] Compiling cpu_aarch64_linux.cc
[848/1534] Compiling tls_cbc.cc
[849/1534] Compiling conf.cc
[850/1534] Compiling get_cipher.cc
[851/1534] Compiling e_chacha20poly1305.cc
[852/1534] Compiling e_rc4.cc
[853/1534] Compiling e_tls.cc
[854/1534] Compiling e_null.cc
[855/1534] Compiling e_rc2.cc
[856/1534] Compiling e_des.cc
[857/1534] Compiling e_aesgcmsiv.cc
[858/1534] Compiling derive_key.cc
[859/1534] Compiling e_aesctrhmac.cc
[860/1534] Compiling chacha.cc
[861/1534] Compiling ber.cc
[862/1534] Compiling buf.cc
[863/1534] Compiling unicode.cc
[864/1534] Compiling asn1_compat.cc
[865/1534] Compiling cbb.cc
[866/1534] Compiling socket_helper.cc
[867/1534] Compiling blake2.cc
[868/1534] Compiling printf.cc
[869/1534] Compiling convert.cc
[870/1534] Compiling cbs.cc
[871/1534] Compiling bn_asn1.cc
[872/1534] Compiling socket.cc
[873/1534] Compiling file.cc
[874/1534] Compiling hexdump.cc
[875/1534] Compiling pair.cc
[876/1534] Compiling bio.cc
[877/1534] Compiling bio_mem.cc
[878/1534] Compiling fd.cc
[879/1534] Compiling tasn_fre.cc
[880/1534] Compiling errno.cc
[881/1534] Compiling base64.cc
[882/1534] Compiling connect.cc
[883/1534] Compiling tasn_utl.cc
[884/1534] Compiling tasn_typ.cc
[885/1534] Compiling tasn_new.cc
[886/1534] Compiling posix_time.cc
[887/1534] Compiling tasn_enc.cc
[888/1534] Compiling f_int.cc
[889/1534] Compiling asn_pack.cc
[890/1534] Compiling tasn_dec.cc
[891/1534] Compiling f_string.cc
[892/1534] Compiling a_utctm.cc
[893/1534] Compiling asn1_par.cc
[894/1534] Compiling asn1_lib.cc
[895/1534] Compiling a_time.cc
[896/1534] Compiling a_type.cc
[897/1534] Compiling a_octet.cc
[898/1534] Compiling a_object.cc
[899/1534] Compiling a_strnid.cc
[900/1534] Compiling a_strex.cc
[901/1534] Compiling a_d2i_fp.cc
[902/1534] Compiling a_mbstr.cc
[903/1534] Compiling a_i2d_fp.cc
[904/1534] Compiling CGoogleGaxCRC32C CGoogleGaxCRC32C.c
[905/1534] Compiling a_int.cc
[906/1534] Compiling fiat_p256_adx_sqr.S
[907/1534] Compiling a_dup.cc
[908/1534] Compiling CCryptoBoringSSLShims shims.c
[909/1534] Compiling fiat_p256_adx_mul.S
[910/1534] Compiling fiat_curve25519_adx_square.S
[911/1534] Compiling fiat_curve25519_adx_mul.S
[912/1534] Compiling md5-x86_64-linux.S
[913/1534] Compiling md5-586-linux.S
[914/1534] Compiling md5-x86_64-apple.S
[915/1534] Compiling chacha20_poly1305_x86_64-linux.S
[916/1534] Compiling md5-586-apple.S
[917/1534] Compiling chacha20_poly1305_x86_64-apple.S
[918/1534] Compiling chacha20_poly1305_armv8-win.S
[919/1534] Compiling a_gentm.cc
[920/1534] Compiling chacha20_poly1305_armv8-linux.S
[921/1534] Compiling chacha20_poly1305_armv8-apple.S
[922/1534] Compiling chacha-x86_64-linux.S
[923/1534] Compiling chacha-x86-linux.S
[924/1534] Compiling chacha-x86-apple.S
[925/1534] Compiling chacha-x86_64-apple.S
[926/1534] Compiling a_bitstr.cc
[927/1534] Compiling chacha-armv8-win.S
[928/1534] Compiling chacha-armv8-apple.S
[929/1534] Compiling chacha-armv4-linux.S
[930/1534] Compiling aes128gcmsiv-x86_64-linux.S
[931/1534] Compiling chacha-armv8-linux.S
[932/1534] Compiling aes128gcmsiv-x86_64-apple.S
[933/1534] Compiling x86_64-mont5-linux.S
[934/1534] Compiling x86_64-mont5-apple.S
[935/1534] Compiling x86_64-mont-linux.S
[936/1534] Compiling x86_64-mont-apple.S
[937/1534] Compiling x86-mont-linux.S
[938/1534] Compiling vpaes-x86_64-linux.S
[939/1534] Compiling x86-mont-apple.S
[940/1534] Compiling vpaes-x86_64-apple.S
[941/1534] Compiling vpaes-x86-linux.S
[942/1534] Compiling a_bool.cc
[943/1534] Compiling vpaes-x86-apple.S
[944/1534] Compiling vpaes-armv8-apple.S
[945/1534] Compiling vpaes-armv8-win.S
[946/1534] Compiling sha512-x86_64-apple.S
[947/1534] Compiling vpaes-armv8-linux.S
[948/1534] Compiling vpaes-armv7-linux.S
[949/1534] Compiling sha512-x86_64-linux.S
[950/1534] Compiling sha512-armv8-win.S
[951/1534] Compiling sha512-armv4-linux.S
[951/1534] Compiling sha512-armv8-apple.S
[953/1534] Compiling sha512-armv8-linux.S
[954/1534] Compiling sha512-586-linux.S
[955/1534] Compiling err_data.cc
[956/1534] Compiling sha512-586-apple.S
[957/1534] Compiling sha256-x86_64-linux.S
[958/1534] Compiling sha256-armv8-apple.S
[959/1534] Compiling sha256-armv8-win.S
[960/1534] Compiling sha256-x86_64-apple.S
[961/1534] Compiling sha256-586-apple.S
[962/1534] Compiling sha256-armv8-linux.S
[963/1534] Compiling sha256-armv4-linux.S
[964/1534] Compiling sha256-586-linux.S
[965/1534] Compiling sha1-x86_64-apple.S
[966/1534] Compiling sha1-x86_64-linux.S
[967/1534] Compiling sha1-armv8-win.S
[968/1534] Compiling sha1-586-linux.S
[969/1534] Compiling sha1-armv8-apple.S
[970/1534] Compiling sha1-armv4-large-linux.S
[971/1534] Compiling sha1-586-apple.S
[972/1534] Compiling sha1-armv8-linux.S
[973/1534] Compiling rdrand-x86_64-linux.S
[974/1534] Compiling rsaz-avx2-linux.S
[975/1534] Compiling rsaz-avx2-apple.S
[976/1534] Compiling p256_beeu-x86_64-asm-apple.S
[977/1534] Compiling p256_beeu-x86_64-asm-linux.S
[978/1534] Compiling p256_beeu-armv8-asm-win.S
[979/1534] Compiling rdrand-x86_64-apple.S
[980/1534] Compiling p256_beeu-armv8-asm-apple.S
[981/1534] Compiling p256_beeu-armv8-asm-linux.S
[982/1534] Compiling p256-x86_64-asm-linux.S
[983/1534] Compiling p256-armv8-asm-apple.S
[984/1534] Compiling p256-armv8-asm-win.S
[985/1534] Compiling p256-armv8-asm-linux.S
[986/1534] Compiling p256-x86_64-asm-apple.S
[987/1534] Compiling ghashv8-armv8-apple.S
[988/1534] Compiling ghashv8-armv8-linux.S
[989/1534] Compiling ghashv8-armv8-win.S
[990/1534] Compiling ghash-x86_64-apple.S
[991/1534] Compiling ghash-ssse3-x86_64-linux.S
[992/1534] Compiling ghashv8-armv7-linux.S
[993/1534] Compiling ghash-x86_64-linux.S
[994/1534] Compiling ghash-x86-linux.S
[995/1534] Compiling ghash-ssse3-x86_64-apple.S
[996/1534] Compiling ghash-x86-apple.S
[997/1534] Compiling ghash-neon-armv8-apple.S
[998/1534] Compiling ghash-ssse3-x86-apple.S
[999/1534] Compiling ghash-ssse3-x86-linux.S
[1000/1534] Compiling ghash-neon-armv8-win.S
[1001/1534] Compiling ghash-neon-armv8-linux.S
[1002/1534] Compiling bsaes-armv7-linux.S
[1003/1534] Compiling ghash-armv4-linux.S
[1004/1534] Compiling co-586-apple.S
[1005/1534] Compiling bn-armv8-win.S
[1006/1534] Compiling co-586-linux.S
[1007/1534] Compiling bn-armv8-linux.S
[1008/1534] Compiling bn-armv8-apple.S
[1009/1534] Compiling bn-586-linux.S
[1010/1534] Compiling armv8-mont-win.S
[1011/1534] Compiling bn-586-apple.S
[1012/1534] Compiling armv4-mont-linux.S
[1013/1534] Compiling armv8-mont-apple.S
[1014/1534] Compiling aesv8-gcm-armv8-win.S
[1015/1534] Compiling aesv8-gcm-armv8-apple.S
[1016/1534] Compiling armv8-mont-linux.S
[1017/1534] Compiling aesv8-gcm-armv8-linux.S
[1017/1534] Compiling aesv8-armv8-win.S
[1019/1534] Compiling aesv8-armv7-linux.S
[1020/1534] Compiling aesv8-armv8-linux.S
[1021/1534] Compiling aesni-x86_64-linux.S
[1022/1534] Compiling aesv8-armv8-apple.S
[1023/1534] Compiling aesni-x86_64-apple.S
[1024/1534] Compiling aesni-x86-linux.S
[1025/1534] Compiling aesni-gcm-x86_64-linux.S
[1026/1534] Compiling aes-gcm-avx512-x86_64-apple.S
[1027/1534] Compiling aes-gcm-avx512-x86_64-linux.S
[1028/1534] Compiling aesni-gcm-x86_64-apple.S
[1029/1534] Compiling aes-gcm-avx2-x86_64-apple.S
[1030/1534] Compiling aes-gcm-avx2-x86_64-linux.S
[1031/1534] Compiling x_spki.cc
[1032/1534] Compiling xwing.cc
[1033/1534] Compiling x_pubkey.cc
[1034/1534] Compiling x_sig.cc
[1035/1534] Compiling x_req.cc
[1036/1534] Compiling x_x509.cc
[1037/1534] Compiling x_x509a.cc
[1038/1534] Compiling c-nioatomics.c
[1039/1534] Compiling x_exten.cc
[1040/1534] Compiling x_crl.cc
[1041/1534] Compiling x_all.cc
[1042/1534] Compiling x_name.cc
[1043/1534] Compiling x_attrib.cc
[1044/1534] Compiling c-atomics.c
[1045/1534] Compiling x_algor.cc
[1046/1541] Compiling x509spki.cc
[1047/1541] Compiling x509rset.cc
[1049/1541] Compiling NIOConcurrencyHelpers NIOThreadPoolWorkAvailable.swift
[1050/1541] Compiling NIOConcurrencyHelpers NIOLockedValueBox.swift
[1051/1541] Compiling NIOConcurrencyHelpers NIOLock.swift
[1051/1541] Compiling x509cset.cc
[1053/1541] Compiling NIOConcurrencyHelpers NIOAtomic.swift
[1053/1541] Compiling x509_vfy.cc
[1055/1541] Compiling NIOConcurrencyHelpers lock.swift
[1055/1541] Compiling x509name.cc
[1056/1541] Compiling x509_v3.cc
[1058/1541] Emitting module NIOConcurrencyHelpers
[1059/1541] Compiling NIOConcurrencyHelpers atomics.swift
[1059/1541] Compiling x509_vpm.cc
[1061/1542] Compiling x509_txt.cc
[1062/1542] Wrapping AST for NIOConcurrencyHelpers for debugging
[1063/1542] Compiling x509_trs.cc
[1064/1542] Compiling x509_set.cc
[1065/1542] Compiling x509_req.cc
[1066/1542] Compiling x509_obj.cc
[1067/1542] Compiling x509_lu.cc
[1068/1542] Compiling x509_ext.cc
[1069/1542] Compiling x509_def.cc
[1070/1542] Compiling x509_d2.cc
[1071/1542] Compiling x509.cc
[1072/1542] Compiling x509_att.cc
[1073/1542] Compiling v3_utl.cc
[1074/1542] Compiling x509_cmp.cc
[1075/1542] Compiling v3_skey.cc
[1076/1542] Compiling v3_purp.cc
[1077/1542] Compiling v3_pcons.cc
[1078/1542] Compiling v3_pmaps.cc
[1079/1542] Compiling v3_prn.cc
[1080/1542] Compiling v3_ncons.cc
[1081/1542] Compiling v3_genn.cc
[1082/1542] Compiling v3_int.cc
[1083/1542] Compiling v3_ocsp.cc
[1083/1542] Compiling v3_lib.cc
[1085/1542] Compiling v3_extku.cc
[1086/1542] Compiling v3_ia5.cc
[1087/1542] Compiling v3_info.cc
[1088/1542] Compiling v3_alt.cc
[1089/1542] Compiling v3_crld.cc
[1090/1542] Compiling v3_enum.cc
[1090/1542] Compiling v3_bitst.cc
[1092/1542] Compiling v3_bcons.cc
[1093/1542] Compiling v3_conf.cc
[1094/1542] Compiling v3_akeya.cc
[1095/1542] Compiling v3_cpols.cc
[1096/1542] Compiling t_crl.cc
[1097/1542] Compiling policy.cc
[1098/1542] Compiling i2d_pr.cc
[1099/1542] Compiling v3_akey.cc
[1100/1542] Compiling rsa_pss.cc
[1101/1542] Compiling t_req.cc
[1102/1542] Compiling t_x509.cc
[1103/1542] Compiling by_file.cc
[1104/1542] Compiling by_dir.cc
[1105/1542] Compiling name_print.cc
[1106/1542] Compiling asn1_gen.cc
[1107/1542] Compiling algorithm.cc
[1108/1542] Compiling a_verify.cc
[1109/1542] Compiling a_sign.cc
[1110/1542] Compiling thread_win.cc
[1111/1542] Compiling a_digest.cc
[1112/1542] Compiling voprf.cc
[1113/1542] Compiling thread_pthread.cc
[1114/1542] Compiling spake2plus.cc
[1115/1542] Compiling stack.cc
[1116/1542] Compiling thread.cc
[1117/1542] Compiling thread_none.cc
[1118/1542] Compiling trust_token.cc
[1119/1542] Compiling pmbtoken.cc
[1120/1542] Compiling siphash.cc
[1121/1542] Compiling slhdsa.cc
[1122/1542] Compiling rsa_extra.cc
[1123/1542] Compiling sha256.cc
[1124/1542] Compiling sha512.cc
[1125/1542] Compiling sha1.cc
[1126/1542] Compiling rsa_print.cc
[1127/1542] Compiling rsa_crypt.cc
[1128/1542] Compiling rsa_asn1.cc
[1129/1542] Compiling passive.cc
[1130/1542] Compiling windows.cc
[1131/1542] Compiling urandom.cc
[1132/1542] Compiling refcount.cc
[1133/1542] Compiling rc4.cc
[1134/1542] Compiling ios.cc
[1134/1542] Compiling trusty.cc
[1136/1542] Compiling poly1305_arm_asm.S
[1137/1542] Compiling rand.cc
[1138/1542] Compiling getentropy.cc
[1139/1542] Compiling forkunsafe.cc
[1140/1542] Compiling fork_detect.cc
[1141/1542] Compiling deterministic.cc
[1142/1542] Compiling poly1305_vec.cc
[1143/1542] Compiling poly1305.cc
[1144/1542] Compiling poly1305_arm.cc
[1145/1542] Compiling pool.cc
[1146/1542] Compiling pkcs7_x509.cc
[1147/1542] Compiling pkcs8.cc
[1148/1542] Compiling pkcs8_x509.cc
[1149/1542] Compiling pem_x509.cc
[1150/1542] Compiling p5_pbev2.cc
[1151/1542] Compiling pkcs7.cc
[1152/1542] Compiling pem_xaux.cc
[1153/1542] Compiling pem_pkey.cc
[1154/1542] Compiling obj_xref.cc
[1155/1542] Compiling pem_pk8.cc
[1156/1542] Compiling pem_oth.cc
[1157/1542] Compiling pem_all.cc
[1158/1542] Compiling pem_info.cc
[1159/1542] Compiling mldsa.cc
[1160/1542] Compiling mem.cc
[1161/1542] Compiling mlkem.cc
[1162/1542] Compiling obj.cc
[1163/1542] Compiling pem_lib.cc
[1164/1542] Compiling poly_rq_mul.S
[1165/1542] Compiling md4.cc
[1166/1542] Compiling fips_shared_support.cc
[1167/1542] Compiling md5.cc
[1168/1542] Compiling lhash.cc
[1169/1542] Compiling fuzzer_mode.cc
[1170/1542] Compiling print.cc
[1171/1542] Compiling ex_data.cc
[1172/1542] Compiling scrypt.cc
[1173/1542] Compiling kyber.cc
[1174/1542] Compiling hrss.cc
[1175/1542] Compiling hpke.cc
[1176/1542] Compiling sign.cc
[1177/1542] Compiling pbkdf.cc
[1178/1542] Compiling p_rsa_asn1.cc
[1179/1542] Compiling p_ed25519.cc
[1180/1542] Compiling p_x25519_asn1.cc
[1181/1542] Compiling p_ed25519_asn1.cc
[1182/1542] Compiling p_hkdf.cc
[1183/1542] Compiling p_x25519.cc
[1184/1542] Compiling p_rsa.cc
[1185/1542] Compiling p_dsa_asn1.cc
[1186/1542] Compiling p_ec_asn1.cc
[1187/1542] Compiling p_ec.cc
[1188/1542] Compiling err.cc
[1189/1542] Compiling evp_ctx.cc
[1190/1542] Compiling p_dh_asn1.cc
[1191/1542] Compiling evp.cc
[1192/1542] Compiling engine.cc
[1193/1542] Compiling ecdsa_p1363.cc
[1194/1542] Compiling p_dh.cc
[1195/1542] Compiling ec_derive.cc
[1196/1542] Compiling evp_asn1.cc
[1197/1542] Compiling ecdh.cc
[1198/1542] Compiling dsa_asn1.cc
[1199/1542] Compiling digest_extra.cc
[1200/1542] Compiling ecdsa_asn1.cc
[1201/1542] Compiling ec_asn1.cc
[1202/1542] Compiling dsa.cc
[1203/1542] Compiling params.cc
[1204/1542] Compiling x25519-asm-arm.S
[1205/1542] Compiling spake25519.cc
[1206/1542] Compiling curve25519_64_adx.cc
[1207/1542] Compiling des.cc
[1208/1542] Compiling dh_asn1.cc
[1209/1542] Compiling cpu_arm_freebsd.cc
[1210/1542] Compiling crypto.cc
[1211/1542] Compiling curve25519.cc
[1211/1542] Compiling cpu_arm_linux.cc
[1213/1542] Compiling cpu_aarch64_win.cc
[1214/1542] Compiling cpu_intel.cc
[1215/1542] Compiling cpu_aarch64_sysreg.cc
[1216/1542] Compiling cpu_aarch64_openbsd.cc
[1217/1542] Compiling cpu_aarch64_apple.cc
[1218/1542] Compiling conf.cc
[1219/1542] Compiling cpu_aarch64_linux.cc
[1220/1542] Compiling get_cipher.cc
[1221/1542] Compiling e_rc4.cc
[1222/1542] Compiling cpu_aarch64_fuchsia.cc
[1223/1542] Compiling tls_cbc.cc
[1224/1542] Compiling e_tls.cc
[1225/1542] Compiling cms.cc
[1226/1542] Compiling e_rc2.cc
[1227/1542] Compiling e_null.cc
[1228/1542] Compiling e_des.cc
[1229/1542] Compiling e_chacha20poly1305.cc
[1230/1542] Compiling derive_key.cc
[1231/1542] Compiling e_aeseax.cc
[1232/1542] Compiling e_aesgcmsiv.cc
[1233/1542] Compiling chacha.cc
[1234/1542] Compiling e_aesctrhmac.cc
[1235/1542] Compiling cbs.cc
[1236/1542] Compiling ber.cc
[1237/1542] Compiling cbb.cc
[1238/1542] Compiling sqrt.cc
[1239/1542] Compiling buf.cc
[1240/1542] Compiling unicode.cc
[1241/1542] Compiling asn1_compat.cc
[1242/1542] Compiling exponentiation.cc
[1243/1542] Compiling hexdump.cc
[1244/1542] Compiling div.cc
[1245/1542] Compiling convert.cc
[1246/1542] Compiling blake2.cc
[1247/1542] Compiling printf.cc
[1248/1542] Compiling file.cc
[1249/1542] Compiling pair.cc
[1250/1542] Compiling errno.cc
[1251/1542] Compiling bn_asn1.cc
[1252/1542] Compiling bio_mem.cc
[1253/1542] Compiling base64.cc
[1254/1542] Compiling bio.cc
[1255/1542] Compiling fd.cc
[1256/1542] Compiling tasn_typ.cc
[1257/1542] Compiling tasn_enc.cc
[1258/1542] Compiling tasn_fre.cc
[1259/1542] Compiling tasn_dec.cc
[1260/1542] Compiling tasn_utl.cc
[1261/1542] Compiling tasn_new.cc
[1262/1542] Compiling asn_pack.cc
[1263/1542] Compiling asn1_par.cc
[1264/1542] Compiling f_string.cc
[1265/1542] Compiling f_int.cc
[1266/1542] Compiling asn1_lib.cc
[1267/1542] Compiling a_time.cc
[1268/1542] Compiling a_utctm.cc
[1269/1542] Compiling a_int.cc
[1270/1542] Compiling a_i2d_fp.cc
[1270/1542] Compiling a_type.cc
[1272/1542] Compiling bcm.cc
[1273/1542] Compiling a_octet.cc
[1274/1542] Compiling a_strex.cc
[1274/1542] Write sources
[1278/1542] Compiling a_strnid.cc
[1278/1542] Compiling CAsyncHTTPClient CAsyncHTTPClient.c
[1280/1585] Compiling a_dup.cc
[1282/1585] Compiling Atomics AtomicStorage.swift
[1283/1585] Compiling Atomics AtomicValue.swift
[1283/1587] Compiling a_d2i_fp.cc
[1285/1587] Compiling Atomics UnsafeAtomic.swift
[1286/1587] Compiling Atomics UnsafeAtomicLazyReference.swift
[1287/1587] Compiling Atomics AtomicMemoryOrderings.swift
[1288/1587] Compiling Atomics DoubleWord.swift
[1289/1587] Compiling Atomics ManagedAtomic.swift
[1290/1587] Compiling Atomics ManagedAtomicLazyReference.swift
[1291/1587] Compiling Atomics IntegerOperations.swift
[1292/1587] Compiling Atomics Unmanaged extensions.swift
[1293/1587] Compiling Atomics AtomicBool.swift
[1294/1587] Compiling Atomics IntegerConformances.swift
[1295/1587] Compiling Atomics PointerConformances.swift
[1295/1590] Compiling aes.cc
[1297/1590] Compiling Atomics AtomicInteger.swift
[1298/1590] Compiling Atomics AtomicOptionalWrappable.swift
[1299/1590] Compiling Atomics AtomicReference.swift
[1299/1590] Compiling a_gentm.cc
[1301/1590] Compiling Atomics Primitives.native.swift
[1307/1590] Compiling Atomics OptionalRawRepresentable.swift
[1308/1590] Compiling Atomics RawRepresentable.swift
[1308/1590] Compiling a_bitstr.cc
[1313/1598] Compiling Algorithms RandomSample.swift
[1314/1598] Compiling Algorithms Reductions.swift
[1315/1598] Compiling Algorithms Rotate.swift
[1317/1598] Compiling Algorithms Stride.swift
[1318/1598] Compiling Algorithms Suffix.swift
[1319/1598] Compiling Algorithms Trim.swift
[1320/1598] Compiling Algorithms Unique.swift
[1321/1598] Compiling Algorithms Windows.swift
[1322/1598] Compiling CryptoBoringWrapper RandomBytes.swift
[1333/1598] Emitting module Atomics
[1335/1599] Emitting module Algorithms
[1336/1600] Compiling CryptoBoringWrapper FiniteFieldArithmeticContext.swift
[1337/1600] Compiling CryptoBoringWrapper CryptoKitErrors_boring.swift
[1338/1600] Compiling CryptoBoringWrapper BoringSSLAEAD.swift
[1339/1600] Emitting module CryptoBoringWrapper
[1340/1600] Compiling CryptoBoringWrapper EllipticCurve.swift
[1341/1600] Compiling CryptoBoringWrapper ArbitraryPrecisionInteger.swift
[1342/1600] Compiling CryptoBoringWrapper EllipticCurvePoint.swift
[1344/1601] Wrapping AST for Atomics for debugging
[1345/1665] Wrapping AST for CryptoBoringWrapper for debugging
[1346/1665] Wrapping AST for Algorithms for debugging
[1348/1749] Compiling Crypto HPKE-LabeledExtract.swift
[1349/1749] Compiling Crypto HPKE-Utils.swift
[1350/1749] Compiling Crypto DHKEM.swift
[1351/1749] Compiling Crypto HPKE-KEM-Curve25519.swift
[1352/1749] Compiling Crypto HPKE-NIST-EC-KEMs.swift
[1353/1749] Compiling Crypto HPKE-KEM.swift
[1354/1749] Compiling Crypto HPKE-Errors.swift
[1355/1749] Compiling Crypto HPKE.swift
[1356/1749] Compiling Crypto HPKE-Context.swift
[1357/1757] Compiling Crypto Insecure_HashFunctions.swift
[1358/1757] Compiling Crypto MLKEM_boring.swift
[1359/1757] Compiling Crypto MLKEM_wrapper.swift
[1360/1757] Compiling Crypto XWing_boring.swift
[1361/1757] Compiling Crypto KEM-Errors.swift
[1362/1757] Compiling Crypto KEM.swift
[1363/1757] Compiling Crypto MLKEM.swift
[1364/1757] Compiling Crypto XWing.swift
[1365/1757] Compiling Crypto ECDH_boring.swift
[1366/1757] Compiling Crypto DH.swift
[1367/1757] Compiling Crypto ECDH.swift
[1368/1757] Compiling Crypto ANSIx963.swift
[1378/1768] Compiling Crypto HPKE-KeySchedule.swift
[1379/1768] Compiling Crypto HPKE-Modes.swift
[1380/1768] Compiling Crypto Insecure.swift
[1381/1768] Compiling Crypto CryptoKitErrors.swift
[1382/1768] Compiling Crypto Digest_boring.swift
[1383/1768] Compiling Crypto Digest.swift
[1384/1768] Compiling Crypto Digests.swift
[1385/1768] Compiling Crypto HashFunctions.swift
[1386/1768] Compiling Crypto HashFunctions_SHA2.swift
[1387/1768] Compiling Crypto HashFunctions_SHA3.swift
[1388/1768] Compiling Crypto Digest_xkcp.swift
[1389/1768] Compiling Crypto HPKE-AEAD.swift
[1390/1768] Compiling Crypto HPKE-Ciphersuite.swift
[1391/1768] Compiling Crypto HPKE-KDF.swift
[1392/1768] Compiling Crypto HPKE-KexKeyDerivation.swift
[1402/1768] Compiling NIOCore SingleStepByteToMessageDecoder.swift
[1403/1768] Compiling NIOCore SocketAddresses.swift
[1404/1768] Compiling NIOCore SocketOptionProvider.swift
[1405/1768] Compiling NIOCore SystemCallHelpers.swift
[1406/1768] Compiling NIOCore TimeAmount+Duration.swift
[1407/1768] Compiling NIOCore TypeAssistedChannelHandler.swift
[1408/1768] Compiling NIOCore UniversalBootstrapSupport.swift
[1409/1768] Compiling NIOCore Utilities.swift
[1410/1768] Compiling Crypto ASN1Null.swift
[1411/1768] Compiling Crypto ASN1OctetString.swift
[1412/1768] Compiling Crypto ASN1Strings.swift
[1421/1768] Compiling Crypto CryptoError_boring.swift
[1422/1768] Compiling Crypto MACFunctions.swift
[1423/1768] Compiling Crypto MessageAuthenticationCode.swift
[1424/1768] Compiling Crypto AES.swift
[1425/1768] Compiling Crypto ECDSASignature_boring.swift
[1426/1768] Compiling Crypto ECDSA_boring.swift
[1427/1768] Compiling Crypto EdDSA_boring.swift
[1428/1768] Compiling Crypto MLDSA_boring.swift
[1429/1768] Compiling Crypto MLDSA_wrapper.swift
[1430/1768] Compiling Crypto ECDSA.swift
[1431/1768] Compiling Crypto Ed25519.swift
[1432/1768] Compiling Crypto MLDSA.swift
[1433/1768] Compiling Crypto HKDF.swift
[1434/1768] Compiling Crypto AESWrap.swift
[1435/1768] Compiling Crypto AESWrap_boring.swift
[1436/1768] Compiling Crypto Ed25519_boring.swift
[1437/1768] Compiling Crypto NISTCurvesKeys_boring.swift
[1438/1768] Compiling Crypto X25519Keys_boring.swift
[1439/1768] Compiling Crypto Curve25519.swift
[1440/1768] Compiling Crypto Ed25519Keys.swift
[1441/1768] Compiling Crypto NISTCurvesKeys.swift
[1442/1768] Compiling Crypto X25519Keys.swift
[1443/1768] Compiling Crypto SymmetricKeys.swift
[1444/1768] Compiling Crypto HMAC.swift
[1463/1768] Compiling Crypto AES-GCM.swift
[1464/1768] Compiling Crypto AES-GCM_boring.swift
[1465/1768] Compiling Crypto ChaChaPoly_boring.swift
[1466/1768] Compiling Crypto ChaChaPoly.swift
[1467/1768] Compiling Crypto Cipher.swift
[1468/1768] Compiling Crypto Nonces.swift
[1469/1768] Compiling Crypto ASN1.swift
[1470/1768] Compiling Crypto ASN1Any.swift
[1471/1768] Compiling Crypto ASN1BitString.swift
[1472/1768] Compiling Crypto ASN1Boolean.swift
[1473/1768] Compiling Crypto ASN1Identifier.swift
[1474/1768] Compiling Crypto ASN1Integer.swift
[1475/1768] Emitting module Crypto
[1485/1768] Compiling Crypto Signature.swift
[1486/1768] Compiling Crypto CryptoKitErrors_boring.swift
[1487/1768] Compiling Crypto Optional+withUnsafeBytes_boring.swift
[1488/1768] Compiling Crypto RNG_boring.swift
[1489/1768] Compiling Crypto SafeCompare_boring.swift
[1490/1768] Compiling Crypto Zeroization_boring.swift
[1491/1768] Compiling Crypto _CryptoModuleAnchor.swift
[1492/1768] Compiling Crypto PrettyBytes.swift
[1493/1768] Compiling Crypto SafeCompare.swift
[1494/1768] Compiling Crypto SecureBytes.swift
[1495/1768] Compiling Crypto Zeroization.swift
[1505/1769] Wrapping AST for Crypto for debugging
[1507/1831] Compiling CryptoExtras ARCServer.swift
[1508/1831] Compiling CryptoExtras ChaCha20CTR_boring.swift
[1509/1831] Compiling CryptoExtras ChaCha20CTR.swift
[1510/1831] Compiling CryptoExtras BoringSSLSHA512256Context.swift
[1511/1831] Compiling CryptoExtras BoringSSLSHA512256HashFunction.swift
[1512/1831] Compiling CryptoExtras SHA512256.swift
[1513/1831] Compiling CryptoExtras SHA512256Digest.swift
[1514/1831] Compiling CryptoExtras Curve25519+PEM.swift
[1515/1831] Compiling CryptoExtras ObjectIdentifier.swift
[1516/1839] Emitting module CryptoExtras
[1517/1839] Compiling CryptoExtras PBKDF2.swift
[1518/1839] Compiling CryptoExtras Scrypt_boring.swift
[1519/1839] Compiling CryptoExtras Scrypt.swift
[1520/1839] Compiling CryptoExtras OPRF.swift
[1521/1839] Compiling CryptoExtras OPRFClient.swift
[1522/1839] Compiling CryptoExtras OPRFServer.swift
[1523/1839] Compiling CryptoExtras VOPRF+API.swift
[1524/1839] Compiling CryptoExtras VOPRFClient.swift
[1525/1839] Compiling CryptoExtras VOPRFServer.swift
[1526/1839] Compiling CryptoExtras Data+Extensions.swift
[1527/1839] Compiling CryptoExtras DigestType.swift
[1528/1839] Compiling CryptoExtras Error.swift
[1529/1839] Compiling CryptoExtras I2OSP.swift
[1530/1839] Compiling CryptoExtras IntegerEncoding.swift
[1531/1839] Compiling CryptoExtras PEMDocument.swift
[1532/1839] Compiling CryptoExtras PrettyBytes.swift
[1533/1839] Compiling CryptoExtras SubjectPublicKeyInfo.swift
[1534/1839] Compiling CryptoExtras ThreadOps.swift
[1535/1839] Compiling CryptoExtras ThreadPosix.swift
[1536/1839] Compiling CryptoExtras ThreadSpecific.swift
[1537/1839] Compiling CryptoExtras ThreadWindows.swift
[1538/1839] Compiling CryptoExtras DLEQ.swift
[1539/1839] Compiling CryptoExtras Prover.swift
[1540/1839] Compiling CryptoExtras Verifier.swift
[1541/1839] Compiling CryptoExtras ZKPToolbox.swift
[1542/1839] Compiling CryptoExtras BoringSSLPassphraseCallbackManager.swift
[1543/1839] Compiling CryptoExtras RSA+BlindSigning.swift
[1544/1839] Compiling CryptoExtras RSA.swift
[1545/1839] Compiling CryptoExtras RSA_boring.swift
[1546/1839] Compiling CryptoExtras Reexport.swift
[1547/1839] Compiling CryptoExtras Zeroization_boring.swift
[1548/1839] Compiling CryptoExtras BoringSSLHelpers.swift
[1549/1839] Compiling CryptoExtras CryptoKitErrors_boring.swift
[1550/1839] Compiling CryptoExtras PKCS8DERRepresentation.swift
[1551/1839] Compiling CryptoExtras PKCS8PrivateKey.swift
[1552/1839] Compiling CryptoExtras RFC8410AlgorithmIdentifier.swift
[1553/1839] Compiling CryptoExtras ECToolbox_boring.swift
[1554/1839] Compiling CryptoExtras ECToolbox.swift
[1555/1839] Compiling CryptoExtras HashToField.swift
[1556/1839] Compiling CryptoExtras KDF.swift
[1557/1839] Compiling CryptoExtras PBKDF2_boring.swift
[1558/1839] Compiling CryptoExtras PBKDF2_commoncrypto.swift
[1559/1839] Compiling CryptoExtras CMAC.swift
[1560/1839] Compiling CryptoExtras ARC+API.swift
[1561/1839] Compiling CryptoExtras ARC.swift
[1562/1839] Compiling CryptoExtras ARCCredential.swift
[1563/1839] Compiling CryptoExtras ARCEncoding.swift
[1564/1839] Compiling CryptoExtras ARCPrecredential.swift
[1565/1839] Compiling CryptoExtras ARCPresentation.swift
[1566/1839] Compiling CryptoExtras ARCRequest.swift
[1567/1839] Compiling CryptoExtras ARCResponse.swift
[1577/1839] Compiling CryptoExtras AES_CBC.swift
[1578/1839] Compiling CryptoExtras AES_CFB.swift
[1579/1839] Compiling CryptoExtras AES_CTR.swift
[1580/1839] Compiling CryptoExtras AES_GCM_SIV.swift
[1581/1839] Compiling CryptoExtras Block Function.swift
[1582/1839] Compiling CryptoExtras AES_CBC_boring.swift
[1583/1839] Compiling CryptoExtras AES_CFB_boring.swift
[1584/1839] Compiling CryptoExtras AES_CTR_boring.swift
[1585/1839] Compiling CryptoExtras AES_GCM_SIV_boring.swift
[1587/1840] Emitting module NIOCore
[1588/1841] Wrapping AST for CryptoExtras for debugging
[1590/1843] Compiling _CryptoExtras Exports.swift
[1591/1843] Emitting module _CryptoExtras
[1592/1865] Wrapping AST for NIOCore for debugging
[1593/1901] Wrapping AST for _CryptoExtras for debugging
[1595/1996] Compiling NIOEmbedded Embedded.swift
[1596/1996] Emitting module NIOEmbedded
[1597/1996] Compiling NIOEmbedded AsyncTestingEventLoop.swift
[1598/1996] Compiling NIOEmbedded AsyncTestingChannel.swift
[1600/1997] Compiling NIOFoundationEssentialsCompat Codable+ByteBuffer.swift
[1601/1997] Emitting module NIOFoundationEssentialsCompat
[1602/1997] Compiling NIOFoundationEssentialsCompat ByteBuffer-foundation.swift
[1602/1998] Wrapping AST for NIOEmbedded for debugging
[1604/1998] Wrapping AST for NIOFoundationEssentialsCompat for debugging
[1606/1998] Compiling X509 DomainComponent.swift
[1607/1998] Compiling X509 EmailAddress.swift
[1608/1998] Compiling X509 LocalityName.swift
[1609/1998] Compiling X509 OrganizationName.swift
[1610/1998] Compiling X509 OrganizationalUnitName.swift
[1611/1998] Compiling X509 StateOrProvinceName.swift
[1612/1998] Compiling X509 StreetAddress.swift
[1613/1998] Compiling X509 Error.swift
[1614/1998] Compiling X509 AuthorityInformationAccess.swift
[1615/1998] Compiling X509 AuthorityKeyIdentifier.swift
[1616/1998] Compiling X509 BasicConstraints.swift
[1617/1998] Compiling X509 ExtendedKeyUsage.swift
[1618/1998] Compiling X509 ExtensionIdentifiers.swift
[1619/1998] Compiling X509 KeyUsage.swift
[1620/2011] Compiling X509 NameConstraints.swift
[1621/2011] Compiling X509 SubjectAlternativeName.swift
[1622/2011] Compiling X509 SubjectKeyIdentifier.swift
[1623/2011] Compiling X509 Extension.swift
[1624/2011] Compiling X509 Extensions.swift
[1625/2011] Compiling X509 ExtensionsBuilder.swift
[1626/2011] Compiling X509 GeneralName.swift
[1641/2018] Compiling X509 CSRAttribute.swift
[1642/2018] Compiling X509 CSRAttributes.swift
[1643/2018] Compiling X509 CSRVersion.swift
[1644/2018] Compiling X509 CertificateSigningRequest.swift
[1645/2018] Compiling X509 CertificationRequestInfo.swift
[1646/2018] Compiling X509 ExtensionRequest.swift
[1647/2018] Compiling X509 Certificate.swift
[1648/2018] Compiling X509 CertificatePrivateKey.swift
[1649/2018] Compiling X509 CertificatePublicKey.swift
[1650/2018] Compiling X509 CertificateSerialNumber.swift
[1651/2018] Compiling X509 CertificateVersion.swift
[1652/2018] Compiling X509 CMSAttribute.swift
[1653/2018] Compiling X509 CMSContentInfo.swift
[1654/2018] Compiling X509 CMSEncapsulatedContentInfo.swift
[1655/2018] Compiling X509 CMSIssuerAndSerialNumber.swift
[1656/2018] Compiling X509 CMSOperations.swift
[1657/2018] Compiling X509 CMSSignature.swift
[1658/2018] Compiling X509 CMSSignedData.swift
[1659/2018] Compiling X509 CMSSignerIdentifier.swift
[1660/2018] Compiling X509 CMSSignerInfo.swift
[1661/2018] Compiling X509 CMSVersion.swift
[1662/2018] Compiling X509 Curve25519+DER.swift
[1663/2018] Compiling X509 CustomPrivateKey.swift
[1664/2018] Compiling X509 Digests.swift
[1665/2018] Compiling X509 DistinguishedName.swift
[1666/2018] Compiling X509 CommonName.swift
[1667/2018] Compiling X509 CountryName.swift
[1668/2018] Compiling X509 DNBuilder.swift
[1669/2018] Compiling NIOPosix Thread.swift
[1670/2018] Compiling NIOPosix ThreadPosix.swift
[1671/2018] Compiling NIOPosix ThreadWindows.swift
[1672/2018] Compiling NIOPosix Utilities.swift
[1673/2018] Compiling NIOPosix VsockAddress.swift
[1674/2018] Compiling NIOPosix VsockChannelEvents.swift
[1675/2018] Compiling NIOPosix Windows.swift
[1676/2018] Compiling X509 OCSPExtensionID.swift
[1677/2018] Compiling X509 OCSPNonce.swift
[1678/2018] Compiling X509 OCSPPolicy.swift
[1679/2018] Compiling X509 OCSPRequest.swift
[1680/2018] Compiling X509 OCSPResponse.swift
[1681/2018] Compiling X509 OCSPResponseBytes.swift
[1682/2018] Compiling X509 OCSPResponseData.swift
[1683/2018] Compiling X509 OCSPResponseStatus.swift
[1684/2018] Compiling X509 OCSPSignature.swift
[1685/2018] Compiling X509 OCSPSingleRequest.swift
[1686/2018] Compiling X509 OCSPSingleResponse.swift
[1687/2018] Compiling X509 OCSPTBSRequest.swift
[1688/2018] Compiling X509 OCSPVersion.swift
[1689/2018] Compiling X509 PKCS8PrivateKey.swift
[1690/2018] Compiling X509 PromiseAndFuture.swift
[1691/2018] Compiling X509 RDNAttribute.swift
[1692/2018] Compiling X509 RandomNumberGenerator+bytes.swift
[1693/2018] Compiling X509 RelativeDistinguishedName.swift
[1694/2018] Compiling X509 SEC1PrivateKey.swift
[1695/2018] Compiling X509 SecKeyWrapper.swift
[1696/2018] Compiling X509 Signature.swift
[1697/2018] Compiling X509 SignatureAlgorithm.swift
[1698/2018] Compiling X509 AllOfPolicies.swift
[1699/2018] Compiling X509 AnyPolicy.swift
[1700/2018] Compiling X509 CertificateStore.swift
[1701/2018] Compiling X509 CustomCertificateStore.swift
[1703/2018] Compiling X509 PolicyBuilder.swift
[1704/2018] Compiling X509 BasicConstraintsPolicy.swift
[1705/2018] Compiling X509 DNSNames.swift
[1706/2018] Compiling X509 ExpiryPolicy.swift
[1707/2018] Compiling X509 IPConstraints.swift
[1708/2018] Compiling X509 NameConstraintsPolicy.swift
[1709/2018] Compiling X509 RFC5280Policy.swift
[1710/2018] Compiling X509 URIConstraints.swift
[1711/2018] Compiling X509 VersionPolicy.swift
[1712/2018] Compiling X509 ServerIdentityPolicy.swift
[1713/2018] Compiling X509 TrustRootLoading.swift
[1714/2018] Compiling X509 UnverifiedChain.swift
[1756/2018] Emitting module NIOPosix
[1757/2019] Wrapping AST for NIOPosix for debugging
[1759/2021] Compiling NIO Exports.swift
[1760/2021] Emitting module NIO
[1761/2021] Emitting module X509
[1763/2022] Compiling X509 ValidatedCertificateChain.swift
[1764/2022] Compiling X509 VerificationDiagnostic.swift
[1765/2022] Compiling X509 Verifier.swift
[1766/2022] Compiling X509 VerifierPolicy.swift
[1767/2022] Compiling X509 AlgorithmIdentifier.swift
[1768/2022] Compiling X509 ECDSASignature.swift
[1769/2022] Compiling X509 RSAPKCS1PublicKey.swift
[1770/2022] Compiling X509 SubjectPublicKeyInfo.swift
[1771/2022] Compiling X509 TBSCertificate.swift
[1772/2022] Compiling X509 Time.swift
[1773/2022] Compiling X509 TimeCalculations.swift
[1774/2022] Compiling X509 Validity.swift
[1775/2022] Compiling X509 X509SendableMetatype.swift
[1776/2023] Wrapping AST for NIO for debugging
[1778/2062] Compiling NIOFoundationCompat WaitSpinningRunLoop.swift
[1778/2062] Wrapping AST for X509 for debugging
[1780/2062] Compiling NIOFoundationCompat Exports.swift
[1781/2062] Emitting module NIOFoundationCompat
[1782/2062] Compiling NIOFoundationCompat JSONSerialization+ByteBuffer.swift
[1784/2130] Compiling NIOSOCKS ClientStateMachine.swift
[1785/2131] Compiling NIOTLS TLSEvents.swift
[1786/2131] Compiling NIOSOCKS SelectedAuthenticationMethod.swift
[1787/2131] Compiling NIOSOCKS SOCKSResponse.swift
[1787/2131] Wrapping AST for NIOFoundationCompat for debugging
[1789/2131] Emitting module NIOTLS
[1790/2131] Compiling NIOTLS NIOTypedApplicationProtocolNegotiationHandler.swift
[1791/2131] Compiling JWTKit ECDSACurveType.swift
[1792/2131] Compiling JWTKit ECDSAError.swift
[1793/2131] Compiling JWTKit ECDSA.swift
[1794/2131] Compiling JWTKit ECDSACurve.swift
[1795/2131] Compiling NIOSOCKS ServerStateMachine.swift
[1796/2131] Compiling JWTKit SubjectClaim.swift
[1797/2131] Compiling JWTKit TenantIDClaim.swift
[1798/2131] Compiling JWTKit LocaleClaim.swift
[1799/2131] Compiling JWTKit NotBeforeClaim.swift
[1800/2131] Emitting module NIOSOCKS
[1801/2132] Compiling JWTKit IDClaim.swift
[1802/2132] Compiling JWTKit IssuedAtClaim.swift
[1804/2134] Emitting module NIOHTTP1
[1804/2134] Wrapping AST for NIOSOCKS for debugging
[1806/2134] Compiling NIOTLS SNIHandler.swift
[1807/2134] Compiling NIOTLS ApplicationProtocolNegotiationHandler.swift
[1808/2134] Compiling NIOTLS ProtocolNegotiationHandlerStateMachine.swift
[1810/2135] Compiling JWTKit AudienceClaim.swift
[1811/2135] Compiling JWTKit BoolClaim.swift
[1812/2135] Compiling JWTKit ExpirationClaim.swift
[1813/2135] Compiling JWTKit GoogleHostedDomainClaim.swift
[1813/2135] Wrapping AST for NIOTLS for debugging
[1815/2135] Compiling JWTKit ECDSASigningAlgorithm.swift
[1816/2135] Compiling JWTKit JWTKeyCollection+ECDSA.swift
[1817/2135] Compiling JWTKit P256+CurveType.swift
[1818/2135] Compiling JWTKit P384+CurveType.swift
[1819/2135] Compiling JWTKit P521+CurveType.swift
[1820/2135] Compiling JWTKit EdDSA.swift
[1821/2135] Compiling JWTKit EdDSACurve.swift
[1822/2135] Compiling JWTKit EdDSAError.swift
[1823/2135] Compiling JWTKit EdDSASigner.swift
[1824/2135] Compiling JWTKit JWTKeyCollection+EdDSA.swift
[1827/2158] Compiling JWTKit MLDSAType.swift
[1828/2158] Compiling JWTKit JWTKeyCollection+UnsecuredNone.swift
[1829/2158] Compiling JWTKit UnsecuredNoneSigner.swift
[1830/2158] Compiling JWTKit JWTKeyCollection+RSA.swift
[1831/2158] Compiling JWTKit RSA.swift
[1832/2158] Compiling JWTKit RSAError.swift
[1833/2158] Compiling JWTKit RSASigner.swift
[1834/2158] Compiling JWTKit Base64URL.swift
[1835/2158] Compiling JWTKit CryptoSigner.swift
[1836/2158] Compiling JWTKit JWTSerializer.swift
[1837/2158] Compiling JWTKit JWTSigner.swift
[1838/2158] Compiling JWTKit JWTKeyCollection+MLDSA.swift
[1839/2158] Compiling JWTKit MLDSA.swift
[1840/2158] Compiling JWTKit MLDSA65+MLDSAKey.swift
[1841/2158] Compiling JWTKit MLDSA87+MLDSAKey.swift
[1842/2158] Compiling JWTKit MLDSAError.swift
[1843/2158] Compiling JWTKit MLDSAKey.swift
[1844/2158] Compiling JWTKit MLDSASigner.swift
[1845/2174] Compiling NIOSSL SSLPKCS12Bundle.swift
[1846/2174] Compiling NIOSSL SSLCertificate.swift
[1847/2174] Compiling NIOSSL NIOSSLHandler.swift
[1848/2174] Compiling NIOSSL NIOSSLServerHandler.swift
[1849/2174] Compiling NIOSSL FreeBSDCABundle.swift
[1850/2174] Compiling NIOSSL IdentityVerification.swift
[1851/2174] Compiling NIOSSL LinuxCABundle.swift
[1852/2174] Compiling NIOSSL AndroidCABundle.swift
[1853/2174] Compiling NIOSSL ByteBufferBIO.swift
[1854/2174] Compiling NIOSSL CustomPrivateKey.swift
[1855/2175] Emitting module JWTKit
[1862/2175] Compiling NIOSSL NIOSSLClientHandler.swift
[1863/2175] Compiling NIOSSL NIOSSLHandler+Configuration.swift
[1866/2175] Compiling NIOSSL ObjectIdentifier.swift
[1867/2175] Compiling NIOSSL PosixPort.swift
[1868/2175] Compiling NIOSSL SSLCallbacks.swift
[1869/2175] Compiling NIOSSL SSLContext.swift
[1870/2175] Compiling NIOSSL SSLErrors.swift
[1871/2175] Compiling NIOSSL SSLInit.swift
[1874/2175] Compiling NIOSSL SSLCertificateExtensions.swift
[1875/2175] Compiling NIOSSL SSLCertificateName.swift
[1877/2175] Compiling JWTKit HMAC.swift
[1878/2175] Compiling JWTKit HMACError.swift
[1879/2175] Compiling JWTKit HMACSigner.swift
[1880/2175] Compiling JWTKit JWTKeyCollection+HMAC.swift
[1881/2175] Compiling JWTKit Insecure.swift
[1882/2175] Compiling JWTKit JWK.swift
[1883/2175] Compiling JWTKit JWKIdentifier.swift
[1884/2175] Compiling JWTKit JWKS.swift
[1885/2175] Compiling JWTKit JWKSigner.swift
[1886/2175] Compiling JWTKit JWTAlgorithm.swift
[1887/2175] Compiling JWTKit JWTError.swift
[1888/2175] Compiling JWTKit JWTHeader+CommonFields.swift
[1889/2175] Compiling JWTKit JWTHeader.swift
[1890/2175] Compiling JWTKit JWTHeaderField.swift
[1891/2175] Compiling JWTKit JWTKeyCollection.swift
[1892/2175] Compiling JWTKit JWTParser+MandatoryVerificationFields.swift
[1893/2175] Compiling JWTKit JWTParser.swift
[1894/2175] Compiling JWTKit JWTPayload.swift
[1894/2175] Wrapping AST for NIOHTTP1 for debugging
[1896/2192] Compiling NIOHPACK IndexedHeaderTable.swift
[1897/2192] Compiling NIOHPACK IntegerCoding.swift
[1898/2193] Compiling NIOHPACK HuffmanTables.swift
[1899/2193] Emitting module NIOSSL
[1900/2197] Compiling NIOHPACK HuffmanCoding.swift
[1901/2197] Emitting module NIOHPACK
[1902/2197] Compiling NIOHTTPCompression HTTPRequestCompressor.swift
[1903/2197] Compiling NIOHTTPCompression HTTPDecompressor.swift
[1904/2197] Compiling NIOHTTPCompression HTTPResponseCompressor.swift
[1905/2197] Compiling JWTKit CustomizedJSONCoders.swift
[1906/2197] Compiling JWTKit Utilities.swift
[1907/2197] Compiling JWTKit AppleIdentityToken.swift
[1908/2197] Compiling JWTKit FirebaseAuthIdentityToken.swift
[1909/2197] Compiling JWTKit GoogleIdentityToken.swift
[1910/2197] Compiling JWTKit MicrosoftIdentityToken.swift
[1911/2197] Compiling JWTKit EmptyPolicy.swift
[1912/2197] Compiling JWTKit ValidationTimePayload.swift
[1913/2197] Compiling JWTKit X5CVerifier.swift
[1914/2198] Compiling NIOHPACK StaticHeaderTable.swift
[1915/2198] Compiling NIOHTTPCompression HTTPDecompression.swift
[1917/2198] Emitting module NIOHTTPCompression
[1918/2198] Compiling NIOHPACK DynamicHeaderTable.swift
[1919/2198] Compiling NIOHTTPCompression HTTPCompression.swift
[1920/2198] Compiling NIOHPACK HPACKDecoder.swift
[1921/2199] Wrapping AST for JWTKit for debugging
[1923/2199] Compiling NIOHPACK HPACKEncoder.swift
[1924/2199] Compiling NIOHPACK HPACKErrors.swift
[1925/2199] Compiling NIOHPACK HPACKHeader.swift
[1926/2199] Compiling NIOHPACK HeaderTables.swift
[1926/2200] Wrapping AST for NIOHTTPCompression for debugging
[1938/2200] Compiling NIOSSL SSLPrivateKey.swift
[1939/2200] Compiling NIOSSL SSLPublicKey.swift
[1940/2200] Compiling NIOSSL SecurityFrameworkCertificateVerification.swift
[1941/2200] Compiling NIOSSL String+unsafeUninitializedCapacity.swift
[1942/2200] Compiling NIOSSL SubjectAlternativeName.swift
[1943/2200] Compiling NIOSSL NIOSSLSecureBytes.swift
[1944/2200] Compiling NIOSSL RNG.swift
[1945/2200] Compiling NIOSSL SafeCompare.swift
[1945/2200] Wrapping AST for NIOHPACK for debugging
[1947/2263] Compiling NIOHTTP2 MaySendFrames.swift
[1948/2263] Compiling NIOHTTP2 SendingDataState.swift
[1949/2263] Compiling NIOHTTP2 SendingGoawayState.swift
[1950/2263] Compiling NIOHTTP2 SendingHeadersState.swift
[1951/2263] Compiling NIOHTTP2 HasExtendedConnectSettings.swift
[1952/2263] Compiling NIOHTTP2 HasFlowControlWindows.swift
[1953/2263] Compiling NIOHTTP2 HasLocalSettings.swift
[1954/2263] Compiling NIOHTTP2 HasRemoteSettings.swift
[1955/2263] Compiling NIOHTTP2 SendingPushPromiseState.swift
[1956/2263] Compiling NIOHTTP2 SendingRstStreamState.swift
[1957/2263] Compiling NIOHTTP2 SendingWindowUpdateState.swift
[1958/2263] Compiling NIOHTTP2 HTTP2SettingsState.swift
[1959/2263] Compiling NIOHTTP2 ConcurrentStreamBuffer.swift
[1960/2263] Compiling NIOHTTP2 ControlFrameBuffer.swift
[1961/2263] Compiling NIOHTTP2 OutboundFlowControlBuffer.swift
[1962/2263] Compiling NIOHTTP2 OutboundFrameBuffer.swift
[1963/2264] Wrapping AST for NIOSSL for debugging
[1968/2264] Compiling NIOHTTP2 LocallyQuiescingState.swift
[1969/2264] Compiling NIOHTTP2 QuiescingState.swift
[1970/2264] Compiling NIOHTTP2 RemotelyQuiescingState.swift
[1971/2264] Compiling NIOHTTP2 SendAndReceiveGoawayState.swift
[1972/2264] Compiling NIOHTTP2 StateMachineResult.swift
[1973/2264] Compiling NIOHTTP2 ContentLengthVerifier.swift
[1983/2272] Compiling NIOHTTP2 DOSHeuristics.swift
[1984/2272] Compiling NIOHTTP2 Error+Any.swift
[1989/2272] Compiling NIOHTTP2 GlitchesMonitor.swift
[1990/2272] Compiling NIOHTTP2 HPACKHeaders+Validation.swift
[1991/2272] Compiling NIOHTTP2 HTTP2ChannelHandler+InboundStreamMultiplexer.swift
[1992/2272] Compiling NIOHTTP2 HTTP2StreamMultiplexer.swift
[1993/2272] Compiling NIOHTTP2 HTTP2ToHTTP1Codec.swift
[1994/2272] Compiling NIOHTTP2 HTTP2UserEvents.swift
[1995/2272] Compiling NIOHTTP2 InboundEventBuffer.swift
[1996/2272] Compiling NIOHTTP2 InboundWindowManager.swift
[1997/2272] Compiling NIOHTTP2 MultiplexerAbstractChannel.swift
[1998/2272] Compiling NIOHTTP2 NIOHTTP2FrameDelegate.swift
[1999/2272] Compiling NIOHTTP2 NIOHTTP2ServerConnectionManagementHandler+StateMachine.swift
[2000/2272] Emitting module NIOHTTP2
[2001/2272] Compiling NIOHTTP2 ConnectionStateMachine.swift
[2002/2272] Compiling NIOHTTP2 ConnectionStreamsState.swift
[2003/2272] Compiling NIOHTTP2 MayReceiveFrames.swift
[2004/2272] Compiling NIOHTTP2 ReceivingDataState.swift
[2005/2272] Compiling NIOHTTP2 ReceivingGoAwayState.swift
[2006/2272] Compiling NIOHTTP2 ReceivingHeadersState.swift
[2007/2272] Compiling NIOHTTP2 ReceivingPushPromiseState.swift
[2008/2272] Compiling NIOHTTP2 ReceivingRstStreamState.swift
[2009/2272] Compiling NIOHTTP2 ReceivingWindowUpdateState.swift
[2010/2272] Compiling NIOHTTP2 NIOHTTP2ServerConnectionManagementHandler.swift
[2011/2272] Compiling NIOHTTP2 StreamChannelFlowController.swift
[2012/2272] Compiling NIOHTTP2 StreamChannelList.swift
[2013/2272] Compiling NIOHTTP2 StreamMap.swift
[2014/2272] Compiling NIOHTTP2 StreamStateMachine.swift
[2015/2272] Compiling NIOHTTP2 Timer.swift
[2016/2272] Compiling NIOHTTP2 UnsafeTransfer.swift
[2017/2272] Compiling NIOHTTP2 WatermarkedFlowController.swift
[2018/2272] Compiling NIOHTTP2 HTTP2FrameParser.swift
[2019/2272] Compiling NIOHTTP2 HTTP2PingData.swift
[2020/2272] Compiling NIOHTTP2 HTTP2PipelineHelpers.swift
[2021/2272] Compiling NIOHTTP2 HTTP2Settings.swift
[2022/2272] Compiling NIOHTTP2 HTTP2Stream.swift
[2023/2272] Compiling NIOHTTP2 HTTP2StreamChannel+OutboundStreamMultiplexer.swift
[2024/2272] Compiling NIOHTTP2 HTTP2StreamChannel.swift
[2025/2272] Compiling NIOHTTP2 HTTP2StreamDelegate.swift
[2026/2272] Compiling NIOHTTP2 HTTP2StreamID.swift
[2027/2272] Compiling NIOHTTP2 HTTP2ChannelHandler+InlineStreamMultiplexer.swift
[2028/2272] Compiling NIOHTTP2 HTTP2ChannelHandler.swift
[2029/2272] Compiling NIOHTTP2 HTTP2CommonInboundStreamMultiplexer.swift
[2030/2272] Compiling NIOHTTP2 HTTP2ConnectionStateChange.swift
[2031/2272] Compiling NIOHTTP2 HTTP2Error.swift
[2032/2272] Compiling NIOHTTP2 HTTP2ErrorCode.swift
[2033/2272] Compiling NIOHTTP2 HTTP2FlowControlWindow.swift
[2034/2272] Compiling NIOHTTP2 HTTP2Frame.swift
[2035/2272] Compiling NIOHTTP2 HTTP2FrameEncoder.swift
[2036/2273] Wrapping AST for NIOHTTP2 for debugging
[2038/2337] Emitting module AsyncHTTPClient
[2039/2345] Compiling AsyncHTTPClient HTTPClientResponse.swift
[2040/2345] Compiling AsyncHTTPClient SingleIteratorPrecondition.swift
[2041/2345] Compiling AsyncHTTPClient Transaction+StateMachine.swift
[2042/2345] Compiling AsyncHTTPClient Transaction.swift
[2043/2345] Compiling AsyncHTTPClient Base64.swift
[2044/2345] Compiling AsyncHTTPClient BasicAuth.swift
[2045/2345] Compiling AsyncHTTPClient BestEffortHashableTLSConfiguration.swift
[2046/2345] Compiling AsyncHTTPClient Configuration+BrowserLike.swift
[2047/2345] Compiling AsyncHTTPClient ConnectionPool.swift
[2048/2345] Compiling AsyncHTTPClient HTTPConnectionEvent.swift
[2049/2345] Compiling AsyncHTTPClient HTTPConnectionPool+Factory.swift
[2050/2345] Compiling AsyncHTTPClient HTTPConnectionPool+Manager.swift
[2051/2345] Compiling AsyncHTTPClient HTTPConnectionPool.swift
[2052/2345] Compiling AsyncHTTPClient HTTPExecutableRequest.swift
[2053/2345] Compiling AsyncHTTPClient HTTPRequestStateMachine+Demand.swift
[2054/2345] Compiling AsyncHTTPClient HTTPRequestStateMachine.swift
[2055/2345] Compiling AsyncHTTPClient RequestBodyLength.swift
[2056/2345] Compiling AsyncHTTPClient RequestFramingMetadata.swift
[2057/2345] Compiling AsyncHTTPClient RequestValidation.swift
[2058/2345] Compiling AsyncHTTPClient SSLContextCache.swift
[2059/2345] Compiling AsyncHTTPClient Scheme.swift
[2060/2345] Compiling AsyncHTTPClient Singleton.swift
[2061/2345] Compiling AsyncHTTPClient StringConvertibleInstances.swift
[2062/2345] Compiling AsyncHTTPClient StructuredConcurrencyHelpers.swift
[2063/2345] Compiling AsyncHTTPClient TracingSupport.swift
[2064/2345] Compiling AsyncHTTPClient Utils.swift
[2065/2345] Compiling AsyncHTTPClient RequestOptions.swift
[2066/2345] Compiling AsyncHTTPClient HTTPConnectionPool+Backoff.swift
[2067/2345] Compiling AsyncHTTPClient HTTPConnectionPool+HTTP1Connections.swift
[2068/2345] Compiling AsyncHTTPClient HTTPConnectionPool+HTTP1StateMachine.swift
[2069/2345] Compiling AsyncHTTPClient HTTPConnectionPool+HTTP2Connections.swift
[2070/2345] Compiling AsyncHTTPClient HTTPConnectionPool+HTTP2StateMachine.swift
[2071/2345] Compiling AsyncHTTPClient HTTPConnectionPool+RequestQueue.swift
[2072/2345] Compiling AsyncHTTPClient HTTPConnectionPool+StateMachine.swift
[2073/2345] Compiling AsyncHTTPClient ConnectionTarget.swift
[2074/2345] Compiling AsyncHTTPClient DeconstructedURL.swift
[2075/2345] Compiling AsyncHTTPClient FileDownloadDelegate.swift
[2076/2345] Compiling AsyncHTTPClient FoundationExtensions.swift
[2077/2345] Compiling AsyncHTTPClient HTTPClient+HTTPCookie.swift
[2078/2345] Compiling AsyncHTTPClient HTTPClient+Proxy.swift
[2079/2345] Compiling AsyncHTTPClient HTTPClient+StructuredConcurrency.swift
[2080/2345] Compiling AsyncHTTPClient HTTPClient.swift
[2081/2345] Compiling AsyncHTTPClient HTTPClientConfiguration+SwiftConfiguration.swift
[2082/2345] Compiling AsyncHTTPClient HTTPHandler.swift
[2083/2345] Compiling AsyncHTTPClient HTTP1ProxyConnectHandler.swift
[2084/2345] Compiling AsyncHTTPClient SOCKSEventsHandler.swift
[2085/2345] Compiling AsyncHTTPClient TLSEventsHandler.swift
[2086/2345] Compiling AsyncHTTPClient HTTP1ClientChannelHandler.swift
[2087/2345] Compiling AsyncHTTPClient HTTP1Connection.swift
[2088/2345] Compiling AsyncHTTPClient HTTP1ConnectionStateMachine.swift
[2089/2345] Compiling AsyncHTTPClient HTTP2ClientRequestHandler.swift
[2090/2345] Compiling AsyncHTTPClient HTTP2Connection.swift
[2091/2345] Compiling AsyncHTTPClient HTTP2IdleHandler.swift
[2092/2345] Compiling AsyncHTTPClient AnyAsyncSequence.swift
[2093/2345] Compiling AsyncHTTPClient AnyAsyncSequenceProucerDelete.swift
[2094/2345] Compiling AsyncHTTPClient AsyncLazySequence.swift
[2095/2345] Compiling AsyncHTTPClient HTTPClient+execute.swift
[2096/2345] Compiling AsyncHTTPClient HTTPClient+shutdown.swift
[2097/2345] Compiling AsyncHTTPClient HTTPClient+tracing.swift
[2098/2345] Compiling AsyncHTTPClient HTTPClientRequest+Prepared.swift
[2099/2345] Compiling AsyncHTTPClient HTTPClientRequest+auth.swift
[2100/2345] Compiling AsyncHTTPClient HTTPClientRequest.swift
[2101/2345] Compiling AsyncHTTPClient LRUCache.swift
[2102/2345] Compiling AsyncHTTPClient NIOLoopBound+Execute.swift
[2103/2345] Compiling AsyncHTTPClient NWErrorHandler.swift
[2104/2345] Compiling AsyncHTTPClient NWWaitingHandler.swift
[2105/2345] Compiling AsyncHTTPClient TLSConfiguration.swift
[2106/2345] Compiling AsyncHTTPClient RedirectState.swift
[2107/2345] Compiling AsyncHTTPClient RequestBag+StateMachine.swift
[2108/2345] Compiling AsyncHTTPClient RequestBag+Tracing.swift
[2109/2345] Compiling AsyncHTTPClient RequestBag.swift
[2110/2346] Wrapping AST for AsyncHTTPClient for debugging
[2112/2369] Compiling GoogleAuth ADC.swift
[2113/2369] Compiling GoogleAuth ADCPath.swift
[2114/2369] Compiling GoogleAuth ADCResolver.swift
[2115/2369] Compiling GoogleAuth AuthHeaders.swift
[2116/2369] Compiling GoogleAuth SubjectTokenProvider.swift
[2117/2369] Compiling GoogleAuth MDSAccessTokenProvider.swift
[2118/2369] Compiling GoogleAuth MDSCredentials.swift
[2119/2372] Emitting module GoogleAuth
[2120/2372] Compiling GoogleAuth CredentialParserRegistry.swift
[2121/2372] Compiling GoogleAuth Credentials.swift
[2122/2372] Compiling GoogleAuth CredentialsError.swift
[2123/2372] Compiling GoogleAuth AnonymousCredentials.swift
[2124/2372] Compiling GoogleAuth ApiKeyCredentials.swift
[2125/2372] Compiling GoogleAuth ExternalAccountCredentials.swift
[2126/2372] Compiling GoogleAuth AuthHTTPClient.swift
[2127/2372] Compiling GoogleAuth AuthHTTPError.swift
[2128/2372] Compiling GoogleAuth RetryEngine.swift
[2129/2372] Compiling GoogleAuth ServiceAccountCredentials.swift
[2130/2372] Compiling GoogleAuth ServiceAccountData.swift
[2131/2372] Compiling GoogleAuth ServiceAccountTokenProvider.swift
[2132/2372] Compiling GoogleAuth UserAccountData.swift
[2133/2372] Compiling GoogleAuth UserAccountTokenProvider.swift
[2134/2372] Compiling GoogleAuth UserCredentials.swift
[2135/2372] Compiling GoogleAuth STSHandler.swift
[2136/2372] Compiling GoogleAuth TokenCache.swift
[2137/2372] Compiling GoogleAuth PackageVersion.swift
[2138/2373] Wrapping AST for GoogleAuth for debugging
[2140/2431] Compiling GoogleGax Pagination.swift
/host/spi-builder-workspace/.build/checkouts/swift-google-gax/Sources/GoogleGax/Pagination.swift:44:22: error: cannot convert '@Sendable (String) async throws -> (response: ResponseType, items: [Item], nextToken: String)' to 'nonisolated(nonsending) @Sendable (String) async throws -> (response: ResponseType, items: [Item], nextToken: String)' because crossing of an isolation boundary requires parameter and result types to conform to 'Sendable' protocol
42 | ) where ResponseType: _PaginatedResponse<Item> {
43 | self.initialPageToken = initialPageToken ?? ""
44 | self.fetchPage = { token in
| |- error: cannot convert '@Sendable (String) async throws -> (response: ResponseType, items: [Item], nextToken: String)' to 'nonisolated(nonsending) @Sendable (String) async throws -> (response: ResponseType, items: [Item], nextToken: String)' because crossing of an isolation boundary requires parameter and result types to conform to 'Sendable' protocol
| `- note: type 'Item' does not conform to 'Sendable' protocol
45 | let response = try await listRpc(token)
46 | return (response, response._getPaginatedItems(), response._nextPageToken())
[2141/2431] Compiling GoogleGax PollingBackoffPolicy.swift
/host/spi-builder-workspace/.build/checkouts/swift-google-gax/Sources/GoogleGax/Pagination.swift:44:22: error: cannot convert '@Sendable (String) async throws -> (response: ResponseType, items: [Item], nextToken: String)' to 'nonisolated(nonsending) @Sendable (String) async throws -> (response: ResponseType, items: [Item], nextToken: String)' because crossing of an isolation boundary requires parameter and result types to conform to 'Sendable' protocol
42 | ) where ResponseType: _PaginatedResponse<Item> {
43 | self.initialPageToken = initialPageToken ?? ""
44 | self.fetchPage = { token in
| |- error: cannot convert '@Sendable (String) async throws -> (response: ResponseType, items: [Item], nextToken: String)' to 'nonisolated(nonsending) @Sendable (String) async throws -> (response: ResponseType, items: [Item], nextToken: String)' because crossing of an isolation boundary requires parameter and result types to conform to 'Sendable' protocol
| `- note: type 'Item' does not conform to 'Sendable' protocol
45 | let response = try await listRpc(token)
46 | return (response, response._getPaginatedItems(), response._nextPageToken())
[2142/2431] Compiling GoogleGax PollingErrorPolicy.swift
/host/spi-builder-workspace/.build/checkouts/swift-google-gax/Sources/GoogleGax/Pagination.swift:44:22: error: cannot convert '@Sendable (String) async throws -> (response: ResponseType, items: [Item], nextToken: String)' to 'nonisolated(nonsending) @Sendable (String) async throws -> (response: ResponseType, items: [Item], nextToken: String)' because crossing of an isolation boundary requires parameter and result types to conform to 'Sendable' protocol
42 | ) where ResponseType: _PaginatedResponse<Item> {
43 | self.initialPageToken = initialPageToken ?? ""
44 | self.fetchPage = { token in
| |- error: cannot convert '@Sendable (String) async throws -> (response: ResponseType, items: [Item], nextToken: String)' to 'nonisolated(nonsending) @Sendable (String) async throws -> (response: ResponseType, items: [Item], nextToken: String)' because crossing of an isolation boundary requires parameter and result types to conform to 'Sendable' protocol
| `- note: type 'Item' does not conform to 'Sendable' protocol
45 | let response = try await listRpc(token)
46 | return (response, response._getPaginatedItems(), response._nextPageToken())
[2143/2431] Compiling GoogleGax PollingResult.swift
/host/spi-builder-workspace/.build/checkouts/swift-google-gax/Sources/GoogleGax/Pagination.swift:44:22: error: cannot convert '@Sendable (String) async throws -> (response: ResponseType, items: [Item], nextToken: String)' to 'nonisolated(nonsending) @Sendable (String) async throws -> (response: ResponseType, items: [Item], nextToken: String)' because crossing of an isolation boundary requires parameter and result types to conform to 'Sendable' protocol
42 | ) where ResponseType: _PaginatedResponse<Item> {
43 | self.initialPageToken = initialPageToken ?? ""
44 | self.fetchPage = { token in
| |- error: cannot convert '@Sendable (String) async throws -> (response: ResponseType, items: [Item], nextToken: String)' to 'nonisolated(nonsending) @Sendable (String) async throws -> (response: ResponseType, items: [Item], nextToken: String)' because crossing of an isolation boundary requires parameter and result types to conform to 'Sendable' protocol
| `- note: type 'Item' does not conform to 'Sendable' protocol
45 | let response = try await listRpc(token)
46 | return (response, response._getPaginatedItems(), response._nextPageToken())
[2144/2431] Compiling GoogleGax PollingState.swift
/host/spi-builder-workspace/.build/checkouts/swift-google-gax/Sources/GoogleGax/Pagination.swift:44:22: error: cannot convert '@Sendable (String) async throws -> (response: ResponseType, items: [Item], nextToken: String)' to 'nonisolated(nonsending) @Sendable (String) async throws -> (response: ResponseType, items: [Item], nextToken: String)' because crossing of an isolation boundary requires parameter and result types to conform to 'Sendable' protocol
42 | ) where ResponseType: _PaginatedResponse<Item> {
43 | self.initialPageToken = initialPageToken ?? ""
44 | self.fetchPage = { token in
| |- error: cannot convert '@Sendable (String) async throws -> (response: ResponseType, items: [Item], nextToken: String)' to 'nonisolated(nonsending) @Sendable (String) async throws -> (response: ResponseType, items: [Item], nextToken: String)' because crossing of an isolation boundary requires parameter and result types to conform to 'Sendable' protocol
| `- note: type 'Item' does not conform to 'Sendable' protocol
45 | let response = try await listRpc(token)
46 | return (response, response._getPaginatedItems(), response._nextPageToken())
[2145/2431] Compiling GoogleGax ProtobufConversionError.swift
/host/spi-builder-workspace/.build/checkouts/swift-google-gax/Sources/GoogleGax/Pagination.swift:44:22: error: cannot convert '@Sendable (String) async throws -> (response: ResponseType, items: [Item], nextToken: String)' to 'nonisolated(nonsending) @Sendable (String) async throws -> (response: ResponseType, items: [Item], nextToken: String)' because crossing of an isolation boundary requires parameter and result types to conform to 'Sendable' protocol
42 | ) where ResponseType: _PaginatedResponse<Item> {
43 | self.initialPageToken = initialPageToken ?? ""
44 | self.fetchPage = { token in
| |- error: cannot convert '@Sendable (String) async throws -> (response: ResponseType, items: [Item], nextToken: String)' to 'nonisolated(nonsending) @Sendable (String) async throws -> (response: ResponseType, items: [Item], nextToken: String)' because crossing of an isolation boundary requires parameter and result types to conform to 'Sendable' protocol
| `- note: type 'Item' does not conform to 'Sendable' protocol
45 | let response = try await listRpc(token)
46 | return (response, response._getPaginatedItems(), response._nextPageToken())
[2146/2431] Compiling GoogleGax QueryParameter.swift
/host/spi-builder-workspace/.build/checkouts/swift-google-gax/Sources/GoogleGax/Pagination.swift:44:22: error: cannot convert '@Sendable (String) async throws -> (response: ResponseType, items: [Item], nextToken: String)' to 'nonisolated(nonsending) @Sendable (String) async throws -> (response: ResponseType, items: [Item], nextToken: String)' because crossing of an isolation boundary requires parameter and result types to conform to 'Sendable' protocol
42 | ) where ResponseType: _PaginatedResponse<Item> {
43 | self.initialPageToken = initialPageToken ?? ""
44 | self.fetchPage = { token in
| |- error: cannot convert '@Sendable (String) async throws -> (response: ResponseType, items: [Item], nextToken: String)' to 'nonisolated(nonsending) @Sendable (String) async throws -> (response: ResponseType, items: [Item], nextToken: String)' because crossing of an isolation boundary requires parameter and result types to conform to 'Sendable' protocol
| `- note: type 'Item' does not conform to 'Sendable' protocol
45 | let response = try await listRpc(token)
46 | return (response, response._getPaginatedItems(), response._nextPageToken())
[2147/2431] Compiling GoogleGax RequestError.swift
/host/spi-builder-workspace/.build/checkouts/swift-google-gax/Sources/GoogleGax/Pagination.swift:44:22: error: cannot convert '@Sendable (String) async throws -> (response: ResponseType, items: [Item], nextToken: String)' to 'nonisolated(nonsending) @Sendable (String) async throws -> (response: ResponseType, items: [Item], nextToken: String)' because crossing of an isolation boundary requires parameter and result types to conform to 'Sendable' protocol
42 | ) where ResponseType: _PaginatedResponse<Item> {
43 | self.initialPageToken = initialPageToken ?? ""
44 | self.fetchPage = { token in
| |- error: cannot convert '@Sendable (String) async throws -> (response: ResponseType, items: [Item], nextToken: String)' to 'nonisolated(nonsending) @Sendable (String) async throws -> (response: ResponseType, items: [Item], nextToken: String)' because crossing of an isolation boundary requires parameter and result types to conform to 'Sendable' protocol
| `- note: type 'Item' does not conform to 'Sendable' protocol
45 | let response = try await listRpc(token)
46 | return (response, response._getPaginatedItems(), response._nextPageToken())
[2148/2439] Compiling GoogleGax LimitedAttemptCount+PollingErrorPolicy.swift
[2149/2439] Compiling GoogleGax LimitedAttemptCount+RetryPolicy.swift
[2150/2439] Compiling GoogleGax LimitedAttemptCount.swift
[2151/2439] Compiling GoogleGax LimitedElapsedTime+PollingErrorPolicy.swift
[2152/2439] Compiling GoogleGax LimitedElapsedTime+RetryPolicy.swift
[2153/2439] Compiling GoogleGax LimitedElapsedTime.swift
[2154/2439] Compiling GoogleGax LongRunningOperations.swift
[2155/2439] Compiling GoogleGax NeverRetry.swift
[2156/2439] Compiling GoogleGax AIP194+PollingErrorPolicy.swift
[2157/2439] Compiling GoogleGax AIP194+RetryPolicy.swift
[2158/2439] Compiling GoogleGax AIP194.swift
[2159/2439] Compiling GoogleGax AdaptiveThrottler.swift
[2160/2439] Compiling GoogleGax AlwaysPoll.swift
[2161/2439] Compiling GoogleGax AlwaysRetry.swift
[2162/2439] Compiling GoogleGax ApiClientHeader.swift
[2163/2439] Compiling GoogleGax BackoffPolicy.swift
[2164/2439] Compiling GoogleGax BasePollingErrorPolicy.swift
[2165/2439] Emitting module GoogleGax
[2166/2439] Compiling GoogleGax RequestOptions.swift
[2167/2439] Compiling GoogleGax RetryLoop.swift
[2168/2439] Compiling GoogleGax RetryPolicy.swift
[2169/2439] Compiling GoogleGax RetryResult.swift
[2170/2439] Compiling GoogleGax RetryState.swift
[2171/2439] Compiling GoogleGax RetryThrottler.swift
[2172/2439] Compiling GoogleGax RetryThrottlerError.swift
[2173/2439] Compiling GoogleGax RoutingMatcher.swift
[2174/2439] Compiling GoogleGax ContinueOnIO.swift
[2175/2439] Compiling GoogleGax CredentialsProtocol.swift
[2176/2439] Compiling GoogleGax ErrorWrapper.swift
[2177/2439] Compiling GoogleGax ExponentialBackoff+BackoffPolicy.swift
[2178/2439] Compiling GoogleGax ExponentialBackoff+PollingBackoffPolicy.swift
[2179/2439] Compiling GoogleGax ExponentialBackoff.swift
[2180/2439] Compiling GoogleGax HTTPClient.swift
[2181/2439] Compiling GoogleGax HTTPClientHolder.swift
[2182/2439] Compiling GoogleGax BaseRetryPolicy.swift
[2183/2439] Compiling GoogleGax BindingError.swift
[2184/2439] Compiling GoogleGax CRC32C.swift
[2185/2439] Compiling GoogleGax CircuitBreaker.swift
[2186/2439] Compiling GoogleGax ClientError.swift
[2187/2439] Compiling GoogleGax ClientOptions.swift
[2188/2439] Compiling GoogleGax ContinueOnIO+PollingErrorPolicy.swift
[2189/2439] Compiling GoogleGax ContinueOnIO+RetryPolicy.swift
[2190/2439] Compiling GoogleGax HTTPClientProtocol.swift
[2191/2439] Compiling GoogleGax HTTPClientRequest.swift
[2192/2439] Compiling GoogleGax HTTPClientResponse.swift
[2193/2439] Compiling GoogleGax HTTPHeaders.swift
[2194/2439] Compiling GoogleGax HTTPResponseBody.swift
[2195/2439] Compiling GoogleGax HeaderNames.swift
[2196/2439] Compiling GoogleGax Host.swift
[2197/2439] Compiling GoogleGax InProgressResult.swift
[2198/2439] Compiling GoogleGax ServiceError.swift
[2199/2439] Compiling GoogleGax StatusDetail.swift
[2200/2439] Compiling GoogleGax StrictIdempotency.swift
[2201/2439] Compiling GoogleGax ThrottleResult.swift
[2202/2439] Compiling GoogleGax TooManyRequests+PollingErrorPolicy.swift
[2203/2439] Compiling GoogleGax TooManyRequests+RetryPolicy.swift
[2204/2439] Compiling GoogleGax TooManyRequests.swift
[2205/2439] Compiling GoogleGax PackageVersion.swift
BUILD FAILURE 6.2 android