Build Information
Failed to build composable-core-location, reference main (d00755), with Swift 6.4 for visionOS using Xcode 27.0 on 19 Sep 2026 15:28:12 UTC.
Build Command
env DEVELOPER_DIR=/Applications/Xcode-27.0.0-Release.Candidate.app xcrun xcodebuild -IDEClonedSourcePackagesDirPathOverride=$PWD/.dependencies -skipMacroValidation -skipPackagePluginValidation -derivedDataPath $PWD/.derivedData build -scheme composable-core-location -destination generic/platform=xrOSBuild Log
SwiftDriverJobDiscovery normal arm64 Compiling MainSerialExecutor.swift (in target 'ConcurrencyExtras' from project 'swift-concurrency-extras')
SwiftDriverJobDiscovery normal arm64 Compiling XCTCurrentTestCase.swift (in target 'XCTestDynamicOverlay' from project 'xctest-dynamic-overlay')
Ld /Users/admin/builder/spi-builder-workspace/.derivedData/Build/Products/Debug-xros/IdentifiedCollections.o normal (in target 'IdentifiedCollections' from project 'swift-identified-collections')
cd /Users/admin/builder/spi-builder-workspace/.dependencies/checkouts/swift-identified-collections
/Applications/Xcode-27.0.0-Release.Candidate.app/Contents/Developer/Toolchains/XcodeDefault.xctoolchain/usr/bin/clang -Xlinker -reproducible -target arm64-apple-xros1.0 -r -isysroot /Applications/Xcode-27.0.0-Release.Candidate.app/Contents/Developer/Platforms/XROS.platform/Developer/SDKs/XROS27.0.sdk -O0 -w -Xlinker -no_warn_duplicate_libraries -F/Users/admin/builder/spi-builder-workspace/.derivedData/Build/Intermediates.noindex/EagerLinkingTBDs/Debug-xros -F/Users/admin/builder/spi-builder-workspace/.derivedData/Build/Products/Debug-xros/PackageFrameworks -F/Users/admin/builder/spi-builder-workspace/.derivedData/Build/Products/Debug-xros -iframework /Applications/Xcode-27.0.0-Release.Candidate.app/Contents/Developer/Platforms/XROS.platform/Developer/Library/Frameworks -iframework /Applications/Xcode-27.0.0-Release.Candidate.app/Contents/Developer/Platforms/XROS.platform/Developer/SDKs/XROS27.0.sdk/Developer/Library/Frameworks -filelist /Users/admin/builder/spi-builder-workspace/.derivedData/Build/Intermediates.noindex/swift-identified-collections.build/Debug-xros/IdentifiedCollections-t.build/Objects-normal/arm64/IdentifiedCollections.LinkFileList -nostdlib -Xlinker -object_path_lto -Xlinker /Users/admin/builder/spi-builder-workspace/.derivedData/Build/Intermediates.noindex/swift-identified-collections.build/Debug-xros/IdentifiedCollections-t.build/Objects-normal/arm64/IdentifiedCollections_lto.o -Xlinker -no_deduplicate -Xlinker -debug_variant -Xlinker -dependency_info -Xlinker /Users/admin/builder/spi-builder-workspace/.derivedData/Build/Intermediates.noindex/swift-identified-collections.build/Debug-xros/IdentifiedCollections-t.build/Objects-normal/arm64/IdentifiedCollections_dependency_info.dat -fobjc-link-runtime -L/Applications/Xcode-27.0.0-Release.Candidate.app/Contents/Developer/Toolchains/XcodeDefault.xctoolchain/usr/lib/swift/xros -L/usr/lib/swift -Xlinker -add_ast_path -Xlinker /Users/admin/builder/spi-builder-workspace/.derivedData/Build/Intermediates.noindex/swift-identified-collections.build/Debug-xros/IdentifiedCollections-t.build/Objects-normal/arm64/IdentifiedCollections.swiftmodule -o /Users/admin/builder/spi-builder-workspace/.derivedData/Build/Products/Debug-xros/IdentifiedCollections.o
SwiftDriverJobDiscovery normal arm64 Compiling DefaultInitializable.swift (in target 'XCTestDynamicOverlay' from project 'xctest-dynamic-overlay')
SwiftDriver CustomDump normal arm64 com.apple.xcode.tools.swift.compiler (in target 'CustomDump' from project 'swift-custom-dump')
cd /Users/admin/builder/spi-builder-workspace/.swiftpm/xcode
builtin-SwiftDriver -- /Applications/Xcode-27.0.0-Release.Candidate.app/Contents/Developer/Toolchains/XcodeDefault.xctoolchain/usr/bin/swiftc -parse-as-library -module-name CustomDump -Onone @/Users/admin/builder/spi-builder-workspace/.derivedData/Build/Intermediates.noindex/swift-custom-dump.build/Debug-xros/CustomDump-t.build/Objects-normal/arm64/CustomDump.SwiftFileList -DSWIFT_PACKAGE -DDEBUG -DSWIFT_MODULE_RESOURCE_BUNDLE_UNAVAILABLE -DXcode -plugin-path /Applications/Xcode-27.0.0-Release.Candidate.app/Contents/Developer/Toolchains/XcodeDefault.xctoolchain/usr/lib/swift/host/plugins/testing -enable-experimental-feature DebugDescriptionMacro -sdk /Applications/Xcode-27.0.0-Release.Candidate.app/Contents/Developer/Platforms/XROS.platform/Developer/SDKs/XROS27.0.sdk -target arm64-apple-xros1.0 -g -module-cache-path /Users/admin/builder/spi-builder-workspace/.derivedData/ModuleCache.noindex -Xfrontend -serialize-debugging-options -profile-coverage-mapping -profile-generate -enable-testing -suppress-warnings -index-store-path /Users/admin/builder/spi-builder-workspace/.derivedData/Index.noindex/DataStore -Xcc -D_LIBCPP_HARDENING_MODE\=_LIBCPP_HARDENING_MODE_DEBUG -swift-version 5 -I /Users/admin/builder/spi-builder-workspace/.derivedData/Build/Products/Debug-xros -Isystem /Applications/Xcode-27.0.0-Release.Candidate.app/Contents/Developer/Platforms/XROS.platform/Developer/usr/lib -F /Users/admin/builder/spi-builder-workspace/.derivedData/Build/Products/Debug-xros/PackageFrameworks -F /Users/admin/builder/spi-builder-workspace/.derivedData/Build/Products/Debug-xros -F /Applications/Xcode-27.0.0-Release.Candidate.app/Contents/Developer/Platforms/XROS.platform/Developer/Library/Frameworks -F /Applications/Xcode-27.0.0-Release.Candidate.app/Contents/Developer/Platforms/XROS.platform/Developer/SDKs/XROS27.0.sdk/Developer/Library/Frameworks -c -j10 -enable-batch-mode -incremental -Xcc -ivfsstatcache -Xcc /Users/admin/builder/spi-builder-workspace/.derivedData/SDKStatCaches.noindex/xros27.0-24M361-e829b21a6f8c9b70876ba0858053c044735bd543db762f57723cac368afd1ce4.sdkstatcache -output-file-map /Users/admin/builder/spi-builder-workspace/.derivedData/Build/Intermediates.noindex/swift-custom-dump.build/Debug-xros/CustomDump-t.build/Objects-normal/arm64/CustomDump-OutputFileMap.json -save-temps -no-color-diagnostics -explicit-module-build -module-cache-path /Users/admin/builder/spi-builder-workspace/.derivedData/Build/Intermediates.noindex/SwiftExplicitPrecompiledModules -clang-scanner-module-cache-path /Users/admin/builder/spi-builder-workspace/.derivedData/ModuleCache.noindex -sdk-module-cache-path /Users/admin/builder/spi-builder-workspace/.derivedData/SDKExplicitPrecompiledModules -emit-dependencies -emit-module -emit-module-path /Users/admin/builder/spi-builder-workspace/.derivedData/Build/Intermediates.noindex/swift-custom-dump.build/Debug-xros/CustomDump-t.build/Objects-normal/arm64/CustomDump.swiftmodule -serialize-diagnostics -dependency-scan-serialize-diagnostics-path /Users/admin/builder/spi-builder-workspace/.derivedData/Build/Intermediates.noindex/swift-custom-dump.build/Debug-xros/CustomDump-t.build/Objects-normal/arm64/CustomDump-dependency-scan.dia -validate-clang-modules-once -clang-build-session-file /Users/admin/builder/spi-builder-workspace/.derivedData/ModuleCache.noindex/Session.modulevalidation -Xcc -fmodules-prune-interval\=86400 -Xcc -fmodules-prune-after\=345600 -emit-const-values -const-gather-protocols-list /Users/admin/builder/spi-builder-workspace/.derivedData/Build/Intermediates.noindex/swift-custom-dump.build/Debug-xros/CustomDump-t.build/Objects-normal/arm64/CustomDump_const_extract_protocols.json -Xcc -I/Users/admin/builder/spi-builder-workspace/.derivedData/Build/Products/Debug-xros/include -Xcc -I/Users/admin/builder/spi-builder-workspace/.derivedData/Build/Intermediates.noindex/swift-custom-dump.build/Debug-xros/CustomDump-t.build/DerivedSources-normal/arm64 -Xcc -I/Users/admin/builder/spi-builder-workspace/.derivedData/Build/Intermediates.noindex/swift-custom-dump.build/Debug-xros/CustomDump-t.build/DerivedSources/arm64 -Xcc -I/Users/admin/builder/spi-builder-workspace/.derivedData/Build/Intermediates.noindex/swift-custom-dump.build/Debug-xros/CustomDump-t.build/DerivedSources -Xcc -DSWIFT_PACKAGE -Xcc -DDEBUG\=1 -emit-objc-header -emit-objc-header-path /Users/admin/builder/spi-builder-workspace/.derivedData/Build/Intermediates.noindex/swift-custom-dump.build/Debug-xros/CustomDump-t.build/Objects-normal/arm64/CustomDump-Swift.h -working-directory /Users/admin/builder/spi-builder-workspace/.swiftpm/xcode -experimental-emit-module-separately -disable-cmo
SwiftDriver CombineSchedulers normal arm64 com.apple.xcode.tools.swift.compiler (in target 'CombineSchedulers' from project 'combine-schedulers')
cd /Users/admin/builder/spi-builder-workspace/.swiftpm/xcode
builtin-SwiftDriver -- /Applications/Xcode-27.0.0-Release.Candidate.app/Contents/Developer/Toolchains/XcodeDefault.xctoolchain/usr/bin/swiftc -parse-as-library -module-name CombineSchedulers -Onone @/Users/admin/builder/spi-builder-workspace/.derivedData/Build/Intermediates.noindex/combine-schedulers.build/Debug-xros/CombineSchedulers-t.build/Objects-normal/arm64/CombineSchedulers.SwiftFileList -DSWIFT_PACKAGE -DDEBUG -DSWIFT_MODULE_RESOURCE_BUNDLE_UNAVAILABLE -DXcode -plugin-path /Applications/Xcode-27.0.0-Release.Candidate.app/Contents/Developer/Toolchains/XcodeDefault.xctoolchain/usr/lib/swift/host/plugins/testing -enable-experimental-feature DebugDescriptionMacro -sdk /Applications/Xcode-27.0.0-Release.Candidate.app/Contents/Developer/Platforms/XROS.platform/Developer/SDKs/XROS27.0.sdk -target arm64-apple-xros1.0 -g -module-cache-path /Users/admin/builder/spi-builder-workspace/.derivedData/ModuleCache.noindex -Xfrontend -serialize-debugging-options -profile-coverage-mapping -profile-generate -enable-testing -suppress-warnings -index-store-path /Users/admin/builder/spi-builder-workspace/.derivedData/Index.noindex/DataStore -Xcc -D_LIBCPP_HARDENING_MODE\=_LIBCPP_HARDENING_MODE_DEBUG -swift-version 5 -I /Users/admin/builder/spi-builder-workspace/.derivedData/Build/Products/Debug-xros -Isystem /Applications/Xcode-27.0.0-Release.Candidate.app/Contents/Developer/Platforms/XROS.platform/Developer/usr/lib -F /Users/admin/builder/spi-builder-workspace/.derivedData/Build/Products/Debug-xros/PackageFrameworks -F /Users/admin/builder/spi-builder-workspace/.derivedData/Build/Products/Debug-xros -F /Applications/Xcode-27.0.0-Release.Candidate.app/Contents/Developer/Platforms/XROS.platform/Developer/Library/Frameworks -F /Applications/Xcode-27.0.0-Release.Candidate.app/Contents/Developer/Platforms/XROS.platform/Developer/SDKs/XROS27.0.sdk/Developer/Library/Frameworks -c -j10 -enable-batch-mode -incremental -Xcc -ivfsstatcache -Xcc /Users/admin/builder/spi-builder-workspace/.derivedData/SDKStatCaches.noindex/xros27.0-24M361-e829b21a6f8c9b70876ba0858053c044735bd543db762f57723cac368afd1ce4.sdkstatcache -output-file-map /Users/admin/builder/spi-builder-workspace/.derivedData/Build/Intermediates.noindex/combine-schedulers.build/Debug-xros/CombineSchedulers-t.build/Objects-normal/arm64/CombineSchedulers-OutputFileMap.json -save-temps -no-color-diagnostics -explicit-module-build -module-cache-path /Users/admin/builder/spi-builder-workspace/.derivedData/Build/Intermediates.noindex/SwiftExplicitPrecompiledModules -clang-scanner-module-cache-path /Users/admin/builder/spi-builder-workspace/.derivedData/ModuleCache.noindex -sdk-module-cache-path /Users/admin/builder/spi-builder-workspace/.derivedData/SDKExplicitPrecompiledModules -emit-dependencies -emit-module -emit-module-path /Users/admin/builder/spi-builder-workspace/.derivedData/Build/Intermediates.noindex/combine-schedulers.build/Debug-xros/CombineSchedulers-t.build/Objects-normal/arm64/CombineSchedulers.swiftmodule -serialize-diagnostics -dependency-scan-serialize-diagnostics-path /Users/admin/builder/spi-builder-workspace/.derivedData/Build/Intermediates.noindex/combine-schedulers.build/Debug-xros/CombineSchedulers-t.build/Objects-normal/arm64/CombineSchedulers-dependency-scan.dia -validate-clang-modules-once -clang-build-session-file /Users/admin/builder/spi-builder-workspace/.derivedData/ModuleCache.noindex/Session.modulevalidation -Xcc -fmodules-prune-interval\=86400 -Xcc -fmodules-prune-after\=345600 -emit-const-values -const-gather-protocols-list /Users/admin/builder/spi-builder-workspace/.derivedData/Build/Intermediates.noindex/combine-schedulers.build/Debug-xros/CombineSchedulers-t.build/Objects-normal/arm64/CombineSchedulers_const_extract_protocols.json -Xcc -I/Users/admin/builder/spi-builder-workspace/.derivedData/Build/Products/Debug-xros/include -Xcc -I/Users/admin/builder/spi-builder-workspace/.derivedData/Build/Intermediates.noindex/combine-schedulers.build/Debug-xros/CombineSchedulers-t.build/DerivedSources-normal/arm64 -Xcc -I/Users/admin/builder/spi-builder-workspace/.derivedData/Build/Intermediates.noindex/combine-schedulers.build/Debug-xros/CombineSchedulers-t.build/DerivedSources/arm64 -Xcc -I/Users/admin/builder/spi-builder-workspace/.derivedData/Build/Intermediates.noindex/combine-schedulers.build/Debug-xros/CombineSchedulers-t.build/DerivedSources -Xcc -DSWIFT_PACKAGE -Xcc -DDEBUG\=1 -emit-objc-header -emit-objc-header-path /Users/admin/builder/spi-builder-workspace/.derivedData/Build/Intermediates.noindex/combine-schedulers.build/Debug-xros/CombineSchedulers-t.build/Objects-normal/arm64/CombineSchedulers-Swift.h -working-directory /Users/admin/builder/spi-builder-workspace/.swiftpm/xcode -experimental-emit-module-separately -disable-cmo
SwiftDriverJobDiscovery normal arm64 Compiling XCTFail.swift (in target 'XCTestDynamicOverlay' from project 'xctest-dynamic-overlay')
SwiftDriverJobDiscovery normal arm64 Compiling Task.swift (in target 'ConcurrencyExtras' from project 'swift-concurrency-extras')
SwiftDriver Clocks normal arm64 com.apple.xcode.tools.swift.compiler (in target 'Clocks' from project 'swift-clocks')
cd /Users/admin/builder/spi-builder-workspace/.swiftpm/xcode
builtin-SwiftDriver -- /Applications/Xcode-27.0.0-Release.Candidate.app/Contents/Developer/Toolchains/XcodeDefault.xctoolchain/usr/bin/swiftc -parse-as-library -module-name Clocks -Onone @/Users/admin/builder/spi-builder-workspace/.derivedData/Build/Intermediates.noindex/swift-clocks.build/Debug-xros/Clocks-t.build/Objects-normal/arm64/Clocks.SwiftFileList -DSWIFT_PACKAGE -DDEBUG -DSWIFT_MODULE_RESOURCE_BUNDLE_UNAVAILABLE -DXcode -plugin-path /Applications/Xcode-27.0.0-Release.Candidate.app/Contents/Developer/Toolchains/XcodeDefault.xctoolchain/usr/lib/swift/host/plugins/testing -enable-experimental-feature DebugDescriptionMacro -sdk /Applications/Xcode-27.0.0-Release.Candidate.app/Contents/Developer/Platforms/XROS.platform/Developer/SDKs/XROS27.0.sdk -target arm64-apple-xros1.0 -g -module-cache-path /Users/admin/builder/spi-builder-workspace/.derivedData/ModuleCache.noindex -Xfrontend -serialize-debugging-options -profile-coverage-mapping -profile-generate -enable-testing -suppress-warnings -index-store-path /Users/admin/builder/spi-builder-workspace/.derivedData/Index.noindex/DataStore -Xcc -D_LIBCPP_HARDENING_MODE\=_LIBCPP_HARDENING_MODE_DEBUG -swift-version 5 -I /Users/admin/builder/spi-builder-workspace/.derivedData/Build/Products/Debug-xros -Isystem /Applications/Xcode-27.0.0-Release.Candidate.app/Contents/Developer/Platforms/XROS.platform/Developer/usr/lib -F /Users/admin/builder/spi-builder-workspace/.derivedData/Build/Products/Debug-xros/PackageFrameworks -F /Users/admin/builder/spi-builder-workspace/.derivedData/Build/Products/Debug-xros -F /Applications/Xcode-27.0.0-Release.Candidate.app/Contents/Developer/Platforms/XROS.platform/Developer/Library/Frameworks -F /Applications/Xcode-27.0.0-Release.Candidate.app/Contents/Developer/Platforms/XROS.platform/Developer/SDKs/XROS27.0.sdk/Developer/Library/Frameworks -c -j10 -enable-batch-mode -incremental -Xcc -ivfsstatcache -Xcc /Users/admin/builder/spi-builder-workspace/.derivedData/SDKStatCaches.noindex/xros27.0-24M361-e829b21a6f8c9b70876ba0858053c044735bd543db762f57723cac368afd1ce4.sdkstatcache -output-file-map /Users/admin/builder/spi-builder-workspace/.derivedData/Build/Intermediates.noindex/swift-clocks.build/Debug-xros/Clocks-t.build/Objects-normal/arm64/Clocks-OutputFileMap.json -save-temps -no-color-diagnostics -explicit-module-build -module-cache-path /Users/admin/builder/spi-builder-workspace/.derivedData/Build/Intermediates.noindex/SwiftExplicitPrecompiledModules -clang-scanner-module-cache-path /Users/admin/builder/spi-builder-workspace/.derivedData/ModuleCache.noindex -sdk-module-cache-path /Users/admin/builder/spi-builder-workspace/.derivedData/SDKExplicitPrecompiledModules -emit-dependencies -emit-module -emit-module-path /Users/admin/builder/spi-builder-workspace/.derivedData/Build/Intermediates.noindex/swift-clocks.build/Debug-xros/Clocks-t.build/Objects-normal/arm64/Clocks.swiftmodule -serialize-diagnostics -dependency-scan-serialize-diagnostics-path /Users/admin/builder/spi-builder-workspace/.derivedData/Build/Intermediates.noindex/swift-clocks.build/Debug-xros/Clocks-t.build/Objects-normal/arm64/Clocks-dependency-scan.dia -validate-clang-modules-once -clang-build-session-file /Users/admin/builder/spi-builder-workspace/.derivedData/ModuleCache.noindex/Session.modulevalidation -Xcc -fmodules-prune-interval\=86400 -Xcc -fmodules-prune-after\=345600 -emit-const-values -const-gather-protocols-list /Users/admin/builder/spi-builder-workspace/.derivedData/Build/Intermediates.noindex/swift-clocks.build/Debug-xros/Clocks-t.build/Objects-normal/arm64/Clocks_const_extract_protocols.json -Xcc -I/Users/admin/builder/spi-builder-workspace/.derivedData/Build/Products/Debug-xros/include -Xcc -I/Users/admin/builder/spi-builder-workspace/.derivedData/Build/Intermediates.noindex/swift-clocks.build/Debug-xros/Clocks-t.build/DerivedSources-normal/arm64 -Xcc -I/Users/admin/builder/spi-builder-workspace/.derivedData/Build/Intermediates.noindex/swift-clocks.build/Debug-xros/Clocks-t.build/DerivedSources/arm64 -Xcc -I/Users/admin/builder/spi-builder-workspace/.derivedData/Build/Intermediates.noindex/swift-clocks.build/Debug-xros/Clocks-t.build/DerivedSources -Xcc -DSWIFT_PACKAGE -Xcc -DDEBUG\=1 -emit-objc-header -emit-objc-header-path /Users/admin/builder/spi-builder-workspace/.derivedData/Build/Intermediates.noindex/swift-clocks.build/Debug-xros/Clocks-t.build/Objects-normal/arm64/Clocks-Swift.h -working-directory /Users/admin/builder/spi-builder-workspace/.swiftpm/xcode -experimental-emit-module-separately -disable-cmo
SwiftDriver CasePaths normal arm64 com.apple.xcode.tools.swift.compiler (in target 'CasePaths' from project 'swift-case-paths')
cd /Users/admin/builder/spi-builder-workspace/.swiftpm/xcode
builtin-SwiftDriver -- /Applications/Xcode-27.0.0-Release.Candidate.app/Contents/Developer/Toolchains/XcodeDefault.xctoolchain/usr/bin/swiftc -parse-as-library -module-name CasePaths -Onone @/Users/admin/builder/spi-builder-workspace/.derivedData/Build/Intermediates.noindex/swift-case-paths.build/Debug-xros/CasePaths-t.build/Objects-normal/arm64/CasePaths.SwiftFileList -DSWIFT_PACKAGE -DDEBUG -DSWIFT_MODULE_RESOURCE_BUNDLE_UNAVAILABLE -DXcode -plugin-path /Applications/Xcode-27.0.0-Release.Candidate.app/Contents/Developer/Toolchains/XcodeDefault.xctoolchain/usr/lib/swift/host/plugins/testing -enable-experimental-feature DebugDescriptionMacro -sdk /Applications/Xcode-27.0.0-Release.Candidate.app/Contents/Developer/Platforms/XROS.platform/Developer/SDKs/XROS27.0.sdk -target arm64-apple-xros1.0 -g -module-cache-path /Users/admin/builder/spi-builder-workspace/.derivedData/ModuleCache.noindex -Xfrontend -serialize-debugging-options -profile-coverage-mapping -profile-generate -enable-testing -suppress-warnings -index-store-path /Users/admin/builder/spi-builder-workspace/.derivedData/Index.noindex/DataStore -Xcc -D_LIBCPP_HARDENING_MODE\=_LIBCPP_HARDENING_MODE_DEBUG -swift-version 5 -I /Users/admin/builder/spi-builder-workspace/.derivedData/Build/Products/Debug-xros -Isystem /Applications/Xcode-27.0.0-Release.Candidate.app/Contents/Developer/Platforms/XROS.platform/Developer/usr/lib -F /Users/admin/builder/spi-builder-workspace/.derivedData/Build/Products/Debug-xros/PackageFrameworks -F /Users/admin/builder/spi-builder-workspace/.derivedData/Build/Products/Debug-xros -F /Applications/Xcode-27.0.0-Release.Candidate.app/Contents/Developer/Platforms/XROS.platform/Developer/Library/Frameworks -F /Applications/Xcode-27.0.0-Release.Candidate.app/Contents/Developer/Platforms/XROS.platform/Developer/SDKs/XROS27.0.sdk/Developer/Library/Frameworks -c -j10 -enable-batch-mode -incremental -Xcc -ivfsstatcache -Xcc /Users/admin/builder/spi-builder-workspace/.derivedData/SDKStatCaches.noindex/xros27.0-24M361-e829b21a6f8c9b70876ba0858053c044735bd543db762f57723cac368afd1ce4.sdkstatcache -output-file-map /Users/admin/builder/spi-builder-workspace/.derivedData/Build/Intermediates.noindex/swift-case-paths.build/Debug-xros/CasePaths-t.build/Objects-normal/arm64/CasePaths-OutputFileMap.json -save-temps -no-color-diagnostics -explicit-module-build -module-cache-path /Users/admin/builder/spi-builder-workspace/.derivedData/Build/Intermediates.noindex/SwiftExplicitPrecompiledModules -clang-scanner-module-cache-path /Users/admin/builder/spi-builder-workspace/.derivedData/ModuleCache.noindex -sdk-module-cache-path /Users/admin/builder/spi-builder-workspace/.derivedData/SDKExplicitPrecompiledModules -emit-dependencies -emit-module -emit-module-path /Users/admin/builder/spi-builder-workspace/.derivedData/Build/Intermediates.noindex/swift-case-paths.build/Debug-xros/CasePaths-t.build/Objects-normal/arm64/CasePaths.swiftmodule -serialize-diagnostics -dependency-scan-serialize-diagnostics-path /Users/admin/builder/spi-builder-workspace/.derivedData/Build/Intermediates.noindex/swift-case-paths.build/Debug-xros/CasePaths-t.build/Objects-normal/arm64/CasePaths-dependency-scan.dia -validate-clang-modules-once -clang-build-session-file /Users/admin/builder/spi-builder-workspace/.derivedData/ModuleCache.noindex/Session.modulevalidation -Xcc -fmodules-prune-interval\=86400 -Xcc -fmodules-prune-after\=345600 -emit-const-values -const-gather-protocols-list /Users/admin/builder/spi-builder-workspace/.derivedData/Build/Intermediates.noindex/swift-case-paths.build/Debug-xros/CasePaths-t.build/Objects-normal/arm64/CasePaths_const_extract_protocols.json -Xcc -I/Users/admin/builder/spi-builder-workspace/.derivedData/Build/Products/Debug-xros/include -Xcc -I/Users/admin/builder/spi-builder-workspace/.derivedData/Build/Intermediates.noindex/swift-case-paths.build/Debug-xros/CasePaths-t.build/DerivedSources-normal/arm64 -Xcc -I/Users/admin/builder/spi-builder-workspace/.derivedData/Build/Intermediates.noindex/swift-case-paths.build/Debug-xros/CasePaths-t.build/DerivedSources/arm64 -Xcc -I/Users/admin/builder/spi-builder-workspace/.derivedData/Build/Intermediates.noindex/swift-case-paths.build/Debug-xros/CasePaths-t.build/DerivedSources -Xcc -DSWIFT_PACKAGE -Xcc -DDEBUG\=1 -emit-objc-header -emit-objc-header-path /Users/admin/builder/spi-builder-workspace/.derivedData/Build/Intermediates.noindex/swift-case-paths.build/Debug-xros/CasePaths-t.build/Objects-normal/arm64/CasePaths-Swift.h -working-directory /Users/admin/builder/spi-builder-workspace/.swiftpm/xcode -experimental-emit-module-separately -disable-cmo
SwiftDriverJobDiscovery normal arm64 Compiling RuntimeWarnings.swift (in target 'XCTestDynamicOverlay' from project 'xctest-dynamic-overlay')
SwiftDriver\ Compilation XCTestDynamicOverlay normal arm64 com.apple.xcode.tools.swift.compiler (in target 'XCTestDynamicOverlay' from project 'xctest-dynamic-overlay')
cd /Users/admin/builder/spi-builder-workspace/.swiftpm/xcode
builtin-Swift-Compilation -- /Applications/Xcode-27.0.0-Release.Candidate.app/Contents/Developer/Toolchains/XcodeDefault.xctoolchain/usr/bin/swiftc -parse-as-library -module-name XCTestDynamicOverlay -Onone @/Users/admin/builder/spi-builder-workspace/.derivedData/Build/Intermediates.noindex/xctest-dynamic-overlay.build/Debug-xros/XCTestDynamicOverlay-t.build/Objects-normal/arm64/XCTestDynamicOverlay.SwiftFileList -DSWIFT_PACKAGE -DDEBUG -DSWIFT_MODULE_RESOURCE_BUNDLE_UNAVAILABLE -DXcode -plugin-path /Applications/Xcode-27.0.0-Release.Candidate.app/Contents/Developer/Toolchains/XcodeDefault.xctoolchain/usr/lib/swift/host/plugins/testing -enable-experimental-feature DebugDescriptionMacro -sdk /Applications/Xcode-27.0.0-Release.Candidate.app/Contents/Developer/Platforms/XROS.platform/Developer/SDKs/XROS27.0.sdk -target arm64-apple-xros1.0 -g -module-cache-path /Users/admin/builder/spi-builder-workspace/.derivedData/ModuleCache.noindex -Xfrontend -serialize-debugging-options -profile-coverage-mapping -profile-generate -enable-testing -suppress-warnings -index-store-path /Users/admin/builder/spi-builder-workspace/.derivedData/Index.noindex/DataStore -Xcc -D_LIBCPP_HARDENING_MODE\=_LIBCPP_HARDENING_MODE_DEBUG -swift-version 5 -I /Users/admin/builder/spi-builder-workspace/.derivedData/Build/Products/Debug-xros -Isystem /Applications/Xcode-27.0.0-Release.Candidate.app/Contents/Developer/Platforms/XROS.platform/Developer/usr/lib -F /Users/admin/builder/spi-builder-workspace/.derivedData/Build/Products/Debug-xros -F /Applications/Xcode-27.0.0-Release.Candidate.app/Contents/Developer/Platforms/XROS.platform/Developer/Library/Frameworks -F /Applications/Xcode-27.0.0-Release.Candidate.app/Contents/Developer/Platforms/XROS.platform/Developer/SDKs/XROS27.0.sdk/Developer/Library/Frameworks -c -j10 -enable-batch-mode -incremental -Xcc -ivfsstatcache -Xcc /Users/admin/builder/spi-builder-workspace/.derivedData/SDKStatCaches.noindex/xros27.0-24M361-e829b21a6f8c9b70876ba0858053c044735bd543db762f57723cac368afd1ce4.sdkstatcache -output-file-map /Users/admin/builder/spi-builder-workspace/.derivedData/Build/Intermediates.noindex/xctest-dynamic-overlay.build/Debug-xros/XCTestDynamicOverlay-t.build/Objects-normal/arm64/XCTestDynamicOverlay-OutputFileMap.json -save-temps -no-color-diagnostics -explicit-module-build -module-cache-path /Users/admin/builder/spi-builder-workspace/.derivedData/Build/Intermediates.noindex/SwiftExplicitPrecompiledModules -clang-scanner-module-cache-path /Users/admin/builder/spi-builder-workspace/.derivedData/ModuleCache.noindex -sdk-module-cache-path /Users/admin/builder/spi-builder-workspace/.derivedData/SDKExplicitPrecompiledModules -emit-dependencies -emit-module -emit-module-path /Users/admin/builder/spi-builder-workspace/.derivedData/Build/Intermediates.noindex/xctest-dynamic-overlay.build/Debug-xros/XCTestDynamicOverlay-t.build/Objects-normal/arm64/XCTestDynamicOverlay.swiftmodule -serialize-diagnostics -dependency-scan-serialize-diagnostics-path /Users/admin/builder/spi-builder-workspace/.derivedData/Build/Intermediates.noindex/xctest-dynamic-overlay.build/Debug-xros/XCTestDynamicOverlay-t.build/Objects-normal/arm64/XCTestDynamicOverlay-dependency-scan.dia -validate-clang-modules-once -clang-build-session-file /Users/admin/builder/spi-builder-workspace/.derivedData/ModuleCache.noindex/Session.modulevalidation -Xcc -fmodules-prune-interval\=86400 -Xcc -fmodules-prune-after\=345600 -emit-const-values -const-gather-protocols-list /Users/admin/builder/spi-builder-workspace/.derivedData/Build/Intermediates.noindex/xctest-dynamic-overlay.build/Debug-xros/XCTestDynamicOverlay-t.build/Objects-normal/arm64/XCTestDynamicOverlay_const_extract_protocols.json -Xcc -I/Users/admin/builder/spi-builder-workspace/.derivedData/Build/Products/Debug-xros/include -Xcc -I/Users/admin/builder/spi-builder-workspace/.derivedData/Build/Intermediates.noindex/xctest-dynamic-overlay.build/Debug-xros/XCTestDynamicOverlay-t.build/DerivedSources-normal/arm64 -Xcc -I/Users/admin/builder/spi-builder-workspace/.derivedData/Build/Intermediates.noindex/xctest-dynamic-overlay.build/Debug-xros/XCTestDynamicOverlay-t.build/DerivedSources/arm64 -Xcc -I/Users/admin/builder/spi-builder-workspace/.derivedData/Build/Intermediates.noindex/xctest-dynamic-overlay.build/Debug-xros/XCTestDynamicOverlay-t.build/DerivedSources -Xcc -DSWIFT_PACKAGE -Xcc -DDEBUG\=1 -emit-objc-header -emit-objc-header-path /Users/admin/builder/spi-builder-workspace/.derivedData/Build/Intermediates.noindex/xctest-dynamic-overlay.build/Debug-xros/XCTestDynamicOverlay-t.build/Objects-normal/arm64/XCTestDynamicOverlay-Swift.h -working-directory /Users/admin/builder/spi-builder-workspace/.swiftpm/xcode -experimental-emit-module-separately -disable-cmo
Ld /Users/admin/builder/spi-builder-workspace/.derivedData/Build/Products/Debug-xros/XCTestDynamicOverlay.o normal (in target 'XCTestDynamicOverlay' from project 'xctest-dynamic-overlay')
cd /Users/admin/builder/spi-builder-workspace/.dependencies/checkouts/xctest-dynamic-overlay
/Applications/Xcode-27.0.0-Release.Candidate.app/Contents/Developer/Toolchains/XcodeDefault.xctoolchain/usr/bin/clang -Xlinker -reproducible -target arm64-apple-xros1.0 -r -isysroot /Applications/Xcode-27.0.0-Release.Candidate.app/Contents/Developer/Platforms/XROS.platform/Developer/SDKs/XROS27.0.sdk -O0 -w -Xlinker -no_warn_duplicate_libraries -F/Users/admin/builder/spi-builder-workspace/.derivedData/Build/Intermediates.noindex/EagerLinkingTBDs/Debug-xros -F/Users/admin/builder/spi-builder-workspace/.derivedData/Build/Products/Debug-xros -iframework /Applications/Xcode-27.0.0-Release.Candidate.app/Contents/Developer/Platforms/XROS.platform/Developer/Library/Frameworks -iframework /Applications/Xcode-27.0.0-Release.Candidate.app/Contents/Developer/Platforms/XROS.platform/Developer/SDKs/XROS27.0.sdk/Developer/Library/Frameworks -filelist /Users/admin/builder/spi-builder-workspace/.derivedData/Build/Intermediates.noindex/xctest-dynamic-overlay.build/Debug-xros/XCTestDynamicOverlay-t.build/Objects-normal/arm64/XCTestDynamicOverlay.LinkFileList -nostdlib -Xlinker -object_path_lto -Xlinker /Users/admin/builder/spi-builder-workspace/.derivedData/Build/Intermediates.noindex/xctest-dynamic-overlay.build/Debug-xros/XCTestDynamicOverlay-t.build/Objects-normal/arm64/XCTestDynamicOverlay_lto.o -Xlinker -no_deduplicate -Xlinker -debug_variant -Xlinker -dependency_info -Xlinker /Users/admin/builder/spi-builder-workspace/.derivedData/Build/Intermediates.noindex/xctest-dynamic-overlay.build/Debug-xros/XCTestDynamicOverlay-t.build/Objects-normal/arm64/XCTestDynamicOverlay_dependency_info.dat -fobjc-link-runtime -L/Applications/Xcode-27.0.0-Release.Candidate.app/Contents/Developer/Toolchains/XcodeDefault.xctoolchain/usr/lib/swift/xros -L/usr/lib/swift -Xlinker -add_ast_path -Xlinker /Users/admin/builder/spi-builder-workspace/.derivedData/Build/Intermediates.noindex/xctest-dynamic-overlay.build/Debug-xros/XCTestDynamicOverlay-t.build/Objects-normal/arm64/XCTestDynamicOverlay.swiftmodule -o /Users/admin/builder/spi-builder-workspace/.derivedData/Build/Products/Debug-xros/XCTestDynamicOverlay.o
ExtractAppIntentsMetadata (in target 'IdentifiedCollections' from project 'swift-identified-collections')
cd /Users/admin/builder/spi-builder-workspace/.dependencies/checkouts/swift-identified-collections
/Applications/Xcode-27.0.0-Release.Candidate.app/Contents/Developer/Toolchains/XcodeDefault.xctoolchain/usr/bin/appintentsmetadataprocessor --toolchain-dir /var/run/com.apple.security.cryptexd/mnt/com.apple.MobileAsset.MetalToolchain-v27.1.266.1.n6Ku9F/Metal.xctoolchain --module-name IdentifiedCollections --sdk-root /Applications/Xcode-27.0.0-Release.Candidate.app/Contents/Developer/Platforms/XROS.platform/Developer/SDKs/XROS27.0.sdk --xcode-version 27A266a --platform-family xrOS --deployment-target 1.0 --bundle-identifier swift-identified-collections.IdentifiedCollections --output /Users/admin/builder/spi-builder-workspace/.derivedData/Build/Products/Debug-xros/IdentifiedCollections.appintents --target-triple arm64-apple-xros1.0 --binary-file /Users/admin/builder/spi-builder-workspace/.derivedData/Build/Products/Debug-xros/IdentifiedCollections.o --dependency-file /Users/admin/builder/spi-builder-workspace/.derivedData/Build/Intermediates.noindex/swift-identified-collections.build/Debug-xros/IdentifiedCollections-t.build/Objects-normal/arm64/IdentifiedCollections_dependency_info.dat --stringsdata-file /Users/admin/builder/spi-builder-workspace/.derivedData/Build/Intermediates.noindex/swift-identified-collections.build/Debug-xros/IdentifiedCollections-t.build/Objects-normal/arm64/ExtractedAppShortcutsMetadata.stringsdata --source-file-list /Users/admin/builder/spi-builder-workspace/.derivedData/Build/Intermediates.noindex/swift-identified-collections.build/Debug-xros/IdentifiedCollections-t.build/Objects-normal/arm64/IdentifiedCollections.SwiftFileList --metadata-file-list /Users/admin/builder/spi-builder-workspace/.derivedData/Build/Intermediates.noindex/swift-identified-collections.build/Debug-xros/IdentifiedCollections-t.build/IdentifiedCollections.DependencyMetadataFileList --static-metadata-file-list /Users/admin/builder/spi-builder-workspace/.derivedData/Build/Intermediates.noindex/swift-identified-collections.build/Debug-xros/IdentifiedCollections-t.build/IdentifiedCollections.DependencyStaticMetadataFileList --swift-const-vals-list /Users/admin/builder/spi-builder-workspace/.derivedData/Build/Intermediates.noindex/swift-identified-collections.build/Debug-xros/IdentifiedCollections-t.build/Objects-normal/arm64/IdentifiedCollections.SwiftConstValuesFileList --force --compile-time-extraction --deployment-aware-processing --no-app-shortcuts-localization
2026-09-19 11:28:01.414 appintentsmetadataprocessor[1307:7241] Starting appintentsmetadataprocessor export
2026-09-19 11:28:01.513 appintentsmetadataprocessor[1307:7241] Extracted no relevant App Intents symbols, skipping writing output
ExtractAppIntentsMetadata (in target 'XCTestDynamicOverlay' from project 'xctest-dynamic-overlay')
cd /Users/admin/builder/spi-builder-workspace/.dependencies/checkouts/xctest-dynamic-overlay
/Applications/Xcode-27.0.0-Release.Candidate.app/Contents/Developer/Toolchains/XcodeDefault.xctoolchain/usr/bin/appintentsmetadataprocessor --toolchain-dir /var/run/com.apple.security.cryptexd/mnt/com.apple.MobileAsset.MetalToolchain-v27.1.266.1.n6Ku9F/Metal.xctoolchain --module-name XCTestDynamicOverlay --sdk-root /Applications/Xcode-27.0.0-Release.Candidate.app/Contents/Developer/Platforms/XROS.platform/Developer/SDKs/XROS27.0.sdk --xcode-version 27A266a --platform-family xrOS --deployment-target 1.0 --bundle-identifier xctest-dynamic-overlay.XCTestDynamicOverlay --output /Users/admin/builder/spi-builder-workspace/.derivedData/Build/Products/Debug-xros/XCTestDynamicOverlay.appintents --target-triple arm64-apple-xros1.0 --binary-file /Users/admin/builder/spi-builder-workspace/.derivedData/Build/Products/Debug-xros/XCTestDynamicOverlay.o --dependency-file /Users/admin/builder/spi-builder-workspace/.derivedData/Build/Intermediates.noindex/xctest-dynamic-overlay.build/Debug-xros/XCTestDynamicOverlay-t.build/Objects-normal/arm64/XCTestDynamicOverlay_dependency_info.dat --stringsdata-file /Users/admin/builder/spi-builder-workspace/.derivedData/Build/Intermediates.noindex/xctest-dynamic-overlay.build/Debug-xros/XCTestDynamicOverlay-t.build/Objects-normal/arm64/ExtractedAppShortcutsMetadata.stringsdata --source-file-list /Users/admin/builder/spi-builder-workspace/.derivedData/Build/Intermediates.noindex/xctest-dynamic-overlay.build/Debug-xros/XCTestDynamicOverlay-t.build/Objects-normal/arm64/XCTestDynamicOverlay.SwiftFileList --metadata-file-list /Users/admin/builder/spi-builder-workspace/.derivedData/Build/Intermediates.noindex/xctest-dynamic-overlay.build/Debug-xros/XCTestDynamicOverlay-t.build/XCTestDynamicOverlay.DependencyMetadataFileList --static-metadata-file-list /Users/admin/builder/spi-builder-workspace/.derivedData/Build/Intermediates.noindex/xctest-dynamic-overlay.build/Debug-xros/XCTestDynamicOverlay-t.build/XCTestDynamicOverlay.DependencyStaticMetadataFileList --swift-const-vals-list /Users/admin/builder/spi-builder-workspace/.derivedData/Build/Intermediates.noindex/xctest-dynamic-overlay.build/Debug-xros/XCTestDynamicOverlay-t.build/Objects-normal/arm64/XCTestDynamicOverlay.SwiftConstValuesFileList --force --compile-time-extraction --deployment-aware-processing --no-app-shortcuts-localization
2026-09-19 11:28:01.470 appintentsmetadataprocessor[1327:7278] Starting appintentsmetadataprocessor export
2026-09-19 11:28:01.584 appintentsmetadataprocessor[1327:7278] Extracted no relevant App Intents symbols, skipping writing output
SwiftDriverJobDiscovery normal arm64 Compiling ActorIsolated.swift (in target 'ConcurrencyExtras' from project 'swift-concurrency-extras')
SwiftDriverJobDiscovery normal arm64 Compiling UncheckedSendable.swift (in target 'ConcurrencyExtras' from project 'swift-concurrency-extras')
SwiftDriverJobDiscovery normal arm64 Compiling AsyncThrowingStream.swift (in target 'ConcurrencyExtras' from project 'swift-concurrency-extras')
SwiftDriverJobDiscovery normal arm64 Compiling LockIsolated.swift (in target 'ConcurrencyExtras' from project 'swift-concurrency-extras')
SwiftDriver\ Compilation ConcurrencyExtras normal arm64 com.apple.xcode.tools.swift.compiler (in target 'ConcurrencyExtras' from project 'swift-concurrency-extras')
cd /Users/admin/builder/spi-builder-workspace/.swiftpm/xcode
builtin-Swift-Compilation -- /Applications/Xcode-27.0.0-Release.Candidate.app/Contents/Developer/Toolchains/XcodeDefault.xctoolchain/usr/bin/swiftc -parse-as-library -module-name ConcurrencyExtras -Onone @/Users/admin/builder/spi-builder-workspace/.derivedData/Build/Intermediates.noindex/swift-concurrency-extras.build/Debug-xros/ConcurrencyExtras-t.build/Objects-normal/arm64/ConcurrencyExtras.SwiftFileList -DSWIFT_PACKAGE -DDEBUG -DSWIFT_MODULE_RESOURCE_BUNDLE_UNAVAILABLE -DXcode -plugin-path /Applications/Xcode-27.0.0-Release.Candidate.app/Contents/Developer/Toolchains/XcodeDefault.xctoolchain/usr/lib/swift/host/plugins/testing -enable-experimental-feature DebugDescriptionMacro -sdk /Applications/Xcode-27.0.0-Release.Candidate.app/Contents/Developer/Platforms/XROS.platform/Developer/SDKs/XROS27.0.sdk -target arm64-apple-xros1.0 -g -module-cache-path /Users/admin/builder/spi-builder-workspace/.derivedData/ModuleCache.noindex -Xfrontend -serialize-debugging-options -profile-coverage-mapping -profile-generate -enable-testing -suppress-warnings -index-store-path /Users/admin/builder/spi-builder-workspace/.derivedData/Index.noindex/DataStore -Xcc -D_LIBCPP_HARDENING_MODE\=_LIBCPP_HARDENING_MODE_DEBUG -swift-version 5 -I /Users/admin/builder/spi-builder-workspace/.derivedData/Build/Products/Debug-xros -Isystem /Applications/Xcode-27.0.0-Release.Candidate.app/Contents/Developer/Platforms/XROS.platform/Developer/usr/lib -F /Users/admin/builder/spi-builder-workspace/.derivedData/Build/Products/Debug-xros -F /Applications/Xcode-27.0.0-Release.Candidate.app/Contents/Developer/Platforms/XROS.platform/Developer/Library/Frameworks -F /Applications/Xcode-27.0.0-Release.Candidate.app/Contents/Developer/Platforms/XROS.platform/Developer/SDKs/XROS27.0.sdk/Developer/Library/Frameworks -c -j10 -enable-batch-mode -incremental -Xcc -ivfsstatcache -Xcc /Users/admin/builder/spi-builder-workspace/.derivedData/SDKStatCaches.noindex/xros27.0-24M361-e829b21a6f8c9b70876ba0858053c044735bd543db762f57723cac368afd1ce4.sdkstatcache -output-file-map /Users/admin/builder/spi-builder-workspace/.derivedData/Build/Intermediates.noindex/swift-concurrency-extras.build/Debug-xros/ConcurrencyExtras-t.build/Objects-normal/arm64/ConcurrencyExtras-OutputFileMap.json -save-temps -no-color-diagnostics -explicit-module-build -module-cache-path /Users/admin/builder/spi-builder-workspace/.derivedData/Build/Intermediates.noindex/SwiftExplicitPrecompiledModules -clang-scanner-module-cache-path /Users/admin/builder/spi-builder-workspace/.derivedData/ModuleCache.noindex -sdk-module-cache-path /Users/admin/builder/spi-builder-workspace/.derivedData/SDKExplicitPrecompiledModules -emit-dependencies -emit-module -emit-module-path /Users/admin/builder/spi-builder-workspace/.derivedData/Build/Intermediates.noindex/swift-concurrency-extras.build/Debug-xros/ConcurrencyExtras-t.build/Objects-normal/arm64/ConcurrencyExtras.swiftmodule -serialize-diagnostics -dependency-scan-serialize-diagnostics-path /Users/admin/builder/spi-builder-workspace/.derivedData/Build/Intermediates.noindex/swift-concurrency-extras.build/Debug-xros/ConcurrencyExtras-t.build/Objects-normal/arm64/ConcurrencyExtras-dependency-scan.dia -validate-clang-modules-once -clang-build-session-file /Users/admin/builder/spi-builder-workspace/.derivedData/ModuleCache.noindex/Session.modulevalidation -Xcc -fmodules-prune-interval\=86400 -Xcc -fmodules-prune-after\=345600 -emit-const-values -const-gather-protocols-list /Users/admin/builder/spi-builder-workspace/.derivedData/Build/Intermediates.noindex/swift-concurrency-extras.build/Debug-xros/ConcurrencyExtras-t.build/Objects-normal/arm64/ConcurrencyExtras_const_extract_protocols.json -Xcc -I/Users/admin/builder/spi-builder-workspace/.derivedData/Build/Products/Debug-xros/include -Xcc -I/Users/admin/builder/spi-builder-workspace/.derivedData/Build/Intermediates.noindex/swift-concurrency-extras.build/Debug-xros/ConcurrencyExtras-t.build/DerivedSources-normal/arm64 -Xcc -I/Users/admin/builder/spi-builder-workspace/.derivedData/Build/Intermediates.noindex/swift-concurrency-extras.build/Debug-xros/ConcurrencyExtras-t.build/DerivedSources/arm64 -Xcc -I/Users/admin/builder/spi-builder-workspace/.derivedData/Build/Intermediates.noindex/swift-concurrency-extras.build/Debug-xros/ConcurrencyExtras-t.build/DerivedSources -Xcc -DSWIFT_PACKAGE -Xcc -DDEBUG\=1 -emit-objc-header -emit-objc-header-path /Users/admin/builder/spi-builder-workspace/.derivedData/Build/Intermediates.noindex/swift-concurrency-extras.build/Debug-xros/ConcurrencyExtras-t.build/Objects-normal/arm64/ConcurrencyExtras-Swift.h -working-directory /Users/admin/builder/spi-builder-workspace/.swiftpm/xcode -experimental-emit-module-separately -disable-cmo
Ld /Users/admin/builder/spi-builder-workspace/.derivedData/Build/Products/Debug-xros/ConcurrencyExtras.o normal (in target 'ConcurrencyExtras' from project 'swift-concurrency-extras')
cd /Users/admin/builder/spi-builder-workspace/.dependencies/checkouts/swift-concurrency-extras
/Applications/Xcode-27.0.0-Release.Candidate.app/Contents/Developer/Toolchains/XcodeDefault.xctoolchain/usr/bin/clang -Xlinker -reproducible -target arm64-apple-xros1.0 -r -isysroot /Applications/Xcode-27.0.0-Release.Candidate.app/Contents/Developer/Platforms/XROS.platform/Developer/SDKs/XROS27.0.sdk -O0 -w -Xlinker -no_warn_duplicate_libraries -F/Users/admin/builder/spi-builder-workspace/.derivedData/Build/Intermediates.noindex/EagerLinkingTBDs/Debug-xros -F/Users/admin/builder/spi-builder-workspace/.derivedData/Build/Products/Debug-xros -iframework /Applications/Xcode-27.0.0-Release.Candidate.app/Contents/Developer/Platforms/XROS.platform/Developer/Library/Frameworks -iframework /Applications/Xcode-27.0.0-Release.Candidate.app/Contents/Developer/Platforms/XROS.platform/Developer/SDKs/XROS27.0.sdk/Developer/Library/Frameworks -filelist /Users/admin/builder/spi-builder-workspace/.derivedData/Build/Intermediates.noindex/swift-concurrency-extras.build/Debug-xros/ConcurrencyExtras-t.build/Objects-normal/arm64/ConcurrencyExtras.LinkFileList -nostdlib -Xlinker -object_path_lto -Xlinker /Users/admin/builder/spi-builder-workspace/.derivedData/Build/Intermediates.noindex/swift-concurrency-extras.build/Debug-xros/ConcurrencyExtras-t.build/Objects-normal/arm64/ConcurrencyExtras_lto.o -Xlinker -no_deduplicate -Xlinker -debug_variant -Xlinker -dependency_info -Xlinker /Users/admin/builder/spi-builder-workspace/.derivedData/Build/Intermediates.noindex/swift-concurrency-extras.build/Debug-xros/ConcurrencyExtras-t.build/Objects-normal/arm64/ConcurrencyExtras_dependency_info.dat -fobjc-link-runtime -L/Applications/Xcode-27.0.0-Release.Candidate.app/Contents/Developer/Toolchains/XcodeDefault.xctoolchain/usr/lib/swift/xros -L/usr/lib/swift -Xlinker -add_ast_path -Xlinker /Users/admin/builder/spi-builder-workspace/.derivedData/Build/Intermediates.noindex/swift-concurrency-extras.build/Debug-xros/ConcurrencyExtras-t.build/Objects-normal/arm64/ConcurrencyExtras.swiftmodule -o /Users/admin/builder/spi-builder-workspace/.derivedData/Build/Products/Debug-xros/ConcurrencyExtras.o
ExtractAppIntentsMetadata (in target 'ConcurrencyExtras' from project 'swift-concurrency-extras')
cd /Users/admin/builder/spi-builder-workspace/.dependencies/checkouts/swift-concurrency-extras
/Applications/Xcode-27.0.0-Release.Candidate.app/Contents/Developer/Toolchains/XcodeDefault.xctoolchain/usr/bin/appintentsmetadataprocessor --toolchain-dir /var/run/com.apple.security.cryptexd/mnt/com.apple.MobileAsset.MetalToolchain-v27.1.266.1.n6Ku9F/Metal.xctoolchain --module-name ConcurrencyExtras --sdk-root /Applications/Xcode-27.0.0-Release.Candidate.app/Contents/Developer/Platforms/XROS.platform/Developer/SDKs/XROS27.0.sdk --xcode-version 27A266a --platform-family xrOS --deployment-target 1.0 --bundle-identifier swift-concurrency-extras.ConcurrencyExtras --output /Users/admin/builder/spi-builder-workspace/.derivedData/Build/Products/Debug-xros/ConcurrencyExtras.appintents --target-triple arm64-apple-xros1.0 --binary-file /Users/admin/builder/spi-builder-workspace/.derivedData/Build/Products/Debug-xros/ConcurrencyExtras.o --dependency-file /Users/admin/builder/spi-builder-workspace/.derivedData/Build/Intermediates.noindex/swift-concurrency-extras.build/Debug-xros/ConcurrencyExtras-t.build/Objects-normal/arm64/ConcurrencyExtras_dependency_info.dat --stringsdata-file /Users/admin/builder/spi-builder-workspace/.derivedData/Build/Intermediates.noindex/swift-concurrency-extras.build/Debug-xros/ConcurrencyExtras-t.build/Objects-normal/arm64/ExtractedAppShortcutsMetadata.stringsdata --source-file-list /Users/admin/builder/spi-builder-workspace/.derivedData/Build/Intermediates.noindex/swift-concurrency-extras.build/Debug-xros/ConcurrencyExtras-t.build/Objects-normal/arm64/ConcurrencyExtras.SwiftFileList --metadata-file-list /Users/admin/builder/spi-builder-workspace/.derivedData/Build/Intermediates.noindex/swift-concurrency-extras.build/Debug-xros/ConcurrencyExtras-t.build/ConcurrencyExtras.DependencyMetadataFileList --static-metadata-file-list /Users/admin/builder/spi-builder-workspace/.derivedData/Build/Intermediates.noindex/swift-concurrency-extras.build/Debug-xros/ConcurrencyExtras-t.build/ConcurrencyExtras.DependencyStaticMetadataFileList --swift-const-vals-list /Users/admin/builder/spi-builder-workspace/.derivedData/Build/Intermediates.noindex/swift-concurrency-extras.build/Debug-xros/ConcurrencyExtras-t.build/Objects-normal/arm64/ConcurrencyExtras.SwiftConstValuesFileList --force --compile-time-extraction --deployment-aware-processing --no-app-shortcuts-localization
2026-09-19 11:28:01.651 appintentsmetadataprocessor[1330:7364] Starting appintentsmetadataprocessor export
2026-09-19 11:28:01.814 appintentsmetadataprocessor[1330:7364] Extracted no relevant App Intents symbols, skipping writing output
SwiftCompile normal arm64 Compiling\ CasePaths.swift /Users/admin/builder/spi-builder-workspace/.dependencies/checkouts/swift-case-paths/Sources/CasePaths/CasePaths.swift (in target 'CasePaths' from project 'swift-case-paths')
SwiftCompile normal arm64 /Users/admin/builder/spi-builder-workspace/.dependencies/checkouts/swift-case-paths/Sources/CasePaths/CasePaths.swift (in target 'CasePaths' from project 'swift-case-paths')
cd /Users/admin/builder/spi-builder-workspace/.swiftpm/xcode
builtin-SwiftPerFileCompile CasePaths.swift
SwiftCompile normal arm64 Compiling\ EnumReflection.swift /Users/admin/builder/spi-builder-workspace/.dependencies/checkouts/swift-case-paths/Sources/CasePaths/EnumReflection.swift (in target 'CasePaths' from project 'swift-case-paths')
SwiftCompile normal arm64 /Users/admin/builder/spi-builder-workspace/.dependencies/checkouts/swift-case-paths/Sources/CasePaths/EnumReflection.swift (in target 'CasePaths' from project 'swift-case-paths')
cd /Users/admin/builder/spi-builder-workspace/.swiftpm/xcode
builtin-SwiftPerFileCompile EnumReflection.swift
SwiftCompile normal arm64 Compiling\ CasePath.swift /Users/admin/builder/spi-builder-workspace/.dependencies/checkouts/swift-case-paths/Sources/CasePaths/CasePath.swift (in target 'CasePaths' from project 'swift-case-paths')
SwiftCompile normal arm64 /Users/admin/builder/spi-builder-workspace/.dependencies/checkouts/swift-case-paths/Sources/CasePaths/CasePath.swift (in target 'CasePaths' from project 'swift-case-paths')
cd /Users/admin/builder/spi-builder-workspace/.swiftpm/xcode
builtin-SwiftPerFileCompile CasePath.swift
SwiftCompile normal arm64 Compiling\ OpenExistential.swift /Users/admin/builder/spi-builder-workspace/.dependencies/checkouts/swift-case-paths/Sources/CasePaths/Internal/OpenExistential.swift (in target 'CasePaths' from project 'swift-case-paths')
SwiftCompile normal arm64 /Users/admin/builder/spi-builder-workspace/.dependencies/checkouts/swift-case-paths/Sources/CasePaths/Internal/OpenExistential.swift (in target 'CasePaths' from project 'swift-case-paths')
cd /Users/admin/builder/spi-builder-workspace/.swiftpm/xcode
builtin-SwiftPerFileCompile OpenExistential.swift
SwiftEmitModule normal arm64 Emitting\ module\ for\ CasePaths (in target 'CasePaths' from project 'swift-case-paths')
SwiftCompile normal arm64 (in target 'CasePaths' from project 'swift-case-paths')
cd /Users/admin/builder/spi-builder-workspace/.swiftpm/xcode
SwiftCompile normal arm64 Compiling\ Operators.swift /Users/admin/builder/spi-builder-workspace/.dependencies/checkouts/swift-case-paths/Sources/CasePaths/Operators.swift (in target 'CasePaths' from project 'swift-case-paths')
SwiftCompile normal arm64 /Users/admin/builder/spi-builder-workspace/.dependencies/checkouts/swift-case-paths/Sources/CasePaths/Operators.swift (in target 'CasePaths' from project 'swift-case-paths')
cd /Users/admin/builder/spi-builder-workspace/.swiftpm/xcode
builtin-SwiftPerFileCompile Operators.swift
SwiftCompile normal arm64 Compiling\ XCTUnwrap.swift /Users/admin/builder/spi-builder-workspace/.dependencies/checkouts/swift-case-paths/Sources/CasePaths/XCTUnwrap.swift (in target 'CasePaths' from project 'swift-case-paths')
SwiftCompile normal arm64 /Users/admin/builder/spi-builder-workspace/.dependencies/checkouts/swift-case-paths/Sources/CasePaths/XCTUnwrap.swift (in target 'CasePaths' from project 'swift-case-paths')
cd /Users/admin/builder/spi-builder-workspace/.swiftpm/xcode
builtin-SwiftPerFileCompile XCTUnwrap.swift
SwiftCompile normal arm64 Compiling\ TypeName.swift /Users/admin/builder/spi-builder-workspace/.dependencies/checkouts/swift-case-paths/Sources/CasePaths/Internal/TypeName.swift (in target 'CasePaths' from project 'swift-case-paths')
SwiftCompile normal arm64 /Users/admin/builder/spi-builder-workspace/.dependencies/checkouts/swift-case-paths/Sources/CasePaths/Internal/TypeName.swift (in target 'CasePaths' from project 'swift-case-paths')
cd /Users/admin/builder/spi-builder-workspace/.swiftpm/xcode
builtin-SwiftPerFileCompile TypeName.swift
SwiftDriverJobDiscovery normal arm64 Compiling OpenExistential.swift (in target 'CasePaths' from project 'swift-case-paths')
SwiftDriverJobDiscovery normal arm64 Compiling CasePaths.swift (in target 'CasePaths' from project 'swift-case-paths')
SwiftDriverJobDiscovery normal arm64 Compiling CasePath.swift (in target 'CasePaths' from project 'swift-case-paths')
SwiftDriverJobDiscovery normal arm64 Compiling Operators.swift (in target 'CasePaths' from project 'swift-case-paths')
SwiftDriverJobDiscovery normal arm64 Emitting module for CasePaths (in target 'CasePaths' from project 'swift-case-paths')
SwiftDriver\ Compilation\ Requirements CasePaths normal arm64 com.apple.xcode.tools.swift.compiler (in target 'CasePaths' from project 'swift-case-paths')
cd /Users/admin/builder/spi-builder-workspace/.swiftpm/xcode
builtin-Swift-Compilation-Requirements -- /Applications/Xcode-27.0.0-Release.Candidate.app/Contents/Developer/Toolchains/XcodeDefault.xctoolchain/usr/bin/swiftc -parse-as-library -module-name CasePaths -Onone @/Users/admin/builder/spi-builder-workspace/.derivedData/Build/Intermediates.noindex/swift-case-paths.build/Debug-xros/CasePaths-t.build/Objects-normal/arm64/CasePaths.SwiftFileList -DSWIFT_PACKAGE -DDEBUG -DSWIFT_MODULE_RESOURCE_BUNDLE_UNAVAILABLE -DXcode -plugin-path /Applications/Xcode-27.0.0-Release.Candidate.app/Contents/Developer/Toolchains/XcodeDefault.xctoolchain/usr/lib/swift/host/plugins/testing -enable-experimental-feature DebugDescriptionMacro -sdk /Applications/Xcode-27.0.0-Release.Candidate.app/Contents/Developer/Platforms/XROS.platform/Developer/SDKs/XROS27.0.sdk -target arm64-apple-xros1.0 -g -module-cache-path /Users/admin/builder/spi-builder-workspace/.derivedData/ModuleCache.noindex -Xfrontend -serialize-debugging-options -profile-coverage-mapping -profile-generate -enable-testing -suppress-warnings -index-store-path /Users/admin/builder/spi-builder-workspace/.derivedData/Index.noindex/DataStore -Xcc -D_LIBCPP_HARDENING_MODE\=_LIBCPP_HARDENING_MODE_DEBUG -swift-version 5 -I /Users/admin/builder/spi-builder-workspace/.derivedData/Build/Products/Debug-xros -Isystem /Applications/Xcode-27.0.0-Release.Candidate.app/Contents/Developer/Platforms/XROS.platform/Developer/usr/lib -F /Users/admin/builder/spi-builder-workspace/.derivedData/Build/Products/Debug-xros/PackageFrameworks -F /Users/admin/builder/spi-builder-workspace/.derivedData/Build/Products/Debug-xros -F /Applications/Xcode-27.0.0-Release.Candidate.app/Contents/Developer/Platforms/XROS.platform/Developer/Library/Frameworks -F /Applications/Xcode-27.0.0-Release.Candidate.app/Contents/Developer/Platforms/XROS.platform/Developer/SDKs/XROS27.0.sdk/Developer/Library/Frameworks -c -j10 -enable-batch-mode -incremental -Xcc -ivfsstatcache -Xcc /Users/admin/builder/spi-builder-workspace/.derivedData/SDKStatCaches.noindex/xros27.0-24M361-e829b21a6f8c9b70876ba0858053c044735bd543db762f57723cac368afd1ce4.sdkstatcache -output-file-map /Users/admin/builder/spi-builder-workspace/.derivedData/Build/Intermediates.noindex/swift-case-paths.build/Debug-xros/CasePaths-t.build/Objects-normal/arm64/CasePaths-OutputFileMap.json -save-temps -no-color-diagnostics -explicit-module-build -module-cache-path /Users/admin/builder/spi-builder-workspace/.derivedData/Build/Intermediates.noindex/SwiftExplicitPrecompiledModules -clang-scanner-module-cache-path /Users/admin/builder/spi-builder-workspace/.derivedData/ModuleCache.noindex -sdk-module-cache-path /Users/admin/builder/spi-builder-workspace/.derivedData/SDKExplicitPrecompiledModules -emit-dependencies -emit-module -emit-module-path /Users/admin/builder/spi-builder-workspace/.derivedData/Build/Intermediates.noindex/swift-case-paths.build/Debug-xros/CasePaths-t.build/Objects-normal/arm64/CasePaths.swiftmodule -serialize-diagnostics -dependency-scan-serialize-diagnostics-path /Users/admin/builder/spi-builder-workspace/.derivedData/Build/Intermediates.noindex/swift-case-paths.build/Debug-xros/CasePaths-t.build/Objects-normal/arm64/CasePaths-dependency-scan.dia -validate-clang-modules-once -clang-build-session-file /Users/admin/builder/spi-builder-workspace/.derivedData/ModuleCache.noindex/Session.modulevalidation -Xcc -fmodules-prune-interval\=86400 -Xcc -fmodules-prune-after\=345600 -emit-const-values -const-gather-protocols-list /Users/admin/builder/spi-builder-workspace/.derivedData/Build/Intermediates.noindex/swift-case-paths.build/Debug-xros/CasePaths-t.build/Objects-normal/arm64/CasePaths_const_extract_protocols.json -Xcc -I/Users/admin/builder/spi-builder-workspace/.derivedData/Build/Products/Debug-xros/include -Xcc -I/Users/admin/builder/spi-builder-workspace/.derivedData/Build/Intermediates.noindex/swift-case-paths.build/Debug-xros/CasePaths-t.build/DerivedSources-normal/arm64 -Xcc -I/Users/admin/builder/spi-builder-workspace/.derivedData/Build/Intermediates.noindex/swift-case-paths.build/Debug-xros/CasePaths-t.build/DerivedSources/arm64 -Xcc -I/Users/admin/builder/spi-builder-workspace/.derivedData/Build/Intermediates.noindex/swift-case-paths.build/Debug-xros/CasePaths-t.build/DerivedSources -Xcc -DSWIFT_PACKAGE -Xcc -DDEBUG\=1 -emit-objc-header -emit-objc-header-path /Users/admin/builder/spi-builder-workspace/.derivedData/Build/Intermediates.noindex/swift-case-paths.build/Debug-xros/CasePaths-t.build/Objects-normal/arm64/CasePaths-Swift.h -working-directory /Users/admin/builder/spi-builder-workspace/.swiftpm/xcode -experimental-emit-module-separately -disable-cmo
SwiftMergeGeneratedHeaders /Users/admin/builder/spi-builder-workspace/.derivedData/Build/Intermediates.noindex/GeneratedModuleMaps-xros/CasePaths-Swift.h /Users/admin/builder/spi-builder-workspace/.derivedData/Build/Intermediates.noindex/swift-case-paths.build/Debug-xros/CasePaths-t.build/Objects-normal/arm64/CasePaths-Swift.h (in target 'CasePaths' from project 'swift-case-paths')
cd /Users/admin/builder/spi-builder-workspace/.dependencies/checkouts/swift-case-paths
builtin-swiftHeaderTool -arch arm64 /Users/admin/builder/spi-builder-workspace/.derivedData/Build/Intermediates.noindex/swift-case-paths.build/Debug-xros/CasePaths-t.build/Objects-normal/arm64/CasePaths-Swift.h -o /Users/admin/builder/spi-builder-workspace/.derivedData/Build/Intermediates.noindex/GeneratedModuleMaps-xros/CasePaths-Swift.h
Copy /Users/admin/builder/spi-builder-workspace/.derivedData/Build/Products/Debug-xros/CasePaths.swiftmodule/arm64-apple-xros.abi.json /Users/admin/builder/spi-builder-workspace/.derivedData/Build/Intermediates.noindex/swift-case-paths.build/Debug-xros/CasePaths-t.build/Objects-normal/arm64/CasePaths.abi.json (in target 'CasePaths' from project 'swift-case-paths')
cd /Users/admin/builder/spi-builder-workspace/.dependencies/checkouts/swift-case-paths
builtin-copy -exclude .DS_Store -exclude CVS -exclude .svn -exclude .git -exclude .hg -resolve-src-symlinks -rename /Users/admin/builder/spi-builder-workspace/.derivedData/Build/Intermediates.noindex/swift-case-paths.build/Debug-xros/CasePaths-t.build/Objects-normal/arm64/CasePaths.abi.json /Users/admin/builder/spi-builder-workspace/.derivedData/Build/Products/Debug-xros/CasePaths.swiftmodule/arm64-apple-xros.abi.json
Copy /Users/admin/builder/spi-builder-workspace/.derivedData/Build/Products/Debug-xros/CasePaths.swiftmodule/arm64-apple-xros.swiftdoc /Users/admin/builder/spi-builder-workspace/.derivedData/Build/Intermediates.noindex/swift-case-paths.build/Debug-xros/CasePaths-t.build/Objects-normal/arm64/CasePaths.swiftdoc (in target 'CasePaths' from project 'swift-case-paths')
cd /Users/admin/builder/spi-builder-workspace/.dependencies/checkouts/swift-case-paths
builtin-copy -exclude .DS_Store -exclude CVS -exclude .svn -exclude .git -exclude .hg -resolve-src-symlinks -rename /Users/admin/builder/spi-builder-workspace/.derivedData/Build/Intermediates.noindex/swift-case-paths.build/Debug-xros/CasePaths-t.build/Objects-normal/arm64/CasePaths.swiftdoc /Users/admin/builder/spi-builder-workspace/.derivedData/Build/Products/Debug-xros/CasePaths.swiftmodule/arm64-apple-xros.swiftdoc
Copy /Users/admin/builder/spi-builder-workspace/.derivedData/Build/Products/Debug-xros/CasePaths.swiftmodule/arm64-apple-xros.swiftmodule /Users/admin/builder/spi-builder-workspace/.derivedData/Build/Intermediates.noindex/swift-case-paths.build/Debug-xros/CasePaths-t.build/Objects-normal/arm64/CasePaths.swiftmodule (in target 'CasePaths' from project 'swift-case-paths')
cd /Users/admin/builder/spi-builder-workspace/.dependencies/checkouts/swift-case-paths
builtin-copy -exclude .DS_Store -exclude CVS -exclude .svn -exclude .git -exclude .hg -resolve-src-symlinks -rename /Users/admin/builder/spi-builder-workspace/.derivedData/Build/Intermediates.noindex/swift-case-paths.build/Debug-xros/CasePaths-t.build/Objects-normal/arm64/CasePaths.swiftmodule /Users/admin/builder/spi-builder-workspace/.derivedData/Build/Products/Debug-xros/CasePaths.swiftmodule/arm64-apple-xros.swiftmodule
Copy /Users/admin/builder/spi-builder-workspace/.derivedData/Build/Products/Debug-xros/CasePaths.swiftmodule/Project/arm64-apple-xros.swiftsourceinfo /Users/admin/builder/spi-builder-workspace/.derivedData/Build/Intermediates.noindex/swift-case-paths.build/Debug-xros/CasePaths-t.build/Objects-normal/arm64/CasePaths.swiftsourceinfo (in target 'CasePaths' from project 'swift-case-paths')
cd /Users/admin/builder/spi-builder-workspace/.dependencies/checkouts/swift-case-paths
builtin-copy -exclude .DS_Store -exclude CVS -exclude .svn -exclude .git -exclude .hg -resolve-src-symlinks -rename /Users/admin/builder/spi-builder-workspace/.derivedData/Build/Intermediates.noindex/swift-case-paths.build/Debug-xros/CasePaths-t.build/Objects-normal/arm64/CasePaths.swiftsourceinfo /Users/admin/builder/spi-builder-workspace/.derivedData/Build/Products/Debug-xros/CasePaths.swiftmodule/Project/arm64-apple-xros.swiftsourceinfo
SwiftDriverJobDiscovery normal arm64 Compiling TypeName.swift (in target 'CasePaths' from project 'swift-case-paths')
SwiftDriverJobDiscovery normal arm64 Compiling XCTUnwrap.swift (in target 'CasePaths' from project 'swift-case-paths')
SwiftDriverJobDiscovery normal arm64 Compiling EnumReflection.swift (in target 'CasePaths' from project 'swift-case-paths')
SwiftDriver\ Compilation CasePaths normal arm64 com.apple.xcode.tools.swift.compiler (in target 'CasePaths' from project 'swift-case-paths')
cd /Users/admin/builder/spi-builder-workspace/.swiftpm/xcode
builtin-Swift-Compilation -- /Applications/Xcode-27.0.0-Release.Candidate.app/Contents/Developer/Toolchains/XcodeDefault.xctoolchain/usr/bin/swiftc -parse-as-library -module-name CasePaths -Onone @/Users/admin/builder/spi-builder-workspace/.derivedData/Build/Intermediates.noindex/swift-case-paths.build/Debug-xros/CasePaths-t.build/Objects-normal/arm64/CasePaths.SwiftFileList -DSWIFT_PACKAGE -DDEBUG -DSWIFT_MODULE_RESOURCE_BUNDLE_UNAVAILABLE -DXcode -plugin-path /Applications/Xcode-27.0.0-Release.Candidate.app/Contents/Developer/Toolchains/XcodeDefault.xctoolchain/usr/lib/swift/host/plugins/testing -enable-experimental-feature DebugDescriptionMacro -sdk /Applications/Xcode-27.0.0-Release.Candidate.app/Contents/Developer/Platforms/XROS.platform/Developer/SDKs/XROS27.0.sdk -target arm64-apple-xros1.0 -g -module-cache-path /Users/admin/builder/spi-builder-workspace/.derivedData/ModuleCache.noindex -Xfrontend -serialize-debugging-options -profile-coverage-mapping -profile-generate -enable-testing -suppress-warnings -index-store-path /Users/admin/builder/spi-builder-workspace/.derivedData/Index.noindex/DataStore -Xcc -D_LIBCPP_HARDENING_MODE\=_LIBCPP_HARDENING_MODE_DEBUG -swift-version 5 -I /Users/admin/builder/spi-builder-workspace/.derivedData/Build/Products/Debug-xros -Isystem /Applications/Xcode-27.0.0-Release.Candidate.app/Contents/Developer/Platforms/XROS.platform/Developer/usr/lib -F /Users/admin/builder/spi-builder-workspace/.derivedData/Build/Products/Debug-xros/PackageFrameworks -F /Users/admin/builder/spi-builder-workspace/.derivedData/Build/Products/Debug-xros -F /Applications/Xcode-27.0.0-Release.Candidate.app/Contents/Developer/Platforms/XROS.platform/Developer/Library/Frameworks -F /Applications/Xcode-27.0.0-Release.Candidate.app/Contents/Developer/Platforms/XROS.platform/Developer/SDKs/XROS27.0.sdk/Developer/Library/Frameworks -c -j10 -enable-batch-mode -incremental -Xcc -ivfsstatcache -Xcc /Users/admin/builder/spi-builder-workspace/.derivedData/SDKStatCaches.noindex/xros27.0-24M361-e829b21a6f8c9b70876ba0858053c044735bd543db762f57723cac368afd1ce4.sdkstatcache -output-file-map /Users/admin/builder/spi-builder-workspace/.derivedData/Build/Intermediates.noindex/swift-case-paths.build/Debug-xros/CasePaths-t.build/Objects-normal/arm64/CasePaths-OutputFileMap.json -save-temps -no-color-diagnostics -explicit-module-build -module-cache-path /Users/admin/builder/spi-builder-workspace/.derivedData/Build/Intermediates.noindex/SwiftExplicitPrecompiledModules -clang-scanner-module-cache-path /Users/admin/builder/spi-builder-workspace/.derivedData/ModuleCache.noindex -sdk-module-cache-path /Users/admin/builder/spi-builder-workspace/.derivedData/SDKExplicitPrecompiledModules -emit-dependencies -emit-module -emit-module-path /Users/admin/builder/spi-builder-workspace/.derivedData/Build/Intermediates.noindex/swift-case-paths.build/Debug-xros/CasePaths-t.build/Objects-normal/arm64/CasePaths.swiftmodule -serialize-diagnostics -dependency-scan-serialize-diagnostics-path /Users/admin/builder/spi-builder-workspace/.derivedData/Build/Intermediates.noindex/swift-case-paths.build/Debug-xros/CasePaths-t.build/Objects-normal/arm64/CasePaths-dependency-scan.dia -validate-clang-modules-once -clang-build-session-file /Users/admin/builder/spi-builder-workspace/.derivedData/ModuleCache.noindex/Session.modulevalidation -Xcc -fmodules-prune-interval\=86400 -Xcc -fmodules-prune-after\=345600 -emit-const-values -const-gather-protocols-list /Users/admin/builder/spi-builder-workspace/.derivedData/Build/Intermediates.noindex/swift-case-paths.build/Debug-xros/CasePaths-t.build/Objects-normal/arm64/CasePaths_const_extract_protocols.json -Xcc -I/Users/admin/builder/spi-builder-workspace/.derivedData/Build/Products/Debug-xros/include -Xcc -I/Users/admin/builder/spi-builder-workspace/.derivedData/Build/Intermediates.noindex/swift-case-paths.build/Debug-xros/CasePaths-t.build/DerivedSources-normal/arm64 -Xcc -I/Users/admin/builder/spi-builder-workspace/.derivedData/Build/Intermediates.noindex/swift-case-paths.build/Debug-xros/CasePaths-t.build/DerivedSources/arm64 -Xcc -I/Users/admin/builder/spi-builder-workspace/.derivedData/Build/Intermediates.noindex/swift-case-paths.build/Debug-xros/CasePaths-t.build/DerivedSources -Xcc -DSWIFT_PACKAGE -Xcc -DDEBUG\=1 -emit-objc-header -emit-objc-header-path /Users/admin/builder/spi-builder-workspace/.derivedData/Build/Intermediates.noindex/swift-case-paths.build/Debug-xros/CasePaths-t.build/Objects-normal/arm64/CasePaths-Swift.h -working-directory /Users/admin/builder/spi-builder-workspace/.swiftpm/xcode -experimental-emit-module-separately -disable-cmo
Ld /Users/admin/builder/spi-builder-workspace/.derivedData/Build/Products/Debug-xros/CasePaths.o normal (in target 'CasePaths' from project 'swift-case-paths')
cd /Users/admin/builder/spi-builder-workspace/.dependencies/checkouts/swift-case-paths
/Applications/Xcode-27.0.0-Release.Candidate.app/Contents/Developer/Toolchains/XcodeDefault.xctoolchain/usr/bin/clang -Xlinker -reproducible -target arm64-apple-xros1.0 -r -isysroot /Applications/Xcode-27.0.0-Release.Candidate.app/Contents/Developer/Platforms/XROS.platform/Developer/SDKs/XROS27.0.sdk -O0 -w -Xlinker -no_warn_duplicate_libraries -F/Users/admin/builder/spi-builder-workspace/.derivedData/Build/Intermediates.noindex/EagerLinkingTBDs/Debug-xros -F/Users/admin/builder/spi-builder-workspace/.derivedData/Build/Products/Debug-xros/PackageFrameworks -F/Users/admin/builder/spi-builder-workspace/.derivedData/Build/Products/Debug-xros -iframework /Applications/Xcode-27.0.0-Release.Candidate.app/Contents/Developer/Platforms/XROS.platform/Developer/Library/Frameworks -iframework /Applications/Xcode-27.0.0-Release.Candidate.app/Contents/Developer/Platforms/XROS.platform/Developer/SDKs/XROS27.0.sdk/Developer/Library/Frameworks -filelist /Users/admin/builder/spi-builder-workspace/.derivedData/Build/Intermediates.noindex/swift-case-paths.build/Debug-xros/CasePaths-t.build/Objects-normal/arm64/CasePaths.LinkFileList -nostdlib -Xlinker -object_path_lto -Xlinker /Users/admin/builder/spi-builder-workspace/.derivedData/Build/Intermediates.noindex/swift-case-paths.build/Debug-xros/CasePaths-t.build/Objects-normal/arm64/CasePaths_lto.o -Xlinker -no_deduplicate -Xlinker -debug_variant -Xlinker -dependency_info -Xlinker /Users/admin/builder/spi-builder-workspace/.derivedData/Build/Intermediates.noindex/swift-case-paths.build/Debug-xros/CasePaths-t.build/Objects-normal/arm64/CasePaths_dependency_info.dat -fobjc-link-runtime -L/Applications/Xcode-27.0.0-Release.Candidate.app/Contents/Developer/Toolchains/XcodeDefault.xctoolchain/usr/lib/swift/xros -L/usr/lib/swift -Xlinker -add_ast_path -Xlinker /Users/admin/builder/spi-builder-workspace/.derivedData/Build/Intermediates.noindex/swift-case-paths.build/Debug-xros/CasePaths-t.build/Objects-normal/arm64/CasePaths.swiftmodule -o /Users/admin/builder/spi-builder-workspace/.derivedData/Build/Products/Debug-xros/CasePaths.o
SwiftExplicitDependencyGeneratePcm arm64 /Users/admin/builder/spi-builder-workspace/.derivedData/SDKExplicitPrecompiledModules/ShaderGraph-AW1O397P711WTY8KSK8LZX9YA.pcm
SwiftExplicitDependencyGeneratePcm arm64 /Users/admin/builder/spi-builder-workspace/.derivedData/SDKExplicitPrecompiledModules/dnssd-CCUV1M8EULNEQJUXO7L0PJAL4.pcm
SwiftExplicitDependencyGeneratePcm arm64 /Users/admin/builder/spi-builder-workspace/.derivedData/SDKExplicitPrecompiledModules/CoreTransferable-8TBYAKHCX6UC8QQSS7BD8GQK5.pcm
SwiftExplicitDependencyGeneratePcm arm64 /Users/admin/builder/spi-builder-workspace/.derivedData/SDKExplicitPrecompiledModules/CoreData-73N6Z547OZUEZ8ADGEC6XRHWN.pcm
SwiftExplicitDependencyGeneratePcm arm64 /Users/admin/builder/spi-builder-workspace/.derivedData/SDKExplicitPrecompiledModules/CoreAudioTypes-45UXYEQRN95KG6BF2CW0QIYK9.pcm
SwiftExplicitDependencyGeneratePcm arm64 /Users/admin/builder/spi-builder-workspace/.derivedData/SDKExplicitPrecompiledModules/_LocationEssentials-8GQGFVARUE99D8VJX3TINY0VP.pcm
SwiftExplicitDependencyGeneratePcm arm64 /Users/admin/builder/spi-builder-workspace/.derivedData/SDKExplicitPrecompiledModules/OSLog-BNGT87TS0GMBFF7TY70HHB69.pcm
SwiftExplicitDependencyGeneratePcm arm64 /Users/admin/builder/spi-builder-workspace/.derivedData/SDKExplicitPrecompiledModules/Symbols-8G2XC01RPQ5HYIZE6JNUT864I.pcm
SwiftExplicitDependencyGeneratePcm arm64 /Users/admin/builder/spi-builder-workspace/.derivedData/SDKExplicitPrecompiledModules/DeveloperToolsSupport-46GOQP8J1QTHLYQSJW81T8UZ3.pcm
SwiftExplicitDependencyGeneratePcm arm64 /Users/admin/builder/spi-builder-workspace/.derivedData/SDKExplicitPrecompiledModules/DataDetection-BANTQ3WXXGKZJYC0LLB3MD9K0.pcm
SwiftExplicitDependencyGeneratePcm arm64 /Users/admin/builder/spi-builder-workspace/.derivedData/SDKExplicitPrecompiledModules/_Builtin_tgmath-BPYSMHWI520EQRL2HW519ZY7Z.pcm
SwiftExplicitDependencyGeneratePcm arm64 /Users/admin/builder/spi-builder-workspace/.derivedData/SDKExplicitPrecompiledModules/ExtensionFoundation-E7KNHPOM6BLHXC69S4MS8K7BO.pcm
SwiftExplicitDependencyGeneratePcm arm64 /Users/admin/builder/spi-builder-workspace/.derivedData/SDKExplicitPrecompiledModules/_Builtin_intrinsics-BC5IJI3YI34RQ61ZNVDRDZ6RN.pcm
SwiftExplicitDependencyGeneratePcm arm64 /Users/admin/builder/spi-builder-workspace/.derivedData/SDKExplicitPrecompiledModules/CoreGraphics-BFUJ177R223UT2ZI327ZTZY91.pcm
SwiftExplicitDependencyGeneratePcm arm64 /Users/admin/builder/spi-builder-workspace/.derivedData/SDKExplicitPrecompiledModules/Network-EQPZZF3W6BWG89K0PY9NZO3T0.pcm
SwiftExplicitDependencyGeneratePcm arm64 /Users/admin/builder/spi-builder-workspace/.derivedData/SDKExplicitPrecompiledModules/CoreLocation-1SN37095DAPVJ068LLP9TBDQX.pcm
SwiftExplicitDependencyGeneratePcm arm64 /Users/admin/builder/spi-builder-workspace/.derivedData/SDKExplicitPrecompiledModules/CoreMIDI-7L19IC4ZH9BPYLVTD8IIFWN9R.pcm
SwiftExplicitDependencyGeneratePcm arm64 /Users/admin/builder/spi-builder-workspace/.derivedData/SDKExplicitPrecompiledModules/CoreAudio-CXS3C78T5TQDGLEGXIBJ04WJ4.pcm
SwiftExplicitDependencyGeneratePcm arm64 /Users/admin/builder/spi-builder-workspace/.derivedData/SDKExplicitPrecompiledModules/UserNotifications-8IIV1V1FPNAPA4LY1Y23LOM2N.pcm
SwiftExplicitDependencyGeneratePcm arm64 /Users/admin/builder/spi-builder-workspace/.derivedData/SDKExplicitPrecompiledModules/UIUtilities-AOVGLUWEAN6CG2UZFNESGSP6C.pcm
SwiftExplicitDependencyGeneratePcm arm64 /Users/admin/builder/spi-builder-workspace/.derivedData/SDKExplicitPrecompiledModules/IOSurface-5FE9U89GVFF9A7X7AGO2R8ENI.pcm
SwiftExplicitDependencyGeneratePcm arm64 /Users/admin/builder/spi-builder-workspace/.derivedData/SDKExplicitPrecompiledModules/LocalAuthentication-9MSPUJ85OBXBTOD7NJCT1GZ0O.pcm
SwiftExplicitDependencyGeneratePcm arm64 /Users/admin/builder/spi-builder-workspace/.derivedData/SDKExplicitPrecompiledModules/UniformTypeIdentifiers-E5KMWDZEKS4QW9RO1KBRDEXV6.pcm
SwiftExplicitDependencyGeneratePcm arm64 /Users/admin/builder/spi-builder-workspace/.derivedData/SDKExplicitPrecompiledModules/BackgroundAssets-7LA0QAAJKNTLEFGRAI5PIWADZ.pcm
ExtractAppIntentsMetadata (in target 'CasePaths' from project 'swift-case-paths')
cd /Users/admin/builder/spi-builder-workspace/.dependencies/checkouts/swift-case-paths
/Applications/Xcode-27.0.0-Release.Candidate.app/Contents/Developer/Toolchains/XcodeDefault.xctoolchain/usr/bin/appintentsmetadataprocessor --toolchain-dir /var/run/com.apple.security.cryptexd/mnt/com.apple.MobileAsset.MetalToolchain-v27.1.266.1.n6Ku9F/Metal.xctoolchain --module-name CasePaths --sdk-root /Applications/Xcode-27.0.0-Release.Candidate.app/Contents/Developer/Platforms/XROS.platform/Developer/SDKs/XROS27.0.sdk --xcode-version 27A266a --platform-family xrOS --deployment-target 1.0 --bundle-identifier swift-case-paths.CasePaths --output /Users/admin/builder/spi-builder-workspace/.derivedData/Build/Products/Debug-xros/CasePaths.appintents --target-triple arm64-apple-xros1.0 --binary-file /Users/admin/builder/spi-builder-workspace/.derivedData/Build/Products/Debug-xros/CasePaths.o --dependency-file /Users/admin/builder/spi-builder-workspace/.derivedData/Build/Intermediates.noindex/swift-case-paths.build/Debug-xros/CasePaths-t.build/Objects-normal/arm64/CasePaths_dependency_info.dat --stringsdata-file /Users/admin/builder/spi-builder-workspace/.derivedData/Build/Intermediates.noindex/swift-case-paths.build/Debug-xros/CasePaths-t.build/Objects-normal/arm64/ExtractedAppShortcutsMetadata.stringsdata --source-file-list /Users/admin/builder/spi-builder-workspace/.derivedData/Build/Intermediates.noindex/swift-case-paths.build/Debug-xros/CasePaths-t.build/Objects-normal/arm64/CasePaths.SwiftFileList --metadata-file-list /Users/admin/builder/spi-builder-workspace/.derivedData/Build/Intermediates.noindex/swift-case-paths.build/Debug-xros/CasePaths-t.build/CasePaths.DependencyMetadataFileList --static-metadata-file-list /Users/admin/builder/spi-builder-workspace/.derivedData/Build/Intermediates.noindex/swift-case-paths.build/Debug-xros/CasePaths-t.build/CasePaths.DependencyStaticMetadataFileList --swift-const-vals-list /Users/admin/builder/spi-builder-workspace/.derivedData/Build/Intermediates.noindex/swift-case-paths.build/Debug-xros/CasePaths-t.build/Objects-normal/arm64/CasePaths.SwiftConstValuesFileList --force --compile-time-extraction --deployment-aware-processing --no-app-shortcuts-localization
2026-09-19 11:28:02.769 appintentsmetadataprocessor[1367:7702] Starting appintentsmetadataprocessor export
2026-09-19 11:28:02.846 appintentsmetadataprocessor[1367:7702] Extracted no relevant App Intents symbols, skipping writing output
SwiftExplicitDependencyGeneratePcm arm64 /Users/admin/builder/spi-builder-workspace/.derivedData/SDKExplicitPrecompiledModules/CoreMotion-10LV922UPGE28QX2SOIO7ALIZ.pcm
SwiftExplicitDependencyGeneratePcm arm64 /Users/admin/builder/spi-builder-workspace/.derivedData/SDKExplicitPrecompiledModules/CloudKit-8H34CCWTKF0HWDZN9I1SWPFRC.pcm
SwiftExplicitDependencyGeneratePcm arm64 /Users/admin/builder/spi-builder-workspace/.derivedData/SDKExplicitPrecompiledModules/AudioToolbox-2K3S8EA590EB3GMH6D6784BWZ.pcm
SwiftExplicitDependencyGeneratePcm arm64 /Users/admin/builder/spi-builder-workspace/.derivedData/SDKExplicitPrecompiledModules/AVRouting-55P8FRNK50AFZOMMB2LBBOX33.pcm
SwiftExplicitDependencyGeneratePcm arm64 /Users/admin/builder/spi-builder-workspace/.derivedData/SDKExplicitPrecompiledModules/OpenGLES-56BKSYXNVAP91BYZRWAKQZKGI.pcm
SwiftExplicitDependencyGeneratePcm arm64 /Users/admin/builder/spi-builder-workspace/.derivedData/SDKExplicitPrecompiledModules/Metal-EKNUM9P3PRIBHZK1ZBD6BA2T7.pcm
SwiftExplicitDependencyGeneratePcm arm64 /Users/admin/builder/spi-builder-workspace/.derivedData/SDKExplicitPrecompiledModules/FileProvider-C9I28SI56F2SEVH1BCWTKGODO.pcm
SwiftExplicitDependencyGeneratePcm arm64 /Users/admin/builder/spi-builder-workspace/.derivedData/SDKExplicitPrecompiledModules/Accessibility-1DR4J4YDVDGAYQTZ0FKZ1PU09.pcm
SwiftExplicitDependencyGeneratePcm arm64 /Users/admin/builder/spi-builder-workspace/.derivedData/SDKExplicitPrecompiledModules/CoreText-6F9TY5TEPCCZ1K2KYM4GMEGHD.pcm
SwiftExplicitDependencyGeneratePcm arm64 /Users/admin/builder/spi-builder-workspace/.derivedData/SDKExplicitPrecompiledModules/ImageIO-5CC6COR9KJYI1UBL7CSHLU2OG.pcm
SwiftExplicitDependencyGeneratePcm arm64 /Users/admin/builder/spi-builder-workspace/.derivedData/SDKExplicitPrecompiledModules/simd-9XXAB17Y6E4BBPQADD61NZ23.pcm
SwiftExplicitDependencyGeneratePcm arm64 /Users/admin/builder/spi-builder-workspace/.derivedData/SDKExplicitPrecompiledModules/CoreVideo-E12HJSJSLO0YKWYBES11UKJ02.pcm
SwiftExplicitDependencyGeneratePcm arm64 /Users/admin/builder/spi-builder-workspace/.derivedData/SDKExplicitPrecompiledModules/ARKitFoundation-3N77COW7DLP77CM0PWZXSR9BD.pcm
SwiftExplicitDependencyGeneratePcm arm64 /Users/admin/builder/spi-builder-workspace/.derivedData/SDKExplicitPrecompiledModules/CoreImage-8WF1P230U10QM666EQMNV7OF1.pcm
SwiftExplicitDependencyGeneratePcm arm64 /Users/admin/builder/spi-builder-workspace/.derivedData/SDKExplicitPrecompiledModules/QuartzCore-12T8WVKUNCL1N7VXH87MM4YOB.pcm
SwiftExplicitDependencyGeneratePcm arm64 /Users/admin/builder/spi-builder-workspace/.derivedData/SDKExplicitPrecompiledModules/CoreML-37QYERWC0RQN4IY4377UD0TY1.pcm
SwiftExplicitDependencyGeneratePcm arm64 /Users/admin/builder/spi-builder-workspace/.derivedData/SDKExplicitPrecompiledModules/CoreMedia-D1IBHC28BRHWLNUG1Q75G5YN0.pcm
SwiftExplicitDependencyGeneratePcm arm64 /Users/admin/builder/spi-builder-workspace/.derivedData/SDKExplicitPrecompiledModules/AVFAudio-E8GATWFYYBEBB41O9N0LRRGYC.pcm
SwiftExplicitDependencyGeneratePcm arm64 /Users/admin/builder/spi-builder-workspace/.derivedData/SDKExplicitPrecompiledModules/VideoToolbox-7I4MDYIPJ4IWU1ZSL4JE3I7M6.pcm
SwiftExplicitDependencyGeneratePcm arm64 /Users/admin/builder/spi-builder-workspace/.derivedData/SDKExplicitPrecompiledModules/MediaToolbox-1J5U29ERBPNPI1HKEJHXOP8EV.pcm
SwiftExplicitDependencyGeneratePcm arm64 /Users/admin/builder/spi-builder-workspace/.derivedData/SDKExplicitPrecompiledModules/UIKit-2D2PMAAE45TMO6S28UCGCO5BR.pcm
SwiftExplicitDependencyGeneratePcm arm64 /Users/admin/builder/spi-builder-workspace/.derivedData/SDKExplicitPrecompiledModules/Spatial-5E0I2846LO3ZE24CSVR2O57TI.pcm
SwiftExplicitDependencyGeneratePcm arm64 /Users/admin/builder/spi-builder-workspace/.derivedData/SDKExplicitPrecompiledModules/Vision-DVVG9MQGC3IMTVPTC1691MQ6Z.pcm
SwiftExplicitDependencyCompileModuleFromInterface arm64 /Users/admin/builder/spi-builder-workspace/.derivedData/SDKExplicitPrecompiledModules/ShaderGraph-URHKVVOFZL5Z.swiftmodule
SwiftExplicitDependencyGeneratePcm arm64 /Users/admin/builder/spi-builder-workspace/.derivedData/SDKExplicitPrecompiledModules/AVFoundation-DFCX8GQJWVA3CZBITWEHAZEFX.pcm
SwiftExplicitDependencyGeneratePcm arm64 /Users/admin/builder/spi-builder-workspace/.derivedData/SDKExplicitPrecompiledModules/SwiftUICore-6OBBMA39VFD4CB6SG2PE41FAP.pcm
SwiftExplicitDependencyGeneratePcm arm64 /Users/admin/builder/spi-builder-workspace/.derivedData/SDKExplicitPrecompiledModules/Speech-CF6HAYHI80K9J2WCJQGKI6SAN.pcm
SwiftExplicitDependencyGeneratePcm arm64 /Users/admin/builder/spi-builder-workspace/.derivedData/SDKExplicitPrecompiledModules/Photos-UP8QA3XPPN8VSNC6O5KK62BK.pcm
SwiftExplicitDependencyGeneratePcm arm64 /Users/admin/builder/spi-builder-workspace/.derivedData/SDKExplicitPrecompiledModules/ARKitCore-307YVPJLQNB66BTBIONHZNP86.pcm
SwiftExplicitDependencyGeneratePcm arm64 /Users/admin/builder/spi-builder-workspace/.derivedData/SDKExplicitPrecompiledModules/SwiftUI-77PUPXISY3V3TUF5FJEHUQC86.pcm
SwiftExplicitDependencyGeneratePcm arm64 /Users/admin/builder/spi-builder-workspace/.derivedData/SDKExplicitPrecompiledModules/GameController-7QL0VMQHE24OWQFUR0UFT89DW.pcm
SwiftExplicitDependencyGeneratePcm arm64 /Users/admin/builder/spi-builder-workspace/.derivedData/SDKExplicitPrecompiledModules/UserNotificationsUI-2THP6ZDCNYWMDZ6FYTD12X5I6.pcm
SwiftExplicitDependencyGeneratePcm arm64 /Users/admin/builder/spi-builder-workspace/.derivedData/SDKExplicitPrecompiledModules/StoreKit-12LD5DPNQ83TE5J4G5TTT7JP8.pcm
SwiftExplicitDependencyGeneratePcm arm64 /Users/admin/builder/spi-builder-workspace/.derivedData/SDKExplicitPrecompiledModules/ARKit-27VDPOZ50FG2MJG7OFV6IFQYQ.pcm
SwiftEmitModule normal arm64 Emitting\ module\ for\ CustomDump (in target 'CustomDump' from project 'swift-custom-dump')
/Users/admin/builder/spi-builder-workspace/.dependencies/checkouts/swift-custom-dump/Sources/CustomDump/Conformances/CoreLocation.swift:85:15: error: 'CLProximity' is unavailable in visionOS
83 | @available(watchOS, unavailable)
84 | @available(xrOS, unavailable)
85 | extension CLProximity: CustomDumpStringConvertible {
| `- error: 'CLProximity' is unavailable in visionOS
86 | public var customDumpDescription: String {
87 | switch self {
/Applications/Xcode-27.0.0-Release.Candidate.app/Contents/Developer/Platforms/XROS.platform/Developer/SDKs/XROS27.0.sdk/System/Library/Frameworks/CoreLocation.framework/Headers/CLRegion.h:35:28: note: 'CLProximity' has been explicitly marked unavailable here
33 | *
34 | */
35 | typedef NS_ENUM(NSInteger, CLProximity) {
| `- note: 'CLProximity' has been explicitly marked unavailable here
36 | CLProximityUnknown,
37 | CLProximityImmediate,
/Users/admin/builder/spi-builder-workspace/.dependencies/checkouts/swift-custom-dump/Sources/CustomDump/Conformances/CoreLocation.swift:128:15: error: 'CLRegionState' is unavailable in visionOS
126 | @available(watchOS, unavailable)
127 | @available(xrOS, unavailable)
128 | extension CLRegionState: CustomDumpStringConvertible {
| `- error: 'CLRegionState' is unavailable in visionOS
129 | public var customDumpDescription: String {
130 | switch self {
/Applications/Xcode-27.0.0-Release.Candidate.app/Contents/Developer/Platforms/XROS.platform/Developer/SDKs/XROS27.0.sdk/System/Library/Frameworks/CoreLocation.framework/Headers/CLRegion.h:22:35: note: 'CLRegionState' has been explicitly marked unavailable here
20 | *
21 | */
22 | typedef NS_CLOSED_ENUM(NSInteger, CLRegionState) {
| `- note: 'CLRegionState' has been explicitly marked unavailable here
23 | CLRegionStateUnknown,
24 | CLRegionStateInside,
Failed frontend command:
SwiftCompile normal arm64 (in target 'CustomDump' from project 'swift-custom-dump')
cd /Users/admin/builder/spi-builder-workspace/.swiftpm/xcode
/Applications/Xcode-27.0.0-Release.Candidate.app/Contents/Developer/Toolchains/XcodeDefault.xctoolchain/usr/bin/swift-frontend -frontend -emit-module -experimental-skip-non-inlinable-function-bodies-without-types /Users/admin/builder/spi-builder-workspace/.dependencies/checkouts/swift-custom-dump/Sources/CustomDump/Conformances/CoreImage.swift /Users/admin/builder/spi-builder-workspace/.dependencies/checkouts/swift-custom-dump/Sources/CustomDump/Conformances/CoreLocation.swift /Users/admin/builder/spi-builder-workspace/.dependencies/checkouts/swift-custom-dump/Sources/CustomDump/Conformances/CoreMotion.swift /Users/admin/builder/spi-builder-workspace/.dependencies/checkouts/swift-custom-dump/Sources/CustomDump/Conformances/Foundation.swift /Users/admin/builder/spi-builder-workspace/.dependencies/checkouts/swift-custom-dump/Sources/CustomDump/Conformances/GameKit.swift /Users/admin/builder/spi-builder-workspace/.dependencies/checkouts/swift-custom-dump/Sources/CustomDump/Conformances/KeyPath.swift /Users/admin/builder/spi-builder-workspace/.dependencies/checkouts/swift-custom-dump/Sources/CustomDump/Conformances/Photos.swift /Users/admin/builder/spi-builder-workspace/.dependencies/checkouts/swift-custom-dump/Sources/CustomDump/Conformances/Speech.swift /Users/admin/builder/spi-builder-workspace/.dependencies/checkouts/swift-custom-dump/Sources/CustomDump/Conformances/StoreKit.swift /Users/admin/builder/spi-builder-workspace/.dependencies/checkouts/swift-custom-dump/Sources/CustomDump/Conformances/Swift.swift /Users/admin/builder/spi-builder-workspace/.dependencies/checkouts/swift-custom-dump/Sources/CustomDump/Conformances/SwiftUI.swift /Users/admin/builder/spi-builder-workspace/.dependencies/checkouts/swift-custom-dump/Sources/CustomDump/Conformances/UIKit.swift /Users/admin/builder/spi-builder-workspace/.dependencies/checkouts/swift-custom-dump/Sources/CustomDump/Conformances/UserNotifications.swift /Users/admin/builder/spi-builder-workspace/.dependencies/checkouts/swift-custom-dump/Sources/CustomDump/Conformances/UserNotificationsUI.swift /Users/admin/builder/spi-builder-workspace/.dependencies/checkouts/swift-custom-dump/Sources/CustomDump/CustomDumpReflectable.swift /Users/admin/builder/spi-builder-workspace/.dependencies/checkouts/swift-custom-dump/Sources/CustomDump/CustomDumpRepresentable.swift /Users/admin/builder/spi-builder-workspace/.dependencies/checkouts/swift-custom-dump/Sources/CustomDump/CustomDumpStringConvertible.swift /Users/admin/builder/spi-builder-workspace/.dependencies/checkouts/swift-custom-dump/Sources/CustomDump/Diff.swift /Users/admin/builder/spi-builder-workspace/.dependencies/checkouts/swift-custom-dump/Sources/CustomDump/Dump.swift /Users/admin/builder/spi-builder-workspace/.dependencies/checkouts/swift-custom-dump/Sources/CustomDump/Internal/AnyType.swift /Users/admin/builder/spi-builder-workspace/.dependencies/checkouts/swift-custom-dump/Sources/CustomDump/Internal/Box.swift /Users/admin/builder/spi-builder-workspace/.dependencies/checkouts/swift-custom-dump/Sources/CustomDump/Internal/CollectionDifference.swift /Users/admin/builder/spi-builder-workspace/.dependencies/checkouts/swift-custom-dump/Sources/CustomDump/Internal/Mirror.swift /Users/admin/builder/spi-builder-workspace/.dependencies/checkouts/swift-custom-dump/Sources/CustomDump/Internal/String.swift /Users/admin/builder/spi-builder-workspace/.dependencies/checkouts/swift-custom-dump/Sources/CustomDump/Internal/Unordered.swift /Users/admin/builder/spi-builder-workspace/.dependencies/checkouts/swift-custom-dump/Sources/CustomDump/XCTAssertNoDifference.swift -target arm64-apple-xros1.0 -module-can-import-version CompositorServices 467.0.8 1.0.0 -module-can-import-version CoreImage 3 7.0.0 -module-can-import-version CoreLocation 56 3185.0.6 -module-can-import-version CoreMotion 3185.0.6 3185.0.6 -module-can-import-version GameKit 821.0.25 821.0.25 -module-can-import-version Photos 915.0.135 915.0.135 -module-can-import-version Speech 3600.81.1 1.0.0 -module-can-import-version StoreKit 816.0.47.5 1.0.0 -module-can-import-version SwiftUI 8.0.84.1 8.0.84 -module-can-import-version UIKit 9127.0.84.1 9127.0.84 -module-can-import-version UserNotifications 1.0.0 1.0.0 -module-can-import-version UserNotificationsUI 1.0.0 1.0.0 -disable-cross-import-overlay-search -swift-module-cross-import Photos /Applications/Xcode-27.0.0-Release.Candidate.app/Contents/Developer/Platforms/XROS.platform/Developer/SDKs/XROS.sdk/System/Library/Frameworks/Photos.framework/Modules/Photos.swiftcrossimport/AppIntents.swiftoverlay -swift-module-cross-import Photos /Applications/Xcode-27.0.0-Release.Candidate.app/Contents/Developer/Platforms/XROS.platform/Developer/SDKs/XROS27.0.sdk/System/Library/Frameworks/Photos.framework/Modules/Photos.swiftcrossimport/AppIntents.swiftoverlay -swift-module-cross-import StoreKit /Applications/Xcode-27.0.0-Release.Candidate.app/Contents/Developer/Platforms/XROS.platform/Developer/SDKs/XROS.sdk/System/Library/Frameworks/StoreKit.framework/Modules/StoreKit.swiftcrossimport/SwiftUI.swiftoverlay -swift-module-cross-import StoreKit /Applications/Xcode-27.0.0-Release.Candidate.app/Contents/Developer/Platforms/XROS.platform/Developer/SDKs/XROS27.0.sdk/System/Library/Frameworks/StoreKit.framework/Modules/StoreKit.swiftcrossimport/SwiftUI.swiftoverlay -swift-module-cross-import UserNotifications /Applications/Xcode-27.0.0-Release.Candidate.app/Contents/Developer/Platforms/XROS.platform/Developer/SDKs/XROS.sdk/System/Library/Frameworks/UserNotifications.framework/Modules/UserNotifications.swiftcrossimport/AppIntents.swiftoverlay -load-resolved-plugin /Applications/Xcode-27.0.0-Release.Candidate.app/Contents/Developer/Platforms/XROS.platform/Developer/usr/lib/swift/host/plugins/libFoundationMacros.dylib\#/Applications/Xcode-27.0.0-Release.Candidate.app/Contents/Developer/Platforms/XROS.platform/Developer/usr/bin/swift-plugin-server\#FoundationMacros -load-resolved-plugin /Applications/Xcode-27.0.0-Release.Candidate.app/Contents/Developer/Platforms/XROS.platform/Developer/usr/lib/swift/host/plugins/libObservationMacros.dylib\#/Applications/Xcode-27.0.0-Release.Candidate.app/Contents/Developer/Platforms/XROS.platform/Developer/usr/bin/swift-plugin-server\#ObservationMacros -load-resolved-plugin /Applications/Xcode-27.0.0-Release.Candidate.app/Contents/Developer/Platforms/XROS.platform/Developer/usr/lib/swift/host/plugins/libPreviewsMacros.dylib\#/Applications/Xcode-27.0.0-Release.Candidate.app/Contents/Developer/Platforms/XROS.platform/Developer/usr/bin/swift-plugin-server\#PreviewsMacros -load-resolved-plugin /Applications/Xcode-27.0.0-Release.Candidate.app/Contents/Developer/Platforms/XROS.platform/Developer/usr/lib/swift/host/plugins/libSwiftMacros.dylib\#/Applications/Xcode-27.0.0-Release.Candidate.app/Contents/Developer/Platforms/XROS.platform/Developer/usr/bin/swift-plugin-server\#SwiftMacros -load-resolved-plugin /Applications/Xcode-27.0.0-Release.Candidate.app/Contents/Developer/Platforms/XROS.platform/Developer/usr/lib/swift/host/plugins/libSwiftUIMacros.dylib\#/Applications/Xcode-27.0.0-Release.Candidate.app/Contents/Developer/Platforms/XROS.platform/Developer/usr/bin/swift-plugin-server\#SwiftUIMacros -disable-implicit-swift-modules -Xcc -fno-implicit-modules -Xcc -fno-implicit-module-maps -explicit-swift-module-map-file /Users/admin/builder/spi-builder-workspace/.derivedData/Build/Intermediates.noindex/swift-custom-dump.build/Debug-xros/CustomDump-t.build/Objects-normal/arm64/CustomDump-dependencies-1.json -Xllvm -aarch64-use-tbi -enable-objc-interop -stack-check -sdk /Applications/Xcode-27.0.0-Release.Candidate.app/Contents/Developer/Platforms/XROS.platform/Developer/SDKs/XROS27.0.sdk -I /Users/admin/builder/spi-builder-workspace/.derivedData/Build/Products/Debug-xros -Isystem /Applications/Xcode-27.0.0-Release.Candidate.app/Contents/Developer/Platforms/XROS.platform/Developer/usr/lib -F /Users/admin/builder/spi-builder-workspace/.derivedData/Build/Products/Debug-xros/PackageFrameworks -F /Users/admin/builder/spi-builder-workspace/.derivedData/Build/Products/Debug-xros -F /Applications/Xcode-27.0.0-Release.Candidate.app/Contents/Developer/Platforms/XROS.platform/Developer/Library/Frameworks -F /Applications/Xcode-27.0.0-Release.Candidate.app/Contents/Developer/Platforms/XROS.platform/Developer/SDKs/XROS27.0.sdk/Developer/Library/Frameworks -module-cache-path /Users/admin/builder/spi-builder-workspace/.derivedData/Build/Intermediates.noindex/SwiftExplicitPrecompiledModules -no-color-diagnostics -Xcc -fno-color-diagnostics -enable-testing -g -debug-info-format\=dwarf -dwarf-version\=4 -suppress-warnings -profile-generate -profile-coverage-mapping -swift-version 5 -Onone -D SWIFT_PACKAGE -D DEBUG -D SWIFT_MODULE_RESOURCE_BUNDLE_UNAVAILABLE -D Xcode -serialize-debugging-options -enable-experimental-feature DebugDescriptionMacro -empty-abi-descriptor -validate-clang-modules-once -clang-build-session-file /Users/admin/builder/spi-builder-workspace/.derivedData/ModuleCache.noindex/Session.modulevalidation -Xcc -working-directory -Xcc /Users/admin/builder/spi-builder-workspace/.swiftpm/xcode -enable-anonymous-context-mangled-names -file-compilation-dir /Users/admin/builder/spi-builder-workspace/.swiftpm/xcode -Xcc -D_LIBCPP_HARDENING_MODE\=_LIBCPP_HARDENING_MODE_DEBUG -Xcc -ivfsstatcache -Xcc /Users/admin/builder/spi-builder-workspace/.derivedData/SDKStatCaches.noindex/xros27.0-24M361-e829b21a6f8c9b70876ba0858053c044735bd543db762f57723cac368afd1ce4.sdkstatcache -Xcc -fmodules-prune-interval\=86400 -Xcc -fmodules-prune-after\=345600 -Xcc -I/Users/admin/builder/spi-builder-workspace/.derivedData/Build/Products/Debug-xros/include -Xcc -I/Users/admin/builder/spi-builder-workspace/.derivedData/Build/Intermediates.noindex/swift-custom-dump.build/Debug-xros/CustomDump-t.build/DerivedSources-normal/arm64 -Xcc -I/Users/admin/builder/spi-builder-workspace/.derivedData/Build/Intermediates.noindex/swift-custom-dump.build/Debug-xros/CustomDump-t.build/DerivedSources/arm64 -Xcc -I/Users/admin/builder/spi-builder-workspace/.derivedData/Build/Intermediates.noindex/swift-custom-dump.build/Debug-xros/CustomDump-t.build/DerivedSources -Xcc -DSWIFT_PACKAGE -Xcc -DDEBUG\=1 -no-auto-bridging-header-chaining -module-name CustomDump -const-gather-protocols-file /Users/admin/builder/spi-builder-workspace/.derivedData/Build/Intermediates.noindex/swift-custom-dump.build/Debug-xros/CustomDump-t.build/Objects-normal/arm64/CustomDump_const_extract_protocols.json -disable-clang-spi -clang-target arm64-apple-xros27.0 -target-sdk-version 27.0 -target-sdk-name xros27.0 -in-process-plugin-server-path /Applications/Xcode-27.0.0-Release.Candidate.app/Contents/Developer/Toolchains/XcodeDefault.xctoolchain/usr/lib/swift/host/libSwiftInProcPluginServer.dylib -emit-module-doc-path /Users/admin/builder/spi-builder-workspace/.derivedData/Build/Intermediates.noindex/swift-custom-dump.build/Debug-xros/CustomDump-t.build/Objects-normal/arm64/CustomDump.swiftdoc -emit-module-source-info-path /Users/admin/builder/spi-builder-workspace/.derivedData/Build/Intermediates.noindex/swift-custom-dump.build/Debug-xros/CustomDump-t.build/Objects-normal/arm64/CustomDump.swiftsourceinfo -emit-objc-header-path /Users/admin/builder/spi-builder-workspace/.derivedData/Build/Intermediates.noindex/swift-custom-dump.build/Debug-xros/CustomDump-t.build/Objects-normal/arm64/CustomDump-Swift.h -serialize-diagnostics-path /Users/admin/builder/spi-builder-workspace/.derivedData/Build/Intermediates.noindex/swift-custom-dump.build/Debug-xros/CustomDump-t.build/Objects-normal/arm64/CustomDump-primary-emit-module.dia -emit-dependencies-path /Users/admin/builder/spi-builder-workspace/.derivedData/Build/Intermediates.noindex/swift-custom-dump.build/Debug-xros/CustomDump-t.build/Objects-normal/arm64/CustomDump-primary-emit-module.d -parse-as-library -o /Users/admin/builder/spi-builder-workspace/.derivedData/Build/Intermediates.noindex/swift-custom-dump.build/Debug-xros/CustomDump-t.build/Objects-normal/arm64/CustomDump.swiftmodule -emit-abi-descriptor-path /Users/admin/builder/spi-builder-workspace/.derivedData/Build/Intermediates.noindex/swift-custom-dump.build/Debug-xros/CustomDump-t.build/Objects-normal/arm64/CustomDump.abi.json
SwiftCompile normal arm64 Compiling\ Mirror.swift,\ String.swift /Users/admin/builder/spi-builder-workspace/.dependencies/checkouts/swift-custom-dump/Sources/CustomDump/Internal/Mirror.swift /Users/admin/builder/spi-builder-workspace/.dependencies/checkouts/swift-custom-dump/Sources/CustomDump/Internal/String.swift (in target 'CustomDump' from project 'swift-custom-dump')
SwiftCompile normal arm64 /Users/admin/builder/spi-builder-workspace/.dependencies/checkouts/swift-custom-dump/Sources/CustomDump/Internal/Mirror.swift (in target 'CustomDump' from project 'swift-custom-dump')
cd /Users/admin/builder/spi-builder-workspace/.swiftpm/xcode
builtin-SwiftPerFileCompile Mirror.swift
SwiftCompile normal arm64 /Users/admin/builder/spi-builder-workspace/.dependencies/checkouts/swift-custom-dump/Sources/CustomDump/Internal/String.swift (in target 'CustomDump' from project 'swift-custom-dump')
cd /Users/admin/builder/spi-builder-workspace/.swiftpm/xcode
builtin-SwiftPerFileCompile String.swift
SwiftCompile normal arm64 Compiling\ Unordered.swift,\ XCTAssertNoDifference.swift /Users/admin/builder/spi-builder-workspace/.dependencies/checkouts/swift-custom-dump/Sources/CustomDump/Internal/Unordered.swift /Users/admin/builder/spi-builder-workspace/.dependencies/checkouts/swift-custom-dump/Sources/CustomDump/XCTAssertNoDifference.swift (in target 'CustomDump' from project 'swift-custom-dump')
SwiftCompile normal arm64 /Users/admin/builder/spi-builder-workspace/.dependencies/checkouts/swift-custom-dump/Sources/CustomDump/Internal/Unordered.swift (in target 'CustomDump' from project 'swift-custom-dump')
cd /Users/admin/builder/spi-builder-workspace/.swiftpm/xcode
builtin-SwiftPerFileCompile Unordered.swift
SwiftCompile normal arm64 /Users/admin/builder/spi-builder-workspace/.dependencies/checkouts/swift-custom-dump/Sources/CustomDump/XCTAssertNoDifference.swift (in target 'CustomDump' from project 'swift-custom-dump')
cd /Users/admin/builder/spi-builder-workspace/.swiftpm/xcode
builtin-SwiftPerFileCompile XCTAssertNoDifference.swift
SwiftCompile normal arm64 Compiling\ Box.swift,\ CollectionDifference.swift /Users/admin/builder/spi-builder-workspace/.dependencies/checkouts/swift-custom-dump/Sources/CustomDump/Internal/Box.swift /Users/admin/builder/spi-builder-workspace/.dependencies/checkouts/swift-custom-dump/Sources/CustomDump/Internal/CollectionDifference.swift (in target 'CustomDump' from project 'swift-custom-dump')
SwiftCompile normal arm64 /Users/admin/builder/spi-builder-workspace/.dependencies/checkouts/swift-custom-dump/Sources/CustomDump/Internal/Box.swift (in target 'CustomDump' from project 'swift-custom-dump')
cd /Users/admin/builder/spi-builder-workspace/.swiftpm/xcode
builtin-SwiftPerFileCompile Box.swift
SwiftCompile normal arm64 /Users/admin/builder/spi-builder-workspace/.dependencies/checkouts/swift-custom-dump/Sources/CustomDump/Internal/CollectionDifference.swift (in target 'CustomDump' from project 'swift-custom-dump')
cd /Users/admin/builder/spi-builder-workspace/.swiftpm/xcode
builtin-SwiftPerFileCompile CollectionDifference.swift
SwiftCompile normal arm64 Compiling\ UserNotifications.swift,\ UserNotificationsUI.swift,\ CustomDumpReflectable.swift /Users/admin/builder/spi-builder-workspace/.dependencies/checkouts/swift-custom-dump/Sources/CustomDump/Conformances/UserNotifications.swift /Users/admin/builder/spi-builder-workspace/.dependencies/checkouts/swift-custom-dump/Sources/CustomDump/Conformances/UserNotificationsUI.swift /Users/admin/builder/spi-builder-workspace/.dependencies/checkouts/swift-custom-dump/Sources/CustomDump/CustomDumpReflectable.swift (in target 'CustomDump' from project 'swift-custom-dump')
SwiftCompile normal arm64 /Users/admin/builder/spi-builder-workspace/.dependencies/checkouts/swift-custom-dump/Sources/CustomDump/Conformances/UserNotifications.swift (in target 'CustomDump' from project 'swift-custom-dump')
cd /Users/admin/builder/spi-builder-workspace/.swiftpm/xcode
builtin-SwiftPerFileCompile UserNotifications.swift
SwiftCompile normal arm64 /Users/admin/builder/spi-builder-workspace/.dependencies/checkouts/swift-custom-dump/Sources/CustomDump/Conformances/UserNotificationsUI.swift (in target 'CustomDump' from project 'swift-custom-dump')
cd /Users/admin/builder/spi-builder-workspace/.swiftpm/xcode
builtin-SwiftPerFileCompile UserNotificationsUI.swift
SwiftCompile normal arm64 /Users/admin/builder/spi-builder-workspace/.dependencies/checkouts/swift-custom-dump/Sources/CustomDump/CustomDumpReflectable.swift (in target 'CustomDump' from project 'swift-custom-dump')
cd /Users/admin/builder/spi-builder-workspace/.swiftpm/xcode
builtin-SwiftPerFileCompile CustomDumpReflectable.swift
SwiftCompile normal arm64 Compiling\ Dump.swift,\ AnyType.swift /Users/admin/builder/spi-builder-workspace/.dependencies/checkouts/swift-custom-dump/Sources/CustomDump/Dump.swift /Users/admin/builder/spi-builder-workspace/.dependencies/checkouts/swift-custom-dump/Sources/CustomDump/Internal/AnyType.swift (in target 'CustomDump' from project 'swift-custom-dump')
SwiftCompile normal arm64 /Users/admin/builder/spi-builder-workspace/.dependencies/checkouts/swift-custom-dump/Sources/CustomDump/Dump.swift (in target 'CustomDump' from project 'swift-custom-dump')
cd /Users/admin/builder/spi-builder-workspace/.swiftpm/xcode
builtin-SwiftPerFileCompile Dump.swift
SwiftCompile normal arm64 /Users/admin/builder/spi-builder-workspace/.dependencies/checkouts/swift-custom-dump/Sources/CustomDump/Internal/AnyType.swift (in target 'CustomDump' from project 'swift-custom-dump')
cd /Users/admin/builder/spi-builder-workspace/.swiftpm/xcode
builtin-SwiftPerFileCompile AnyType.swift
SwiftCompile normal arm64 Compiling\ CustomDumpRepresentable.swift,\ CustomDumpStringConvertible.swift,\ Diff.swift /Users/admin/builder/spi-builder-workspace/.dependencies/checkouts/swift-custom-dump/Sources/CustomDump/CustomDumpRepresentable.swift /Users/admin/builder/spi-builder-workspace/.dependencies/checkouts/swift-custom-dump/Sources/CustomDump/CustomDumpStringConvertible.swift /Users/admin/builder/spi-builder-workspace/.dependencies/checkouts/swift-custom-dump/Sources/CustomDump/Diff.swift (in target 'CustomDump' from project 'swift-custom-dump')
SwiftCompile normal arm64 /Users/admin/builder/spi-builder-workspace/.dependencies/checkouts/swift-custom-dump/Sources/CustomDump/CustomDumpRepresentable.swift (in target 'CustomDump' from project 'swift-custom-dump')
cd /Users/admin/builder/spi-builder-workspace/.swiftpm/xcode
builtin-SwiftPerFileCompile CustomDumpRepresentable.swift
SwiftCompile normal arm64 /Users/admin/builder/spi-builder-workspace/.dependencies/checkouts/swift-custom-dump/Sources/CustomDump/CustomDumpStringConvertible.swift (in target 'CustomDump' from project 'swift-custom-dump')
cd /Users/admin/builder/spi-builder-workspace/.swiftpm/xcode
builtin-SwiftPerFileCompile CustomDumpStringConvertible.swift
SwiftCompile normal arm64 /Users/admin/builder/spi-builder-workspace/.dependencies/checkouts/swift-custom-dump/Sources/CustomDump/Diff.swift (in target 'CustomDump' from project 'swift-custom-dump')
cd /Users/admin/builder/spi-builder-workspace/.swiftpm/xcode
builtin-SwiftPerFileCompile Diff.swift
SwiftCompile normal arm64 Compiling\ Photos.swift,\ Speech.swift,\ StoreKit.swift /Users/admin/builder/spi-builder-workspace/.dependencies/checkouts/swift-custom-dump/Sources/CustomDump/Conformances/Photos.swift /Users/admin/builder/spi-builder-workspace/.dependencies/checkouts/swift-custom-dump/Sources/CustomDump/Conformances/Speech.swift /Users/admin/builder/spi-builder-workspace/.dependencies/checkouts/swift-custom-dump/Sources/CustomDump/Conformances/StoreKit.swift (in target 'CustomDump' from project 'swift-custom-dump')
SwiftCompile normal arm64 /Users/admin/builder/spi-builder-workspace/.dependencies/checkouts/swift-custom-dump/Sources/CustomDump/Conformances/Photos.swift (in target 'CustomDump' from project 'swift-custom-dump')
cd /Users/admin/builder/spi-builder-workspace/.swiftpm/xcode
builtin-SwiftPerFileCompile Photos.swift
SwiftCompile normal arm64 /Users/admin/builder/spi-builder-workspace/.dependencies/checkouts/swift-custom-dump/Sources/CustomDump/Conformances/Speech.swift (in target 'CustomDump' from project 'swift-custom-dump')
cd /Users/admin/builder/spi-builder-workspace/.swiftpm/xcode
builtin-SwiftPerFileCompile Speech.swift
SwiftCompile normal arm64 /Users/admin/builder/spi-builder-workspace/.dependencies/checkouts/swift-custom-dump/Sources/CustomDump/Conformances/StoreKit.swift (in target 'CustomDump' from project 'swift-custom-dump')
cd /Users/admin/builder/spi-builder-workspace/.swiftpm/xcode
builtin-SwiftPerFileCompile StoreKit.swift
SwiftEmitModule normal arm64 Emitting\ module\ for\ CombineSchedulers (in target 'CombineSchedulers' from project 'combine-schedulers')
SwiftCompile normal arm64 (in target 'CombineSchedulers' from project 'combine-schedulers')
cd /Users/admin/builder/spi-builder-workspace/.swiftpm/xcode
SwiftEmitModule normal arm64 Emitting\ module\ for\ Clocks (in target 'Clocks' from project 'swift-clocks')
SwiftCompile normal arm64 (in target 'Clocks' from project 'swift-clocks')
cd /Users/admin/builder/spi-builder-workspace/.swiftpm/xcode
SwiftCompile normal arm64 Compiling\ Swift.swift,\ SwiftUI.swift,\ UIKit.swift /Users/admin/builder/spi-builder-workspace/.dependencies/checkouts/swift-custom-dump/Sources/CustomDump/Conformances/Swift.swift /Users/admin/builder/spi-builder-workspace/.dependencies/checkouts/swift-custom-dump/Sources/CustomDump/Conformances/SwiftUI.swift /Users/admin/builder/spi-builder-workspace/.dependencies/checkouts/swift-custom-dump/Sources/CustomDump/Conformances/UIKit.swift (in target 'CustomDump' from project 'swift-custom-dump')
SwiftCompile normal arm64 /Users/admin/builder/spi-builder-workspace/.dependencies/checkouts/swift-custom-dump/Sources/CustomDump/Conformances/Swift.swift (in target 'CustomDump' from project 'swift-custom-dump')
cd /Users/admin/builder/spi-builder-workspace/.swiftpm/xcode
builtin-SwiftPerFileCompile Swift.swift
SwiftCompile normal arm64 /Users/admin/builder/spi-builder-workspace/.dependencies/checkouts/swift-custom-dump/Sources/CustomDump/Conformances/SwiftUI.swift (in target 'CustomDump' from project 'swift-custom-dump')
cd /Users/admin/builder/spi-builder-workspace/.swiftpm/xcode
builtin-SwiftPerFileCompile SwiftUI.swift
SwiftCompile normal arm64 /Users/admin/builder/spi-builder-workspace/.dependencies/checkouts/swift-custom-dump/Sources/CustomDump/Conformances/UIKit.swift (in target 'CustomDump' from project 'swift-custom-dump')
cd /Users/admin/builder/spi-builder-workspace/.swiftpm/xcode
builtin-SwiftPerFileCompile UIKit.swift
SwiftDriverJobDiscovery normal arm64 Compiling Unordered.swift, XCTAssertNoDifference.swift (in target 'CustomDump' from project 'swift-custom-dump')
SwiftCompile normal arm64 Compiling\ Foundation.swift,\ GameKit.swift,\ KeyPath.swift /Users/admin/builder/spi-builder-workspace/.dependencies/checkouts/swift-custom-dump/Sources/CustomDump/Conformances/Foundation.swift /Users/admin/builder/spi-builder-workspace/.dependencies/checkouts/swift-custom-dump/Sources/CustomDump/Conformances/GameKit.swift /Users/admin/builder/spi-builder-workspace/.dependencies/checkouts/swift-custom-dump/Sources/CustomDump/Conformances/KeyPath.swift (in target 'CustomDump' from project 'swift-custom-dump')
SwiftCompile normal arm64 /Users/admin/builder/spi-builder-workspace/.dependencies/checkouts/swift-custom-dump/Sources/CustomDump/Conformances/Foundation.swift (in target 'CustomDump' from project 'swift-custom-dump')
cd /Users/admin/builder/spi-builder-workspace/.swiftpm/xcode
builtin-SwiftPerFileCompile Foundation.swift
SwiftCompile normal arm64 /Users/admin/builder/spi-builder-workspace/.dependencies/checkouts/swift-custom-dump/Sources/CustomDump/Conformances/GameKit.swift (in target 'CustomDump' from project 'swift-custom-dump')
cd /Users/admin/builder/spi-builder-workspace/.swiftpm/xcode
builtin-SwiftPerFileCompile GameKit.swift
SwiftCompile normal arm64 /Users/admin/builder/spi-builder-workspace/.dependencies/checkouts/swift-custom-dump/Sources/CustomDump/Conformances/KeyPath.swift (in target 'CustomDump' from project 'swift-custom-dump')
cd /Users/admin/builder/spi-builder-workspace/.swiftpm/xcode
builtin-SwiftPerFileCompile KeyPath.swift
SwiftDriverJobDiscovery normal arm64 Emitting module for Clocks (in target 'Clocks' from project 'swift-clocks')
SwiftDriver\ Compilation\ Requirements Clocks normal arm64 com.apple.xcode.tools.swift.compiler (in target 'Clocks' from project 'swift-clocks')
cd /Users/admin/builder/spi-builder-workspace/.swiftpm/xcode
builtin-Swift-Compilation-Requirements -- /Applications/Xcode-27.0.0-Release.Candidate.app/Contents/Developer/Toolchains/XcodeDefault.xctoolchain/usr/bin/swiftc -parse-as-library -module-name Clocks -Onone @/Users/admin/builder/spi-builder-workspace/.derivedData/Build/Intermediates.noindex/swift-clocks.build/Debug-xros/Clocks-t.build/Objects-normal/arm64/Clocks.SwiftFileList -DSWIFT_PACKAGE -DDEBUG -DSWIFT_MODULE_RESOURCE_BUNDLE_UNAVAILABLE -DXcode -plugin-path /Applications/Xcode-27.0.0-Release.Candidate.app/Contents/Developer/Toolchains/XcodeDefault.xctoolchain/usr/lib/swift/host/plugins/testing -enable-experimental-feature DebugDescriptionMacro -sdk /Applications/Xcode-27.0.0-Release.Candidate.app/Contents/Developer/Platforms/XROS.platform/Developer/SDKs/XROS27.0.sdk -target arm64-apple-xros1.0 -g -module-cache-path /Users/admin/builder/spi-builder-workspace/.derivedData/ModuleCache.noindex -Xfrontend -serialize-debugging-options -profile-coverage-mapping -profile-generate -enable-testing -suppress-warnings -index-store-path /Users/admin/builder/spi-builder-workspace/.derivedData/Index.noindex/DataStore -Xcc -D_LIBCPP_HARDENING_MODE\=_LIBCPP_HARDENING_MODE_DEBUG -swift-version 5 -I /Users/admin/builder/spi-builder-workspace/.derivedData/Build/Products/Debug-xros -Isystem /Applications/Xcode-27.0.0-Release.Candidate.app/Contents/Developer/Platforms/XROS.platform/Developer/usr/lib -F /Users/admin/builder/spi-builder-workspace/.derivedData/Build/Products/Debug-xros/PackageFrameworks -F /Users/admin/builder/spi-builder-workspace/.derivedData/Build/Products/Debug-xros -F /Applications/Xcode-27.0.0-Release.Candidate.app/Contents/Developer/Platforms/XROS.platform/Developer/Library/Frameworks -F /Applications/Xcode-27.0.0-Release.Candidate.app/Contents/Developer/Platforms/XROS.platform/Developer/SDKs/XROS27.0.sdk/Developer/Library/Frameworks -c -j10 -enable-batch-mode -incremental -Xcc -ivfsstatcache -Xcc /Users/admin/builder/spi-builder-workspace/.derivedData/SDKStatCaches.noindex/xros27.0-24M361-e829b21a6f8c9b70876ba0858053c044735bd543db762f57723cac368afd1ce4.sdkstatcache -output-file-map /Users/admin/builder/spi-builder-workspace/.derivedData/Build/Intermediates.noindex/swift-clocks.build/Debug-xros/Clocks-t.build/Objects-normal/arm64/Clocks-OutputFileMap.json -save-temps -no-color-diagnostics -explicit-module-build -module-cache-path /Users/admin/builder/spi-builder-workspace/.derivedData/Build/Intermediates.noindex/SwiftExplicitPrecompiledModules -clang-scanner-module-cache-path /Users/admin/builder/spi-builder-workspace/.derivedData/ModuleCache.noindex -sdk-module-cache-path /Users/admin/builder/spi-builder-workspace/.derivedData/SDKExplicitPrecompiledModules -emit-dependencies -emit-module -emit-module-path /Users/admin/builder/spi-builder-workspace/.derivedData/Build/Intermediates.noindex/swift-clocks.build/Debug-xros/Clocks-t.build/Objects-normal/arm64/Clocks.swiftmodule -serialize-diagnostics -dependency-scan-serialize-diagnostics-path /Users/admin/builder/spi-builder-workspace/.derivedData/Build/Intermediates.noindex/swift-clocks.build/Debug-xros/Clocks-t.build/Objects-normal/arm64/Clocks-dependency-scan.dia -validate-clang-modules-once -clang-build-session-file /Users/admin/builder/spi-builder-workspace/.derivedData/ModuleCache.noindex/Session.modulevalidation -Xcc -fmodules-prune-interval\=86400 -Xcc -fmodules-prune-after\=345600 -emit-const-values -const-gather-protocols-list /Users/admin/builder/spi-builder-workspace/.derivedData/Build/Intermediates.noindex/swift-clocks.build/Debug-xros/Clocks-t.build/Objects-normal/arm64/Clocks_const_extract_protocols.json -Xcc -I/Users/admin/builder/spi-builder-workspace/.derivedData/Build/Products/Debug-xros/include -Xcc -I/Users/admin/builder/spi-builder-workspace/.derivedData/Build/Intermediates.noindex/swift-clocks.build/Debug-xros/Clocks-t.build/DerivedSources-normal/arm64 -Xcc -I/Users/admin/builder/spi-builder-workspace/.derivedData/Build/Intermediates.noindex/swift-clocks.build/Debug-xros/Clocks-t.build/DerivedSources/arm64 -Xcc -I/Users/admin/builder/spi-builder-workspace/.derivedData/Build/Intermediates.noindex/swift-clocks.build/Debug-xros/Clocks-t.build/DerivedSources -Xcc -DSWIFT_PACKAGE -Xcc -DDEBUG\=1 -emit-objc-header -emit-objc-header-path /Users/admin/builder/spi-builder-workspace/.derivedData/Build/Intermediates.noindex/swift-clocks.build/Debug-xros/Clocks-t.build/Objects-normal/arm64/Clocks-Swift.h -working-directory /Users/admin/builder/spi-builder-workspace/.swiftpm/xcode -experimental-emit-module-separately -disable-cmo
SwiftDriverJobDiscovery normal arm64 Compiling Box.swift, CollectionDifference.swift (in target 'CustomDump' from project 'swift-custom-dump')
SwiftCompile normal arm64 Compiling\ CoreImage.swift,\ CoreLocation.swift,\ CoreMotion.swift /Users/admin/builder/spi-builder-workspace/.dependencies/checkouts/swift-custom-dump/Sources/CustomDump/Conformances/CoreImage.swift /Users/admin/builder/spi-builder-workspace/.dependencies/checkouts/swift-custom-dump/Sources/CustomDump/Conformances/CoreLocation.swift /Users/admin/builder/spi-builder-workspace/.dependencies/checkouts/swift-custom-dump/Sources/CustomDump/Conformances/CoreMotion.swift (in target 'CustomDump' from project 'swift-custom-dump')
SwiftCompile normal arm64 /Users/admin/builder/spi-builder-workspace/.dependencies/checkouts/swift-custom-dump/Sources/CustomDump/Conformances/CoreImage.swift (in target 'CustomDump' from project 'swift-custom-dump')
cd /Users/admin/builder/spi-builder-workspace/.swiftpm/xcode
builtin-SwiftPerFileCompile CoreImage.swift
SwiftCompile normal arm64 /Users/admin/builder/spi-builder-workspace/.dependencies/checkouts/swift-custom-dump/Sources/CustomDump/Conformances/CoreLocation.swift (in target 'CustomDump' from project 'swift-custom-dump')
cd /Users/admin/builder/spi-builder-workspace/.swiftpm/xcode
builtin-SwiftPerFileCompile CoreLocation.swift
SwiftCompile normal arm64 /Users/admin/builder/spi-builder-workspace/.dependencies/checkouts/swift-custom-dump/Sources/CustomDump/Conformances/CoreMotion.swift (in target 'CustomDump' from project 'swift-custom-dump')
cd /Users/admin/builder/spi-builder-workspace/.swiftpm/xcode
builtin-SwiftPerFileCompile CoreMotion.swift
SwiftCompile normal arm64 Compiling\ TestScheduler.swift /Users/admin/builder/spi-builder-workspace/.dependencies/checkouts/combine-schedulers/Sources/CombineSchedulers/TestScheduler.swift (in target 'CombineSchedulers' from project 'combine-schedulers')
SwiftCompile normal arm64 /Users/admin/builder/spi-builder-workspace/.dependencies/checkouts/combine-schedulers/Sources/CombineSchedulers/TestScheduler.swift (in target 'CombineSchedulers' from project 'combine-schedulers')
cd /Users/admin/builder/spi-builder-workspace/.swiftpm/xcode
builtin-SwiftPerFileCompile TestScheduler.swift
SwiftDriverJobDiscovery normal arm64 Compiling Mirror.swift, String.swift (in target 'CustomDump' from project 'swift-custom-dump')
SwiftMergeGeneratedHeaders /Users/admin/builder/spi-builder-workspace/.derivedData/Build/Intermediates.noindex/GeneratedModuleMaps-xros/Clocks-Swift.h /Users/admin/builder/spi-builder-workspace/.derivedData/Build/Intermediates.noindex/swift-clocks.build/Debug-xros/Clocks-t.build/Objects-normal/arm64/Clocks-Swift.h (in target 'Clocks' from project 'swift-clocks')
cd /Users/admin/builder/spi-builder-workspace/.dependencies/checkouts/swift-clocks
builtin-swiftHeaderTool -arch arm64 /Users/admin/builder/spi-builder-workspace/.derivedData/Build/Intermediates.noindex/swift-clocks.build/Debug-xros/Clocks-t.build/Objects-normal/arm64/Clocks-Swift.h -o /Users/admin/builder/spi-builder-workspace/.derivedData/Build/Intermediates.noindex/GeneratedModuleMaps-xros/Clocks-Swift.h
SwiftDriverJobDiscovery normal arm64 Emitting module for CombineSchedulers (in target 'CombineSchedulers' from project 'combine-schedulers')
SwiftDriver\ Compilation\ Requirements CombineSchedulers normal arm64 com.apple.xcode.tools.swift.compiler (in target 'CombineSchedulers' from project 'combine-schedulers')
cd /Users/admin/builder/spi-builder-workspace/.swiftpm/xcode
builtin-Swift-Compilation-Requirements -- /Applications/Xcode-27.0.0-Release.Candidate.app/Contents/Developer/Toolchains/XcodeDefault.xctoolchain/usr/bin/swiftc -parse-as-library -module-name CombineSchedulers -Onone @/Users/admin/builder/spi-builder-workspace/.derivedData/Build/Intermediates.noindex/combine-schedulers.build/Debug-xros/CombineSchedulers-t.build/Objects-normal/arm64/CombineSchedulers.SwiftFileList -DSWIFT_PACKAGE -DDEBUG -DSWIFT_MODULE_RESOURCE_BUNDLE_UNAVAILABLE -DXcode -plugin-path /Applications/Xcode-27.0.0-Release.Candidate.app/Contents/Developer/Toolchains/XcodeDefault.xctoolchain/usr/lib/swift/host/plugins/testing -enable-experimental-feature DebugDescriptionMacro -sdk /Applications/Xcode-27.0.0-Release.Candidate.app/Contents/Developer/Platforms/XROS.platform/Developer/SDKs/XROS27.0.sdk -target arm64-apple-xros1.0 -g -module-cache-path /Users/admin/builder/spi-builder-workspace/.derivedData/ModuleCache.noindex -Xfrontend -serialize-debugging-options -profile-coverage-mapping -profile-generate -enable-testing -suppress-warnings -index-store-path /Users/admin/builder/spi-builder-workspace/.derivedData/Index.noindex/DataStore -Xcc -D_LIBCPP_HARDENING_MODE\=_LIBCPP_HARDENING_MODE_DEBUG -swift-version 5 -I /Users/admin/builder/spi-builder-workspace/.derivedData/Build/Products/Debug-xros -Isystem /Applications/Xcode-27.0.0-Release.Candidate.app/Contents/Developer/Platforms/XROS.platform/Developer/usr/lib -F /Users/admin/builder/spi-builder-workspace/.derivedData/Build/Products/Debug-xros/PackageFrameworks -F /Users/admin/builder/spi-builder-workspace/.derivedData/Build/Products/Debug-xros -F /Applications/Xcode-27.0.0-Release.Candidate.app/Contents/Developer/Platforms/XROS.platform/Developer/Library/Frameworks -F /Applications/Xcode-27.0.0-Release.Candidate.app/Contents/Developer/Platforms/XROS.platform/Developer/SDKs/XROS27.0.sdk/Developer/Library/Frameworks -c -j10 -enable-batch-mode -incremental -Xcc -ivfsstatcache -Xcc /Users/admin/builder/spi-builder-workspace/.derivedData/SDKStatCaches.noindex/xros27.0-24M361-e829b21a6f8c9b70876ba0858053c044735bd543db762f57723cac368afd1ce4.sdkstatcache -output-file-map /Users/admin/builder/spi-builder-workspace/.derivedData/Build/Intermediates.noindex/combine-schedulers.build/Debug-xros/CombineSchedulers-t.build/Objects-normal/arm64/CombineSchedulers-OutputFileMap.json -save-temps -no-color-diagnostics -explicit-module-build -module-cache-path /Users/admin/builder/spi-builder-workspace/.derivedData/Build/Intermediates.noindex/SwiftExplicitPrecompiledModules -clang-scanner-module-cache-path /Users/admin/builder/spi-builder-workspace/.derivedData/ModuleCache.noindex -sdk-module-cache-path /Users/admin/builder/spi-builder-workspace/.derivedData/SDKExplicitPrecompiledModules -emit-dependencies -emit-module -emit-module-path /Users/admin/builder/spi-builder-workspace/.derivedData/Build/Intermediates.noindex/combine-schedulers.build/Debug-xros/CombineSchedulers-t.build/Objects-normal/arm64/CombineSchedulers.swiftmodule -serialize-diagnostics -dependency-scan-serialize-diagnostics-path /Users/admin/builder/spi-builder-workspace/.derivedData/Build/Intermediates.noindex/combine-schedulers.build/Debug-xros/CombineSchedulers-t.build/Objects-normal/arm64/CombineSchedulers-dependency-scan.dia -validate-clang-modules-once -clang-build-session-file /Users/admin/builder/spi-builder-workspace/.derivedData/ModuleCache.noindex/Session.modulevalidation -Xcc -fmodules-prune-interval\=86400 -Xcc -fmodules-prune-after\=345600 -emit-const-values -const-gather-protocols-list /Users/admin/builder/spi-builder-workspace/.derivedData/Build/Intermediates.noindex/combine-schedulers.build/Debug-xros/CombineSchedulers-t.build/Objects-normal/arm64/CombineSchedulers_const_extract_protocols.json -Xcc -I/Users/admin/builder/spi-builder-workspace/.derivedData/Build/Products/Debug-xros/include -Xcc -I/Users/admin/builder/spi-builder-workspace/.derivedData/Build/Intermediates.noindex/combine-schedulers.build/Debug-xros/CombineSchedulers-t.build/DerivedSources-normal/arm64 -Xcc -I/Users/admin/builder/spi-builder-workspace/.derivedData/Build/Intermediates.noindex/combine-schedulers.build/Debug-xros/CombineSchedulers-t.build/DerivedSources/arm64 -Xcc -I/Users/admin/builder/spi-builder-workspace/.derivedData/Build/Intermediates.noindex/combine-schedulers.build/Debug-xros/CombineSchedulers-t.build/DerivedSources -Xcc -DSWIFT_PACKAGE -Xcc -DDEBUG\=1 -emit-objc-header -emit-objc-header-path /Users/admin/builder/spi-builder-workspace/.derivedData/Build/Intermediates.noindex/combine-schedulers.build/Debug-xros/CombineSchedulers-t.build/Objects-normal/arm64/CombineSchedulers-Swift.h -working-directory /Users/admin/builder/spi-builder-workspace/.swiftpm/xcode -experimental-emit-module-separately -disable-cmo
Copy /Users/admin/builder/spi-builder-workspace/.derivedData/Build/Products/Debug-xros/Clocks.swiftmodule/arm64-apple-xros.swiftmodule /Users/admin/builder/spi-builder-workspace/.derivedData/Build/Intermediates.noindex/swift-clocks.build/Debug-xros/Clocks-t.build/Objects-normal/arm64/Clocks.swiftmodule (in target 'Clocks' from project 'swift-clocks')
cd /Users/admin/builder/spi-builder-workspace/.dependencies/checkouts/swift-clocks
builtin-copy -exclude .DS_Store -exclude CVS -exclude .svn -exclude .git -exclude .hg -resolve-src-symlinks -rename /Users/admin/builder/spi-builder-workspace/.derivedData/Build/Intermediates.noindex/swift-clocks.build/Debug-xros/Clocks-t.build/Objects-normal/arm64/Clocks.swiftmodule /Users/admin/builder/spi-builder-workspace/.derivedData/Build/Products/Debug-xros/Clocks.swiftmodule/arm64-apple-xros.swiftmodule
SwiftMergeGeneratedHeaders /Users/admin/builder/spi-builder-workspace/.derivedData/Build/Intermediates.noindex/GeneratedModuleMaps-xros/CombineSchedulers-Swift.h /Users/admin/builder/spi-builder-workspace/.derivedData/Build/Intermediates.noindex/combine-schedulers.build/Debug-xros/CombineSchedulers-t.build/Objects-normal/arm64/CombineSchedulers-Swift.h (in target 'CombineSchedulers' from project 'combine-schedulers')
cd /Users/admin/builder/spi-builder-workspace/.dependencies/checkouts/combine-schedulers
builtin-swiftHeaderTool -arch arm64 /Users/admin/builder/spi-builder-workspace/.derivedData/Build/Intermediates.noindex/combine-schedulers.build/Debug-xros/CombineSchedulers-t.build/Objects-normal/arm64/CombineSchedulers-Swift.h -o /Users/admin/builder/spi-builder-workspace/.derivedData/Build/Intermediates.noindex/GeneratedModuleMaps-xros/CombineSchedulers-Swift.h
Copy /Users/admin/builder/spi-builder-workspace/.derivedData/Build/Products/Debug-xros/CombineSchedulers.swiftmodule/arm64-apple-xros.swiftmodule /Users/admin/builder/spi-builder-workspace/.derivedData/Build/Intermediates.noindex/combine-schedulers.build/Debug-xros/CombineSchedulers-t.build/Objects-normal/arm64/CombineSchedulers.swiftmodule (in target 'CombineSchedulers' from project 'combine-schedulers')
cd /Users/admin/builder/spi-builder-workspace/.dependencies/checkouts/combine-schedulers
builtin-copy -exclude .DS_Store -exclude CVS -exclude .svn -exclude .git -exclude .hg -resolve-src-symlinks -rename /Users/admin/builder/spi-builder-workspace/.derivedData/Build/Intermediates.noindex/combine-schedulers.build/Debug-xros/CombineSchedulers-t.build/Objects-normal/arm64/CombineSchedulers.swiftmodule /Users/admin/builder/spi-builder-workspace/.derivedData/Build/Products/Debug-xros/CombineSchedulers.swiftmodule/arm64-apple-xros.swiftmodule
Copy /Users/admin/builder/spi-builder-workspace/.derivedData/Build/Products/Debug-xros/CombineSchedulers.swiftmodule/arm64-apple-xros.swiftdoc /Users/admin/builder/spi-builder-workspace/.derivedData/Build/Intermediates.noindex/combine-schedulers.build/Debug-xros/CombineSchedulers-t.build/Objects-normal/arm64/CombineSchedulers.swiftdoc (in target 'CombineSchedulers' from project 'combine-schedulers')
cd /Users/admin/builder/spi-builder-workspace/.dependencies/checkouts/combine-schedulers
builtin-copy -exclude .DS_Store -exclude CVS -exclude .svn -exclude .git -exclude .hg -resolve-src-symlinks -rename /Users/admin/builder/spi-builder-workspace/.derivedData/Build/Intermediates.noindex/combine-schedulers.build/Debug-xros/CombineSchedulers-t.build/Objects-normal/arm64/CombineSchedulers.swiftdoc /Users/admin/builder/spi-builder-workspace/.derivedData/Build/Products/Debug-xros/CombineSchedulers.swiftmodule/arm64-apple-xros.swiftdoc
Copy /Users/admin/builder/spi-builder-workspace/.derivedData/Build/Products/Debug-xros/CombineSchedulers.swiftmodule/arm64-apple-xros.abi.json /Users/admin/builder/spi-builder-workspace/.derivedData/Build/Intermediates.noindex/combine-schedulers.build/Debug-xros/CombineSchedulers-t.build/Objects-normal/arm64/CombineSchedulers.abi.json (in target 'CombineSchedulers' from project 'combine-schedulers')
cd /Users/admin/builder/spi-builder-workspace/.dependencies/checkouts/combine-schedulers
builtin-copy -exclude .DS_Store -exclude CVS -exclude .svn -exclude .git -exclude .hg -resolve-src-symlinks -rename /Users/admin/builder/spi-builder-workspace/.derivedData/Build/Intermediates.noindex/combine-schedulers.build/Debug-xros/CombineSchedulers-t.build/Objects-normal/arm64/CombineSchedulers.abi.json /Users/admin/builder/spi-builder-workspace/.derivedData/Build/Products/Debug-xros/CombineSchedulers.swiftmodule/arm64-apple-xros.abi.json
Copy /Users/admin/builder/spi-builder-workspace/.derivedData/Build/Products/Debug-xros/CombineSchedulers.swiftmodule/Project/arm64-apple-xros.swiftsourceinfo /Users/admin/builder/spi-builder-workspace/.derivedData/Build/Intermediates.noindex/combine-schedulers.build/Debug-xros/CombineSchedulers-t.build/Objects-normal/arm64/CombineSchedulers.swiftsourceinfo (in target 'CombineSchedulers' from project 'combine-schedulers')
cd /Users/admin/builder/spi-builder-workspace/.dependencies/checkouts/combine-schedulers
builtin-copy -exclude .DS_Store -exclude CVS -exclude .svn -exclude .git -exclude .hg -resolve-src-symlinks -rename /Users/admin/builder/spi-builder-workspace/.derivedData/Build/Intermediates.noindex/combine-schedulers.build/Debug-xros/CombineSchedulers-t.build/Objects-normal/arm64/CombineSchedulers.swiftsourceinfo /Users/admin/builder/spi-builder-workspace/.derivedData/Build/Products/Debug-xros/CombineSchedulers.swiftmodule/Project/arm64-apple-xros.swiftsourceinfo
Copy /Users/admin/builder/spi-builder-workspace/.derivedData/Build/Products/Debug-xros/Clocks.swiftmodule/arm64-apple-xros.swiftdoc /Users/admin/builder/spi-builder-workspace/.derivedData/Build/Intermediates.noindex/swift-clocks.build/Debug-xros/Clocks-t.build/Objects-normal/arm64/Clocks.swiftdoc (in target 'Clocks' from project 'swift-clocks')
cd /Users/admin/builder/spi-builder-workspace/.dependencies/checkouts/swift-clocks
builtin-copy -exclude .DS_Store -exclude CVS -exclude .svn -exclude .git -exclude .hg -resolve-src-symlinks -rename /Users/admin/builder/spi-builder-workspace/.derivedData/Build/Intermediates.noindex/swift-clocks.build/Debug-xros/Clocks-t.build/Objects-normal/arm64/Clocks.swiftdoc /Users/admin/builder/spi-builder-workspace/.derivedData/Build/Products/Debug-xros/Clocks.swiftmodule/arm64-apple-xros.swiftdoc
Copy /Users/admin/builder/spi-builder-workspace/.derivedData/Build/Products/Debug-xros/Clocks.swiftmodule/arm64-apple-xros.abi.json /Users/admin/builder/spi-builder-workspace/.derivedData/Build/Intermediates.noindex/swift-clocks.build/Debug-xros/Clocks-t.build/Objects-normal/arm64/Clocks.abi.json (in target 'Clocks' from project 'swift-clocks')
cd /Users/admin/builder/spi-builder-workspace/.dependencies/checkouts/swift-clocks
builtin-copy -exclude .DS_Store -exclude CVS -exclude .svn -exclude .git -exclude .hg -resolve-src-symlinks -rename /Users/admin/builder/spi-builder-workspace/.derivedData/Build/Intermediates.noindex/swift-clocks.build/Debug-xros/Clocks-t.build/Objects-normal/arm64/Clocks.abi.json /Users/admin/builder/spi-builder-workspace/.derivedData/Build/Products/Debug-xros/Clocks.swiftmodule/arm64-apple-xros.abi.json
Copy /Users/admin/builder/spi-builder-workspace/.derivedData/Build/Products/Debug-xros/Clocks.swiftmodule/Project/arm64-apple-xros.swiftsourceinfo /Users/admin/builder/spi-builder-workspace/.derivedData/Build/Intermediates.noindex/swift-clocks.build/Debug-xros/Clocks-t.build/Objects-normal/arm64/Clocks.swiftsourceinfo (in target 'Clocks' from project 'swift-clocks')
cd /Users/admin/builder/spi-builder-workspace/.dependencies/checkouts/swift-clocks
builtin-copy -exclude .DS_Store -exclude CVS -exclude .svn -exclude .git -exclude .hg -resolve-src-symlinks -rename /Users/admin/builder/spi-builder-workspace/.derivedData/Build/Intermediates.noindex/swift-clocks.build/Debug-xros/Clocks-t.build/Objects-normal/arm64/Clocks.swiftsourceinfo /Users/admin/builder/spi-builder-workspace/.derivedData/Build/Products/Debug-xros/Clocks.swiftmodule/Project/arm64-apple-xros.swiftsourceinfo
SwiftCompile normal arm64 Compiling\ Timer.swift /Users/admin/builder/spi-builder-workspace/.dependencies/checkouts/combine-schedulers/Sources/CombineSchedulers/Timer.swift (in target 'CombineSchedulers' from project 'combine-schedulers')
SwiftCompile normal arm64 /Users/admin/builder/spi-builder-workspace/.dependencies/checkouts/combine-schedulers/Sources/CombineSchedulers/Timer.swift (in target 'CombineSchedulers' from project 'combine-schedulers')
cd /Users/admin/builder/spi-builder-workspace/.swiftpm/xcode
builtin-SwiftPerFileCompile Timer.swift
SwiftCompile normal arm64 Compiling\ SwiftUI.swift /Users/admin/builder/spi-builder-workspace/.dependencies/checkouts/combine-schedulers/Sources/CombineSchedulers/SwiftUI.swift (in target 'CombineSchedulers' from project 'combine-schedulers')
SwiftCompile normal arm64 /Users/admin/builder/spi-builder-workspace/.dependencies/checkouts/combine-schedulers/Sources/CombineSchedulers/SwiftUI.swift (in target 'CombineSchedulers' from project 'combine-schedulers')
cd /Users/admin/builder/spi-builder-workspace/.swiftpm/xcode
builtin-SwiftPerFileCompile SwiftUI.swift
PruneExplicitPrecompiledModules /Users/admin/builder/spi-builder-workspace/.derivedData/SDKExplicitPrecompiledModules
PruneExplicitPrecompiledModules /Users/admin/builder/spi-builder-workspace/.derivedData/Build/Intermediates.noindex/SwiftExplicitPrecompiledModules
PruneExplicitPrecompiledModules /Users/admin/builder/spi-builder-workspace/.derivedData/Build/Intermediates.noindex/ExplicitPrecompiledModules
2026-09-19 11:27:48.070 xcodebuild[1065:6127] [MT] IDERunDestination: Supported platforms for the buildables in the current scheme is empty.
2026-09-19 11:27:48.171 xcodebuild[1065:6127] [MT] IDERunDestination: Supported platforms for the buildables in the current scheme is empty.
** BUILD FAILED **
The following build commands failed:
SwiftCompile normal arm64 (in target 'CustomDump' from project 'swift-custom-dump')
SwiftEmitModule normal arm64 Emitting\ module\ for\ CustomDump (in target 'CustomDump' from project 'swift-custom-dump')
Building workspace composable-core-location with scheme composable-core-location
(3 failures)
Command line invocation:
/Applications/Xcode-27.0.0-Release.Candidate.app/Contents/Developer/usr/bin/xcodebuild -IDEClonedSourcePackagesDirPathOverride=/Users/admin/builder/spi-builder-workspace/.dependencies -resolvePackageDependencies
Resolve Package Graph
Resolved source packages:
swift-dependencies: https://github.com/pointfreeco/swift-dependencies @ 0.6.0
swift-composable-architecture: https://github.com/pointfreeco/swift-composable-architecture @ 0.59.0
xctest-dynamic-overlay: https://github.com/pointfreeco/xctest-dynamic-overlay @ 0.9.0
swift-case-paths: https://github.com/pointfreeco/swift-case-paths @ 0.14.1
swift-custom-dump: https://github.com/pointfreeco/swift-custom-dump @ 0.11.2
combine-schedulers: https://github.com/pointfreeco/combine-schedulers @ 0.11.0
swift-identified-collections: https://github.com/pointfreeco/swift-identified-collections @ 0.8.0
composable-core-location: /Users/admin/builder/spi-builder-workspace
swift-concurrency-extras: https://github.com/pointfreeco/swift-concurrency-extras @ 0.1.2
swiftui-navigation: https://github.com/pointfreeco/swiftui-navigation @ 0.8.0
swift-collections: https://github.com/apple/swift-collections @ 1.6.0
swift-clocks: https://github.com/pointfreeco/swift-clocks @ 0.4.0
resolved source packages: swift-dependencies, swift-composable-architecture, xctest-dynamic-overlay, swift-case-paths, swift-custom-dump, combine-schedulers, swift-identified-collections, composable-core-location, swift-concurrency-extras, swiftui-navigation, swift-collections, swift-clocks
2026-09-19 11:28:05.439 xcodebuild[1417:7855] [MT] IDERunDestination: Supported platforms for the buildables in the current scheme is empty.
2026-09-19 11:28:05.539 xcodebuild[1417:7855] [MT] IDERunDestination: Supported platforms for the buildables in the current scheme is empty.
{
"dependencies" : [
{
"identity" : "swift-composable-architecture",
"requirement" : {
"range" : [
{
"lower_bound" : "0.43.0",
"upper_bound" : "1.0.0"
}
]
},
"type" : "sourceControl",
"url" : "https://github.com/pointfreeco/swift-composable-architecture"
}
],
"manifest_display_name" : "composable-core-location",
"name" : "composable-core-location",
"path" : "/Users/admin/builder/spi-builder-workspace",
"platforms" : [
{
"name" : "ios",
"version" : "13.0"
},
{
"name" : "macos",
"version" : "10.15"
},
{
"name" : "tvos",
"version" : "13.0"
},
{
"name" : "watchos",
"version" : "6.0"
}
],
"products" : [
{
"name" : "ComposableCoreLocation",
"targets" : [
"ComposableCoreLocation"
],
"type" : {
"library" : [
"automatic"
]
}
}
],
"targets" : [
{
"c99name" : "ComposableCoreLocationTests",
"module_type" : "SwiftTarget",
"name" : "ComposableCoreLocationTests",
"path" : "Tests/ComposableCoreLocationTests",
"sources" : [
"ComposableCoreLocationTests.swift"
],
"target_dependencies" : [
"ComposableCoreLocation"
],
"type" : "test"
},
{
"c99name" : "ComposableCoreLocation",
"module_type" : "SwiftTarget",
"name" : "ComposableCoreLocation",
"path" : "Sources/ComposableCoreLocation",
"product_dependencies" : [
"ComposableArchitecture"
],
"product_memberships" : [
"ComposableCoreLocation"
],
"sources" : [
"Failing.swift",
"Interface.swift",
"Internal/Deprecations.swift",
"Internal/Exports.swift",
"Live.swift",
"Models/AccuracyAuthorization.swift",
"Models/Beacon.swift",
"Models/Heading.swift",
"Models/Location.swift",
"Models/Region.swift",
"Models/Visit.swift"
],
"type" : "library"
}
],
"tools_version" : "5.6"
}
{
"workspace" : {
"name" : "composable-core-location",
"schemes" : [
"composable-core-location",
"ComposableCoreLocation",
"ComposableCoreLocation_watchOS"
]
}
}
2026-09-19 11:28:07.033 xcodebuild[1425:7933] [MT] IDERunDestination: Supported platforms for the buildables in the current scheme is empty.
2026-09-19 11:28:07.136 xcodebuild[1425:7933] [MT] IDERunDestination: Supported platforms for the buildables in the current scheme is empty.
{
"workspace" : {
"name" : "composable-core-location",
"schemes" : [
"composable-core-location",
"ComposableCoreLocation",
"ComposableCoreLocation_watchOS"
]
}
}
2026-09-19 11:28:08.396 xcodebuild[1427:7964] [MT] IDERunDestination: Supported platforms for the buildables in the current scheme is empty.
2026-09-19 11:28:08.496 xcodebuild[1427:7964] [MT] IDERunDestination: Supported platforms for the buildables in the current scheme is empty.
Running build ...
env DEVELOPER_DIR=/Applications/Xcode-27.0.0-Release.Candidate.app xcrun xcodebuild -IDEClonedSourcePackagesDirPathOverride=$PWD/.dependencies -skipMacroValidation -skipPackagePluginValidation -derivedDataPath $PWD/.derivedData build -scheme composable-core-location -destination generic/platform=xrOS
Command line invocation:
/Applications/Xcode-27.0.0-Release.Candidate.app/Contents/Developer/usr/bin/xcodebuild -IDEClonedSourcePackagesDirPathOverride=/Users/admin/builder/spi-builder-workspace/.dependencies -skipMacroValidation -skipPackagePluginValidation -derivedDataPath /Users/admin/builder/spi-builder-workspace/.derivedData build -scheme composable-core-location -destination generic/platform=xrOS
Resolve Package Graph
Resolved source packages:
swift-composable-architecture: https://github.com/pointfreeco/swift-composable-architecture @ 0.59.0
swift-identified-collections: https://github.com/pointfreeco/swift-identified-collections @ 0.8.0
combine-schedulers: https://github.com/pointfreeco/combine-schedulers @ 0.11.0
swift-custom-dump: https://github.com/pointfreeco/swift-custom-dump @ 0.11.2
swift-concurrency-extras: https://github.com/pointfreeco/swift-concurrency-extras @ 0.1.2
swift-dependencies: https://github.com/pointfreeco/swift-dependencies @ 0.6.0
swift-collections: https://github.com/apple/swift-collections @ 1.6.0
swiftui-navigation: https://github.com/pointfreeco/swiftui-navigation @ 0.8.0
xctest-dynamic-overlay: https://github.com/pointfreeco/xctest-dynamic-overlay @ 0.9.0
swift-clocks: https://github.com/pointfreeco/swift-clocks @ 0.4.0
composable-core-location: /Users/admin/builder/spi-builder-workspace
swift-case-paths: https://github.com/pointfreeco/swift-case-paths @ 0.14.1
ComputePackagePrebuildTargetDependencyGraph
Prepare packages
CreateBuildRequest
SendProjectDescription
CreateBuildOperation
ComputeTargetDependencyGraph
note: Building targets in dependency order
note: Target dependency graph (25 targets)
Target 'ComposableCoreLocation-product' in project 'composable-core-location'
➜ Explicit dependency on target 'ComposableCoreLocation' in project 'composable-core-location'
➜ Explicit dependency on target 'ComposableArchitecture-product' in project 'swift-composable-architecture'
Target 'ComposableCoreLocation' in project 'composable-core-location'
➜ Explicit dependency on target 'ComposableArchitecture-product' in project 'swift-composable-architecture'
Target 'ComposableArchitecture-product' in project 'swift-composable-architecture'
➜ Explicit dependency on target 'ComposableArchitecture' in project 'swift-composable-architecture'
➜ Explicit dependency on target 'CasePaths-product' in project 'swift-case-paths'
➜ Explicit dependency on target 'CombineSchedulers-product' in project 'combine-schedulers'
➜ Explicit dependency on target 'ConcurrencyExtras-product' in project 'swift-concurrency-extras'
➜ Explicit dependency on target 'CustomDump-product' in project 'swift-custom-dump'
➜ Explicit dependency on target 'Dependencies-product' in project 'swift-dependencies'
➜ Explicit dependency on target 'IdentifiedCollections-product' in project 'swift-identified-collections'
➜ Explicit dependency on target 'OrderedCollections-product' in project 'swift-collections'
➜ Explicit dependency on target 'SwiftUINavigationCore-product' in project 'swiftui-navigation'
➜ Explicit dependency on target 'XCTestDynamicOverlay-product' in project 'xctest-dynamic-overlay'
Target 'ComposableArchitecture' in project 'swift-composable-architecture'
➜ Explicit dependency on target 'CasePaths-product' in project 'swift-case-paths'
➜ Explicit dependency on target 'CombineSchedulers-product' in project 'combine-schedulers'
➜ Explicit dependency on target 'ConcurrencyExtras-product' in project 'swift-concurrency-extras'
➜ Explicit dependency on target 'CustomDump-product' in project 'swift-custom-dump'
➜ Explicit dependency on target 'Dependencies-product' in project 'swift-dependencies'
➜ Explicit dependency on target 'IdentifiedCollections-product' in project 'swift-identified-collections'
➜ Explicit dependency on target 'OrderedCollections-product' in project 'swift-collections'
➜ Explicit dependency on target 'SwiftUINavigationCore-product' in project 'swiftui-navigation'
➜ Explicit dependency on target 'XCTestDynamicOverlay-product' in project 'xctest-dynamic-overlay'
Target 'SwiftUINavigationCore-product' in project 'swiftui-navigation'
➜ Explicit dependency on target 'SwiftUINavigationCore' in project 'swiftui-navigation'
➜ Explicit dependency on target 'CustomDump-product' in project 'swift-custom-dump'
➜ Explicit dependency on target 'XCTestDynamicOverlay-product' in project 'xctest-dynamic-overlay'
Target 'SwiftUINavigationCore' in project 'swiftui-navigation'
➜ Explicit dependency on target 'CustomDump-product' in project 'swift-custom-dump'
➜ Explicit dependency on target 'XCTestDynamicOverlay-product' in project 'xctest-dynamic-overlay'
Target 'IdentifiedCollections-product' in project 'swift-identified-collections'
➜ Explicit dependency on target 'IdentifiedCollections' in project 'swift-identified-collections'
➜ Explicit dependency on target 'OrderedCollections-product' in project 'swift-collections'
Target 'IdentifiedCollections' in project 'swift-identified-collections'
➜ Explicit dependency on target 'OrderedCollections-product' in project 'swift-collections'
Target 'OrderedCollections-product' in project 'swift-collections'
➜ Explicit dependency on target 'OrderedCollections' in project 'swift-collections'
➜ Explicit dependency on target 'InternalCollectionsUtilities' in project 'swift-collections'
Target 'OrderedCollections' in project 'swift-collections'
➜ Explicit dependency on target 'InternalCollectionsUtilities' in project 'swift-collections'
Target 'InternalCollectionsUtilities' in project 'swift-collections' (no dependencies)
Target 'Dependencies-product' in project 'swift-dependencies'
➜ Explicit dependency on target 'Dependencies' in project 'swift-dependencies'
➜ Explicit dependency on target 'Clocks-product' in project 'swift-clocks'
➜ Explicit dependency on target 'CombineSchedulers-product' in project 'combine-schedulers'
➜ Explicit dependency on target 'ConcurrencyExtras-product' in project 'swift-concurrency-extras'
➜ Explicit dependency on target 'XCTestDynamicOverlay-product' in project 'xctest-dynamic-overlay'
Target 'Dependencies' in project 'swift-dependencies'
➜ Explicit dependency on target 'Clocks-product' in project 'swift-clocks'
➜ Explicit dependency on target 'CombineSchedulers-product' in project 'combine-schedulers'
➜ Explicit dependency on target 'ConcurrencyExtras-product' in project 'swift-concurrency-extras'
➜ Explicit dependency on target 'XCTestDynamicOverlay-product' in project 'xctest-dynamic-overlay'
Target 'Clocks-product' in project 'swift-clocks'
➜ Explicit dependency on target 'Clocks' in project 'swift-clocks'
➜ Explicit dependency on target 'ConcurrencyExtras-product' in project 'swift-concurrency-extras'
➜ Explicit dependency on target 'XCTestDynamicOverlay-product' in project 'xctest-dynamic-overlay'
Target 'Clocks' in project 'swift-clocks'
➜ Explicit dependency on target 'ConcurrencyExtras-product' in project 'swift-concurrency-extras'
➜ Explicit dependency on target 'XCTestDynamicOverlay-product' in project 'xctest-dynamic-overlay'
Target 'CustomDump-product' in project 'swift-custom-dump'
➜ Explicit dependency on target 'CustomDump' in project 'swift-custom-dump'
➜ Explicit dependency on target 'XCTestDynamicOverlay-product' in project 'xctest-dynamic-overlay'
Target 'CustomDump' in project 'swift-custom-dump'
➜ Explicit dependency on target 'XCTestDynamicOverlay-product' in project 'xctest-dynamic-overlay'
Target 'CombineSchedulers-product' in project 'combine-schedulers'
➜ Explicit dependency on target 'CombineSchedulers' in project 'combine-schedulers'
➜ Explicit dependency on target 'ConcurrencyExtras-product' in project 'swift-concurrency-extras'
➜ Explicit dependency on target 'XCTestDynamicOverlay-product' in project 'xctest-dynamic-overlay'
Target 'CombineSchedulers' in project 'combine-schedulers'
➜ Explicit dependency on target 'ConcurrencyExtras-product' in project 'swift-concurrency-extras'
➜ Explicit dependency on target 'XCTestDynamicOverlay-product' in project 'xctest-dynamic-overlay'
Target 'ConcurrencyExtras-product' in project 'swift-concurrency-extras'
➜ Explicit dependency on target 'ConcurrencyExtras' in project 'swift-concurrency-extras'
Target 'ConcurrencyExtras' in project 'swift-concurrency-extras' (no dependencies)
Target 'CasePaths-product' in project 'swift-case-paths'
➜ Explicit dependency on target 'CasePaths' in project 'swift-case-paths'
➜ Explicit dependency on target 'XCTestDynamicOverlay-product' in project 'xctest-dynamic-overlay'
Target 'CasePaths' in project 'swift-case-paths'
➜ Explicit dependency on target 'XCTestDynamicOverlay-product' in project 'xctest-dynamic-overlay'
Target 'XCTestDynamicOverlay-product' in project 'xctest-dynamic-overlay'
➜ Explicit dependency on target 'XCTestDynamicOverlay' in project 'xctest-dynamic-overlay'
Target 'XCTestDynamicOverlay' in project 'xctest-dynamic-overlay' (no dependencies)
GatherProvisioningInputs
CreateBuildDescription
ClangStatCache /Applications/Xcode-27.0.0-Release.Candidate.app/Contents/Developer/Toolchains/XcodeDefault.xctoolchain/usr/bin/clang-stat-cache /Applications/Xcode-27.0.0-Release.Candidate.app/Contents/Developer/Platforms/XROS.platform/Developer/SDKs/XROS27.0.sdk /Users/admin/builder/spi-builder-workspace/.derivedData/SDKStatCaches.noindex/xros27.0-24M361-e829b21a6f8c9b70876ba0858053c044735bd543db762f57723cac368afd1ce4.sdkstatcache
cd /Users/admin/builder/spi-builder-workspace/.swiftpm/xcode
/Applications/Xcode-27.0.0-Release.Candidate.app/Contents/Developer/Toolchains/XcodeDefault.xctoolchain/usr/bin/clang-stat-cache /Applications/Xcode-27.0.0-Release.Candidate.app/Contents/Developer/Platforms/XROS.platform/Developer/SDKs/XROS27.0.sdk -o /Users/admin/builder/spi-builder-workspace/.derivedData/SDKStatCaches.noindex/xros27.0-24M361-e829b21a6f8c9b70876ba0858053c044735bd543db762f57723cac368afd1ce4.sdkstatcache
SwiftDriver CombineSchedulers normal arm64 com.apple.xcode.tools.swift.compiler (in target 'CombineSchedulers' from project 'combine-schedulers')
cd /Users/admin/builder/spi-builder-workspace/.swiftpm/xcode
builtin-SwiftDriver -- /Applications/Xcode-27.0.0-Release.Candidate.app/Contents/Developer/Toolchains/XcodeDefault.xctoolchain/usr/bin/swiftc -parse-as-library -module-name CombineSchedulers -Onone @/Users/admin/builder/spi-builder-workspace/.derivedData/Build/Intermediates.noindex/combine-schedulers.build/Debug-xros/CombineSchedulers-t.build/Objects-normal/arm64/CombineSchedulers.SwiftFileList -DSWIFT_PACKAGE -DDEBUG -DSWIFT_MODULE_RESOURCE_BUNDLE_UNAVAILABLE -DXcode -plugin-path /Applications/Xcode-27.0.0-Release.Candidate.app/Contents/Developer/Toolchains/XcodeDefault.xctoolchain/usr/lib/swift/host/plugins/testing -enable-experimental-feature DebugDescriptionMacro -sdk /Applications/Xcode-27.0.0-Release.Candidate.app/Contents/Developer/Platforms/XROS.platform/Developer/SDKs/XROS27.0.sdk -target arm64-apple-xros1.0 -g -module-cache-path /Users/admin/builder/spi-builder-workspace/.derivedData/ModuleCache.noindex -Xfrontend -serialize-debugging-options -profile-coverage-mapping -profile-generate -enable-testing -suppress-warnings -index-store-path /Users/admin/builder/spi-builder-workspace/.derivedData/Index.noindex/DataStore -Xcc -D_LIBCPP_HARDENING_MODE\=_LIBCPP_HARDENING_MODE_DEBUG -swift-version 5 -I /Users/admin/builder/spi-builder-workspace/.derivedData/Build/Products/Debug-xros -Isystem /Applications/Xcode-27.0.0-Release.Candidate.app/Contents/Developer/Platforms/XROS.platform/Developer/usr/lib -F /Users/admin/builder/spi-builder-workspace/.derivedData/Build/Products/Debug-xros/PackageFrameworks -F /Users/admin/builder/spi-builder-workspace/.derivedData/Build/Products/Debug-xros -F /Applications/Xcode-27.0.0-Release.Candidate.app/Contents/Developer/Platforms/XROS.platform/Developer/Library/Frameworks -F /Applications/Xcode-27.0.0-Release.Candidate.app/Contents/Developer/Platforms/XROS.platform/Developer/SDKs/XROS27.0.sdk/Developer/Library/Frameworks -c -j10 -enable-batch-mode -incremental -Xcc -ivfsstatcache -Xcc /Users/admin/builder/spi-builder-workspace/.derivedData/SDKStatCaches.noindex/xros27.0-24M361-e829b21a6f8c9b70876ba0858053c044735bd543db762f57723cac368afd1ce4.sdkstatcache -output-file-map /Users/admin/builder/spi-builder-workspace/.derivedData/Build/Intermediates.noindex/combine-schedulers.build/Debug-xros/CombineSchedulers-t.build/Objects-normal/arm64/CombineSchedulers-OutputFileMap.json -save-temps -no-color-diagnostics -explicit-module-build -module-cache-path /Users/admin/builder/spi-builder-workspace/.derivedData/Build/Intermediates.noindex/SwiftExplicitPrecompiledModules -clang-scanner-module-cache-path /Users/admin/builder/spi-builder-workspace/.derivedData/ModuleCache.noindex -sdk-module-cache-path /Users/admin/builder/spi-builder-workspace/.derivedData/SDKExplicitPrecompiledModules -emit-dependencies -emit-module -emit-module-path /Users/admin/builder/spi-builder-workspace/.derivedData/Build/Intermediates.noindex/combine-schedulers.build/Debug-xros/CombineSchedulers-t.build/Objects-normal/arm64/CombineSchedulers.swiftmodule -serialize-diagnostics -dependency-scan-serialize-diagnostics-path /Users/admin/builder/spi-builder-workspace/.derivedData/Build/Intermediates.noindex/combine-schedulers.build/Debug-xros/CombineSchedulers-t.build/Objects-normal/arm64/CombineSchedulers-dependency-scan.dia -validate-clang-modules-once -clang-build-session-file /Users/admin/builder/spi-builder-workspace/.derivedData/ModuleCache.noindex/Session.modulevalidation -Xcc -fmodules-prune-interval\=86400 -Xcc -fmodules-prune-after\=345600 -emit-const-values -const-gather-protocols-list /Users/admin/builder/spi-builder-workspace/.derivedData/Build/Intermediates.noindex/combine-schedulers.build/Debug-xros/CombineSchedulers-t.build/Objects-normal/arm64/CombineSchedulers_const_extract_protocols.json -Xcc -I/Users/admin/builder/spi-builder-workspace/.derivedData/Build/Products/Debug-xros/include -Xcc -I/Users/admin/builder/spi-builder-workspace/.derivedData/Build/Intermediates.noindex/combine-schedulers.build/Debug-xros/CombineSchedulers-t.build/DerivedSources-normal/arm64 -Xcc -I/Users/admin/builder/spi-builder-workspace/.derivedData/Build/Intermediates.noindex/combine-schedulers.build/Debug-xros/CombineSchedulers-t.build/DerivedSources/arm64 -Xcc -I/Users/admin/builder/spi-builder-workspace/.derivedData/Build/Intermediates.noindex/combine-schedulers.build/Debug-xros/CombineSchedulers-t.build/DerivedSources -Xcc -DSWIFT_PACKAGE -Xcc -DDEBUG\=1 -emit-objc-header -emit-objc-header-path /Users/admin/builder/spi-builder-workspace/.derivedData/Build/Intermediates.noindex/combine-schedulers.build/Debug-xros/CombineSchedulers-t.build/Objects-normal/arm64/CombineSchedulers-Swift.h -working-directory /Users/admin/builder/spi-builder-workspace/.swiftpm/xcode -experimental-emit-module-separately -disable-cmo
SwiftDriver Clocks normal arm64 com.apple.xcode.tools.swift.compiler (in target 'Clocks' from project 'swift-clocks')
cd /Users/admin/builder/spi-builder-workspace/.swiftpm/xcode
builtin-SwiftDriver -- /Applications/Xcode-27.0.0-Release.Candidate.app/Contents/Developer/Toolchains/XcodeDefault.xctoolchain/usr/bin/swiftc -parse-as-library -module-name Clocks -Onone @/Users/admin/builder/spi-builder-workspace/.derivedData/Build/Intermediates.noindex/swift-clocks.build/Debug-xros/Clocks-t.build/Objects-normal/arm64/Clocks.SwiftFileList -DSWIFT_PACKAGE -DDEBUG -DSWIFT_MODULE_RESOURCE_BUNDLE_UNAVAILABLE -DXcode -plugin-path /Applications/Xcode-27.0.0-Release.Candidate.app/Contents/Developer/Toolchains/XcodeDefault.xctoolchain/usr/lib/swift/host/plugins/testing -enable-experimental-feature DebugDescriptionMacro -sdk /Applications/Xcode-27.0.0-Release.Candidate.app/Contents/Developer/Platforms/XROS.platform/Developer/SDKs/XROS27.0.sdk -target arm64-apple-xros1.0 -g -module-cache-path /Users/admin/builder/spi-builder-workspace/.derivedData/ModuleCache.noindex -Xfrontend -serialize-debugging-options -profile-coverage-mapping -profile-generate -enable-testing -suppress-warnings -index-store-path /Users/admin/builder/spi-builder-workspace/.derivedData/Index.noindex/DataStore -Xcc -D_LIBCPP_HARDENING_MODE\=_LIBCPP_HARDENING_MODE_DEBUG -swift-version 5 -I /Users/admin/builder/spi-builder-workspace/.derivedData/Build/Products/Debug-xros -Isystem /Applications/Xcode-27.0.0-Release.Candidate.app/Contents/Developer/Platforms/XROS.platform/Developer/usr/lib -F /Users/admin/builder/spi-builder-workspace/.derivedData/Build/Products/Debug-xros/PackageFrameworks -F /Users/admin/builder/spi-builder-workspace/.derivedData/Build/Products/Debug-xros -F /Applications/Xcode-27.0.0-Release.Candidate.app/Contents/Developer/Platforms/XROS.platform/Developer/Library/Frameworks -F /Applications/Xcode-27.0.0-Release.Candidate.app/Contents/Developer/Platforms/XROS.platform/Developer/SDKs/XROS27.0.sdk/Developer/Library/Frameworks -c -j10 -enable-batch-mode -incremental -Xcc -ivfsstatcache -Xcc /Users/admin/builder/spi-builder-workspace/.derivedData/SDKStatCaches.noindex/xros27.0-24M361-e829b21a6f8c9b70876ba0858053c044735bd543db762f57723cac368afd1ce4.sdkstatcache -output-file-map /Users/admin/builder/spi-builder-workspace/.derivedData/Build/Intermediates.noindex/swift-clocks.build/Debug-xros/Clocks-t.build/Objects-normal/arm64/Clocks-OutputFileMap.json -save-temps -no-color-diagnostics -explicit-module-build -module-cache-path /Users/admin/builder/spi-builder-workspace/.derivedData/Build/Intermediates.noindex/SwiftExplicitPrecompiledModules -clang-scanner-module-cache-path /Users/admin/builder/spi-builder-workspace/.derivedData/ModuleCache.noindex -sdk-module-cache-path /Users/admin/builder/spi-builder-workspace/.derivedData/SDKExplicitPrecompiledModules -emit-dependencies -emit-module -emit-module-path /Users/admin/builder/spi-builder-workspace/.derivedData/Build/Intermediates.noindex/swift-clocks.build/Debug-xros/Clocks-t.build/Objects-normal/arm64/Clocks.swiftmodule -serialize-diagnostics -dependency-scan-serialize-diagnostics-path /Users/admin/builder/spi-builder-workspace/.derivedData/Build/Intermediates.noindex/swift-clocks.build/Debug-xros/Clocks-t.build/Objects-normal/arm64/Clocks-dependency-scan.dia -validate-clang-modules-once -clang-build-session-file /Users/admin/builder/spi-builder-workspace/.derivedData/ModuleCache.noindex/Session.modulevalidation -Xcc -fmodules-prune-interval\=86400 -Xcc -fmodules-prune-after\=345600 -emit-const-values -const-gather-protocols-list /Users/admin/builder/spi-builder-workspace/.derivedData/Build/Intermediates.noindex/swift-clocks.build/Debug-xros/Clocks-t.build/Objects-normal/arm64/Clocks_const_extract_protocols.json -Xcc -I/Users/admin/builder/spi-builder-workspace/.derivedData/Build/Products/Debug-xros/include -Xcc -I/Users/admin/builder/spi-builder-workspace/.derivedData/Build/Intermediates.noindex/swift-clocks.build/Debug-xros/Clocks-t.build/DerivedSources-normal/arm64 -Xcc -I/Users/admin/builder/spi-builder-workspace/.derivedData/Build/Intermediates.noindex/swift-clocks.build/Debug-xros/Clocks-t.build/DerivedSources/arm64 -Xcc -I/Users/admin/builder/spi-builder-workspace/.derivedData/Build/Intermediates.noindex/swift-clocks.build/Debug-xros/Clocks-t.build/DerivedSources -Xcc -DSWIFT_PACKAGE -Xcc -DDEBUG\=1 -emit-objc-header -emit-objc-header-path /Users/admin/builder/spi-builder-workspace/.derivedData/Build/Intermediates.noindex/swift-clocks.build/Debug-xros/Clocks-t.build/Objects-normal/arm64/Clocks-Swift.h -working-directory /Users/admin/builder/spi-builder-workspace/.swiftpm/xcode -experimental-emit-module-separately -disable-cmo
SwiftDriver CustomDump normal arm64 com.apple.xcode.tools.swift.compiler (in target 'CustomDump' from project 'swift-custom-dump')
cd /Users/admin/builder/spi-builder-workspace/.swiftpm/xcode
builtin-SwiftDriver -- /Applications/Xcode-27.0.0-Release.Candidate.app/Contents/Developer/Toolchains/XcodeDefault.xctoolchain/usr/bin/swiftc -parse-as-library -module-name CustomDump -Onone @/Users/admin/builder/spi-builder-workspace/.derivedData/Build/Intermediates.noindex/swift-custom-dump.build/Debug-xros/CustomDump-t.build/Objects-normal/arm64/CustomDump.SwiftFileList -DSWIFT_PACKAGE -DDEBUG -DSWIFT_MODULE_RESOURCE_BUNDLE_UNAVAILABLE -DXcode -plugin-path /Applications/Xcode-27.0.0-Release.Candidate.app/Contents/Developer/Toolchains/XcodeDefault.xctoolchain/usr/lib/swift/host/plugins/testing -enable-experimental-feature DebugDescriptionMacro -sdk /Applications/Xcode-27.0.0-Release.Candidate.app/Contents/Developer/Platforms/XROS.platform/Developer/SDKs/XROS27.0.sdk -target arm64-apple-xros1.0 -g -module-cache-path /Users/admin/builder/spi-builder-workspace/.derivedData/ModuleCache.noindex -Xfrontend -serialize-debugging-options -profile-coverage-mapping -profile-generate -enable-testing -suppress-warnings -index-store-path /Users/admin/builder/spi-builder-workspace/.derivedData/Index.noindex/DataStore -Xcc -D_LIBCPP_HARDENING_MODE\=_LIBCPP_HARDENING_MODE_DEBUG -swift-version 5 -I /Users/admin/builder/spi-builder-workspace/.derivedData/Build/Products/Debug-xros -Isystem /Applications/Xcode-27.0.0-Release.Candidate.app/Contents/Developer/Platforms/XROS.platform/Developer/usr/lib -F /Users/admin/builder/spi-builder-workspace/.derivedData/Build/Products/Debug-xros/PackageFrameworks -F /Users/admin/builder/spi-builder-workspace/.derivedData/Build/Products/Debug-xros -F /Applications/Xcode-27.0.0-Release.Candidate.app/Contents/Developer/Platforms/XROS.platform/Developer/Library/Frameworks -F /Applications/Xcode-27.0.0-Release.Candidate.app/Contents/Developer/Platforms/XROS.platform/Developer/SDKs/XROS27.0.sdk/Developer/Library/Frameworks -c -j10 -enable-batch-mode -incremental -Xcc -ivfsstatcache -Xcc /Users/admin/builder/spi-builder-workspace/.derivedData/SDKStatCaches.noindex/xros27.0-24M361-e829b21a6f8c9b70876ba0858053c044735bd543db762f57723cac368afd1ce4.sdkstatcache -output-file-map /Users/admin/builder/spi-builder-workspace/.derivedData/Build/Intermediates.noindex/swift-custom-dump.build/Debug-xros/CustomDump-t.build/Objects-normal/arm64/CustomDump-OutputFileMap.json -save-temps -no-color-diagnostics -explicit-module-build -module-cache-path /Users/admin/builder/spi-builder-workspace/.derivedData/Build/Intermediates.noindex/SwiftExplicitPrecompiledModules -clang-scanner-module-cache-path /Users/admin/builder/spi-builder-workspace/.derivedData/ModuleCache.noindex -sdk-module-cache-path /Users/admin/builder/spi-builder-workspace/.derivedData/SDKExplicitPrecompiledModules -emit-dependencies -emit-module -emit-module-path /Users/admin/builder/spi-builder-workspace/.derivedData/Build/Intermediates.noindex/swift-custom-dump.build/Debug-xros/CustomDump-t.build/Objects-normal/arm64/CustomDump.swiftmodule -serialize-diagnostics -dependency-scan-serialize-diagnostics-path /Users/admin/builder/spi-builder-workspace/.derivedData/Build/Intermediates.noindex/swift-custom-dump.build/Debug-xros/CustomDump-t.build/Objects-normal/arm64/CustomDump-dependency-scan.dia -validate-clang-modules-once -clang-build-session-file /Users/admin/builder/spi-builder-workspace/.derivedData/ModuleCache.noindex/Session.modulevalidation -Xcc -fmodules-prune-interval\=86400 -Xcc -fmodules-prune-after\=345600 -emit-const-values -const-gather-protocols-list /Users/admin/builder/spi-builder-workspace/.derivedData/Build/Intermediates.noindex/swift-custom-dump.build/Debug-xros/CustomDump-t.build/Objects-normal/arm64/CustomDump_const_extract_protocols.json -Xcc -I/Users/admin/builder/spi-builder-workspace/.derivedData/Build/Products/Debug-xros/include -Xcc -I/Users/admin/builder/spi-builder-workspace/.derivedData/Build/Intermediates.noindex/swift-custom-dump.build/Debug-xros/CustomDump-t.build/DerivedSources-normal/arm64 -Xcc -I/Users/admin/builder/spi-builder-workspace/.derivedData/Build/Intermediates.noindex/swift-custom-dump.build/Debug-xros/CustomDump-t.build/DerivedSources/arm64 -Xcc -I/Users/admin/builder/spi-builder-workspace/.derivedData/Build/Intermediates.noindex/swift-custom-dump.build/Debug-xros/CustomDump-t.build/DerivedSources -Xcc -DSWIFT_PACKAGE -Xcc -DDEBUG\=1 -emit-objc-header -emit-objc-header-path /Users/admin/builder/spi-builder-workspace/.derivedData/Build/Intermediates.noindex/swift-custom-dump.build/Debug-xros/CustomDump-t.build/Objects-normal/arm64/CustomDump-Swift.h -working-directory /Users/admin/builder/spi-builder-workspace/.swiftpm/xcode -experimental-emit-module-separately -disable-cmo
SwiftDriver Dependencies normal arm64 com.apple.xcode.tools.swift.compiler (in target 'Dependencies' from project 'swift-dependencies')
cd /Users/admin/builder/spi-builder-workspace/.swiftpm/xcode
builtin-SwiftDriver -- /Applications/Xcode-27.0.0-Release.Candidate.app/Contents/Developer/Toolchains/XcodeDefault.xctoolchain/usr/bin/swiftc -parse-as-library -module-name Dependencies -Onone @/Users/admin/builder/spi-builder-workspace/.derivedData/Build/Intermediates.noindex/swift-dependencies.build/Debug-xros/Dependencies-t.build/Objects-normal/arm64/Dependencies.SwiftFileList -DSWIFT_PACKAGE -DDEBUG -DSWIFT_MODULE_RESOURCE_BUNDLE_UNAVAILABLE -DXcode -plugin-path /Applications/Xcode-27.0.0-Release.Candidate.app/Contents/Developer/Toolchains/XcodeDefault.xctoolchain/usr/lib/swift/host/plugins/testing -enable-experimental-feature DebugDescriptionMacro -sdk /Applications/Xcode-27.0.0-Release.Candidate.app/Contents/Developer/Platforms/XROS.platform/Developer/SDKs/XROS27.0.sdk -target arm64-apple-xros1.0 -g -module-cache-path /Users/admin/builder/spi-builder-workspace/.derivedData/ModuleCache.noindex -Xfrontend -serialize-debugging-options -profile-coverage-mapping -profile-generate -enable-testing -suppress-warnings -index-store-path /Users/admin/builder/spi-builder-workspace/.derivedData/Index.noindex/DataStore -Xcc -D_LIBCPP_HARDENING_MODE\=_LIBCPP_HARDENING_MODE_DEBUG -swift-version 5 -I /Users/admin/builder/spi-builder-workspace/.derivedData/Build/Products/Debug-xros -Isystem /Applications/Xcode-27.0.0-Release.Candidate.app/Contents/Developer/Platforms/XROS.platform/Developer/usr/lib -F /Users/admin/builder/spi-builder-workspace/.derivedData/Build/Products/Debug-xros/PackageFrameworks -F /Users/admin/builder/spi-builder-workspace/.derivedData/Build/Products/Debug-xros -F /Applications/Xcode-27.0.0-Release.Candidate.app/Contents/Developer/Platforms/XROS.platform/Developer/Library/Frameworks -F /Applications/Xcode-27.0.0-Release.Candidate.app/Contents/Developer/Platforms/XROS.platform/Developer/SDKs/XROS27.0.sdk/Developer/Library/Frameworks -c -j10 -enable-batch-mode -incremental -Xcc -ivfsstatcache -Xcc /Users/admin/builder/spi-builder-workspace/.derivedData/SDKStatCaches.noindex/xros27.0-24M361-e829b21a6f8c9b70876ba0858053c044735bd543db762f57723cac368afd1ce4.sdkstatcache -output-file-map /Users/admin/builder/spi-builder-workspace/.derivedData/Build/Intermediates.noindex/swift-dependencies.build/Debug-xros/Dependencies-t.build/Objects-normal/arm64/Dependencies-OutputFileMap.json -save-temps -no-color-diagnostics -explicit-module-build -module-cache-path /Users/admin/builder/spi-builder-workspace/.derivedData/Build/Intermediates.noindex/SwiftExplicitPrecompiledModules -clang-scanner-module-cache-path /Users/admin/builder/spi-builder-workspace/.derivedData/ModuleCache.noindex -sdk-module-cache-path /Users/admin/builder/spi-builder-workspace/.derivedData/SDKExplicitPrecompiledModules -emit-dependencies -emit-module -emit-module-path /Users/admin/builder/spi-builder-workspace/.derivedData/Build/Intermediates.noindex/swift-dependencies.build/Debug-xros/Dependencies-t.build/Objects-normal/arm64/Dependencies.swiftmodule -serialize-diagnostics -dependency-scan-serialize-diagnostics-path /Users/admin/builder/spi-builder-workspace/.derivedData/Build/Intermediates.noindex/swift-dependencies.build/Debug-xros/Dependencies-t.build/Objects-normal/arm64/Dependencies-dependency-scan.dia -validate-clang-modules-once -clang-build-session-file /Users/admin/builder/spi-builder-workspace/.derivedData/ModuleCache.noindex/Session.modulevalidation -Xcc -fmodules-prune-interval\=86400 -Xcc -fmodules-prune-after\=345600 -emit-const-values -const-gather-protocols-list /Users/admin/builder/spi-builder-workspace/.derivedData/Build/Intermediates.noindex/swift-dependencies.build/Debug-xros/Dependencies-t.build/Objects-normal/arm64/Dependencies_const_extract_protocols.json -Xcc -I/Users/admin/builder/spi-builder-workspace/.derivedData/Build/Products/Debug-xros/include -Xcc -I/Users/admin/builder/spi-builder-workspace/.derivedData/Build/Intermediates.noindex/swift-dependencies.build/Debug-xros/Dependencies-t.build/DerivedSources-normal/arm64 -Xcc -I/Users/admin/builder/spi-builder-workspace/.derivedData/Build/Intermediates.noindex/swift-dependencies.build/Debug-xros/Dependencies-t.build/DerivedSources/arm64 -Xcc -I/Users/admin/builder/spi-builder-workspace/.derivedData/Build/Intermediates.noindex/swift-dependencies.build/Debug-xros/Dependencies-t.build/DerivedSources -Xcc -DSWIFT_PACKAGE -Xcc -DDEBUG\=1 -emit-objc-header -emit-objc-header-path /Users/admin/builder/spi-builder-workspace/.derivedData/Build/Intermediates.noindex/swift-dependencies.build/Debug-xros/Dependencies-t.build/Objects-normal/arm64/Dependencies-Swift.h -working-directory /Users/admin/builder/spi-builder-workspace/.swiftpm/xcode -experimental-emit-module-separately -disable-cmo
SwiftCompile normal arm64 Compiling\ TestClock.swift /Users/admin/builder/spi-builder-workspace/.dependencies/checkouts/swift-clocks/Sources/Clocks/TestClock.swift (in target 'Clocks' from project 'swift-clocks')
SwiftCompile normal arm64 /Users/admin/builder/spi-builder-workspace/.dependencies/checkouts/swift-clocks/Sources/Clocks/TestClock.swift (in target 'Clocks' from project 'swift-clocks')
cd /Users/admin/builder/spi-builder-workspace/.swiftpm/xcode
builtin-SwiftPerFileCompile TestClock.swift
SwiftCompile normal arm64 Compiling\ AnyClock.swift /Users/admin/builder/spi-builder-workspace/.dependencies/checkouts/swift-clocks/Sources/Clocks/AnyClock.swift (in target 'Clocks' from project 'swift-clocks')
SwiftCompile normal arm64 /Users/admin/builder/spi-builder-workspace/.dependencies/checkouts/swift-clocks/Sources/Clocks/AnyClock.swift (in target 'Clocks' from project 'swift-clocks')
cd /Users/admin/builder/spi-builder-workspace/.swiftpm/xcode
builtin-SwiftPerFileCompile AnyClock.swift
SwiftCompile normal arm64 Compiling\ Lock.swift /Users/admin/builder/spi-builder-workspace/.dependencies/checkouts/swift-clocks/Sources/Clocks/Internal/Lock.swift (in target 'Clocks' from project 'swift-clocks')
SwiftCompile normal arm64 /Users/admin/builder/spi-builder-workspace/.dependencies/checkouts/swift-clocks/Sources/Clocks/Internal/Lock.swift (in target 'Clocks' from project 'swift-clocks')
cd /Users/admin/builder/spi-builder-workspace/.swiftpm/xcode
builtin-SwiftPerFileCompile Lock.swift
SwiftCompile normal arm64 Compiling\ SwiftUI.swift /Users/admin/builder/spi-builder-workspace/.dependencies/checkouts/swift-clocks/Sources/Clocks/SwiftUI.swift (in target 'Clocks' from project 'swift-clocks')
SwiftCompile normal arm64 /Users/admin/builder/spi-builder-workspace/.dependencies/checkouts/swift-clocks/Sources/Clocks/SwiftUI.swift (in target 'Clocks' from project 'swift-clocks')
cd /Users/admin/builder/spi-builder-workspace/.swiftpm/xcode
builtin-SwiftPerFileCompile SwiftUI.swift
SwiftEmitModule normal arm64 Emitting\ module\ for\ Clocks (in target 'Clocks' from project 'swift-clocks')
SwiftCompile normal arm64 (in target 'Clocks' from project 'swift-clocks')
cd /Users/admin/builder/spi-builder-workspace/.swiftpm/xcode
SwiftCompile normal arm64 Compiling\ Shims.swift /Users/admin/builder/spi-builder-workspace/.dependencies/checkouts/swift-clocks/Sources/Clocks/Shims.swift (in target 'Clocks' from project 'swift-clocks')
SwiftCompile normal arm64 /Users/admin/builder/spi-builder-workspace/.dependencies/checkouts/swift-clocks/Sources/Clocks/Shims.swift (in target 'Clocks' from project 'swift-clocks')
cd /Users/admin/builder/spi-builder-workspace/.swiftpm/xcode
builtin-SwiftPerFileCompile Shims.swift
SwiftCompile normal arm64 Compiling\ Timer.swift /Users/admin/builder/spi-builder-workspace/.dependencies/checkouts/swift-clocks/Sources/Clocks/Timer.swift (in target 'Clocks' from project 'swift-clocks')
SwiftCompile normal arm64 /Users/admin/builder/spi-builder-workspace/.dependencies/checkouts/swift-clocks/Sources/Clocks/Timer.swift (in target 'Clocks' from project 'swift-clocks')
cd /Users/admin/builder/spi-builder-workspace/.swiftpm/xcode
builtin-SwiftPerFileCompile Timer.swift
SwiftCompile normal arm64 Compiling\ _AsyncTimerSequence.swift /Users/admin/builder/spi-builder-workspace/.dependencies/checkouts/swift-clocks/Sources/Clocks/Internal/_AsyncTimerSequence.swift (in target 'Clocks' from project 'swift-clocks')
SwiftCompile normal arm64 /Users/admin/builder/spi-builder-workspace/.dependencies/checkouts/swift-clocks/Sources/Clocks/Internal/_AsyncTimerSequence.swift (in target 'Clocks' from project 'swift-clocks')
cd /Users/admin/builder/spi-builder-workspace/.swiftpm/xcode
builtin-SwiftPerFileCompile _AsyncTimerSequence.swift
SwiftEmitModule normal arm64 Emitting\ module\ for\ CombineSchedulers (in target 'CombineSchedulers' from project 'combine-schedulers')
SwiftCompile normal arm64 (in target 'CombineSchedulers' from project 'combine-schedulers')
cd /Users/admin/builder/spi-builder-workspace/.swiftpm/xcode
SwiftEmitModule normal arm64 Emitting\ module\ for\ CustomDump (in target 'CustomDump' from project 'swift-custom-dump')
/Users/admin/builder/spi-builder-workspace/.dependencies/checkouts/swift-custom-dump/Sources/CustomDump/Conformances/CoreLocation.swift:85:15: error: 'CLProximity' is unavailable in visionOS
83 | @available(watchOS, unavailable)
84 | @available(xrOS, unavailable)
85 | extension CLProximity: CustomDumpStringConvertible {
| `- error: 'CLProximity' is unavailable in visionOS
86 | public var customDumpDescription: String {
87 | switch self {
/Applications/Xcode-27.0.0-Release.Candidate.app/Contents/Developer/Platforms/XROS.platform/Developer/SDKs/XROS27.0.sdk/System/Library/Frameworks/CoreLocation.framework/Headers/CLRegion.h:35:28: note: 'CLProximity' has been explicitly marked unavailable here
33 | *
34 | */
35 | typedef NS_ENUM(NSInteger, CLProximity) {
| `- note: 'CLProximity' has been explicitly marked unavailable here
36 | CLProximityUnknown,
37 | CLProximityImmediate,
/Users/admin/builder/spi-builder-workspace/.dependencies/checkouts/swift-custom-dump/Sources/CustomDump/Conformances/CoreLocation.swift:128:15: error: 'CLRegionState' is unavailable in visionOS
126 | @available(watchOS, unavailable)
127 | @available(xrOS, unavailable)
128 | extension CLRegionState: CustomDumpStringConvertible {
| `- error: 'CLRegionState' is unavailable in visionOS
129 | public var customDumpDescription: String {
130 | switch self {
/Applications/Xcode-27.0.0-Release.Candidate.app/Contents/Developer/Platforms/XROS.platform/Developer/SDKs/XROS27.0.sdk/System/Library/Frameworks/CoreLocation.framework/Headers/CLRegion.h:22:35: note: 'CLRegionState' has been explicitly marked unavailable here
20 | *
21 | */
22 | typedef NS_CLOSED_ENUM(NSInteger, CLRegionState) {
| `- note: 'CLRegionState' has been explicitly marked unavailable here
23 | CLRegionStateUnknown,
24 | CLRegionStateInside,
Failed frontend command:
/Applications/Xcode-27.0.0-Release.Candidate.app/Contents/Developer/Toolchains/XcodeDefault.xctoolchain/usr/bin/swift-frontend -frontend -emit-module -experimental-skip-non-inlinable-function-bodies-without-types /Users/admin/builder/spi-builder-workspace/.dependencies/checkouts/swift-custom-dump/Sources/CustomDump/Conformances/CoreImage.swift /Users/admin/builder/spi-builder-workspace/.dependencies/checkouts/swift-custom-dump/Sources/CustomDump/Conformances/CoreLocation.swift /Users/admin/builder/spi-builder-workspace/.dependencies/checkouts/swift-custom-dump/Sources/CustomDump/Conformances/CoreMotion.swift /Users/admin/builder/spi-builder-workspace/.dependencies/checkouts/swift-custom-dump/Sources/CustomDump/Conformances/Foundation.swift /Users/admin/builder/spi-builder-workspace/.dependencies/checkouts/swift-custom-dump/Sources/CustomDump/Conformances/GameKit.swift /Users/admin/builder/spi-builder-workspace/.dependencies/checkouts/swift-custom-dump/Sources/CustomDump/Conformances/KeyPath.swift /Users/admin/builder/spi-builder-workspace/.dependencies/checkouts/swift-custom-dump/Sources/CustomDump/Conformances/Photos.swift /Users/admin/builder/spi-builder-workspace/.dependencies/checkouts/swift-custom-dump/Sources/CustomDump/Conformances/Speech.swift /Users/admin/builder/spi-builder-workspace/.dependencies/checkouts/swift-custom-dump/Sources/CustomDump/Conformances/StoreKit.swift /Users/admin/builder/spi-builder-workspace/.dependencies/checkouts/swift-custom-dump/Sources/CustomDump/Conformances/Swift.swift /Users/admin/builder/spi-builder-workspace/.dependencies/checkouts/swift-custom-dump/Sources/CustomDump/Conformances/SwiftUI.swift /Users/admin/builder/spi-builder-workspace/.dependencies/checkouts/swift-custom-dump/Sources/CustomDump/Conformances/UIKit.swift /Users/admin/builder/spi-builder-workspace/.dependencies/checkouts/swift-custom-dump/Sources/CustomDump/Conformances/UserNotifications.swift /Users/admin/builder/spi-builder-workspace/.dependencies/checkouts/swift-custom-dump/Sources/CustomDump/Conformances/UserNotificationsUI.swift /Users/admin/builder/spi-builder-workspace/.dependencies/checkouts/swift-custom-dump/Sources/CustomDump/CustomDumpReflectable.swift /Users/admin/builder/spi-builder-workspace/.dependencies/checkouts/swift-custom-dump/Sources/CustomDump/CustomDumpRepresentable.swift /Users/admin/builder/spi-builder-workspace/.dependencies/checkouts/swift-custom-dump/Sources/CustomDump/CustomDumpStringConvertible.swift /Users/admin/builder/spi-builder-workspace/.dependencies/checkouts/swift-custom-dump/Sources/CustomDump/Diff.swift /Users/admin/builder/spi-builder-workspace/.dependencies/checkouts/swift-custom-dump/Sources/CustomDump/Dump.swift /Users/admin/builder/spi-builder-workspace/.dependencies/checkouts/swift-custom-dump/Sources/CustomDump/Internal/AnyType.swift /Users/admin/builder/spi-builder-workspace/.dependencies/checkouts/swift-custom-dump/Sources/CustomDump/Internal/Box.swift /Users/admin/builder/spi-builder-workspace/.dependencies/checkouts/swift-custom-dump/Sources/CustomDump/Internal/CollectionDifference.swift /Users/admin/builder/spi-builder-workspace/.dependencies/checkouts/swift-custom-dump/Sources/CustomDump/Internal/Mirror.swift /Users/admin/builder/spi-builder-workspace/.dependencies/checkouts/swift-custom-dump/Sources/CustomDump/Internal/String.swift /Users/admin/builder/spi-builder-workspace/.dependencies/checkouts/swift-custom-dump/Sources/CustomDump/Internal/Unordered.swift /Users/admin/builder/spi-builder-workspace/.dependencies/checkouts/swift-custom-dump/Sources/CustomDump/XCTAssertNoDifference.swift -target arm64-apple-xros1.0 -module-can-import-version CompositorServices 467.0.8 1.0.0 -module-can-import-version CoreImage 3 7.0.0 -module-can-import-version CoreLocation 56 3185.0.6 -module-can-import-version CoreMotion 3185.0.6 3185.0.6 -module-can-import-version GameKit 821.0.25 821.0.25 -module-can-import-version Photos 915.0.135 915.0.135 -module-can-import-version Speech 3600.81.1 1.0.0 -module-can-import-version StoreKit 816.0.47.5 1.0.0 -module-can-import-version SwiftUI 8.0.84.1 8.0.84 -module-can-import-version UIKit 9127.0.84.1 9127.0.84 -module-can-import-version UserNotifications 1.0.0 1.0.0 -module-can-import-version UserNotificationsUI 1.0.0 1.0.0 -disable-cross-import-overlay-search -swift-module-cross-import Photos /Applications/Xcode-27.0.0-Release.Candidate.app/Contents/Developer/Platforms/XROS.platform/Developer/SDKs/XROS.sdk/System/Library/Frameworks/Photos.framework/Modules/Photos.swiftcrossimport/AppIntents.swiftoverlay -swift-module-cross-import Photos /Applications/Xcode-27.0.0-Release.Candidate.app/Contents/Developer/Platforms/XROS.platform/Developer/SDKs/XROS27.0.sdk/System/Library/Frameworks/Photos.framework/Modules/Photos.swiftcrossimport/AppIntents.swiftoverlay -swift-module-cross-import StoreKit /Applications/Xcode-27.0.0-Release.Candidate.app/Contents/Developer/Platforms/XROS.platform/Developer/SDKs/XROS.sdk/System/Library/Frameworks/StoreKit.framework/Modules/StoreKit.swiftcrossimport/SwiftUI.swiftoverlay -swift-module-cross-import StoreKit /Applications/Xcode-27.0.0-Release.Candidate.app/Contents/Developer/Platforms/XROS.platform/Developer/SDKs/XROS27.0.sdk/System/Library/Frameworks/StoreKit.framework/Modules/StoreKit.swiftcrossimport/SwiftUI.swiftoverlay -swift-module-cross-import UserNotifications /Applications/Xcode-27.0.0-Release.Candidate.app/Contents/Developer/Platforms/XROS.platform/Developer/SDKs/XROS.sdk/System/Library/Frameworks/UserNotifications.framework/Modules/UserNotifications.swiftcrossimport/AppIntents.swiftoverlay -load-resolved-plugin /Applications/Xcode-27.0.0-Release.Candidate.app/Contents/Developer/Platforms/XROS.platform/Developer/usr/lib/swift/host/plugins/libFoundationMacros.dylib\#/Applications/Xcode-27.0.0-Release.Candidate.app/Contents/Developer/Platforms/XROS.platform/Developer/usr/bin/swift-plugin-server\#FoundationMacros -load-resolved-plugin /Applications/Xcode-27.0.0-Release.Candidate.app/Contents/Developer/Platforms/XROS.platform/Developer/usr/lib/swift/host/plugins/libObservationMacros.dylib\#/Applications/Xcode-27.0.0-Release.Candidate.app/Contents/Developer/Platforms/XROS.platform/Developer/usr/bin/swift-plugin-server\#ObservationMacros -load-resolved-plugin /Applications/Xcode-27.0.0-Release.Candidate.app/Contents/Developer/Platforms/XROS.platform/Developer/usr/lib/swift/host/plugins/libPreviewsMacros.dylib\#/Applications/Xcode-27.0.0-Release.Candidate.app/Contents/Developer/Platforms/XROS.platform/Developer/usr/bin/swift-plugin-server\#PreviewsMacros -load-resolved-plugin /Applications/Xcode-27.0.0-Release.Candidate.app/Contents/Developer/Platforms/XROS.platform/Developer/usr/lib/swift/host/plugins/libSwiftMacros.dylib\#/Applications/Xcode-27.0.0-Release.Candidate.app/Contents/Developer/Platforms/XROS.platform/Developer/usr/bin/swift-plugin-server\#SwiftMacros -load-resolved-plugin /Applications/Xcode-27.0.0-Release.Candidate.app/Contents/Developer/Platforms/XROS.platform/Developer/usr/lib/swift/host/plugins/libSwiftUIMacros.dylib\#/Applications/Xcode-27.0.0-Release.Candidate.app/Contents/Developer/Platforms/XROS.platform/Developer/usr/bin/swift-plugin-server\#SwiftUIMacros -disable-implicit-swift-modules -Xcc -fno-implicit-modules -Xcc -fno-implicit-module-maps -explicit-swift-module-map-file /Users/admin/builder/spi-builder-workspace/.derivedData/Build/Intermediates.noindex/swift-custom-dump.build/Debug-xros/CustomDump-t.build/Objects-normal/arm64/CustomDump-dependencies-1.json -Xllvm -aarch64-use-tbi -enable-objc-interop -stack-check -sdk /Applications/Xcode-27.0.0-Release.Candidate.app/Contents/Developer/Platforms/XROS.platform/Developer/SDKs/XROS27.0.sdk -I /Users/admin/builder/spi-builder-workspace/.derivedData/Build/Products/Debug-xros -Isystem /Applications/Xcode-27.0.0-Release.Candidate.app/Contents/Developer/Platforms/XROS.platform/Developer/usr/lib -F /Users/admin/builder/spi-builder-workspace/.derivedData/Build/Products/Debug-xros/PackageFrameworks -F /Users/admin/builder/spi-builder-workspace/.derivedData/Build/Products/Debug-xros -F /Applications/Xcode-27.0.0-Release.Candidate.app/Contents/Developer/Platforms/XROS.platform/Developer/Library/Frameworks -F /Applications/Xcode-27.0.0-Release.Candidate.app/Contents/Developer/Platforms/XROS.platform/Developer/SDKs/XROS27.0.sdk/Developer/Library/Frameworks -module-cache-path /Users/admin/builder/spi-builder-workspace/.derivedData/Build/Intermediates.noindex/SwiftExplicitPrecompiledModules -no-color-diagnostics -Xcc -fno-color-diagnostics -enable-testing -g -debug-info-format\=dwarf -dwarf-version\=4 -suppress-warnings -profile-generate -profile-coverage-mapping -swift-version 5 -Onone -D SWIFT_PACKAGE -D DEBUG -D SWIFT_MODULE_RESOURCE_BUNDLE_UNAVAILABLE -D Xcode -serialize-debugging-options -enable-experimental-feature DebugDescriptionMacro -empty-abi-descriptor -validate-clang-modules-once -clang-build-session-file /Users/admin/builder/spi-builder-workspace/.derivedData/ModuleCache.noindex/Session.modulevalidation -Xcc -working-directory -Xcc /Users/admin/builder/spi-builder-workspace/.swiftpm/xcode -enable-anonymous-context-mangled-names -file-compilation-dir /Users/admin/builder/spi-builder-workspace/.swiftpm/xcode -Xcc -D_LIBCPP_HARDENING_MODE\=_LIBCPP_HARDENING_MODE_DEBUG -Xcc -ivfsstatcache -Xcc /Users/admin/builder/spi-builder-workspace/.derivedData/SDKStatCaches.noindex/xros27.0-24M361-e829b21a6f8c9b70876ba0858053c044735bd543db762f57723cac368afd1ce4.sdkstatcache -Xcc -fmodules-prune-interval\=86400 -Xcc -fmodules-prune-after\=345600 -Xcc -I/Users/admin/builder/spi-builder-workspace/.derivedData/Build/Products/Debug-xros/include -Xcc -I/Users/admin/builder/spi-builder-workspace/.derivedData/Build/Intermediates.noindex/swift-custom-dump.build/Debug-xros/CustomDump-t.build/DerivedSources-normal/arm64 -Xcc -I/Users/admin/builder/spi-builder-workspace/.derivedData/Build/Intermediates.noindex/swift-custom-dump.build/Debug-xros/CustomDump-t.build/DerivedSources/arm64 -Xcc -I/Users/admin/builder/spi-builder-workspace/.derivedData/Build/Intermediates.noindex/swift-custom-dump.build/Debug-xros/CustomDump-t.build/DerivedSources -Xcc -DSWIFT_PACKAGE -Xcc -DDEBUG\=1 -no-auto-bridging-header-chaining -module-name CustomDump -const-gather-protocols-file /Users/admin/builder/spi-builder-workspace/.derivedData/Build/Intermediates.noindex/swift-custom-dump.build/Debug-xros/CustomDump-t.build/Objects-normal/arm64/CustomDump_const_extract_protocols.json -disable-clang-spi -clang-target arm64-apple-xros27.0 -target-sdk-version 27.0 -target-sdk-name xros27.0 -in-process-plugin-server-path /Applications/Xcode-27.0.0-Release.Candidate.app/Contents/Developer/Toolchains/XcodeDefault.xctoolchain/usr/lib/swift/host/libSwiftInProcPluginServer.dylib -emit-module-doc-path /Users/admin/builder/spi-builder-workspace/.derivedData/Build/Intermediates.noindex/swift-custom-dump.build/Debug-xros/CustomDump-t.build/Objects-normal/arm64/CustomDump.swiftdoc -emit-module-source-info-path /Users/admin/builder/spi-builder-workspace/.derivedData/Build/Intermediates.noindex/swift-custom-dump.build/Debug-xros/CustomDump-t.build/Objects-normal/arm64/CustomDump.swiftsourceinfo -emit-objc-header-path /Users/admin/builder/spi-builder-workspace/.derivedData/Build/Intermediates.noindex/swift-custom-dump.build/Debug-xros/CustomDump-t.build/Objects-normal/arm64/CustomDump-Swift.h -serialize-diagnostics-path /Users/admin/builder/spi-builder-workspace/.derivedData/Build/Intermediates.noindex/swift-custom-dump.build/Debug-xros/CustomDump-t.build/Objects-normal/arm64/CustomDump-primary-emit-module.dia -emit-dependencies-path /Users/admin/builder/spi-builder-workspace/.derivedData/Build/Intermediates.noindex/swift-custom-dump.build/Debug-xros/CustomDump-t.build/Objects-normal/arm64/CustomDump-primary-emit-module.d -parse-as-library -o /Users/admin/builder/spi-builder-workspace/.derivedData/Build/Intermediates.noindex/swift-custom-dump.build/Debug-xros/CustomDump-t.build/Objects-normal/arm64/CustomDump.swiftmodule -emit-abi-descriptor-path /Users/admin/builder/spi-builder-workspace/.derivedData/Build/Intermediates.noindex/swift-custom-dump.build/Debug-xros/CustomDump-t.build/Objects-normal/arm64/CustomDump.abi.json
SwiftCompile normal arm64 (in target 'CustomDump' from project 'swift-custom-dump')
cd /Users/admin/builder/spi-builder-workspace/.swiftpm/xcode
SwiftEmitModule normal arm64 Emitting\ module\ for\ Dependencies (in target 'Dependencies' from project 'swift-dependencies')
SwiftCompile normal arm64 (in target 'Dependencies' from project 'swift-dependencies')
cd /Users/admin/builder/spi-builder-workspace/.swiftpm/xcode
SwiftDriverJobDiscovery normal arm64 Compiling Shims.swift (in target 'Clocks' from project 'swift-clocks')
SwiftCompile normal arm64 Compiling\ OpenExistential.swift,\ RuntimeWarnings.swift /Users/admin/builder/spi-builder-workspace/.dependencies/checkouts/swift-dependencies/Sources/Dependencies/Internal/OpenExistential.swift /Users/admin/builder/spi-builder-workspace/.dependencies/checkouts/swift-dependencies/Sources/Dependencies/Internal/RuntimeWarnings.swift (in target 'Dependencies' from project 'swift-dependencies')
SwiftCompile normal arm64 /Users/admin/builder/spi-builder-workspace/.dependencies/checkouts/swift-dependencies/Sources/Dependencies/Internal/OpenExistential.swift (in target 'Dependencies' from project 'swift-dependencies')
cd /Users/admin/builder/spi-builder-workspace/.swiftpm/xcode
builtin-SwiftPerFileCompile OpenExistential.swift
SwiftCompile normal arm64 /Users/admin/builder/spi-builder-workspace/.dependencies/checkouts/swift-dependencies/Sources/Dependencies/Internal/RuntimeWarnings.swift (in target 'Dependencies' from project 'swift-dependencies')
cd /Users/admin/builder/spi-builder-workspace/.swiftpm/xcode
builtin-SwiftPerFileCompile RuntimeWarnings.swift
SwiftDriverJobDiscovery normal arm64 Compiling Lock.swift (in target 'Clocks' from project 'swift-clocks')
SwiftCompile normal arm64 Compiling\ Dependency.swift,\ DependencyContext.swift,\ DependencyKey.swift /Users/admin/builder/spi-builder-workspace/.dependencies/checkouts/swift-dependencies/Sources/Dependencies/Dependency.swift /Users/admin/builder/spi-builder-workspace/.dependencies/checkouts/swift-dependencies/Sources/Dependencies/DependencyContext.swift /Users/admin/builder/spi-builder-workspace/.dependencies/checkouts/swift-dependencies/Sources/Dependencies/DependencyKey.swift (in target 'Dependencies' from project 'swift-dependencies')
SwiftCompile normal arm64 /Users/admin/builder/spi-builder-workspace/.dependencies/checkouts/swift-dependencies/Sources/Dependencies/Dependency.swift (in target 'Dependencies' from project 'swift-dependencies')
cd /Users/admin/builder/spi-builder-workspace/.swiftpm/xcode
builtin-SwiftPerFileCompile Dependency.swift
SwiftCompile normal arm64 /Users/admin/builder/spi-builder-workspace/.dependencies/checkouts/swift-dependencies/Sources/Dependencies/DependencyContext.swift (in target 'Dependencies' from project 'swift-dependencies')
cd /Users/admin/builder/spi-builder-workspace/.swiftpm/xcode
builtin-SwiftPerFileCompile DependencyContext.swift
SwiftCompile normal arm64 /Users/admin/builder/spi-builder-workspace/.dependencies/checkouts/swift-dependencies/Sources/Dependencies/DependencyKey.swift (in target 'Dependencies' from project 'swift-dependencies')
cd /Users/admin/builder/spi-builder-workspace/.swiftpm/xcode
builtin-SwiftPerFileCompile DependencyKey.swift
SwiftDriverJobDiscovery normal arm64 Compiling Timer.swift (in target 'Clocks' from project 'swift-clocks')
SwiftCompile normal arm64 Compiling\ DependencyValues.swift,\ Calendar.swift,\ Clocks.swift /Users/admin/builder/spi-builder-workspace/.dependencies/checkouts/swift-dependencies/Sources/Dependencies/DependencyValues.swift /Users/admin/builder/spi-builder-workspace/.dependencies/checkouts/swift-dependencies/Sources/Dependencies/DependencyValues/Calendar.swift /Users/admin/builder/spi-builder-workspace/.dependencies/checkouts/swift-dependencies/Sources/Dependencies/DependencyValues/Clocks.swift (in target 'Dependencies' from project 'swift-dependencies')
SwiftCompile normal arm64 /Users/admin/builder/spi-builder-workspace/.dependencies/checkouts/swift-dependencies/Sources/Dependencies/DependencyValues.swift (in target 'Dependencies' from project 'swift-dependencies')
cd /Users/admin/builder/spi-builder-workspace/.swiftpm/xcode
builtin-SwiftPerFileCompile DependencyValues.swift
SwiftCompile normal arm64 /Users/admin/builder/spi-builder-workspace/.dependencies/checkouts/swift-dependencies/Sources/Dependencies/DependencyValues/Calendar.swift (in target 'Dependencies' from project 'swift-dependencies')
cd /Users/admin/builder/spi-builder-workspace/.swiftpm/xcode
builtin-SwiftPerFileCompile Calendar.swift
SwiftCompile normal arm64 /Users/admin/builder/spi-builder-workspace/.dependencies/checkouts/swift-dependencies/Sources/Dependencies/DependencyValues/Clocks.swift (in target 'Dependencies' from project 'swift-dependencies')
cd /Users/admin/builder/spi-builder-workspace/.swiftpm/xcode
builtin-SwiftPerFileCompile Clocks.swift
SwiftDriverJobDiscovery normal arm64 Compiling AnyClock.swift (in target 'Clocks' from project 'swift-clocks')
SwiftCompile normal arm64 Compiling\ Locale.swift,\ MainQueue.swift /Users/admin/builder/spi-builder-workspace/.dependencies/checkouts/swift-dependencies/Sources/Dependencies/DependencyValues/Locale.swift /Users/admin/builder/spi-builder-workspace/.dependencies/checkouts/swift-dependencies/Sources/Dependencies/DependencyValues/MainQueue.swift (in target 'Dependencies' from project 'swift-dependencies')
SwiftCompile normal arm64 /Users/admin/builder/spi-builder-workspace/.dependencies/checkouts/swift-dependencies/Sources/Dependencies/DependencyValues/Locale.swift (in target 'Dependencies' from project 'swift-dependencies')
cd /Users/admin/builder/spi-builder-workspace/.swiftpm/xcode
builtin-SwiftPerFileCompile Locale.swift
SwiftCompile normal arm64 /Users/admin/builder/spi-builder-workspace/.dependencies/checkouts/swift-dependencies/Sources/Dependencies/DependencyValues/MainQueue.swift (in target 'Dependencies' from project 'swift-dependencies')
cd /Users/admin/builder/spi-builder-workspace/.swiftpm/xcode
builtin-SwiftPerFileCompile MainQueue.swift
SwiftCompile normal arm64 Compiling\ Context.swift,\ Date.swift,\ FireAndForget.swift /Users/admin/builder/spi-builder-workspace/.dependencies/checkouts/swift-dependencies/Sources/Dependencies/DependencyValues/Context.swift /Users/admin/builder/spi-builder-workspace/.dependencies/checkouts/swift-dependencies/Sources/Dependencies/DependencyValues/Date.swift /Users/admin/builder/spi-builder-workspace/.dependencies/checkouts/swift-dependencies/Sources/Dependencies/DependencyValues/FireAndForget.swift (in target 'Dependencies' from project 'swift-dependencies')
SwiftCompile normal arm64 /Users/admin/builder/spi-builder-workspace/.dependencies/checkouts/swift-dependencies/Sources/Dependencies/DependencyValues/Context.swift (in target 'Dependencies' from project 'swift-dependencies')
cd /Users/admin/builder/spi-builder-workspace/.swiftpm/xcode
builtin-SwiftPerFileCompile Context.swift
SwiftCompile normal arm64 /Users/admin/builder/spi-builder-workspace/.dependencies/checkouts/swift-dependencies/Sources/Dependencies/DependencyValues/Date.swift (in target 'Dependencies' from project 'swift-dependencies')
cd /Users/admin/builder/spi-builder-workspace/.swiftpm/xcode
builtin-SwiftPerFileCompile Date.swift
SwiftCompile normal arm64 /Users/admin/builder/spi-builder-workspace/.dependencies/checkouts/swift-dependencies/Sources/Dependencies/DependencyValues/FireAndForget.swift (in target 'Dependencies' from project 'swift-dependencies')
cd /Users/admin/builder/spi-builder-workspace/.swiftpm/xcode
builtin-SwiftPerFileCompile FireAndForget.swift
SwiftDriverJobDiscovery normal arm64 Compiling _AsyncTimerSequence.swift (in target 'Clocks' from project 'swift-clocks')
SwiftCompile normal arm64 Compiling\ TimeZone.swift,\ URLSession.swift /Users/admin/builder/spi-builder-workspace/.dependencies/checkouts/swift-dependencies/Sources/Dependencies/DependencyValues/TimeZone.swift /Users/admin/builder/spi-builder-workspace/.dependencies/checkouts/swift-dependencies/Sources/Dependencies/DependencyValues/URLSession.swift (in target 'Dependencies' from project 'swift-dependencies')
SwiftCompile normal arm64 /Users/admin/builder/spi-builder-workspace/.dependencies/checkouts/swift-dependencies/Sources/Dependencies/DependencyValues/TimeZone.swift (in target 'Dependencies' from project 'swift-dependencies')
cd /Users/admin/builder/spi-builder-workspace/.swiftpm/xcode
builtin-SwiftPerFileCompile TimeZone.swift
SwiftCompile normal arm64 /Users/admin/builder/spi-builder-workspace/.dependencies/checkouts/swift-dependencies/Sources/Dependencies/DependencyValues/URLSession.swift (in target 'Dependencies' from project 'swift-dependencies')
cd /Users/admin/builder/spi-builder-workspace/.swiftpm/xcode
builtin-SwiftPerFileCompile URLSession.swift
SwiftCompile normal arm64 Compiling\ TypeName.swift,\ WithDependencies.swift /Users/admin/builder/spi-builder-workspace/.dependencies/checkouts/swift-dependencies/Sources/Dependencies/Internal/TypeName.swift /Users/admin/builder/spi-builder-workspace/.dependencies/checkouts/swift-dependencies/Sources/Dependencies/WithDependencies.swift (in target 'Dependencies' from project 'swift-dependencies')
SwiftCompile normal arm64 /Users/admin/builder/spi-builder-workspace/.dependencies/checkouts/swift-dependencies/Sources/Dependencies/Internal/TypeName.swift (in target 'Dependencies' from project 'swift-dependencies')
cd /Users/admin/builder/spi-builder-workspace/.swiftpm/xcode
builtin-SwiftPerFileCompile TypeName.swift
SwiftCompile normal arm64 /Users/admin/builder/spi-builder-workspace/.dependencies/checkouts/swift-dependencies/Sources/Dependencies/WithDependencies.swift (in target 'Dependencies' from project 'swift-dependencies')
cd /Users/admin/builder/spi-builder-workspace/.swiftpm/xcode
builtin-SwiftPerFileCompile WithDependencies.swift
SwiftDriverJobDiscovery normal arm64 Compiling TestClock.swift (in target 'Clocks' from project 'swift-clocks')
SwiftCompile normal arm64 Compiling\ MainRunLoop.swift,\ OpenURL.swift /Users/admin/builder/spi-builder-workspace/.dependencies/checkouts/swift-dependencies/Sources/Dependencies/DependencyValues/MainRunLoop.swift /Users/admin/builder/spi-builder-workspace/.dependencies/checkouts/swift-dependencies/Sources/Dependencies/DependencyValues/OpenURL.swift (in target 'Dependencies' from project 'swift-dependencies')
SwiftCompile normal arm64 /Users/admin/builder/spi-builder-workspace/.dependencies/checkouts/swift-dependencies/Sources/Dependencies/DependencyValues/MainRunLoop.swift (in target 'Dependencies' from project 'swift-dependencies')
cd /Users/admin/builder/spi-builder-workspace/.swiftpm/xcode
builtin-SwiftPerFileCompile MainRunLoop.swift
SwiftCompile normal arm64 /Users/admin/builder/spi-builder-workspace/.dependencies/checkouts/swift-dependencies/Sources/Dependencies/DependencyValues/OpenURL.swift (in target 'Dependencies' from project 'swift-dependencies')
cd /Users/admin/builder/spi-builder-workspace/.swiftpm/xcode
builtin-SwiftPerFileCompile OpenURL.swift
SwiftDriverJobDiscovery normal arm64 Compiling OpenExistential.swift, RuntimeWarnings.swift (in target 'Dependencies' from project 'swift-dependencies')
SwiftCompile normal arm64 Compiling\ Deprecations.swift,\ Exports.swift /Users/admin/builder/spi-builder-workspace/.dependencies/checkouts/swift-dependencies/Sources/Dependencies/Internal/Deprecations.swift /Users/admin/builder/spi-builder-workspace/.dependencies/checkouts/swift-dependencies/Sources/Dependencies/Internal/Exports.swift (in target 'Dependencies' from project 'swift-dependencies')
SwiftCompile normal arm64 /Users/admin/builder/spi-builder-workspace/.dependencies/checkouts/swift-dependencies/Sources/Dependencies/Internal/Deprecations.swift (in target 'Dependencies' from project 'swift-dependencies')
cd /Users/admin/builder/spi-builder-workspace/.swiftpm/xcode
builtin-SwiftPerFileCompile Deprecations.swift
SwiftCompile normal arm64 /Users/admin/builder/spi-builder-workspace/.dependencies/checkouts/swift-dependencies/Sources/Dependencies/Internal/Exports.swift (in target 'Dependencies' from project 'swift-dependencies')
cd /Users/admin/builder/spi-builder-workspace/.swiftpm/xcode
builtin-SwiftPerFileCompile Exports.swift
PruneExplicitPrecompiledModules /Users/admin/builder/spi-builder-workspace/.derivedData/SDKExplicitPrecompiledModules
PruneExplicitPrecompiledModules /Users/admin/builder/spi-builder-workspace/.derivedData/Build/Intermediates.noindex/ExplicitPrecompiledModules
PruneExplicitPrecompiledModules /Users/admin/builder/spi-builder-workspace/.derivedData/Build/Intermediates.noindex/SwiftExplicitPrecompiledModules
2026-09-19 11:28:09.725 xcodebuild[1428:7989] [MT] IDERunDestination: Supported platforms for the buildables in the current scheme is empty.
2026-09-19 11:28:09.828 xcodebuild[1428:7989] [MT] IDERunDestination: Supported platforms for the buildables in the current scheme is empty.
** BUILD FAILED **
The following build commands failed:
SwiftEmitModule normal arm64 Emitting\ module\ for\ CustomDump (in target 'CustomDump' from project 'swift-custom-dump')
SwiftCompile normal arm64 (in target 'CustomDump' from project 'swift-custom-dump')
Building workspace composable-core-location with scheme composable-core-location
(3 failures)
BUILD FAILURE 6.4 visionOS