The Swift Package Index logo.Swift Package Index

Build Information

Failed to build Phoenix, reference main (7f5019), with Swift 6.3 for Linux on 13 Jul 2026 16:10:51 UTC.

Build Command

bash -c docker run --pull=always --rm -v "checkouts-53886768-0":/host -w "$PWD" -e JAVA_HOME="/root/.sdkman/candidates/java/current" -e SPI_BUILD="1" -e SPI_PROCESSING="1" registry.gitlab.com/saguaro1/spi-images:basic-6.3-latest swift build --triple x86_64-unknown-linux-gnu 2>&1

Build Log

========================================
RunAll
========================================
Builder version: ee7f7f69ffe4e79de74a2a3c774eb39d565d38f4
Interrupt handler set up.
========================================
Checkout
========================================
Clone URL: https://github.com/shareup/phoenix-apple.git
Reference: main
Initialized empty Git repository in /host/spi-builder-workspace/.git/
hint: Using 'master' as the name for the initial branch. This default branch name
hint: is subject to change. To configure the initial branch name to use in all
hint: of your new repositories, which will suppress this warning, call:
hint:
hint: 	git config --global init.defaultBranch <name>
hint:
hint: Names commonly chosen instead of 'master' are 'main', 'trunk' and
hint: 'development'. The just-created branch can be renamed via this command:
hint:
hint: 	git branch -m <name>
From https://github.com/shareup/phoenix-apple
 * branch            main       -> FETCH_HEAD
 * [new branch]      main       -> origin/main
HEAD is now at 7f50194 Update JSON (#53)
Cloned https://github.com/shareup/phoenix-apple.git
Revision (git rev-parse @):
7f50194c19dd6ab3caa7d210da65c92abc9d6360
SUCCESS checkout https://github.com/shareup/phoenix-apple.git at main
========================================
Build
========================================
Selected platform:         linux
Swift version:             6.3
Building package at path:  $PWD
https://github.com/shareup/phoenix-apple.git
Running build ...
bash -c docker run --pull=always --rm -v "checkouts-53886768-0":/host -w "$PWD" -e JAVA_HOME="/root/.sdkman/candidates/java/current" -e SPI_BUILD="1" -e SPI_PROCESSING="1" registry.gitlab.com/saguaro1/spi-images:basic-6.3-latest swift build --triple x86_64-unknown-linux-gnu 2>&1
basic-6.3-latest: Pulling from saguaro1/spi-images
Digest: sha256:518d581a7f3cc0f988d8921e0dce92c3361f942cd4cc7d944cb46f8707e06c63
Status: Image is up to date for registry.gitlab.com/saguaro1/spi-images:basic-6.3-latest
Fetching https://github.com/shareup/async-extensions.git
Fetching https://github.com/shareup/synchronized.git
Fetching https://github.com/shareup/dispatch-timer.git
Fetching https://github.com/shareup/websocket-apple.git
Fetching https://github.com/apple/swift-collections.git
Fetching https://github.com/shareup/json-apple.git
[1/487] Fetching async-extensions
[396/1224] Fetching async-extensions, websocket-apple
[1225/1381] Fetching async-extensions, websocket-apple, json-apple
[1241/1607] Fetching async-extensions, websocket-apple, json-apple, synchronized
Fetched https://github.com/shareup/json-apple.git from cache (0.39s)
[1/25985] Fetching swift-collections
[1820/26104] Fetching swift-collections, dispatch-timer
Fetched https://github.com/shareup/dispatch-timer.git from cache (0.64s)
[2079/25985] Fetching swift-collections
Fetched https://github.com/shareup/synchronized.git from cache (1.49s)
Fetched https://github.com/shareup/websocket-apple.git from cache (1.49s)
Fetched https://github.com/shareup/async-extensions.git from cache (1.49s)
Fetched https://github.com/apple/swift-collections.git from cache (1.50s)
Computing version for https://github.com/shareup/synchronized.git
Computed https://github.com/shareup/synchronized.git at 4.0.1 (2.37s)
Computing version for https://github.com/shareup/json-apple.git
Computed https://github.com/shareup/json-apple.git at 2.0.0 (0.13s)
Computing version for https://github.com/shareup/websocket-apple.git
Computed https://github.com/shareup/websocket-apple.git at 4.1.2 (0.14s)
Computing version for https://github.com/shareup/dispatch-timer.git
Computed https://github.com/shareup/dispatch-timer.git at 3.0.2 (0.17s)
Computing version for https://github.com/shareup/async-extensions.git
Computed https://github.com/shareup/async-extensions.git at 4.4.0 (0.14s)
Computing version for https://github.com/apple/swift-collections.git
Computed https://github.com/apple/swift-collections.git at 1.6.0 (0.24s)
Creating working copy for https://github.com/apple/swift-collections.git
Working copy of https://github.com/apple/swift-collections.git resolved at 1.6.0
Creating working copy for https://github.com/shareup/synchronized.git
Working copy of https://github.com/shareup/synchronized.git resolved at 4.0.1
Creating working copy for https://github.com/shareup/websocket-apple.git
Working copy of https://github.com/shareup/websocket-apple.git resolved at 4.1.2
Creating working copy for https://github.com/shareup/dispatch-timer.git
Working copy of https://github.com/shareup/dispatch-timer.git resolved at 3.0.2
Creating working copy for https://github.com/shareup/async-extensions.git
Working copy of https://github.com/shareup/async-extensions.git resolved at 4.4.0
Creating working copy for https://github.com/shareup/json-apple.git
Working copy of https://github.com/shareup/json-apple.git resolved at 2.0.0
Building for debugging...
[0/16] Write sources
[15/16] Write swift-version-24593BA9C3E375BF.txt
[17/41] Emitting module InternalCollectionsUtilities
[18/43] Compiling InternalCollectionsUtilities UnsafeMutableRawBufferPointer+Extras.swift
[19/43] Compiling InternalCollectionsUtilities UnsafeRawBufferPointer+Extras.swift
[20/43] Compiling InternalCollectionsUtilities Debugging.swift
[21/43] Compiling InternalCollectionsUtilities Descriptions.swift
[22/43] Compiling InternalCollectionsUtilities FixedWidthInteger+roundUpToPowerOfTwo.swift
[23/43] Compiling InternalCollectionsUtilities UnsafeBufferPointer+Extras.swift
[24/43] Compiling InternalCollectionsUtilities UnsafeMutableBufferPointer+Extras.swift
[25/43] Compiling InternalCollectionsUtilities Integer rank.swift
[26/43] Compiling InternalCollectionsUtilities UInt+first and last set bit.swift
[27/43] Compiling InternalCollectionsUtilities UInt+reversed.swift
[28/43] Compiling InternalCollectionsUtilities LifetimeOverride.swift
[29/43] Compiling InternalCollectionsUtilities RandomAccessCollection+Offsets.swift
[30/43] Compiling InternalCollectionsUtilities Span+Extras.swift
[31/43] Compiling InternalCollectionsUtilities String+Padding.swift
[32/43] Compiling InternalCollectionsUtilities _UnsafeBitSet+Index.swift
[33/43] Compiling InternalCollectionsUtilities _UnsafeBitSet+_Word.swift
[34/43] Compiling InternalCollectionsUtilities _UnsafeBitSet.swift
[35/43] Compiling InternalCollectionsUtilities _SortedCollection.swift
[36/43] Compiling InternalCollectionsUtilities _UniqueCollection.swift
[38/298] Compiling HeapModule Heap+ExpressibleByArrayLiteral.swift
[39/344] Compiling _RopeModule BigString+Sequence.swift
[40/344] Compiling _RopeModule BigString+TextOutputStream.swift
[41/344] Compiling _RopeModule BigString+Append.swift
[42/344] Compiling _RopeModule BigString+Initializers.swift
[43/344] Compiling _RopeModule BigString+Insert.swift
[44/344] Compiling _RopeModule BigString+Builder.swift
[45/344] Compiling _RopeModule BigString+Contents.swift
[46/344] Compiling _RopeModule BigString+Debugging.swift
[47/344] Compiling _RopeModule BigString+Index.swift
[48/344] Compiling _RopeModule BigString+Ingester.swift
[49/348] Compiling _RopeModule BigString+Managing Breaks.swift
[50/348] Compiling _RopeModule BigString+RemoveSubrange.swift
[51/348] Compiling _RopeModule BigString+ReplaceSubrange.swift
[52/348] Compiling _RopeModule BigString+Split.swift
[53/348] Compiling _RopeModule Range+BigString.swift
[54/348] Compiling _RopeModule Rope+_Node.swift
[55/348] Compiling _RopeModule Rope+_Storage.swift
[56/348] Compiling _RopeModule Rope+_UnmanagedLeaf.swift
[57/348] Compiling _RopeModule Rope+_UnsafeHandle.swift
[58/348] Compiling _RopeModule Rope.swift
[59/348] Compiling HeapModule Heap+Descriptions.swift
[60/348] Compiling _RopeModule BigString+Chunk+Breaks.swift
[61/348] Compiling _RopeModule BigString+Chunk+Character.swift
[62/348] Compiling _RopeModule BigString+Chunk+Counts.swift
[63/348] Compiling _RopeModule BigString+Chunk+Description.swift
[64/348] Compiling _RopeModule BigString+Chunk+Index.swift
[65/348] Compiling _RopeModule RopeElement.swift
[66/348] Compiling _RopeModule RopeMetric.swift
[67/348] Compiling _RopeModule RopeSummary.swift
[68/348] Compiling _RopeModule _RopeItem.swift
[69/348] Compiling _RopeModule _RopePath.swift
[70/348] Compiling HeapModule Heap.swift
[71/348] Emitting module ContainersPreview
[72/348] Compiling HeapModule _HeapNode.swift
[73/348] Compiling ContainersPreview Ref.swift
[74/348] Compiling ContainersPreview Shared.swift
[75/348] Compiling ContainersPreview SpanIterator.swift
[76/348] Compiling ContainersPreview UniqueBox.swift
[77/348] Compiling _RopeModule BigString+Invariants.swift
[78/348] Compiling _RopeModule BigString+Metrics.swift
[79/348] Compiling _RopeModule BigString+Summary.swift
[80/348] Compiling _RopeModule BigString.swift
[81/348] Compiling _RopeModule BigString+Chunk+Append and Insert.swift
[83/349] Emitting module HeapModule
[84/349] Compiling HeapModule Heap+Invariants.swift
[85/349] Compiling HeapModule Heap+UnsafeHandle.swift
[87/350] Compiling _RopeModule Rope+Debugging.swift
[88/350] Compiling _RopeModule Rope+Invariants.swift
[89/350] Compiling _RopeModule _RopeVersion.swift
[90/350] Compiling _RopeModule Rope+Collection.swift
[91/350] Compiling _RopeModule Rope+Index.swift
[92/350] Compiling _RopeModule Rope+Sequence.swift
[93/350] Compiling _RopeModule Rope+Append.swift
[94/350] Compiling _RopeModule Rope+Extract.swift
[95/357] Compiling _RopeModule BigSubstring+UnicodeScalarView.swift
[96/357] Compiling _RopeModule BigSubstring.swift
[97/357] Compiling _RopeModule Rope+Builder.swift
[103/405] Compiling _RopeModule BigString+ExpressibleByStringLiteral.swift
[104/405] Compiling _RopeModule BigString+Hashing.swift
[105/405] Compiling _RopeModule BigString+LosslessStringConvertible.swift
[106/405] Compiling _RopeModule BigString+RangeReplaceableCollection.swift
[107/405] Compiling HashTreeCollections TreeSet+SetAlgebra basics.swift
[108/405] Compiling HashTreeCollections TreeSet+SetAlgebra formIntersection.swift
[109/405] Compiling HashTreeCollections TreeSet+SetAlgebra formSymmetricDifference.swift
[110/405] Compiling HashTreeCollections TreeSet+SetAlgebra formUnion.swift
[111/405] Compiling HashTreeCollections TreeSet+SetAlgebra intersection.swift
[112/405] Compiling HashTreeCollections TreeSet+SetAlgebra isDisjoint.swift
[113/415] Compiling DequeModule Deque+Testing.swift
[114/415] Compiling DequeModule Deque._Storage.swift
[115/415] Compiling DequeModule Deque._UnsafeHandle.swift
[116/415] Compiling DequeModule Deque.swift
[117/415] Compiling DequeModule RigidDeque+Equatable.swift
[118/415] Compiling DequeModule RigidDeque+Experimental.swift
[119/415] Compiling DequeModule RigidDeque+Hashable.swift
[120/415] Compiling DequeModule RigidDeque+Initializers.swift
[121/415] Compiling _RopeModule BigString+UTF16View.swift
[122/415] Compiling _RopeModule BigString+UTF8View.swift
[123/415] Compiling _RopeModule BigString+UnicodeScalarView.swift
[124/415] Compiling _RopeModule BigSubstring+UTF16View.swift
[125/415] Compiling _RopeModule BigSubstring+UTF8View.swift
[129/415] Emitting module BitCollections
[130/415] Compiling DequeModule UniqueDeque+Removals.swift
[131/415] Compiling DequeModule RigidDeque+Removals.swift
[132/415] Compiling DequeModule RigidDeque+Replacements.swift
[133/415] Compiling DequeModule RigidDeque+Testing.swift
[134/415] Compiling DequeModule RigidDeque.swift
[135/415] Compiling DequeModule UniqueDeque+Append.swift
[136/415] Compiling DequeModule UniqueDeque+Consumption.swift
[140/415] Compiling Synchronized RecursiveLock.swift
/host/spi-builder-workspace/.build/checkouts/synchronized/Sources/Synchronized/RecursiveLock.swift:14:54: error: cannot convert value of type 'Int' to expected argument type 'Int32'
12 |         else { preconditionFailure() }
13 |
14 |         guard pthread_mutexattr_settype(&attributes, PTHREAD_MUTEX_RECURSIVE) == 0
   |                                                      `- error: cannot convert value of type 'Int' to expected argument type 'Int32'
15 |         else { preconditionFailure() }
16 |
[141/415] Compiling DequeModule UniqueDeque+Container.swift
[142/415] Compiling DequeModule UniqueDeque+Deprecated.swift
[143/415] Compiling DequeModule UniqueDeque+Descriptions.swift
[144/415] Compiling DequeModule UniqueDeque+Equatable.swift
[145/415] Compiling DequeModule UniqueDeque+Experimental.swift
[146/415] Emitting module JSON
[147/415] Compiling Synchronized Locked.swift
/host/spi-builder-workspace/.build/checkouts/synchronized/Sources/Synchronized/Locked.swift:4:54: error: cannot find type 'os_unfair_lock' in scope
 2 |
 3 | public struct Locked<Element> {
 4 |     private final class Lock: ManagedBuffer<Element, os_unfair_lock> {
   |                                                      `- error: cannot find type 'os_unfair_lock' in scope
 5 |         deinit {
 6 |             withUnsafeMutablePointerToElements { lock in
/host/spi-builder-workspace/.build/checkouts/synchronized/Sources/Synchronized/Locked.swift:12:48: error: cannot find type 'os_unfair_lock' in scope
10 |     }
11 |
12 |     private let buffer: ManagedBuffer<Element, os_unfair_lock>
   |                                                `- error: cannot find type 'os_unfair_lock' in scope
13 |
14 |     public init(_ element: Element) {
/host/spi-builder-workspace/.build/checkouts/synchronized/Sources/Synchronized/Locked.swift:6:13: error: failed to produce diagnostic for expression; please submit a bug report (https://swift.org/contributing/#reporting-bugs)
 4 |     private final class Lock: ManagedBuffer<Element, os_unfair_lock> {
 5 |         deinit {
 6 |             withUnsafeMutablePointerToElements { lock in
   |             `- error: failed to produce diagnostic for expression; please submit a bug report (https://swift.org/contributing/#reporting-bugs)
 7 |                 _ = lock.deinitialize(count: 1)
 8 |             }
/host/spi-builder-workspace/.build/checkouts/synchronized/Sources/Synchronized/Locked.swift:17:35: error: cannot find 'os_unfair_lock' in scope
15 |         buffer = Lock.create(minimumCapacity: 1) { buffer in
16 |             buffer.withUnsafeMutablePointerToElements {
17 |                 $0.initialize(to: os_unfair_lock())
   |                                   `- error: cannot find 'os_unfair_lock' in scope
18 |             }
19 |             return element
/host/spi-builder-workspace/.build/checkouts/synchronized/Sources/Synchronized/Locked.swift:15:16: error: failed to produce diagnostic for expression; please submit a bug report (https://swift.org/contributing/#reporting-bugs)
13 |
14 |     public init(_ element: Element) {
15 |         buffer = Lock.create(minimumCapacity: 1) { buffer in
   |                `- error: failed to produce diagnostic for expression; please submit a bug report (https://swift.org/contributing/#reporting-bugs)
16 |             buffer.withUnsafeMutablePointerToElements {
17 |                 $0.initialize(to: os_unfair_lock())
/host/spi-builder-workspace/.build/checkouts/synchronized/Sources/Synchronized/Locked.swift:25:13: error: cannot find 'os_unfair_lock_lock' in scope
23 |     public func access<Return>(_ block: (inout Element) throws -> Return) rethrows -> Return {
24 |         try buffer.withUnsafeMutablePointers { element, lock in
25 |             os_unfair_lock_lock(lock)
   |             `- error: cannot find 'os_unfair_lock_lock' in scope
26 |             defer { os_unfair_lock_unlock(lock) }
27 |             return try block(&element.pointee)
[148/415] Compiling JSON JSON.swift
/host/spi-builder-workspace/.build/checkouts/json-apple/Sources/JSON/JSON.swift:685:9: error: cannot find 'CFBooleanGetTypeID' in scope
683 | private extension NSNumber {
684 |     var isBool: Bool {
685 |         CFBooleanGetTypeID() == CFGetTypeID(self)
    |         `- error: cannot find 'CFBooleanGetTypeID' in scope
686 |     }
687 | }
/host/spi-builder-workspace/.build/checkouts/json-apple/Sources/JSON/JSON.swift:685:33: error: cannot find 'CFGetTypeID' in scope
683 | private extension NSNumber {
684 |     var isBool: Bool {
685 |         CFBooleanGetTypeID() == CFGetTypeID(self)
    |                                 `- error: cannot find 'CFGetTypeID' in scope
686 |     }
687 | }
[149/415] Compiling JSON Dictionary+JSON.swift
/host/spi-builder-workspace/.build/checkouts/json-apple/Sources/JSON/Dictionary+JSON.swift:73:9: error: cannot find 'CFBooleanGetTypeID' in scope
71 | private extension NSNumber {
72 |     var isBool: Bool {
73 |         CFBooleanGetTypeID() == CFGetTypeID(self)
   |         `- error: cannot find 'CFBooleanGetTypeID' in scope
74 |     }
75 | }
/host/spi-builder-workspace/.build/checkouts/json-apple/Sources/JSON/Dictionary+JSON.swift:73:33: error: cannot find 'CFGetTypeID' in scope
71 | private extension NSNumber {
72 |     var isBool: Bool {
73 |         CFBooleanGetTypeID() == CFGetTypeID(self)
   |                                 `- error: cannot find 'CFGetTypeID' in scope
74 |     }
75 | }
[150/420] Compiling DequeModule RigidDeque+Insertions.swift
[151/420] Compiling DequeModule RigidDeque+Prepend.swift
error: emit-module command failed with exit code 1 (use -v to see invocation)
[157/420] Emitting module Synchronized
/host/spi-builder-workspace/.build/checkouts/synchronized/Sources/Synchronized/Lock.swift:4:47: error: cannot find type 'os_unfair_lock' in scope
 2 |
 3 | public final class Lock {
 4 |     private var backing: UnsafeMutablePointer<os_unfair_lock>
   |                                               `- error: cannot find type 'os_unfair_lock' in scope
 5 |
 6 |     public init() {
/host/spi-builder-workspace/.build/checkouts/synchronized/Sources/Synchronized/Locked.swift:4:54: error: cannot find type 'os_unfair_lock' in scope
 2 |
 3 | public struct Locked<Element> {
 4 |     private final class Lock: ManagedBuffer<Element, os_unfair_lock> {
   |                                                      `- error: cannot find type 'os_unfair_lock' in scope
 5 |         deinit {
 6 |             withUnsafeMutablePointerToElements { lock in
/host/spi-builder-workspace/.build/checkouts/synchronized/Sources/Synchronized/Locked.swift:12:48: error: cannot find type 'os_unfair_lock' in scope
10 |     }
11 |
12 |     private let buffer: ManagedBuffer<Element, os_unfair_lock>
   |                                                `- error: cannot find type 'os_unfair_lock' in scope
13 |
14 |     public init(_ element: Element) {
/host/spi-builder-workspace/.build/checkouts/synchronized/Sources/Synchronized/Lock.swift:4:47: error: cannot find type 'os_unfair_lock' in scope
 2 |
 3 | public final class Lock {
 4 |     private var backing: UnsafeMutablePointer<os_unfair_lock>
   |                                               `- error: cannot find type 'os_unfair_lock' in scope
 5 |
 6 |     public init() {
/host/spi-builder-workspace/.build/checkouts/synchronized/Sources/Synchronized/Lock.swift:7:40: error: cannot find type 'os_unfair_lock' in scope
 5 |
 6 |     public init() {
 7 |         backing = UnsafeMutablePointer<os_unfair_lock>.allocate(capacity: 1)
   |                                        `- error: cannot find type 'os_unfair_lock' in scope
 8 |         backing.initialize(to: os_unfair_lock())
 9 |     }
/host/spi-builder-workspace/.build/checkouts/synchronized/Sources/Synchronized/Lock.swift:8:32: error: cannot find 'os_unfair_lock' in scope
 6 |     public init() {
 7 |         backing = UnsafeMutablePointer<os_unfair_lock>.allocate(capacity: 1)
 8 |         backing.initialize(to: os_unfair_lock())
   |                                `- error: cannot find 'os_unfair_lock' in scope
 9 |     }
10 |
/host/spi-builder-workspace/.build/checkouts/synchronized/Sources/Synchronized/Lock.swift:18:9: error: cannot find 'os_unfair_lock_lock' in scope
16 |     public func locked<T>(_ block: () throws -> T) rethrows -> T {
17 |         // https://developer.apple.com/documentation/os/1646466-os_unfair_lock_lock
18 |         os_unfair_lock_lock(backing)
   |         `- error: cannot find 'os_unfair_lock_lock' in scope
19 |         defer { os_unfair_lock_unlock(backing) }
20 |         return try block()
/host/spi-builder-workspace/.build/checkouts/synchronized/Sources/Synchronized/Lock.swift:19:17: error: cannot find 'os_unfair_lock_unlock' in scope
17 |         // https://developer.apple.com/documentation/os/1646466-os_unfair_lock_lock
18 |         os_unfair_lock_lock(backing)
19 |         defer { os_unfair_lock_unlock(backing) }
   |                 `- error: cannot find 'os_unfair_lock_unlock' in scope
20 |         return try block()
21 |     }
/host/spi-builder-workspace/.build/checkouts/synchronized/Sources/Synchronized/Lock.swift:25:12: error: cannot find 'os_unfair_lock_trylock' in scope
23 |     public func tryLocked(_ block: () throws -> Void) rethrows -> Bool {
24 |         // https://developer.apple.com/documentation/os/1646469-os_unfair_lock_trylock
25 |         if os_unfair_lock_trylock(backing) {
   |            `- error: cannot find 'os_unfair_lock_trylock' in scope
26 |             defer { os_unfair_lock_unlock(backing) }
27 |             try block()
BUILD FAILURE 6.3 linux