The Swift Package Index logo.Swift Package Index

Build Information

Failed to build TriforkSwiftNetworking, reference main (4ff071), with Swift 6.4 for Android on 17 Sep 2026 20:07:48 UTC.

Build Command

bash -c docker run --pull=always --rm -v "checkouts-53886769-0":/host -w "$PWD" -e JAVA_HOME="/root/.sdkman/candidates/java/current" -e SPI_BUILD="1" -e SPI_PROCESSING="1" registry.gitlab.com/saguaro1/spi-images:android-6.4-latest swift build --swift-sdk aarch64-unknown-linux-android28 2>&1

Build Log

========================================
RunAll
========================================
Builder version: 5.1.0
Interrupt handler set up.
========================================
Checkout
========================================
Clone URL: https://github.com/trifork/TriforkSwiftNetworking.git
Reference: main
Initialized empty Git repository in /host/spi-builder-workspace/.git/
hint: Using 'master' as the name for the initial branch. This default branch name
hint: is subject to change. To configure the initial branch name to use in all
hint: of your new repositories, which will suppress this warning, call:
hint:
hint: 	git config --global init.defaultBranch <name>
hint:
hint: Names commonly chosen instead of 'master' are 'main', 'trunk' and
hint: 'development'. The just-created branch can be renamed via this command:
hint:
hint: 	git branch -m <name>
From https://github.com/trifork/TriforkSwiftNetworking
 * branch            main       -> FETCH_HEAD
 * [new branch]      main       -> origin/main
HEAD is now at 4ff0711 Merge pull request #5 from trifork/tkc/mock-helpers
Cloned https://github.com/trifork/TriforkSwiftNetworking.git
Revision (git rev-parse @):
4ff071159447d6f4fe6c4454d4538aabe112029e
SUCCESS checkout https://github.com/trifork/TriforkSwiftNetworking.git at main
========================================
Build
========================================
Selected platform:         android
Swift version:             6.4
Building package at path:  $PWD
https://github.com/trifork/TriforkSwiftNetworking.git
Running build ...
bash -c docker run --pull=always --rm -v "checkouts-53886769-0":/host -w "$PWD" -e JAVA_HOME="/root/.sdkman/candidates/java/current" -e SPI_BUILD="1" -e SPI_PROCESSING="1" registry.gitlab.com/saguaro1/spi-images:android-6.4-latest swift build --swift-sdk aarch64-unknown-linux-android28 2>&1
android-6.4-latest: Pulling from saguaro1/spi-images
Digest: sha256:abadcff584c273feba50641b454858d377ba30b35ea7287a94f45ebd8afd0ea0
Status: Image is up to date for registry.gitlab.com/saguaro1/spi-images:android-6.4-latest
Building for debugging...
[Pre-planning 1 / 124]
error: SwiftCompile normal aarch64 failed with a nonzero exit code. Command line:     cd /host

/host/spi-builder-workspace/Sources/TSNMockHelpers/URLSession+Extensions.swift:3:1: error: non-nominal type 'URLSession' (aka 'AnyObject') cannot be extended [#]8;;https://docs.swift.org/compiler/documentation/diagnostics/nominal-types\NominalTypes]8;;\]
 1 | import Foundation
 2 |
 3 | extension URLSession {
   | `- error: non-nominal type 'URLSession' (aka 'AnyObject') cannot be extended [#]8;;https://docs.swift.org/compiler/documentation/diagnostics/nominal-types\NominalTypes]8;;\]
 4 |     /// Creates a `URLSession` which mocks all requests with results provided via `URLSessionStubResults`
 5 |     public static var mockSession: URLSession {
/host/spi-builder-workspace/Sources/TSNMockHelpers/URLSessionMockProtocol.swift:4:2: error: Objective-C interoperability is disabled
 2 |
 3 | /// Internal protocol class for mocking `URLSession`
 4 | @objc class URLSessionMockProtocol: URLProtocol {
   |  `- error: Objective-C interoperability is disabled
 5 |
 6 |     override class func canInit(with request: URLRequest) -> Bool {
/host/spi-builder-workspace/Sources/TSNMockHelpers/URLSessionMockProtocol.swift:6:47: error: cannot find type 'URLRequest' in scope
 4 | @objc class URLSessionMockProtocol: URLProtocol {
 5 |
 6 |     override class func canInit(with request: URLRequest) -> Bool {
   |                                               `- error: cannot find type 'URLRequest' in scope
 7 |         return true
 8 |     }
/host/spi-builder-workspace/Sources/TSNMockHelpers/URLSessionMockProtocol.swift:10:44: error: 'URLSessionTask' is unavailable: This type has moved to the FoundationNetworking module. Import that module to use it.
 8 |     }
 9 |
10 |     override class func canInit(with task: URLSessionTask) -> Bool {
   |                                            `- error: 'URLSessionTask' is unavailable: This type has moved to the FoundationNetworking module. Import that module to use it.
11 |         return true
12 |     }
Foundation.URLSessionTask:2:18: note: 'URLSessionTask' has been explicitly marked unavailable here
1 | @available(*, unavailable, message: "This type has moved to the FoundationNetworking module. Import that module to use it.")
2 | public typealias URLSessionTask = AnyObject
  |                  `- note: 'URLSessionTask' has been explicitly marked unavailable here
/host/spi-builder-workspace/Sources/TSNMockHelpers/URLSessionMockProtocol.swift:10:25: error: method does not override any method from its superclass
 8 |     }
 9 |
10 |     override class func canInit(with task: URLSessionTask) -> Bool {
   |                         `- error: method does not override any method from its superclass
11 |         return true
12 |     }
/host/spi-builder-workspace/Sources/TSNMockHelpers/URLSessionMockProtocol.swift:14:70: error: cannot find type 'URLRequest' in scope
12 |     }
13 |
14 |     override class func canonicalRequest(for request: URLRequest) -> URLRequest {
   |                                                                      `- error: cannot find type 'URLRequest' in scope
15 |         return request
16 |     }
/host/spi-builder-workspace/Sources/TSNMockHelpers/URLSessionMockProtocol.swift:14:55: error: cannot find type 'URLRequest' in scope
12 |     }
13 |
14 |     override class func canonicalRequest(for request: URLRequest) -> URLRequest {
   |                                                       `- error: cannot find type 'URLRequest' in scope
15 |         return request
16 |     }
/host/spi-builder-workspace/Sources/TSNMockHelpers/URLSessionMockProtocol.swift:18:19: error: method does not override any method from its superclass
16 |     }
17 |
18 |     override func startLoading() {
   |                   `- error: method does not override any method from its superclass
19 |         if let results = URLSessionStubResults.resultsForUrls[request.url] {
20 |             if let data = results.data {
/host/spi-builder-workspace/Sources/TSNMockHelpers/URLSessionMockProtocol.swift:37:19: error: method does not override any method from its superclass
35 |
36 |     // This method is required, but we doesn't need to do anything
37 |     override func stopLoading() {
   |                   `- error: method does not override any method from its superclass
38 |
39 |     }
/host/spi-builder-workspace/Sources/TSNMockHelpers/URLSessionMockProtocol.swift:4:37: error: 'URLProtocol' is unavailable: This type has moved to the FoundationNetworking module. Import that module to use it.
 2 |
 3 | /// Internal protocol class for mocking `URLSession`
 4 | @objc class URLSessionMockProtocol: URLProtocol {
   |                                     `- error: 'URLProtocol' is unavailable: This type has moved to the FoundationNetworking module. Import that module to use it.
 5 |
 6 |     override class func canInit(with request: URLRequest) -> Bool {
Foundation.URLProtocol:2:18: note: 'URLProtocol' has been explicitly marked unavailable here
1 | @available(*, unavailable, message: "This type has moved to the FoundationNetworking module. Import that module to use it.")
2 | public typealias URLProtocol = AnyObject
  |                  `- note: 'URLProtocol' has been explicitly marked unavailable here
/host/spi-builder-workspace/Sources/TSNMockHelpers/URLSessionMockResult.swift:16:26: error: 'URLResponse' is unavailable: This type has moved to the FoundationNetworking module. Import that module to use it.
14 | /// Stub results for `URLSession` mocking via `URLSessionMockProtocol`
15 | public struct URLSessionStubResult {
16 |     public let response: URLResponse?
   |                          `- error: 'URLResponse' is unavailable: This type has moved to the FoundationNetworking module. Import that module to use it.
17 |     public let error: NSError?
18 |     public let data: Data?
Foundation.URLResponse:2:18: note: 'URLResponse' has been explicitly marked unavailable here
1 | @available(*, unavailable, message: "This type has moved to the FoundationNetworking module. Import that module to use it.")
2 | public typealias URLResponse = AnyObject
  |                  `- note: 'URLResponse' has been explicitly marked unavailable here
/host/spi-builder-workspace/Sources/TSNMockHelpers/URLSessionMockResult.swift:21:28: error: 'URLResponse' is unavailable: This type has moved to the FoundationNetworking module. Import that module to use it.
19 |
20 |     /// Private init to make sure that we don't create unrealistic setups
21 |     private init(response: URLResponse?, error: NSError?, data: Data?) {
   |                            `- error: 'URLResponse' is unavailable: This type has moved to the FoundationNetworking module. Import that module to use it.
22 |         self.response = response
23 |         self.error = error
Foundation.URLResponse:2:18: note: 'URLResponse' has been explicitly marked unavailable here
1 | @available(*, unavailable, message: "This type has moved to the FoundationNetworking module. Import that module to use it.")
2 | public typealias URLResponse = AnyObject
  |                  `- note: 'URLResponse' has been explicitly marked unavailable here
/host/spi-builder-workspace/Sources/TSNMockHelpers/URLSessionMockResult.swift:28:59: error: 'URLResponse' is unavailable: This type has moved to the FoundationNetworking module. Import that module to use it.
26 |
27 |     /// Stub for successful networkRequest with response and data
28 |     public static func dataResponse(data: Data, response: URLResponse) -> URLSessionStubResult {
   |                                                           `- error: 'URLResponse' is unavailable: This type has moved to the FoundationNetworking module. Import that module to use it.
29 |         URLSessionStubResult(
30 |             response: response,
Foundation.URLResponse:2:18: note: 'URLResponse' has been explicitly marked unavailable here
1 | @available(*, unavailable, message: "This type has moved to the FoundationNetworking module. Import that module to use it.")
2 | public typealias URLResponse = AnyObject
  |                  `- note: 'URLResponse' has been explicitly marked unavailable here
/host/spi-builder-workspace/Sources/TSNMockHelpers/URLSessionStubResponses.swift:11:103: error: 'HTTPURLResponse' is unavailable: This type has moved to the FoundationNetworking module. Import that module to use it.
 9 |     ///   - statusCode: Defaults to `200`
10 |     ///   - headers: HTTP headers.
11 |     public static func response(url: URL, statusCode: Int = 200, headers: [String: String]? = nil) -> HTTPURLResponse? {
   |                                                                                                       `- error: 'HTTPURLResponse' is unavailable: This type has moved to the FoundationNetworking module. Import that module to use it.
12 |         HTTPURLResponse(
13 |             url: url,
Foundation.HTTPURLResponse:2:18: note: 'HTTPURLResponse' has been explicitly marked unavailable here
1 | @available(*, unavailable, message: "This type has moved to the FoundationNetworking module. Import that module to use it.")
2 | public typealias HTTPURLResponse = AnyObject
  |                  `- note: 'HTTPURLResponse' has been explicitly marked unavailable here
[#NominalTypes]: <https://docs.swift.org/compiler/documentation/diagnostics/nominal-types>
Failed frontend command:
/root/.local/share/swiftly/toolchains/6.4.x-snapshot-2026-09-04/usr/bin/swift-frontend -frontend -emit-module -experimental-skip-non-inlinable-function-bodies-without-types /host/spi-builder-workspace/Sources/TSNMockHelpers/URLSession+Extensions.swift /host/spi-builder-workspace/Sources/TSNMockHelpers/URLSessionMockProtocol.swift /host/spi-builder-workspace/Sources/TSNMockHelpers/URLSessionMockResult.swift /host/spi-builder-workspace/Sources/TSNMockHelpers/URLSessionStubResponses.swift -target aarch64-unknown-linux-android28 -Xllvm -aarch64-use-tbi -disable-objc-interop -sdk /android-ndk/android-ndk-r27d/toolchains/llvm/prebuilt/linux-x86_64/sysroot -sysroot /android-ndk/android-ndk-r27d/toolchains/llvm/prebuilt/linux-x86_64/sysroot -I /host/spi-builder-workspace/.build/out/Products/Debug-android-aarch64 -module-cache-path /host/spi-builder-workspace/.build/out/ModuleCache.noindex -color-diagnostics -Xcc -fcolor-diagnostics -enable-testing -g -debug-info-format\=dwarf -dwarf-version\=4 -swift-version 5 -Onone -D SWIFT_PACKAGE -D DEBUG -D SWIFT_MODULE_RESOURCE_BUNDLE_UNAVAILABLE -D Xcode -serialize-debugging-options -enable-experimental-feature DebugDescriptionMacro -empty-abi-descriptor -external-plugin-path /root/.local/share/swiftly/toolchains/6.4.x-snapshot-2026-09-04/usr/lib/swift/host/plugins/testing\#/root/.local/share/swiftly/toolchains/6.4.x-snapshot-2026-09-04/usr/bin/swift-plugin-server -validate-clang-modules-once -clang-build-session-file /host/spi-builder-workspace/.build/out/ModuleCache.noindex/Session.modulevalidation -Xcc -working-directory -Xcc /host -resource-dir /root/.swiftpm/swift-sdks/swift-6.4.x-DEVELOPMENT-SNAPSHOT-2026-09-04-a_android.artifactbundle/swift-android/swift-resources/usr/lib/swift-aarch64 -enable-anonymous-context-mangled-names -file-compilation-dir /host -Xcc -resource-dir -Xcc /android-ndk/android-ndk-r27d/toolchains/llvm/prebuilt/linux-x86_64/lib/clang/18 -Xcc -fno-omit-frame-pointer -Xcc -D_LIBCPP_HARDENING_MODE\=_LIBCPP_HARDENING_MODE_DEBUG -Xcc -fmodules-prune-interval\=86400 -Xcc -fmodules-prune-after\=345600 -Xcc -I/host/spi-builder-workspace/.build/out/Products/Debug-android-aarch64/include -Xcc -I/host/spi-builder-workspace/.build/out/Intermediates.noindex/TriforkSwiftNetworking.build/Debug-android-aarch64/TSNMockHelpers-t.build/DerivedSources-normal/aarch64 -Xcc -I/host/spi-builder-workspace/.build/out/Intermediates.noindex/TriforkSwiftNetworking.build/Debug-android-aarch64/TSNMockHelpers-t.build/DerivedSources/aarch64 -Xcc -I/host/spi-builder-workspace/.build/out/Intermediates.noindex/TriforkSwiftNetworking.build/Debug-android-aarch64/TSNMockHelpers-t.build/DerivedSources -Xcc -DSWIFT_PACKAGE -Xcc -DDEBUG\=1 -no-auto-bridging-header-chaining -module-name TSNMockHelpers -const-gather-protocols-file /host/spi-builder-workspace/.build/out/Intermediates.noindex/TriforkSwiftNetworking.build/Debug-android-aarch64/TSNMockHelpers-t.build/Objects-normal/aarch64/TSNMockHelpers_const_extract_protocols.json -in-process-plugin-server-path /root/.local/share/swiftly/toolchains/6.4.x-snapshot-2026-09-04/usr/lib/swift/host/libSwiftInProcPluginServer.so -plugin-path /root/.local/share/swiftly/toolchains/6.4.x-snapshot-2026-09-04/usr/lib/swift/host/plugins -plugin-path /root/.local/share/swiftly/toolchains/6.4.x-snapshot-2026-09-04/usr/local/lib/swift/host/plugins -emit-module-doc-path /host/spi-builder-workspace/.build/out/Intermediates.noindex/TriforkSwiftNetworking.build/Debug-android-aarch64/TSNMockHelpers-t.build/Objects-normal/aarch64/Modules/TSNMockHelpers.swiftdoc -emit-module-source-info-path /host/spi-builder-workspace/.build/out/Intermediates.noindex/TriforkSwiftNetworking.build/Debug-android-aarch64/TSNMockHelpers-t.build/Objects-normal/aarch64/Modules/TSNMockHelpers.swiftsourceinfo -emit-objc-header-path /host/spi-builder-workspace/.build/out/Intermediates.noindex/TriforkSwiftNetworking.build/Debug-android-aarch64/TSNMockHelpers-t.build/Objects-normal/aarch64/TSNMockHelpers-Swift.h -serialize-diagnostics-path /host/spi-builder-workspace/.build/out/Intermediates.noindex/TriforkSwiftNetworking.build/Debug-android-aarch64/TSNMockHelpers-t.build/Objects-normal/aarch64/TSNMockHelpers-primary-emit-module.dia -emit-dependencies-path /host/spi-builder-workspace/.build/out/Intermediates.noindex/TriforkSwiftNetworking.build/Debug-android-aarch64/TSNMockHelpers-t.build/Objects-normal/aarch64/TSNMockHelpers-primary-emit-module.d -parse-as-library -o /host/spi-builder-workspace/.build/out/Intermediates.noindex/TriforkSwiftNetworking.build/Debug-android-aarch64/TSNMockHelpers-t.build/Objects-normal/aarch64/Modules/TSNMockHelpers.swiftmodule
error: Build failed
BUILD FAILURE 6.4 android