Build Information
Failed to build TIM, reference main (1dae1b), with Swift 6.4 for watchOS using Xcode 27.0 on 21 Sep 2026 14:22:47 UTC.
Build Command
env DEVELOPER_DIR=/Applications/Xcode-27.0.0-Release.Candidate.app xcrun xcodebuild -IDEClonedSourcePackagesDirPathOverride=$PWD/.dependencies -skipMacroValidation -skipPackagePluginValidation -derivedDataPath $PWD/.derivedData build -scheme TIM -destination generic/platform=watchOSBuild Log
CompileC /Users/admin/builder/spi-builder-workspace/.derivedData/Build/Intermediates.noindex/AppAuth.build/Debug-watchos/AppAuthCore-t.build/Objects-normal/arm64/OIDAuthorizationService.o /Users/admin/builder/spi-builder-workspace/.dependencies/checkouts/AppAuth-iOS/Sources/AppAuthCore/OIDAuthorizationService.m normal arm64 objective-c com.apple.compilers.llvm.clang.1_0.compiler (in target 'AppAuthCore' from project 'AppAuth')
cd /Users/admin/builder/spi-builder-workspace/.swiftpm/xcode
Using response file: /Users/admin/builder/spi-builder-workspace/.derivedData/Build/Intermediates.noindex/AppAuth.build/Debug-watchos/AppAuthCore-t.build/Objects-normal/arm64/e6072d4f65d7061329687fe24e3d63a7-common-args.resp
/Applications/Xcode-27.0.0-Release.Candidate.app/Contents/Developer/Toolchains/XcodeDefault.xctoolchain/usr/bin/clang -x objective-c -ivfsstatcache /Users/admin/builder/spi-builder-workspace/.derivedData/SDKStatCaches.noindex/watchos27.0-24R360-e829b21a6f8c9b70876ba0858053c04477534ef55a1706bf4c1112bbb242f0a2.sdkstatcache -target arm64-apple-watchos9.0 -fmessage-length\=0 -fdiagnostics-show-note-include-stack -fmacro-backtrace-limit\=0 -fno-color-diagnostics -fmodules-prune-interval\=86400 -fmodules-prune-after\=345600 -fbuild-session-file\=/Users/admin/builder/spi-builder-workspace/.derivedData/ModuleCache.noindex/Session.modulevalidation -fmodules-validate-once-per-build-session -Wnon-modular-include-in-framework-module -Werror\=non-modular-include-in-framework-module -Wno-trigraphs -Wno-missing-field-initializers -Wno-missing-prototypes -Wno-return-type -Wno-implicit-atomic-properties -Wno-objc-interface-ivars -Wno-arc-repeated-use-of-weak -Wno-missing-braces -Wparentheses -Wswitch -Wno-unused-function -Wno-unused-label -Wno-unused-parameter -Wno-unused-variable -Wunused-value -Wno-empty-body -Wno-uninitialized -Wno-unknown-pragmas -w -Wno-shadow -Wno-four-char-constants -Wno-conversion -Wno-constant-conversion -Wno-int-conversion -Wno-bool-conversion -Wno-enum-conversion -Wno-float-conversion -Wno-non-literal-null-conversion -Wno-objc-literal-conversion -Wshorten-64-to-32 -Wpointer-sign -Wno-newline-eof -Wno-selector -Wno-strict-selector-match -Wno-undeclared-selector -Wno-deprecated-implementations -Wno-implicit-fallthrough -isysroot /Applications/Xcode-27.0.0-Release.Candidate.app/Contents/Developer/Platforms/WatchOS.platform/Developer/SDKs/WatchOS27.0.sdk -fstrict-aliasing -Wprotocol -Wdeprecated-declarations -Wno-sign-conversion -Wno-infinite-recursion -Wno-comma -Wno-block-capture-autoreleasing -Wno-strict-prototypes -Wno-semicolon-before-method-body -index-store-path /Users/admin/builder/spi-builder-workspace/.derivedData/Index.noindex/DataStore @/Users/admin/builder/spi-builder-workspace/.derivedData/Build/Intermediates.noindex/AppAuth.build/Debug-watchos/AppAuthCore-t.build/Objects-normal/arm64/e6072d4f65d7061329687fe24e3d63a7-common-args.resp -include /Users/admin/builder/spi-builder-workspace/.derivedData/Build/Intermediates.noindex/AppAuth.build/Debug-watchos/AppAuthCore-t.build/DerivedSources/resource_bundle_accessor.h -MMD -MT dependencies -MF /Users/admin/builder/spi-builder-workspace/.derivedData/Build/Intermediates.noindex/AppAuth.build/Debug-watchos/AppAuthCore-t.build/Objects-normal/arm64/OIDAuthorizationService.d --serialize-diagnostics /Users/admin/builder/spi-builder-workspace/.derivedData/Build/Intermediates.noindex/AppAuth.build/Debug-watchos/AppAuthCore-t.build/Objects-normal/arm64/OIDAuthorizationService.dia -c /Users/admin/builder/spi-builder-workspace/.dependencies/checkouts/AppAuth-iOS/Sources/AppAuthCore/OIDAuthorizationService.m -o /Users/admin/builder/spi-builder-workspace/.derivedData/Build/Intermediates.noindex/AppAuth.build/Debug-watchos/AppAuthCore-t.build/Objects-normal/arm64/OIDAuthorizationService.o -index-unit-output-path /AppAuth.build/Debug-watchos/AppAuthCore-t.build/Objects-normal/arm64/OIDAuthorizationService.o
CompileC /Users/admin/builder/spi-builder-workspace/.derivedData/Build/Intermediates.noindex/AppAuth.build/Debug-watchos/AppAuthCore-t.build/Objects-normal/arm64/OIDAuthorizationResponse.o /Users/admin/builder/spi-builder-workspace/.dependencies/checkouts/AppAuth-iOS/Sources/AppAuthCore/OIDAuthorizationResponse.m normal arm64 objective-c com.apple.compilers.llvm.clang.1_0.compiler (in target 'AppAuthCore' from project 'AppAuth')
cd /Users/admin/builder/spi-builder-workspace/.swiftpm/xcode
Using response file: /Users/admin/builder/spi-builder-workspace/.derivedData/Build/Intermediates.noindex/AppAuth.build/Debug-watchos/AppAuthCore-t.build/Objects-normal/arm64/e6072d4f65d7061329687fe24e3d63a7-common-args.resp
/Applications/Xcode-27.0.0-Release.Candidate.app/Contents/Developer/Toolchains/XcodeDefault.xctoolchain/usr/bin/clang -x objective-c -ivfsstatcache /Users/admin/builder/spi-builder-workspace/.derivedData/SDKStatCaches.noindex/watchos27.0-24R360-e829b21a6f8c9b70876ba0858053c04477534ef55a1706bf4c1112bbb242f0a2.sdkstatcache -target arm64-apple-watchos9.0 -fmessage-length\=0 -fdiagnostics-show-note-include-stack -fmacro-backtrace-limit\=0 -fno-color-diagnostics -fmodules-prune-interval\=86400 -fmodules-prune-after\=345600 -fbuild-session-file\=/Users/admin/builder/spi-builder-workspace/.derivedData/ModuleCache.noindex/Session.modulevalidation -fmodules-validate-once-per-build-session -Wnon-modular-include-in-framework-module -Werror\=non-modular-include-in-framework-module -Wno-trigraphs -Wno-missing-field-initializers -Wno-missing-prototypes -Wno-return-type -Wno-implicit-atomic-properties -Wno-objc-interface-ivars -Wno-arc-repeated-use-of-weak -Wno-missing-braces -Wparentheses -Wswitch -Wno-unused-function -Wno-unused-label -Wno-unused-parameter -Wno-unused-variable -Wunused-value -Wno-empty-body -Wno-uninitialized -Wno-unknown-pragmas -w -Wno-shadow -Wno-four-char-constants -Wno-conversion -Wno-constant-conversion -Wno-int-conversion -Wno-bool-conversion -Wno-enum-conversion -Wno-float-conversion -Wno-non-literal-null-conversion -Wno-objc-literal-conversion -Wshorten-64-to-32 -Wpointer-sign -Wno-newline-eof -Wno-selector -Wno-strict-selector-match -Wno-undeclared-selector -Wno-deprecated-implementations -Wno-implicit-fallthrough -isysroot /Applications/Xcode-27.0.0-Release.Candidate.app/Contents/Developer/Platforms/WatchOS.platform/Developer/SDKs/WatchOS27.0.sdk -fstrict-aliasing -Wprotocol -Wdeprecated-declarations -Wno-sign-conversion -Wno-infinite-recursion -Wno-comma -Wno-block-capture-autoreleasing -Wno-strict-prototypes -Wno-semicolon-before-method-body -index-store-path /Users/admin/builder/spi-builder-workspace/.derivedData/Index.noindex/DataStore @/Users/admin/builder/spi-builder-workspace/.derivedData/Build/Intermediates.noindex/AppAuth.build/Debug-watchos/AppAuthCore-t.build/Objects-normal/arm64/e6072d4f65d7061329687fe24e3d63a7-common-args.resp -include /Users/admin/builder/spi-builder-workspace/.derivedData/Build/Intermediates.noindex/AppAuth.build/Debug-watchos/AppAuthCore-t.build/DerivedSources/resource_bundle_accessor.h -MMD -MT dependencies -MF /Users/admin/builder/spi-builder-workspace/.derivedData/Build/Intermediates.noindex/AppAuth.build/Debug-watchos/AppAuthCore-t.build/Objects-normal/arm64/OIDAuthorizationResponse.d --serialize-diagnostics /Users/admin/builder/spi-builder-workspace/.derivedData/Build/Intermediates.noindex/AppAuth.build/Debug-watchos/AppAuthCore-t.build/Objects-normal/arm64/OIDAuthorizationResponse.dia -c /Users/admin/builder/spi-builder-workspace/.dependencies/checkouts/AppAuth-iOS/Sources/AppAuthCore/OIDAuthorizationResponse.m -o /Users/admin/builder/spi-builder-workspace/.derivedData/Build/Intermediates.noindex/AppAuth.build/Debug-watchos/AppAuthCore-t.build/Objects-normal/arm64/OIDAuthorizationResponse.o -index-unit-output-path /AppAuth.build/Debug-watchos/AppAuthCore-t.build/Objects-normal/arm64/OIDAuthorizationResponse.o
CompileC /Users/admin/builder/spi-builder-workspace/.derivedData/Build/Intermediates.noindex/AppAuth.build/Debug-watchos/AppAuthCore-t.build/Objects-normal/arm64/OIDAuthorizationRequest.o /Users/admin/builder/spi-builder-workspace/.dependencies/checkouts/AppAuth-iOS/Sources/AppAuthCore/OIDAuthorizationRequest.m normal arm64 objective-c com.apple.compilers.llvm.clang.1_0.compiler (in target 'AppAuthCore' from project 'AppAuth')
cd /Users/admin/builder/spi-builder-workspace/.swiftpm/xcode
Using response file: /Users/admin/builder/spi-builder-workspace/.derivedData/Build/Intermediates.noindex/AppAuth.build/Debug-watchos/AppAuthCore-t.build/Objects-normal/arm64/e6072d4f65d7061329687fe24e3d63a7-common-args.resp
/Applications/Xcode-27.0.0-Release.Candidate.app/Contents/Developer/Toolchains/XcodeDefault.xctoolchain/usr/bin/clang -x objective-c -ivfsstatcache /Users/admin/builder/spi-builder-workspace/.derivedData/SDKStatCaches.noindex/watchos27.0-24R360-e829b21a6f8c9b70876ba0858053c04477534ef55a1706bf4c1112bbb242f0a2.sdkstatcache -target arm64-apple-watchos9.0 -fmessage-length\=0 -fdiagnostics-show-note-include-stack -fmacro-backtrace-limit\=0 -fno-color-diagnostics -fmodules-prune-interval\=86400 -fmodules-prune-after\=345600 -fbuild-session-file\=/Users/admin/builder/spi-builder-workspace/.derivedData/ModuleCache.noindex/Session.modulevalidation -fmodules-validate-once-per-build-session -Wnon-modular-include-in-framework-module -Werror\=non-modular-include-in-framework-module -Wno-trigraphs -Wno-missing-field-initializers -Wno-missing-prototypes -Wno-return-type -Wno-implicit-atomic-properties -Wno-objc-interface-ivars -Wno-arc-repeated-use-of-weak -Wno-missing-braces -Wparentheses -Wswitch -Wno-unused-function -Wno-unused-label -Wno-unused-parameter -Wno-unused-variable -Wunused-value -Wno-empty-body -Wno-uninitialized -Wno-unknown-pragmas -w -Wno-shadow -Wno-four-char-constants -Wno-conversion -Wno-constant-conversion -Wno-int-conversion -Wno-bool-conversion -Wno-enum-conversion -Wno-float-conversion -Wno-non-literal-null-conversion -Wno-objc-literal-conversion -Wshorten-64-to-32 -Wpointer-sign -Wno-newline-eof -Wno-selector -Wno-strict-selector-match -Wno-undeclared-selector -Wno-deprecated-implementations -Wno-implicit-fallthrough -isysroot /Applications/Xcode-27.0.0-Release.Candidate.app/Contents/Developer/Platforms/WatchOS.platform/Developer/SDKs/WatchOS27.0.sdk -fstrict-aliasing -Wprotocol -Wdeprecated-declarations -Wno-sign-conversion -Wno-infinite-recursion -Wno-comma -Wno-block-capture-autoreleasing -Wno-strict-prototypes -Wno-semicolon-before-method-body -index-store-path /Users/admin/builder/spi-builder-workspace/.derivedData/Index.noindex/DataStore @/Users/admin/builder/spi-builder-workspace/.derivedData/Build/Intermediates.noindex/AppAuth.build/Debug-watchos/AppAuthCore-t.build/Objects-normal/arm64/e6072d4f65d7061329687fe24e3d63a7-common-args.resp -include /Users/admin/builder/spi-builder-workspace/.derivedData/Build/Intermediates.noindex/AppAuth.build/Debug-watchos/AppAuthCore-t.build/DerivedSources/resource_bundle_accessor.h -MMD -MT dependencies -MF /Users/admin/builder/spi-builder-workspace/.derivedData/Build/Intermediates.noindex/AppAuth.build/Debug-watchos/AppAuthCore-t.build/Objects-normal/arm64/OIDAuthorizationRequest.d --serialize-diagnostics /Users/admin/builder/spi-builder-workspace/.derivedData/Build/Intermediates.noindex/AppAuth.build/Debug-watchos/AppAuthCore-t.build/Objects-normal/arm64/OIDAuthorizationRequest.dia -c /Users/admin/builder/spi-builder-workspace/.dependencies/checkouts/AppAuth-iOS/Sources/AppAuthCore/OIDAuthorizationRequest.m -o /Users/admin/builder/spi-builder-workspace/.derivedData/Build/Intermediates.noindex/AppAuth.build/Debug-watchos/AppAuthCore-t.build/Objects-normal/arm64/OIDAuthorizationRequest.o -index-unit-output-path /AppAuth.build/Debug-watchos/AppAuthCore-t.build/Objects-normal/arm64/OIDAuthorizationRequest.o
CompileC /Users/admin/builder/spi-builder-workspace/.derivedData/Build/Intermediates.noindex/AppAuth.build/Debug-watchos/AppAuthCore-t.build/Objects-normal/arm64/OIDAuthState.o /Users/admin/builder/spi-builder-workspace/.dependencies/checkouts/AppAuth-iOS/Sources/AppAuthCore/OIDAuthState.m normal arm64 objective-c com.apple.compilers.llvm.clang.1_0.compiler (in target 'AppAuthCore' from project 'AppAuth')
cd /Users/admin/builder/spi-builder-workspace/.swiftpm/xcode
Using response file: /Users/admin/builder/spi-builder-workspace/.derivedData/Build/Intermediates.noindex/AppAuth.build/Debug-watchos/AppAuthCore-t.build/Objects-normal/arm64/e6072d4f65d7061329687fe24e3d63a7-common-args.resp
/Applications/Xcode-27.0.0-Release.Candidate.app/Contents/Developer/Toolchains/XcodeDefault.xctoolchain/usr/bin/clang -x objective-c -ivfsstatcache /Users/admin/builder/spi-builder-workspace/.derivedData/SDKStatCaches.noindex/watchos27.0-24R360-e829b21a6f8c9b70876ba0858053c04477534ef55a1706bf4c1112bbb242f0a2.sdkstatcache -target arm64-apple-watchos9.0 -fmessage-length\=0 -fdiagnostics-show-note-include-stack -fmacro-backtrace-limit\=0 -fno-color-diagnostics -fmodules-prune-interval\=86400 -fmodules-prune-after\=345600 -fbuild-session-file\=/Users/admin/builder/spi-builder-workspace/.derivedData/ModuleCache.noindex/Session.modulevalidation -fmodules-validate-once-per-build-session -Wnon-modular-include-in-framework-module -Werror\=non-modular-include-in-framework-module -Wno-trigraphs -Wno-missing-field-initializers -Wno-missing-prototypes -Wno-return-type -Wno-implicit-atomic-properties -Wno-objc-interface-ivars -Wno-arc-repeated-use-of-weak -Wno-missing-braces -Wparentheses -Wswitch -Wno-unused-function -Wno-unused-label -Wno-unused-parameter -Wno-unused-variable -Wunused-value -Wno-empty-body -Wno-uninitialized -Wno-unknown-pragmas -w -Wno-shadow -Wno-four-char-constants -Wno-conversion -Wno-constant-conversion -Wno-int-conversion -Wno-bool-conversion -Wno-enum-conversion -Wno-float-conversion -Wno-non-literal-null-conversion -Wno-objc-literal-conversion -Wshorten-64-to-32 -Wpointer-sign -Wno-newline-eof -Wno-selector -Wno-strict-selector-match -Wno-undeclared-selector -Wno-deprecated-implementations -Wno-implicit-fallthrough -isysroot /Applications/Xcode-27.0.0-Release.Candidate.app/Contents/Developer/Platforms/WatchOS.platform/Developer/SDKs/WatchOS27.0.sdk -fstrict-aliasing -Wprotocol -Wdeprecated-declarations -Wno-sign-conversion -Wno-infinite-recursion -Wno-comma -Wno-block-capture-autoreleasing -Wno-strict-prototypes -Wno-semicolon-before-method-body -index-store-path /Users/admin/builder/spi-builder-workspace/.derivedData/Index.noindex/DataStore @/Users/admin/builder/spi-builder-workspace/.derivedData/Build/Intermediates.noindex/AppAuth.build/Debug-watchos/AppAuthCore-t.build/Objects-normal/arm64/e6072d4f65d7061329687fe24e3d63a7-common-args.resp -include /Users/admin/builder/spi-builder-workspace/.derivedData/Build/Intermediates.noindex/AppAuth.build/Debug-watchos/AppAuthCore-t.build/DerivedSources/resource_bundle_accessor.h -MMD -MT dependencies -MF /Users/admin/builder/spi-builder-workspace/.derivedData/Build/Intermediates.noindex/AppAuth.build/Debug-watchos/AppAuthCore-t.build/Objects-normal/arm64/OIDAuthState.d --serialize-diagnostics /Users/admin/builder/spi-builder-workspace/.derivedData/Build/Intermediates.noindex/AppAuth.build/Debug-watchos/AppAuthCore-t.build/Objects-normal/arm64/OIDAuthState.dia -c /Users/admin/builder/spi-builder-workspace/.dependencies/checkouts/AppAuth-iOS/Sources/AppAuthCore/OIDAuthState.m -o /Users/admin/builder/spi-builder-workspace/.derivedData/Build/Intermediates.noindex/AppAuth.build/Debug-watchos/AppAuthCore-t.build/Objects-normal/arm64/OIDAuthState.o -index-unit-output-path /AppAuth.build/Debug-watchos/AppAuthCore-t.build/Objects-normal/arm64/OIDAuthState.o
CompileC /Users/admin/builder/spi-builder-workspace/.derivedData/Build/Intermediates.noindex/AppAuth.build/Debug-watchos/AppAuth-t.build/Objects-normal/arm64_32/resource_bundle_accessor.o /Users/admin/builder/spi-builder-workspace/.derivedData/Build/Intermediates.noindex/AppAuth.build/Debug-watchos/AppAuth-t.build/DerivedSources/resource_bundle_accessor.m normal arm64_32 objective-c com.apple.compilers.llvm.clang.1_0.compiler (in target 'AppAuth' from project 'AppAuth')
cd /Users/admin/builder/spi-builder-workspace/.swiftpm/xcode
Using response file: /Users/admin/builder/spi-builder-workspace/.derivedData/Build/Intermediates.noindex/AppAuth.build/Debug-watchos/AppAuth-t.build/Objects-normal/arm64_32/e6072d4f65d7061329687fe24e3d63a7-common-args.resp
/Applications/Xcode-27.0.0-Release.Candidate.app/Contents/Developer/Toolchains/XcodeDefault.xctoolchain/usr/bin/clang -x objective-c -ivfsstatcache /Users/admin/builder/spi-builder-workspace/.derivedData/SDKStatCaches.noindex/watchos27.0-24R360-e829b21a6f8c9b70876ba0858053c04477534ef55a1706bf4c1112bbb242f0a2.sdkstatcache -target arm64_32-apple-watchos9.0 -fmessage-length\=0 -fdiagnostics-show-note-include-stack -fmacro-backtrace-limit\=0 -fno-color-diagnostics -fmodules-prune-interval\=86400 -fmodules-prune-after\=345600 -fbuild-session-file\=/Users/admin/builder/spi-builder-workspace/.derivedData/ModuleCache.noindex/Session.modulevalidation -fmodules-validate-once-per-build-session -Wnon-modular-include-in-framework-module -Werror\=non-modular-include-in-framework-module -Wno-trigraphs -Wno-missing-field-initializers -Wno-missing-prototypes -Wno-return-type -Wno-implicit-atomic-properties -Wno-objc-interface-ivars -Wno-arc-repeated-use-of-weak -Wno-missing-braces -Wparentheses -Wswitch -Wno-unused-function -Wno-unused-label -Wno-unused-parameter -Wno-unused-variable -Wunused-value -Wno-empty-body -Wno-uninitialized -Wno-unknown-pragmas -w -Wno-shadow -Wno-four-char-constants -Wno-conversion -Wno-constant-conversion -Wno-int-conversion -Wno-bool-conversion -Wno-enum-conversion -Wno-float-conversion -Wno-non-literal-null-conversion -Wno-objc-literal-conversion -Wno-shorten-64-to-32 -Wpointer-sign -Wno-newline-eof -Wno-selector -Wno-strict-selector-match -Wno-undeclared-selector -Wno-deprecated-implementations -Wno-implicit-fallthrough -isysroot /Applications/Xcode-27.0.0-Release.Candidate.app/Contents/Developer/Platforms/WatchOS.platform/Developer/SDKs/WatchOS27.0.sdk -fstrict-aliasing -Wprotocol -Wdeprecated-declarations -Wno-sign-conversion -Wno-infinite-recursion -Wno-comma -Wno-block-capture-autoreleasing -Wno-strict-prototypes -Wno-semicolon-before-method-body -index-store-path /Users/admin/builder/spi-builder-workspace/.derivedData/Index.noindex/DataStore @/Users/admin/builder/spi-builder-workspace/.derivedData/Build/Intermediates.noindex/AppAuth.build/Debug-watchos/AppAuth-t.build/Objects-normal/arm64_32/e6072d4f65d7061329687fe24e3d63a7-common-args.resp -include /Users/admin/builder/spi-builder-workspace/.derivedData/Build/Intermediates.noindex/AppAuth.build/Debug-watchos/AppAuth-t.build/DerivedSources/resource_bundle_accessor.h -MMD -MT dependencies -MF /Users/admin/builder/spi-builder-workspace/.derivedData/Build/Intermediates.noindex/AppAuth.build/Debug-watchos/AppAuth-t.build/Objects-normal/arm64_32/resource_bundle_accessor.d --serialize-diagnostics /Users/admin/builder/spi-builder-workspace/.derivedData/Build/Intermediates.noindex/AppAuth.build/Debug-watchos/AppAuth-t.build/Objects-normal/arm64_32/resource_bundle_accessor.dia -c /Users/admin/builder/spi-builder-workspace/.derivedData/Build/Intermediates.noindex/AppAuth.build/Debug-watchos/AppAuth-t.build/DerivedSources/resource_bundle_accessor.m -o /Users/admin/builder/spi-builder-workspace/.derivedData/Build/Intermediates.noindex/AppAuth.build/Debug-watchos/AppAuth-t.build/Objects-normal/arm64_32/resource_bundle_accessor.o -index-unit-output-path /AppAuth.build/Debug-watchos/AppAuth-t.build/Objects-normal/arm64_32/resource_bundle_accessor.o
CompileC /Users/admin/builder/spi-builder-workspace/.derivedData/Build/Intermediates.noindex/AppAuth.build/Debug-watchos/AppAuth-t.build/Objects-normal/arm64_32/OIDRedirectHTTPHandler.o /Users/admin/builder/spi-builder-workspace/.dependencies/checkouts/AppAuth-iOS/Sources/AppAuth/macOS/OIDRedirectHTTPHandler.m normal arm64_32 objective-c com.apple.compilers.llvm.clang.1_0.compiler (in target 'AppAuth' from project 'AppAuth')
cd /Users/admin/builder/spi-builder-workspace/.swiftpm/xcode
Using response file: /Users/admin/builder/spi-builder-workspace/.derivedData/Build/Intermediates.noindex/AppAuth.build/Debug-watchos/AppAuth-t.build/Objects-normal/arm64_32/e6072d4f65d7061329687fe24e3d63a7-common-args.resp
/Applications/Xcode-27.0.0-Release.Candidate.app/Contents/Developer/Toolchains/XcodeDefault.xctoolchain/usr/bin/clang -x objective-c -ivfsstatcache /Users/admin/builder/spi-builder-workspace/.derivedData/SDKStatCaches.noindex/watchos27.0-24R360-e829b21a6f8c9b70876ba0858053c04477534ef55a1706bf4c1112bbb242f0a2.sdkstatcache -target arm64_32-apple-watchos9.0 -fmessage-length\=0 -fdiagnostics-show-note-include-stack -fmacro-backtrace-limit\=0 -fno-color-diagnostics -fmodules-prune-interval\=86400 -fmodules-prune-after\=345600 -fbuild-session-file\=/Users/admin/builder/spi-builder-workspace/.derivedData/ModuleCache.noindex/Session.modulevalidation -fmodules-validate-once-per-build-session -Wnon-modular-include-in-framework-module -Werror\=non-modular-include-in-framework-module -Wno-trigraphs -Wno-missing-field-initializers -Wno-missing-prototypes -Wno-return-type -Wno-implicit-atomic-properties -Wno-objc-interface-ivars -Wno-arc-repeated-use-of-weak -Wno-missing-braces -Wparentheses -Wswitch -Wno-unused-function -Wno-unused-label -Wno-unused-parameter -Wno-unused-variable -Wunused-value -Wno-empty-body -Wno-uninitialized -Wno-unknown-pragmas -w -Wno-shadow -Wno-four-char-constants -Wno-conversion -Wno-constant-conversion -Wno-int-conversion -Wno-bool-conversion -Wno-enum-conversion -Wno-float-conversion -Wno-non-literal-null-conversion -Wno-objc-literal-conversion -Wno-shorten-64-to-32 -Wpointer-sign -Wno-newline-eof -Wno-selector -Wno-strict-selector-match -Wno-undeclared-selector -Wno-deprecated-implementations -Wno-implicit-fallthrough -isysroot /Applications/Xcode-27.0.0-Release.Candidate.app/Contents/Developer/Platforms/WatchOS.platform/Developer/SDKs/WatchOS27.0.sdk -fstrict-aliasing -Wprotocol -Wdeprecated-declarations -Wno-sign-conversion -Wno-infinite-recursion -Wno-comma -Wno-block-capture-autoreleasing -Wno-strict-prototypes -Wno-semicolon-before-method-body -index-store-path /Users/admin/builder/spi-builder-workspace/.derivedData/Index.noindex/DataStore @/Users/admin/builder/spi-builder-workspace/.derivedData/Build/Intermediates.noindex/AppAuth.build/Debug-watchos/AppAuth-t.build/Objects-normal/arm64_32/e6072d4f65d7061329687fe24e3d63a7-common-args.resp -include /Users/admin/builder/spi-builder-workspace/.derivedData/Build/Intermediates.noindex/AppAuth.build/Debug-watchos/AppAuth-t.build/DerivedSources/resource_bundle_accessor.h -MMD -MT dependencies -MF /Users/admin/builder/spi-builder-workspace/.derivedData/Build/Intermediates.noindex/AppAuth.build/Debug-watchos/AppAuth-t.build/Objects-normal/arm64_32/OIDRedirectHTTPHandler.d --serialize-diagnostics /Users/admin/builder/spi-builder-workspace/.derivedData/Build/Intermediates.noindex/AppAuth.build/Debug-watchos/AppAuth-t.build/Objects-normal/arm64_32/OIDRedirectHTTPHandler.dia -c /Users/admin/builder/spi-builder-workspace/.dependencies/checkouts/AppAuth-iOS/Sources/AppAuth/macOS/OIDRedirectHTTPHandler.m -o /Users/admin/builder/spi-builder-workspace/.derivedData/Build/Intermediates.noindex/AppAuth.build/Debug-watchos/AppAuth-t.build/Objects-normal/arm64_32/OIDRedirectHTTPHandler.o -index-unit-output-path /AppAuth.build/Debug-watchos/AppAuth-t.build/Objects-normal/arm64_32/OIDRedirectHTTPHandler.o
CompileC /Users/admin/builder/spi-builder-workspace/.derivedData/Build/Intermediates.noindex/AppAuth.build/Debug-watchos/AppAuth-t.build/Objects-normal/arm64_32/OIDLoopbackHTTPServer.o /Users/admin/builder/spi-builder-workspace/.dependencies/checkouts/AppAuth-iOS/Sources/AppAuth/macOS/LoopbackHTTPServer/OIDLoopbackHTTPServer.m normal arm64_32 objective-c com.apple.compilers.llvm.clang.1_0.compiler (in target 'AppAuth' from project 'AppAuth')
cd /Users/admin/builder/spi-builder-workspace/.swiftpm/xcode
Using response file: /Users/admin/builder/spi-builder-workspace/.derivedData/Build/Intermediates.noindex/AppAuth.build/Debug-watchos/AppAuth-t.build/Objects-normal/arm64_32/e6072d4f65d7061329687fe24e3d63a7-common-args.resp
/Applications/Xcode-27.0.0-Release.Candidate.app/Contents/Developer/Toolchains/XcodeDefault.xctoolchain/usr/bin/clang -x objective-c -ivfsstatcache /Users/admin/builder/spi-builder-workspace/.derivedData/SDKStatCaches.noindex/watchos27.0-24R360-e829b21a6f8c9b70876ba0858053c04477534ef55a1706bf4c1112bbb242f0a2.sdkstatcache -target arm64_32-apple-watchos9.0 -fmessage-length\=0 -fdiagnostics-show-note-include-stack -fmacro-backtrace-limit\=0 -fno-color-diagnostics -fmodules-prune-interval\=86400 -fmodules-prune-after\=345600 -fbuild-session-file\=/Users/admin/builder/spi-builder-workspace/.derivedData/ModuleCache.noindex/Session.modulevalidation -fmodules-validate-once-per-build-session -Wnon-modular-include-in-framework-module -Werror\=non-modular-include-in-framework-module -Wno-trigraphs -Wno-missing-field-initializers -Wno-missing-prototypes -Wno-return-type -Wno-implicit-atomic-properties -Wno-objc-interface-ivars -Wno-arc-repeated-use-of-weak -Wno-missing-braces -Wparentheses -Wswitch -Wno-unused-function -Wno-unused-label -Wno-unused-parameter -Wno-unused-variable -Wunused-value -Wno-empty-body -Wno-uninitialized -Wno-unknown-pragmas -w -Wno-shadow -Wno-four-char-constants -Wno-conversion -Wno-constant-conversion -Wno-int-conversion -Wno-bool-conversion -Wno-enum-conversion -Wno-float-conversion -Wno-non-literal-null-conversion -Wno-objc-literal-conversion -Wno-shorten-64-to-32 -Wpointer-sign -Wno-newline-eof -Wno-selector -Wno-strict-selector-match -Wno-undeclared-selector -Wno-deprecated-implementations -Wno-implicit-fallthrough -isysroot /Applications/Xcode-27.0.0-Release.Candidate.app/Contents/Developer/Platforms/WatchOS.platform/Developer/SDKs/WatchOS27.0.sdk -fstrict-aliasing -Wprotocol -Wdeprecated-declarations -Wno-sign-conversion -Wno-infinite-recursion -Wno-comma -Wno-block-capture-autoreleasing -Wno-strict-prototypes -Wno-semicolon-before-method-body -index-store-path /Users/admin/builder/spi-builder-workspace/.derivedData/Index.noindex/DataStore @/Users/admin/builder/spi-builder-workspace/.derivedData/Build/Intermediates.noindex/AppAuth.build/Debug-watchos/AppAuth-t.build/Objects-normal/arm64_32/e6072d4f65d7061329687fe24e3d63a7-common-args.resp -include /Users/admin/builder/spi-builder-workspace/.derivedData/Build/Intermediates.noindex/AppAuth.build/Debug-watchos/AppAuth-t.build/DerivedSources/resource_bundle_accessor.h -MMD -MT dependencies -MF /Users/admin/builder/spi-builder-workspace/.derivedData/Build/Intermediates.noindex/AppAuth.build/Debug-watchos/AppAuth-t.build/Objects-normal/arm64_32/OIDLoopbackHTTPServer.d --serialize-diagnostics /Users/admin/builder/spi-builder-workspace/.derivedData/Build/Intermediates.noindex/AppAuth.build/Debug-watchos/AppAuth-t.build/Objects-normal/arm64_32/OIDLoopbackHTTPServer.dia -c /Users/admin/builder/spi-builder-workspace/.dependencies/checkouts/AppAuth-iOS/Sources/AppAuth/macOS/LoopbackHTTPServer/OIDLoopbackHTTPServer.m -o /Users/admin/builder/spi-builder-workspace/.derivedData/Build/Intermediates.noindex/AppAuth.build/Debug-watchos/AppAuth-t.build/Objects-normal/arm64_32/OIDLoopbackHTTPServer.o -index-unit-output-path /AppAuth.build/Debug-watchos/AppAuth-t.build/Objects-normal/arm64_32/OIDLoopbackHTTPServer.o
CompileC /Users/admin/builder/spi-builder-workspace/.derivedData/Build/Intermediates.noindex/AppAuth.build/Debug-watchos/AppAuth-t.build/Objects-normal/arm64_32/OIDExternalUserAgentMac.o /Users/admin/builder/spi-builder-workspace/.dependencies/checkouts/AppAuth-iOS/Sources/AppAuth/macOS/OIDExternalUserAgentMac.m normal arm64_32 objective-c com.apple.compilers.llvm.clang.1_0.compiler (in target 'AppAuth' from project 'AppAuth')
cd /Users/admin/builder/spi-builder-workspace/.swiftpm/xcode
Using response file: /Users/admin/builder/spi-builder-workspace/.derivedData/Build/Intermediates.noindex/AppAuth.build/Debug-watchos/AppAuth-t.build/Objects-normal/arm64_32/e6072d4f65d7061329687fe24e3d63a7-common-args.resp
/Applications/Xcode-27.0.0-Release.Candidate.app/Contents/Developer/Toolchains/XcodeDefault.xctoolchain/usr/bin/clang -x objective-c -ivfsstatcache /Users/admin/builder/spi-builder-workspace/.derivedData/SDKStatCaches.noindex/watchos27.0-24R360-e829b21a6f8c9b70876ba0858053c04477534ef55a1706bf4c1112bbb242f0a2.sdkstatcache -target arm64_32-apple-watchos9.0 -fmessage-length\=0 -fdiagnostics-show-note-include-stack -fmacro-backtrace-limit\=0 -fno-color-diagnostics -fmodules-prune-interval\=86400 -fmodules-prune-after\=345600 -fbuild-session-file\=/Users/admin/builder/spi-builder-workspace/.derivedData/ModuleCache.noindex/Session.modulevalidation -fmodules-validate-once-per-build-session -Wnon-modular-include-in-framework-module -Werror\=non-modular-include-in-framework-module -Wno-trigraphs -Wno-missing-field-initializers -Wno-missing-prototypes -Wno-return-type -Wno-implicit-atomic-properties -Wno-objc-interface-ivars -Wno-arc-repeated-use-of-weak -Wno-missing-braces -Wparentheses -Wswitch -Wno-unused-function -Wno-unused-label -Wno-unused-parameter -Wno-unused-variable -Wunused-value -Wno-empty-body -Wno-uninitialized -Wno-unknown-pragmas -w -Wno-shadow -Wno-four-char-constants -Wno-conversion -Wno-constant-conversion -Wno-int-conversion -Wno-bool-conversion -Wno-enum-conversion -Wno-float-conversion -Wno-non-literal-null-conversion -Wno-objc-literal-conversion -Wno-shorten-64-to-32 -Wpointer-sign -Wno-newline-eof -Wno-selector -Wno-strict-selector-match -Wno-undeclared-selector -Wno-deprecated-implementations -Wno-implicit-fallthrough -isysroot /Applications/Xcode-27.0.0-Release.Candidate.app/Contents/Developer/Platforms/WatchOS.platform/Developer/SDKs/WatchOS27.0.sdk -fstrict-aliasing -Wprotocol -Wdeprecated-declarations -Wno-sign-conversion -Wno-infinite-recursion -Wno-comma -Wno-block-capture-autoreleasing -Wno-strict-prototypes -Wno-semicolon-before-method-body -index-store-path /Users/admin/builder/spi-builder-workspace/.derivedData/Index.noindex/DataStore @/Users/admin/builder/spi-builder-workspace/.derivedData/Build/Intermediates.noindex/AppAuth.build/Debug-watchos/AppAuth-t.build/Objects-normal/arm64_32/e6072d4f65d7061329687fe24e3d63a7-common-args.resp -include /Users/admin/builder/spi-builder-workspace/.derivedData/Build/Intermediates.noindex/AppAuth.build/Debug-watchos/AppAuth-t.build/DerivedSources/resource_bundle_accessor.h -MMD -MT dependencies -MF /Users/admin/builder/spi-builder-workspace/.derivedData/Build/Intermediates.noindex/AppAuth.build/Debug-watchos/AppAuth-t.build/Objects-normal/arm64_32/OIDExternalUserAgentMac.d --serialize-diagnostics /Users/admin/builder/spi-builder-workspace/.derivedData/Build/Intermediates.noindex/AppAuth.build/Debug-watchos/AppAuth-t.build/Objects-normal/arm64_32/OIDExternalUserAgentMac.dia -c /Users/admin/builder/spi-builder-workspace/.dependencies/checkouts/AppAuth-iOS/Sources/AppAuth/macOS/OIDExternalUserAgentMac.m -o /Users/admin/builder/spi-builder-workspace/.derivedData/Build/Intermediates.noindex/AppAuth.build/Debug-watchos/AppAuth-t.build/Objects-normal/arm64_32/OIDExternalUserAgentMac.o -index-unit-output-path /AppAuth.build/Debug-watchos/AppAuth-t.build/Objects-normal/arm64_32/OIDExternalUserAgentMac.o
CompileC /Users/admin/builder/spi-builder-workspace/.derivedData/Build/Intermediates.noindex/AppAuth.build/Debug-watchos/AppAuth-t.build/Objects-normal/arm64_32/OIDExternalUserAgentIOSCustomBrowser.o /Users/admin/builder/spi-builder-workspace/.dependencies/checkouts/AppAuth-iOS/Sources/AppAuth/iOS/OIDExternalUserAgentIOSCustomBrowser.m normal arm64_32 objective-c com.apple.compilers.llvm.clang.1_0.compiler (in target 'AppAuth' from project 'AppAuth')
cd /Users/admin/builder/spi-builder-workspace/.swiftpm/xcode
Using response file: /Users/admin/builder/spi-builder-workspace/.derivedData/Build/Intermediates.noindex/AppAuth.build/Debug-watchos/AppAuth-t.build/Objects-normal/arm64_32/e6072d4f65d7061329687fe24e3d63a7-common-args.resp
/Applications/Xcode-27.0.0-Release.Candidate.app/Contents/Developer/Toolchains/XcodeDefault.xctoolchain/usr/bin/clang -x objective-c -ivfsstatcache /Users/admin/builder/spi-builder-workspace/.derivedData/SDKStatCaches.noindex/watchos27.0-24R360-e829b21a6f8c9b70876ba0858053c04477534ef55a1706bf4c1112bbb242f0a2.sdkstatcache -target arm64_32-apple-watchos9.0 -fmessage-length\=0 -fdiagnostics-show-note-include-stack -fmacro-backtrace-limit\=0 -fno-color-diagnostics -fmodules-prune-interval\=86400 -fmodules-prune-after\=345600 -fbuild-session-file\=/Users/admin/builder/spi-builder-workspace/.derivedData/ModuleCache.noindex/Session.modulevalidation -fmodules-validate-once-per-build-session -Wnon-modular-include-in-framework-module -Werror\=non-modular-include-in-framework-module -Wno-trigraphs -Wno-missing-field-initializers -Wno-missing-prototypes -Wno-return-type -Wno-implicit-atomic-properties -Wno-objc-interface-ivars -Wno-arc-repeated-use-of-weak -Wno-missing-braces -Wparentheses -Wswitch -Wno-unused-function -Wno-unused-label -Wno-unused-parameter -Wno-unused-variable -Wunused-value -Wno-empty-body -Wno-uninitialized -Wno-unknown-pragmas -w -Wno-shadow -Wno-four-char-constants -Wno-conversion -Wno-constant-conversion -Wno-int-conversion -Wno-bool-conversion -Wno-enum-conversion -Wno-float-conversion -Wno-non-literal-null-conversion -Wno-objc-literal-conversion -Wno-shorten-64-to-32 -Wpointer-sign -Wno-newline-eof -Wno-selector -Wno-strict-selector-match -Wno-undeclared-selector -Wno-deprecated-implementations -Wno-implicit-fallthrough -isysroot /Applications/Xcode-27.0.0-Release.Candidate.app/Contents/Developer/Platforms/WatchOS.platform/Developer/SDKs/WatchOS27.0.sdk -fstrict-aliasing -Wprotocol -Wdeprecated-declarations -Wno-sign-conversion -Wno-infinite-recursion -Wno-comma -Wno-block-capture-autoreleasing -Wno-strict-prototypes -Wno-semicolon-before-method-body -index-store-path /Users/admin/builder/spi-builder-workspace/.derivedData/Index.noindex/DataStore @/Users/admin/builder/spi-builder-workspace/.derivedData/Build/Intermediates.noindex/AppAuth.build/Debug-watchos/AppAuth-t.build/Objects-normal/arm64_32/e6072d4f65d7061329687fe24e3d63a7-common-args.resp -include /Users/admin/builder/spi-builder-workspace/.derivedData/Build/Intermediates.noindex/AppAuth.build/Debug-watchos/AppAuth-t.build/DerivedSources/resource_bundle_accessor.h -MMD -MT dependencies -MF /Users/admin/builder/spi-builder-workspace/.derivedData/Build/Intermediates.noindex/AppAuth.build/Debug-watchos/AppAuth-t.build/Objects-normal/arm64_32/OIDExternalUserAgentIOSCustomBrowser.d --serialize-diagnostics /Users/admin/builder/spi-builder-workspace/.derivedData/Build/Intermediates.noindex/AppAuth.build/Debug-watchos/AppAuth-t.build/Objects-normal/arm64_32/OIDExternalUserAgentIOSCustomBrowser.dia -c /Users/admin/builder/spi-builder-workspace/.dependencies/checkouts/AppAuth-iOS/Sources/AppAuth/iOS/OIDExternalUserAgentIOSCustomBrowser.m -o /Users/admin/builder/spi-builder-workspace/.derivedData/Build/Intermediates.noindex/AppAuth.build/Debug-watchos/AppAuth-t.build/Objects-normal/arm64_32/OIDExternalUserAgentIOSCustomBrowser.o -index-unit-output-path /AppAuth.build/Debug-watchos/AppAuth-t.build/Objects-normal/arm64_32/OIDExternalUserAgentIOSCustomBrowser.o
SwiftExplicitDependencyGeneratePcm arm64_32 /Users/admin/builder/spi-builder-workspace/.derivedData/SDKExplicitPrecompiledModules/Security-D7TOWF88VWF67TB9HAFP5UWB1.pcm
CompileC /Users/admin/builder/spi-builder-workspace/.derivedData/Build/Intermediates.noindex/AppAuth.build/Debug-watchos/AppAuth-t.build/Objects-normal/arm64_32/OIDExternalUserAgentIOS.o /Users/admin/builder/spi-builder-workspace/.dependencies/checkouts/AppAuth-iOS/Sources/AppAuth/iOS/OIDExternalUserAgentIOS.m normal arm64_32 objective-c com.apple.compilers.llvm.clang.1_0.compiler (in target 'AppAuth' from project 'AppAuth')
cd /Users/admin/builder/spi-builder-workspace/.swiftpm/xcode
Using response file: /Users/admin/builder/spi-builder-workspace/.derivedData/Build/Intermediates.noindex/AppAuth.build/Debug-watchos/AppAuth-t.build/Objects-normal/arm64_32/e6072d4f65d7061329687fe24e3d63a7-common-args.resp
/Applications/Xcode-27.0.0-Release.Candidate.app/Contents/Developer/Toolchains/XcodeDefault.xctoolchain/usr/bin/clang -x objective-c -ivfsstatcache /Users/admin/builder/spi-builder-workspace/.derivedData/SDKStatCaches.noindex/watchos27.0-24R360-e829b21a6f8c9b70876ba0858053c04477534ef55a1706bf4c1112bbb242f0a2.sdkstatcache -target arm64_32-apple-watchos9.0 -fmessage-length\=0 -fdiagnostics-show-note-include-stack -fmacro-backtrace-limit\=0 -fno-color-diagnostics -fmodules-prune-interval\=86400 -fmodules-prune-after\=345600 -fbuild-session-file\=/Users/admin/builder/spi-builder-workspace/.derivedData/ModuleCache.noindex/Session.modulevalidation -fmodules-validate-once-per-build-session -Wnon-modular-include-in-framework-module -Werror\=non-modular-include-in-framework-module -Wno-trigraphs -Wno-missing-field-initializers -Wno-missing-prototypes -Wno-return-type -Wno-implicit-atomic-properties -Wno-objc-interface-ivars -Wno-arc-repeated-use-of-weak -Wno-missing-braces -Wparentheses -Wswitch -Wno-unused-function -Wno-unused-label -Wno-unused-parameter -Wno-unused-variable -Wunused-value -Wno-empty-body -Wno-uninitialized -Wno-unknown-pragmas -w -Wno-shadow -Wno-four-char-constants -Wno-conversion -Wno-constant-conversion -Wno-int-conversion -Wno-bool-conversion -Wno-enum-conversion -Wno-float-conversion -Wno-non-literal-null-conversion -Wno-objc-literal-conversion -Wno-shorten-64-to-32 -Wpointer-sign -Wno-newline-eof -Wno-selector -Wno-strict-selector-match -Wno-undeclared-selector -Wno-deprecated-implementations -Wno-implicit-fallthrough -isysroot /Applications/Xcode-27.0.0-Release.Candidate.app/Contents/Developer/Platforms/WatchOS.platform/Developer/SDKs/WatchOS27.0.sdk -fstrict-aliasing -Wprotocol -Wdeprecated-declarations -Wno-sign-conversion -Wno-infinite-recursion -Wno-comma -Wno-block-capture-autoreleasing -Wno-strict-prototypes -Wno-semicolon-before-method-body -index-store-path /Users/admin/builder/spi-builder-workspace/.derivedData/Index.noindex/DataStore @/Users/admin/builder/spi-builder-workspace/.derivedData/Build/Intermediates.noindex/AppAuth.build/Debug-watchos/AppAuth-t.build/Objects-normal/arm64_32/e6072d4f65d7061329687fe24e3d63a7-common-args.resp -include /Users/admin/builder/spi-builder-workspace/.derivedData/Build/Intermediates.noindex/AppAuth.build/Debug-watchos/AppAuth-t.build/DerivedSources/resource_bundle_accessor.h -MMD -MT dependencies -MF /Users/admin/builder/spi-builder-workspace/.derivedData/Build/Intermediates.noindex/AppAuth.build/Debug-watchos/AppAuth-t.build/Objects-normal/arm64_32/OIDExternalUserAgentIOS.d --serialize-diagnostics /Users/admin/builder/spi-builder-workspace/.derivedData/Build/Intermediates.noindex/AppAuth.build/Debug-watchos/AppAuth-t.build/Objects-normal/arm64_32/OIDExternalUserAgentIOS.dia -c /Users/admin/builder/spi-builder-workspace/.dependencies/checkouts/AppAuth-iOS/Sources/AppAuth/iOS/OIDExternalUserAgentIOS.m -o /Users/admin/builder/spi-builder-workspace/.derivedData/Build/Intermediates.noindex/AppAuth.build/Debug-watchos/AppAuth-t.build/Objects-normal/arm64_32/OIDExternalUserAgentIOS.o -index-unit-output-path /AppAuth.build/Debug-watchos/AppAuth-t.build/Objects-normal/arm64_32/OIDExternalUserAgentIOS.o
CompileC /Users/admin/builder/spi-builder-workspace/.derivedData/Build/Intermediates.noindex/AppAuth.build/Debug-watchos/AppAuth-t.build/Objects-normal/arm64_32/OIDExternalUserAgentCatalyst.o /Users/admin/builder/spi-builder-workspace/.dependencies/checkouts/AppAuth-iOS/Sources/AppAuth/iOS/OIDExternalUserAgentCatalyst.m normal arm64_32 objective-c com.apple.compilers.llvm.clang.1_0.compiler (in target 'AppAuth' from project 'AppAuth')
cd /Users/admin/builder/spi-builder-workspace/.swiftpm/xcode
Using response file: /Users/admin/builder/spi-builder-workspace/.derivedData/Build/Intermediates.noindex/AppAuth.build/Debug-watchos/AppAuth-t.build/Objects-normal/arm64_32/e6072d4f65d7061329687fe24e3d63a7-common-args.resp
/Applications/Xcode-27.0.0-Release.Candidate.app/Contents/Developer/Toolchains/XcodeDefault.xctoolchain/usr/bin/clang -x objective-c -ivfsstatcache /Users/admin/builder/spi-builder-workspace/.derivedData/SDKStatCaches.noindex/watchos27.0-24R360-e829b21a6f8c9b70876ba0858053c04477534ef55a1706bf4c1112bbb242f0a2.sdkstatcache -target arm64_32-apple-watchos9.0 -fmessage-length\=0 -fdiagnostics-show-note-include-stack -fmacro-backtrace-limit\=0 -fno-color-diagnostics -fmodules-prune-interval\=86400 -fmodules-prune-after\=345600 -fbuild-session-file\=/Users/admin/builder/spi-builder-workspace/.derivedData/ModuleCache.noindex/Session.modulevalidation -fmodules-validate-once-per-build-session -Wnon-modular-include-in-framework-module -Werror\=non-modular-include-in-framework-module -Wno-trigraphs -Wno-missing-field-initializers -Wno-missing-prototypes -Wno-return-type -Wno-implicit-atomic-properties -Wno-objc-interface-ivars -Wno-arc-repeated-use-of-weak -Wno-missing-braces -Wparentheses -Wswitch -Wno-unused-function -Wno-unused-label -Wno-unused-parameter -Wno-unused-variable -Wunused-value -Wno-empty-body -Wno-uninitialized -Wno-unknown-pragmas -w -Wno-shadow -Wno-four-char-constants -Wno-conversion -Wno-constant-conversion -Wno-int-conversion -Wno-bool-conversion -Wno-enum-conversion -Wno-float-conversion -Wno-non-literal-null-conversion -Wno-objc-literal-conversion -Wno-shorten-64-to-32 -Wpointer-sign -Wno-newline-eof -Wno-selector -Wno-strict-selector-match -Wno-undeclared-selector -Wno-deprecated-implementations -Wno-implicit-fallthrough -isysroot /Applications/Xcode-27.0.0-Release.Candidate.app/Contents/Developer/Platforms/WatchOS.platform/Developer/SDKs/WatchOS27.0.sdk -fstrict-aliasing -Wprotocol -Wdeprecated-declarations -Wno-sign-conversion -Wno-infinite-recursion -Wno-comma -Wno-block-capture-autoreleasing -Wno-strict-prototypes -Wno-semicolon-before-method-body -index-store-path /Users/admin/builder/spi-builder-workspace/.derivedData/Index.noindex/DataStore @/Users/admin/builder/spi-builder-workspace/.derivedData/Build/Intermediates.noindex/AppAuth.build/Debug-watchos/AppAuth-t.build/Objects-normal/arm64_32/e6072d4f65d7061329687fe24e3d63a7-common-args.resp -include /Users/admin/builder/spi-builder-workspace/.derivedData/Build/Intermediates.noindex/AppAuth.build/Debug-watchos/AppAuth-t.build/DerivedSources/resource_bundle_accessor.h -MMD -MT dependencies -MF /Users/admin/builder/spi-builder-workspace/.derivedData/Build/Intermediates.noindex/AppAuth.build/Debug-watchos/AppAuth-t.build/Objects-normal/arm64_32/OIDExternalUserAgentCatalyst.d --serialize-diagnostics /Users/admin/builder/spi-builder-workspace/.derivedData/Build/Intermediates.noindex/AppAuth.build/Debug-watchos/AppAuth-t.build/Objects-normal/arm64_32/OIDExternalUserAgentCatalyst.dia -c /Users/admin/builder/spi-builder-workspace/.dependencies/checkouts/AppAuth-iOS/Sources/AppAuth/iOS/OIDExternalUserAgentCatalyst.m -o /Users/admin/builder/spi-builder-workspace/.derivedData/Build/Intermediates.noindex/AppAuth.build/Debug-watchos/AppAuth-t.build/Objects-normal/arm64_32/OIDExternalUserAgentCatalyst.o -index-unit-output-path /AppAuth.build/Debug-watchos/AppAuth-t.build/Objects-normal/arm64_32/OIDExternalUserAgentCatalyst.o
CompileC /Users/admin/builder/spi-builder-workspace/.derivedData/Build/Intermediates.noindex/AppAuth.build/Debug-watchos/AppAuth-t.build/Objects-normal/arm64_32/OIDAuthorizationService+Mac.o /Users/admin/builder/spi-builder-workspace/.dependencies/checkouts/AppAuth-iOS/Sources/AppAuth/macOS/OIDAuthorizationService+Mac.m normal arm64_32 objective-c com.apple.compilers.llvm.clang.1_0.compiler (in target 'AppAuth' from project 'AppAuth')
cd /Users/admin/builder/spi-builder-workspace/.swiftpm/xcode
Using response file: /Users/admin/builder/spi-builder-workspace/.derivedData/Build/Intermediates.noindex/AppAuth.build/Debug-watchos/AppAuth-t.build/Objects-normal/arm64_32/e6072d4f65d7061329687fe24e3d63a7-common-args.resp
/Applications/Xcode-27.0.0-Release.Candidate.app/Contents/Developer/Toolchains/XcodeDefault.xctoolchain/usr/bin/clang -x objective-c -ivfsstatcache /Users/admin/builder/spi-builder-workspace/.derivedData/SDKStatCaches.noindex/watchos27.0-24R360-e829b21a6f8c9b70876ba0858053c04477534ef55a1706bf4c1112bbb242f0a2.sdkstatcache -target arm64_32-apple-watchos9.0 -fmessage-length\=0 -fdiagnostics-show-note-include-stack -fmacro-backtrace-limit\=0 -fno-color-diagnostics -fmodules-prune-interval\=86400 -fmodules-prune-after\=345600 -fbuild-session-file\=/Users/admin/builder/spi-builder-workspace/.derivedData/ModuleCache.noindex/Session.modulevalidation -fmodules-validate-once-per-build-session -Wnon-modular-include-in-framework-module -Werror\=non-modular-include-in-framework-module -Wno-trigraphs -Wno-missing-field-initializers -Wno-missing-prototypes -Wno-return-type -Wno-implicit-atomic-properties -Wno-objc-interface-ivars -Wno-arc-repeated-use-of-weak -Wno-missing-braces -Wparentheses -Wswitch -Wno-unused-function -Wno-unused-label -Wno-unused-parameter -Wno-unused-variable -Wunused-value -Wno-empty-body -Wno-uninitialized -Wno-unknown-pragmas -w -Wno-shadow -Wno-four-char-constants -Wno-conversion -Wno-constant-conversion -Wno-int-conversion -Wno-bool-conversion -Wno-enum-conversion -Wno-float-conversion -Wno-non-literal-null-conversion -Wno-objc-literal-conversion -Wno-shorten-64-to-32 -Wpointer-sign -Wno-newline-eof -Wno-selector -Wno-strict-selector-match -Wno-undeclared-selector -Wno-deprecated-implementations -Wno-implicit-fallthrough -isysroot /Applications/Xcode-27.0.0-Release.Candidate.app/Contents/Developer/Platforms/WatchOS.platform/Developer/SDKs/WatchOS27.0.sdk -fstrict-aliasing -Wprotocol -Wdeprecated-declarations -Wno-sign-conversion -Wno-infinite-recursion -Wno-comma -Wno-block-capture-autoreleasing -Wno-strict-prototypes -Wno-semicolon-before-method-body -index-store-path /Users/admin/builder/spi-builder-workspace/.derivedData/Index.noindex/DataStore @/Users/admin/builder/spi-builder-workspace/.derivedData/Build/Intermediates.noindex/AppAuth.build/Debug-watchos/AppAuth-t.build/Objects-normal/arm64_32/e6072d4f65d7061329687fe24e3d63a7-common-args.resp -include /Users/admin/builder/spi-builder-workspace/.derivedData/Build/Intermediates.noindex/AppAuth.build/Debug-watchos/AppAuth-t.build/DerivedSources/resource_bundle_accessor.h -MMD -MT dependencies -MF /Users/admin/builder/spi-builder-workspace/.derivedData/Build/Intermediates.noindex/AppAuth.build/Debug-watchos/AppAuth-t.build/Objects-normal/arm64_32/OIDAuthorizationService+Mac.d --serialize-diagnostics /Users/admin/builder/spi-builder-workspace/.derivedData/Build/Intermediates.noindex/AppAuth.build/Debug-watchos/AppAuth-t.build/Objects-normal/arm64_32/OIDAuthorizationService+Mac.dia -c /Users/admin/builder/spi-builder-workspace/.dependencies/checkouts/AppAuth-iOS/Sources/AppAuth/macOS/OIDAuthorizationService+Mac.m -o /Users/admin/builder/spi-builder-workspace/.derivedData/Build/Intermediates.noindex/AppAuth.build/Debug-watchos/AppAuth-t.build/Objects-normal/arm64_32/OIDAuthorizationService+Mac.o -index-unit-output-path /AppAuth.build/Debug-watchos/AppAuth-t.build/Objects-normal/arm64_32/OIDAuthorizationService+Mac.o
CompileC /Users/admin/builder/spi-builder-workspace/.derivedData/Build/Intermediates.noindex/AppAuth.build/Debug-watchos/AppAuth-t.build/Objects-normal/arm64_32/OIDAuthorizationService+IOS.o /Users/admin/builder/spi-builder-workspace/.dependencies/checkouts/AppAuth-iOS/Sources/AppAuth/iOS/OIDAuthorizationService+IOS.m normal arm64_32 objective-c com.apple.compilers.llvm.clang.1_0.compiler (in target 'AppAuth' from project 'AppAuth')
cd /Users/admin/builder/spi-builder-workspace/.swiftpm/xcode
Using response file: /Users/admin/builder/spi-builder-workspace/.derivedData/Build/Intermediates.noindex/AppAuth.build/Debug-watchos/AppAuth-t.build/Objects-normal/arm64_32/e6072d4f65d7061329687fe24e3d63a7-common-args.resp
/Applications/Xcode-27.0.0-Release.Candidate.app/Contents/Developer/Toolchains/XcodeDefault.xctoolchain/usr/bin/clang -x objective-c -ivfsstatcache /Users/admin/builder/spi-builder-workspace/.derivedData/SDKStatCaches.noindex/watchos27.0-24R360-e829b21a6f8c9b70876ba0858053c04477534ef55a1706bf4c1112bbb242f0a2.sdkstatcache -target arm64_32-apple-watchos9.0 -fmessage-length\=0 -fdiagnostics-show-note-include-stack -fmacro-backtrace-limit\=0 -fno-color-diagnostics -fmodules-prune-interval\=86400 -fmodules-prune-after\=345600 -fbuild-session-file\=/Users/admin/builder/spi-builder-workspace/.derivedData/ModuleCache.noindex/Session.modulevalidation -fmodules-validate-once-per-build-session -Wnon-modular-include-in-framework-module -Werror\=non-modular-include-in-framework-module -Wno-trigraphs -Wno-missing-field-initializers -Wno-missing-prototypes -Wno-return-type -Wno-implicit-atomic-properties -Wno-objc-interface-ivars -Wno-arc-repeated-use-of-weak -Wno-missing-braces -Wparentheses -Wswitch -Wno-unused-function -Wno-unused-label -Wno-unused-parameter -Wno-unused-variable -Wunused-value -Wno-empty-body -Wno-uninitialized -Wno-unknown-pragmas -w -Wno-shadow -Wno-four-char-constants -Wno-conversion -Wno-constant-conversion -Wno-int-conversion -Wno-bool-conversion -Wno-enum-conversion -Wno-float-conversion -Wno-non-literal-null-conversion -Wno-objc-literal-conversion -Wno-shorten-64-to-32 -Wpointer-sign -Wno-newline-eof -Wno-selector -Wno-strict-selector-match -Wno-undeclared-selector -Wno-deprecated-implementations -Wno-implicit-fallthrough -isysroot /Applications/Xcode-27.0.0-Release.Candidate.app/Contents/Developer/Platforms/WatchOS.platform/Developer/SDKs/WatchOS27.0.sdk -fstrict-aliasing -Wprotocol -Wdeprecated-declarations -Wno-sign-conversion -Wno-infinite-recursion -Wno-comma -Wno-block-capture-autoreleasing -Wno-strict-prototypes -Wno-semicolon-before-method-body -index-store-path /Users/admin/builder/spi-builder-workspace/.derivedData/Index.noindex/DataStore @/Users/admin/builder/spi-builder-workspace/.derivedData/Build/Intermediates.noindex/AppAuth.build/Debug-watchos/AppAuth-t.build/Objects-normal/arm64_32/e6072d4f65d7061329687fe24e3d63a7-common-args.resp -include /Users/admin/builder/spi-builder-workspace/.derivedData/Build/Intermediates.noindex/AppAuth.build/Debug-watchos/AppAuth-t.build/DerivedSources/resource_bundle_accessor.h -MMD -MT dependencies -MF /Users/admin/builder/spi-builder-workspace/.derivedData/Build/Intermediates.noindex/AppAuth.build/Debug-watchos/AppAuth-t.build/Objects-normal/arm64_32/OIDAuthorizationService+IOS.d --serialize-diagnostics /Users/admin/builder/spi-builder-workspace/.derivedData/Build/Intermediates.noindex/AppAuth.build/Debug-watchos/AppAuth-t.build/Objects-normal/arm64_32/OIDAuthorizationService+IOS.dia -c /Users/admin/builder/spi-builder-workspace/.dependencies/checkouts/AppAuth-iOS/Sources/AppAuth/iOS/OIDAuthorizationService+IOS.m -o /Users/admin/builder/spi-builder-workspace/.derivedData/Build/Intermediates.noindex/AppAuth.build/Debug-watchos/AppAuth-t.build/Objects-normal/arm64_32/OIDAuthorizationService+IOS.o -index-unit-output-path /AppAuth.build/Debug-watchos/AppAuth-t.build/Objects-normal/arm64_32/OIDAuthorizationService+IOS.o
CompileC /Users/admin/builder/spi-builder-workspace/.derivedData/Build/Intermediates.noindex/AppAuth.build/Debug-watchos/AppAuth-t.build/Objects-normal/arm64_32/OIDAuthState+Mac.o /Users/admin/builder/spi-builder-workspace/.dependencies/checkouts/AppAuth-iOS/Sources/AppAuth/macOS/OIDAuthState+Mac.m normal arm64_32 objective-c com.apple.compilers.llvm.clang.1_0.compiler (in target 'AppAuth' from project 'AppAuth')
cd /Users/admin/builder/spi-builder-workspace/.swiftpm/xcode
Using response file: /Users/admin/builder/spi-builder-workspace/.derivedData/Build/Intermediates.noindex/AppAuth.build/Debug-watchos/AppAuth-t.build/Objects-normal/arm64_32/e6072d4f65d7061329687fe24e3d63a7-common-args.resp
/Applications/Xcode-27.0.0-Release.Candidate.app/Contents/Developer/Toolchains/XcodeDefault.xctoolchain/usr/bin/clang -x objective-c -ivfsstatcache /Users/admin/builder/spi-builder-workspace/.derivedData/SDKStatCaches.noindex/watchos27.0-24R360-e829b21a6f8c9b70876ba0858053c04477534ef55a1706bf4c1112bbb242f0a2.sdkstatcache -target arm64_32-apple-watchos9.0 -fmessage-length\=0 -fdiagnostics-show-note-include-stack -fmacro-backtrace-limit\=0 -fno-color-diagnostics -fmodules-prune-interval\=86400 -fmodules-prune-after\=345600 -fbuild-session-file\=/Users/admin/builder/spi-builder-workspace/.derivedData/ModuleCache.noindex/Session.modulevalidation -fmodules-validate-once-per-build-session -Wnon-modular-include-in-framework-module -Werror\=non-modular-include-in-framework-module -Wno-trigraphs -Wno-missing-field-initializers -Wno-missing-prototypes -Wno-return-type -Wno-implicit-atomic-properties -Wno-objc-interface-ivars -Wno-arc-repeated-use-of-weak -Wno-missing-braces -Wparentheses -Wswitch -Wno-unused-function -Wno-unused-label -Wno-unused-parameter -Wno-unused-variable -Wunused-value -Wno-empty-body -Wno-uninitialized -Wno-unknown-pragmas -w -Wno-shadow -Wno-four-char-constants -Wno-conversion -Wno-constant-conversion -Wno-int-conversion -Wno-bool-conversion -Wno-enum-conversion -Wno-float-conversion -Wno-non-literal-null-conversion -Wno-objc-literal-conversion -Wno-shorten-64-to-32 -Wpointer-sign -Wno-newline-eof -Wno-selector -Wno-strict-selector-match -Wno-undeclared-selector -Wno-deprecated-implementations -Wno-implicit-fallthrough -isysroot /Applications/Xcode-27.0.0-Release.Candidate.app/Contents/Developer/Platforms/WatchOS.platform/Developer/SDKs/WatchOS27.0.sdk -fstrict-aliasing -Wprotocol -Wdeprecated-declarations -Wno-sign-conversion -Wno-infinite-recursion -Wno-comma -Wno-block-capture-autoreleasing -Wno-strict-prototypes -Wno-semicolon-before-method-body -index-store-path /Users/admin/builder/spi-builder-workspace/.derivedData/Index.noindex/DataStore @/Users/admin/builder/spi-builder-workspace/.derivedData/Build/Intermediates.noindex/AppAuth.build/Debug-watchos/AppAuth-t.build/Objects-normal/arm64_32/e6072d4f65d7061329687fe24e3d63a7-common-args.resp -include /Users/admin/builder/spi-builder-workspace/.derivedData/Build/Intermediates.noindex/AppAuth.build/Debug-watchos/AppAuth-t.build/DerivedSources/resource_bundle_accessor.h -MMD -MT dependencies -MF /Users/admin/builder/spi-builder-workspace/.derivedData/Build/Intermediates.noindex/AppAuth.build/Debug-watchos/AppAuth-t.build/Objects-normal/arm64_32/OIDAuthState+Mac.d --serialize-diagnostics /Users/admin/builder/spi-builder-workspace/.derivedData/Build/Intermediates.noindex/AppAuth.build/Debug-watchos/AppAuth-t.build/Objects-normal/arm64_32/OIDAuthState+Mac.dia -c /Users/admin/builder/spi-builder-workspace/.dependencies/checkouts/AppAuth-iOS/Sources/AppAuth/macOS/OIDAuthState+Mac.m -o /Users/admin/builder/spi-builder-workspace/.derivedData/Build/Intermediates.noindex/AppAuth.build/Debug-watchos/AppAuth-t.build/Objects-normal/arm64_32/OIDAuthState+Mac.o -index-unit-output-path /AppAuth.build/Debug-watchos/AppAuth-t.build/Objects-normal/arm64_32/OIDAuthState+Mac.o
CompileC /Users/admin/builder/spi-builder-workspace/.derivedData/Build/Intermediates.noindex/AppAuth.build/Debug-watchos/AppAuth-t.build/Objects-normal/arm64_32/OIDAuthState+IOS.o /Users/admin/builder/spi-builder-workspace/.dependencies/checkouts/AppAuth-iOS/Sources/AppAuth/iOS/OIDAuthState+IOS.m normal arm64_32 objective-c com.apple.compilers.llvm.clang.1_0.compiler (in target 'AppAuth' from project 'AppAuth')
cd /Users/admin/builder/spi-builder-workspace/.swiftpm/xcode
Using response file: /Users/admin/builder/spi-builder-workspace/.derivedData/Build/Intermediates.noindex/AppAuth.build/Debug-watchos/AppAuth-t.build/Objects-normal/arm64_32/e6072d4f65d7061329687fe24e3d63a7-common-args.resp
/Applications/Xcode-27.0.0-Release.Candidate.app/Contents/Developer/Toolchains/XcodeDefault.xctoolchain/usr/bin/clang -x objective-c -ivfsstatcache /Users/admin/builder/spi-builder-workspace/.derivedData/SDKStatCaches.noindex/watchos27.0-24R360-e829b21a6f8c9b70876ba0858053c04477534ef55a1706bf4c1112bbb242f0a2.sdkstatcache -target arm64_32-apple-watchos9.0 -fmessage-length\=0 -fdiagnostics-show-note-include-stack -fmacro-backtrace-limit\=0 -fno-color-diagnostics -fmodules-prune-interval\=86400 -fmodules-prune-after\=345600 -fbuild-session-file\=/Users/admin/builder/spi-builder-workspace/.derivedData/ModuleCache.noindex/Session.modulevalidation -fmodules-validate-once-per-build-session -Wnon-modular-include-in-framework-module -Werror\=non-modular-include-in-framework-module -Wno-trigraphs -Wno-missing-field-initializers -Wno-missing-prototypes -Wno-return-type -Wno-implicit-atomic-properties -Wno-objc-interface-ivars -Wno-arc-repeated-use-of-weak -Wno-missing-braces -Wparentheses -Wswitch -Wno-unused-function -Wno-unused-label -Wno-unused-parameter -Wno-unused-variable -Wunused-value -Wno-empty-body -Wno-uninitialized -Wno-unknown-pragmas -w -Wno-shadow -Wno-four-char-constants -Wno-conversion -Wno-constant-conversion -Wno-int-conversion -Wno-bool-conversion -Wno-enum-conversion -Wno-float-conversion -Wno-non-literal-null-conversion -Wno-objc-literal-conversion -Wno-shorten-64-to-32 -Wpointer-sign -Wno-newline-eof -Wno-selector -Wno-strict-selector-match -Wno-undeclared-selector -Wno-deprecated-implementations -Wno-implicit-fallthrough -isysroot /Applications/Xcode-27.0.0-Release.Candidate.app/Contents/Developer/Platforms/WatchOS.platform/Developer/SDKs/WatchOS27.0.sdk -fstrict-aliasing -Wprotocol -Wdeprecated-declarations -Wno-sign-conversion -Wno-infinite-recursion -Wno-comma -Wno-block-capture-autoreleasing -Wno-strict-prototypes -Wno-semicolon-before-method-body -index-store-path /Users/admin/builder/spi-builder-workspace/.derivedData/Index.noindex/DataStore @/Users/admin/builder/spi-builder-workspace/.derivedData/Build/Intermediates.noindex/AppAuth.build/Debug-watchos/AppAuth-t.build/Objects-normal/arm64_32/e6072d4f65d7061329687fe24e3d63a7-common-args.resp -include /Users/admin/builder/spi-builder-workspace/.derivedData/Build/Intermediates.noindex/AppAuth.build/Debug-watchos/AppAuth-t.build/DerivedSources/resource_bundle_accessor.h -MMD -MT dependencies -MF /Users/admin/builder/spi-builder-workspace/.derivedData/Build/Intermediates.noindex/AppAuth.build/Debug-watchos/AppAuth-t.build/Objects-normal/arm64_32/OIDAuthState+IOS.d --serialize-diagnostics /Users/admin/builder/spi-builder-workspace/.derivedData/Build/Intermediates.noindex/AppAuth.build/Debug-watchos/AppAuth-t.build/Objects-normal/arm64_32/OIDAuthState+IOS.dia -c /Users/admin/builder/spi-builder-workspace/.dependencies/checkouts/AppAuth-iOS/Sources/AppAuth/iOS/OIDAuthState+IOS.m -o /Users/admin/builder/spi-builder-workspace/.derivedData/Build/Intermediates.noindex/AppAuth.build/Debug-watchos/AppAuth-t.build/Objects-normal/arm64_32/OIDAuthState+IOS.o -index-unit-output-path /AppAuth.build/Debug-watchos/AppAuth-t.build/Objects-normal/arm64_32/OIDAuthState+IOS.o
CompileC /Users/admin/builder/spi-builder-workspace/.derivedData/Build/Intermediates.noindex/AppAuth.build/Debug-watchos/AppAuth-t.build/Objects-normal/arm64/resource_bundle_accessor.o /Users/admin/builder/spi-builder-workspace/.derivedData/Build/Intermediates.noindex/AppAuth.build/Debug-watchos/AppAuth-t.build/DerivedSources/resource_bundle_accessor.m normal arm64 objective-c com.apple.compilers.llvm.clang.1_0.compiler (in target 'AppAuth' from project 'AppAuth')
cd /Users/admin/builder/spi-builder-workspace/.swiftpm/xcode
Using response file: /Users/admin/builder/spi-builder-workspace/.derivedData/Build/Intermediates.noindex/AppAuth.build/Debug-watchos/AppAuth-t.build/Objects-normal/arm64/e6072d4f65d7061329687fe24e3d63a7-common-args.resp
/Applications/Xcode-27.0.0-Release.Candidate.app/Contents/Developer/Toolchains/XcodeDefault.xctoolchain/usr/bin/clang -x objective-c -ivfsstatcache /Users/admin/builder/spi-builder-workspace/.derivedData/SDKStatCaches.noindex/watchos27.0-24R360-e829b21a6f8c9b70876ba0858053c04477534ef55a1706bf4c1112bbb242f0a2.sdkstatcache -target arm64-apple-watchos9.0 -fmessage-length\=0 -fdiagnostics-show-note-include-stack -fmacro-backtrace-limit\=0 -fno-color-diagnostics -fmodules-prune-interval\=86400 -fmodules-prune-after\=345600 -fbuild-session-file\=/Users/admin/builder/spi-builder-workspace/.derivedData/ModuleCache.noindex/Session.modulevalidation -fmodules-validate-once-per-build-session -Wnon-modular-include-in-framework-module -Werror\=non-modular-include-in-framework-module -Wno-trigraphs -Wno-missing-field-initializers -Wno-missing-prototypes -Wno-return-type -Wno-implicit-atomic-properties -Wno-objc-interface-ivars -Wno-arc-repeated-use-of-weak -Wno-missing-braces -Wparentheses -Wswitch -Wno-unused-function -Wno-unused-label -Wno-unused-parameter -Wno-unused-variable -Wunused-value -Wno-empty-body -Wno-uninitialized -Wno-unknown-pragmas -w -Wno-shadow -Wno-four-char-constants -Wno-conversion -Wno-constant-conversion -Wno-int-conversion -Wno-bool-conversion -Wno-enum-conversion -Wno-float-conversion -Wno-non-literal-null-conversion -Wno-objc-literal-conversion -Wshorten-64-to-32 -Wpointer-sign -Wno-newline-eof -Wno-selector -Wno-strict-selector-match -Wno-undeclared-selector -Wno-deprecated-implementations -Wno-implicit-fallthrough -isysroot /Applications/Xcode-27.0.0-Release.Candidate.app/Contents/Developer/Platforms/WatchOS.platform/Developer/SDKs/WatchOS27.0.sdk -fstrict-aliasing -Wprotocol -Wdeprecated-declarations -Wno-sign-conversion -Wno-infinite-recursion -Wno-comma -Wno-block-capture-autoreleasing -Wno-strict-prototypes -Wno-semicolon-before-method-body -index-store-path /Users/admin/builder/spi-builder-workspace/.derivedData/Index.noindex/DataStore @/Users/admin/builder/spi-builder-workspace/.derivedData/Build/Intermediates.noindex/AppAuth.build/Debug-watchos/AppAuth-t.build/Objects-normal/arm64/e6072d4f65d7061329687fe24e3d63a7-common-args.resp -include /Users/admin/builder/spi-builder-workspace/.derivedData/Build/Intermediates.noindex/AppAuth.build/Debug-watchos/AppAuth-t.build/DerivedSources/resource_bundle_accessor.h -MMD -MT dependencies -MF /Users/admin/builder/spi-builder-workspace/.derivedData/Build/Intermediates.noindex/AppAuth.build/Debug-watchos/AppAuth-t.build/Objects-normal/arm64/resource_bundle_accessor.d --serialize-diagnostics /Users/admin/builder/spi-builder-workspace/.derivedData/Build/Intermediates.noindex/AppAuth.build/Debug-watchos/AppAuth-t.build/Objects-normal/arm64/resource_bundle_accessor.dia -c /Users/admin/builder/spi-builder-workspace/.derivedData/Build/Intermediates.noindex/AppAuth.build/Debug-watchos/AppAuth-t.build/DerivedSources/resource_bundle_accessor.m -o /Users/admin/builder/spi-builder-workspace/.derivedData/Build/Intermediates.noindex/AppAuth.build/Debug-watchos/AppAuth-t.build/Objects-normal/arm64/resource_bundle_accessor.o -index-unit-output-path /AppAuth.build/Debug-watchos/AppAuth-t.build/Objects-normal/arm64/resource_bundle_accessor.o
CompileC /Users/admin/builder/spi-builder-workspace/.derivedData/Build/Intermediates.noindex/AppAuth.build/Debug-watchos/AppAuth-t.build/Objects-normal/arm64/OIDExternalUserAgentIOS.o /Users/admin/builder/spi-builder-workspace/.dependencies/checkouts/AppAuth-iOS/Sources/AppAuth/iOS/OIDExternalUserAgentIOS.m normal arm64 objective-c com.apple.compilers.llvm.clang.1_0.compiler (in target 'AppAuth' from project 'AppAuth')
cd /Users/admin/builder/spi-builder-workspace/.swiftpm/xcode
Using response file: /Users/admin/builder/spi-builder-workspace/.derivedData/Build/Intermediates.noindex/AppAuth.build/Debug-watchos/AppAuth-t.build/Objects-normal/arm64/e6072d4f65d7061329687fe24e3d63a7-common-args.resp
/Applications/Xcode-27.0.0-Release.Candidate.app/Contents/Developer/Toolchains/XcodeDefault.xctoolchain/usr/bin/clang -x objective-c -ivfsstatcache /Users/admin/builder/spi-builder-workspace/.derivedData/SDKStatCaches.noindex/watchos27.0-24R360-e829b21a6f8c9b70876ba0858053c04477534ef55a1706bf4c1112bbb242f0a2.sdkstatcache -target arm64-apple-watchos9.0 -fmessage-length\=0 -fdiagnostics-show-note-include-stack -fmacro-backtrace-limit\=0 -fno-color-diagnostics -fmodules-prune-interval\=86400 -fmodules-prune-after\=345600 -fbuild-session-file\=/Users/admin/builder/spi-builder-workspace/.derivedData/ModuleCache.noindex/Session.modulevalidation -fmodules-validate-once-per-build-session -Wnon-modular-include-in-framework-module -Werror\=non-modular-include-in-framework-module -Wno-trigraphs -Wno-missing-field-initializers -Wno-missing-prototypes -Wno-return-type -Wno-implicit-atomic-properties -Wno-objc-interface-ivars -Wno-arc-repeated-use-of-weak -Wno-missing-braces -Wparentheses -Wswitch -Wno-unused-function -Wno-unused-label -Wno-unused-parameter -Wno-unused-variable -Wunused-value -Wno-empty-body -Wno-uninitialized -Wno-unknown-pragmas -w -Wno-shadow -Wno-four-char-constants -Wno-conversion -Wno-constant-conversion -Wno-int-conversion -Wno-bool-conversion -Wno-enum-conversion -Wno-float-conversion -Wno-non-literal-null-conversion -Wno-objc-literal-conversion -Wshorten-64-to-32 -Wpointer-sign -Wno-newline-eof -Wno-selector -Wno-strict-selector-match -Wno-undeclared-selector -Wno-deprecated-implementations -Wno-implicit-fallthrough -isysroot /Applications/Xcode-27.0.0-Release.Candidate.app/Contents/Developer/Platforms/WatchOS.platform/Developer/SDKs/WatchOS27.0.sdk -fstrict-aliasing -Wprotocol -Wdeprecated-declarations -Wno-sign-conversion -Wno-infinite-recursion -Wno-comma -Wno-block-capture-autoreleasing -Wno-strict-prototypes -Wno-semicolon-before-method-body -index-store-path /Users/admin/builder/spi-builder-workspace/.derivedData/Index.noindex/DataStore @/Users/admin/builder/spi-builder-workspace/.derivedData/Build/Intermediates.noindex/AppAuth.build/Debug-watchos/AppAuth-t.build/Objects-normal/arm64/e6072d4f65d7061329687fe24e3d63a7-common-args.resp -include /Users/admin/builder/spi-builder-workspace/.derivedData/Build/Intermediates.noindex/AppAuth.build/Debug-watchos/AppAuth-t.build/DerivedSources/resource_bundle_accessor.h -MMD -MT dependencies -MF /Users/admin/builder/spi-builder-workspace/.derivedData/Build/Intermediates.noindex/AppAuth.build/Debug-watchos/AppAuth-t.build/Objects-normal/arm64/OIDExternalUserAgentIOS.d --serialize-diagnostics /Users/admin/builder/spi-builder-workspace/.derivedData/Build/Intermediates.noindex/AppAuth.build/Debug-watchos/AppAuth-t.build/Objects-normal/arm64/OIDExternalUserAgentIOS.dia -c /Users/admin/builder/spi-builder-workspace/.dependencies/checkouts/AppAuth-iOS/Sources/AppAuth/iOS/OIDExternalUserAgentIOS.m -o /Users/admin/builder/spi-builder-workspace/.derivedData/Build/Intermediates.noindex/AppAuth.build/Debug-watchos/AppAuth-t.build/Objects-normal/arm64/OIDExternalUserAgentIOS.o -index-unit-output-path /AppAuth.build/Debug-watchos/AppAuth-t.build/Objects-normal/arm64/OIDExternalUserAgentIOS.o
SwiftExplicitDependencyGeneratePcm arm64 /Users/admin/builder/spi-builder-workspace/.derivedData/SDKExplicitPrecompiledModules/Security-6RZ6YBRU8WCUHRFFRVUK5WKMM.pcm
Ld /Users/admin/builder/spi-builder-workspace/.derivedData/Build/Intermediates.noindex/AppAuth.build/Debug-watchos/AppAuthCore-t.build/Objects-normal/arm64/Binary/AppAuthCore.o normal arm64 (in target 'AppAuthCore' from project 'AppAuth')
cd /Users/admin/builder/spi-builder-workspace/.dependencies/checkouts/AppAuth-iOS
/Applications/Xcode-27.0.0-Release.Candidate.app/Contents/Developer/Toolchains/XcodeDefault.xctoolchain/usr/bin/clang -Xlinker -reproducible -target arm64-apple-watchos9.0 -r -isysroot /Applications/Xcode-27.0.0-Release.Candidate.app/Contents/Developer/Platforms/WatchOS.platform/Developer/SDKs/WatchOS27.0.sdk -O0 -w -Xlinker -no_warn_duplicate_libraries -F/Users/admin/builder/spi-builder-workspace/.derivedData/Build/Intermediates.noindex/EagerLinkingTBDs/Debug-watchos -F/Users/admin/builder/spi-builder-workspace/.derivedData/Build/Products/Debug-watchos -iframework /Applications/Xcode-27.0.0-Release.Candidate.app/Contents/Developer/Platforms/WatchOS.platform/Developer/Library/Frameworks -iframework /Applications/Xcode-27.0.0-Release.Candidate.app/Contents/Developer/Platforms/WatchOS.platform/Developer/SDKs/WatchOS27.0.sdk/Developer/Library/Frameworks -filelist /Users/admin/builder/spi-builder-workspace/.derivedData/Build/Intermediates.noindex/AppAuth.build/Debug-watchos/AppAuthCore-t.build/Objects-normal/arm64/AppAuthCore.LinkFileList -nostdlib -Xlinker -object_path_lto -Xlinker /Users/admin/builder/spi-builder-workspace/.derivedData/Build/Intermediates.noindex/AppAuth.build/Debug-watchos/AppAuthCore-t.build/Objects-normal/arm64/AppAuthCore_lto.o -Xlinker -no_deduplicate -Xlinker -debug_variant -Xlinker -dependency_info -Xlinker /Users/admin/builder/spi-builder-workspace/.derivedData/Build/Intermediates.noindex/AppAuth.build/Debug-watchos/AppAuthCore-t.build/Objects-normal/arm64/AppAuthCore_dependency_info.dat -fobjc-arc -fobjc-link-runtime -o /Users/admin/builder/spi-builder-workspace/.derivedData/Build/Intermediates.noindex/AppAuth.build/Debug-watchos/AppAuthCore-t.build/Objects-normal/arm64/Binary/AppAuthCore.o
CompileC /Users/admin/builder/spi-builder-workspace/.derivedData/Build/Intermediates.noindex/AppAuth.build/Debug-watchos/AppAuth-t.build/Objects-normal/arm64/OIDAuthorizationService+Mac.o /Users/admin/builder/spi-builder-workspace/.dependencies/checkouts/AppAuth-iOS/Sources/AppAuth/macOS/OIDAuthorizationService+Mac.m normal arm64 objective-c com.apple.compilers.llvm.clang.1_0.compiler (in target 'AppAuth' from project 'AppAuth')
cd /Users/admin/builder/spi-builder-workspace/.swiftpm/xcode
Using response file: /Users/admin/builder/spi-builder-workspace/.derivedData/Build/Intermediates.noindex/AppAuth.build/Debug-watchos/AppAuth-t.build/Objects-normal/arm64/e6072d4f65d7061329687fe24e3d63a7-common-args.resp
/Applications/Xcode-27.0.0-Release.Candidate.app/Contents/Developer/Toolchains/XcodeDefault.xctoolchain/usr/bin/clang -x objective-c -ivfsstatcache /Users/admin/builder/spi-builder-workspace/.derivedData/SDKStatCaches.noindex/watchos27.0-24R360-e829b21a6f8c9b70876ba0858053c04477534ef55a1706bf4c1112bbb242f0a2.sdkstatcache -target arm64-apple-watchos9.0 -fmessage-length\=0 -fdiagnostics-show-note-include-stack -fmacro-backtrace-limit\=0 -fno-color-diagnostics -fmodules-prune-interval\=86400 -fmodules-prune-after\=345600 -fbuild-session-file\=/Users/admin/builder/spi-builder-workspace/.derivedData/ModuleCache.noindex/Session.modulevalidation -fmodules-validate-once-per-build-session -Wnon-modular-include-in-framework-module -Werror\=non-modular-include-in-framework-module -Wno-trigraphs -Wno-missing-field-initializers -Wno-missing-prototypes -Wno-return-type -Wno-implicit-atomic-properties -Wno-objc-interface-ivars -Wno-arc-repeated-use-of-weak -Wno-missing-braces -Wparentheses -Wswitch -Wno-unused-function -Wno-unused-label -Wno-unused-parameter -Wno-unused-variable -Wunused-value -Wno-empty-body -Wno-uninitialized -Wno-unknown-pragmas -w -Wno-shadow -Wno-four-char-constants -Wno-conversion -Wno-constant-conversion -Wno-int-conversion -Wno-bool-conversion -Wno-enum-conversion -Wno-float-conversion -Wno-non-literal-null-conversion -Wno-objc-literal-conversion -Wshorten-64-to-32 -Wpointer-sign -Wno-newline-eof -Wno-selector -Wno-strict-selector-match -Wno-undeclared-selector -Wno-deprecated-implementations -Wno-implicit-fallthrough -isysroot /Applications/Xcode-27.0.0-Release.Candidate.app/Contents/Developer/Platforms/WatchOS.platform/Developer/SDKs/WatchOS27.0.sdk -fstrict-aliasing -Wprotocol -Wdeprecated-declarations -Wno-sign-conversion -Wno-infinite-recursion -Wno-comma -Wno-block-capture-autoreleasing -Wno-strict-prototypes -Wno-semicolon-before-method-body -index-store-path /Users/admin/builder/spi-builder-workspace/.derivedData/Index.noindex/DataStore @/Users/admin/builder/spi-builder-workspace/.derivedData/Build/Intermediates.noindex/AppAuth.build/Debug-watchos/AppAuth-t.build/Objects-normal/arm64/e6072d4f65d7061329687fe24e3d63a7-common-args.resp -include /Users/admin/builder/spi-builder-workspace/.derivedData/Build/Intermediates.noindex/AppAuth.build/Debug-watchos/AppAuth-t.build/DerivedSources/resource_bundle_accessor.h -MMD -MT dependencies -MF /Users/admin/builder/spi-builder-workspace/.derivedData/Build/Intermediates.noindex/AppAuth.build/Debug-watchos/AppAuth-t.build/Objects-normal/arm64/OIDAuthorizationService+Mac.d --serialize-diagnostics /Users/admin/builder/spi-builder-workspace/.derivedData/Build/Intermediates.noindex/AppAuth.build/Debug-watchos/AppAuth-t.build/Objects-normal/arm64/OIDAuthorizationService+Mac.dia -c /Users/admin/builder/spi-builder-workspace/.dependencies/checkouts/AppAuth-iOS/Sources/AppAuth/macOS/OIDAuthorizationService+Mac.m -o /Users/admin/builder/spi-builder-workspace/.derivedData/Build/Intermediates.noindex/AppAuth.build/Debug-watchos/AppAuth-t.build/Objects-normal/arm64/OIDAuthorizationService+Mac.o -index-unit-output-path /AppAuth.build/Debug-watchos/AppAuth-t.build/Objects-normal/arm64/OIDAuthorizationService+Mac.o
CompileC /Users/admin/builder/spi-builder-workspace/.derivedData/Build/Intermediates.noindex/AppAuth.build/Debug-watchos/AppAuth-t.build/Objects-normal/arm64/OIDAuthorizationService+IOS.o /Users/admin/builder/spi-builder-workspace/.dependencies/checkouts/AppAuth-iOS/Sources/AppAuth/iOS/OIDAuthorizationService+IOS.m normal arm64 objective-c com.apple.compilers.llvm.clang.1_0.compiler (in target 'AppAuth' from project 'AppAuth')
cd /Users/admin/builder/spi-builder-workspace/.swiftpm/xcode
Using response file: /Users/admin/builder/spi-builder-workspace/.derivedData/Build/Intermediates.noindex/AppAuth.build/Debug-watchos/AppAuth-t.build/Objects-normal/arm64/e6072d4f65d7061329687fe24e3d63a7-common-args.resp
/Applications/Xcode-27.0.0-Release.Candidate.app/Contents/Developer/Toolchains/XcodeDefault.xctoolchain/usr/bin/clang -x objective-c -ivfsstatcache /Users/admin/builder/spi-builder-workspace/.derivedData/SDKStatCaches.noindex/watchos27.0-24R360-e829b21a6f8c9b70876ba0858053c04477534ef55a1706bf4c1112bbb242f0a2.sdkstatcache -target arm64-apple-watchos9.0 -fmessage-length\=0 -fdiagnostics-show-note-include-stack -fmacro-backtrace-limit\=0 -fno-color-diagnostics -fmodules-prune-interval\=86400 -fmodules-prune-after\=345600 -fbuild-session-file\=/Users/admin/builder/spi-builder-workspace/.derivedData/ModuleCache.noindex/Session.modulevalidation -fmodules-validate-once-per-build-session -Wnon-modular-include-in-framework-module -Werror\=non-modular-include-in-framework-module -Wno-trigraphs -Wno-missing-field-initializers -Wno-missing-prototypes -Wno-return-type -Wno-implicit-atomic-properties -Wno-objc-interface-ivars -Wno-arc-repeated-use-of-weak -Wno-missing-braces -Wparentheses -Wswitch -Wno-unused-function -Wno-unused-label -Wno-unused-parameter -Wno-unused-variable -Wunused-value -Wno-empty-body -Wno-uninitialized -Wno-unknown-pragmas -w -Wno-shadow -Wno-four-char-constants -Wno-conversion -Wno-constant-conversion -Wno-int-conversion -Wno-bool-conversion -Wno-enum-conversion -Wno-float-conversion -Wno-non-literal-null-conversion -Wno-objc-literal-conversion -Wshorten-64-to-32 -Wpointer-sign -Wno-newline-eof -Wno-selector -Wno-strict-selector-match -Wno-undeclared-selector -Wno-deprecated-implementations -Wno-implicit-fallthrough -isysroot /Applications/Xcode-27.0.0-Release.Candidate.app/Contents/Developer/Platforms/WatchOS.platform/Developer/SDKs/WatchOS27.0.sdk -fstrict-aliasing -Wprotocol -Wdeprecated-declarations -Wno-sign-conversion -Wno-infinite-recursion -Wno-comma -Wno-block-capture-autoreleasing -Wno-strict-prototypes -Wno-semicolon-before-method-body -index-store-path /Users/admin/builder/spi-builder-workspace/.derivedData/Index.noindex/DataStore @/Users/admin/builder/spi-builder-workspace/.derivedData/Build/Intermediates.noindex/AppAuth.build/Debug-watchos/AppAuth-t.build/Objects-normal/arm64/e6072d4f65d7061329687fe24e3d63a7-common-args.resp -include /Users/admin/builder/spi-builder-workspace/.derivedData/Build/Intermediates.noindex/AppAuth.build/Debug-watchos/AppAuth-t.build/DerivedSources/resource_bundle_accessor.h -MMD -MT dependencies -MF /Users/admin/builder/spi-builder-workspace/.derivedData/Build/Intermediates.noindex/AppAuth.build/Debug-watchos/AppAuth-t.build/Objects-normal/arm64/OIDAuthorizationService+IOS.d --serialize-diagnostics /Users/admin/builder/spi-builder-workspace/.derivedData/Build/Intermediates.noindex/AppAuth.build/Debug-watchos/AppAuth-t.build/Objects-normal/arm64/OIDAuthorizationService+IOS.dia -c /Users/admin/builder/spi-builder-workspace/.dependencies/checkouts/AppAuth-iOS/Sources/AppAuth/iOS/OIDAuthorizationService+IOS.m -o /Users/admin/builder/spi-builder-workspace/.derivedData/Build/Intermediates.noindex/AppAuth.build/Debug-watchos/AppAuth-t.build/Objects-normal/arm64/OIDAuthorizationService+IOS.o -index-unit-output-path /AppAuth.build/Debug-watchos/AppAuth-t.build/Objects-normal/arm64/OIDAuthorizationService+IOS.o
CompileC /Users/admin/builder/spi-builder-workspace/.derivedData/Build/Intermediates.noindex/AppAuth.build/Debug-watchos/AppAuth-t.build/Objects-normal/arm64/OIDAuthState+Mac.o /Users/admin/builder/spi-builder-workspace/.dependencies/checkouts/AppAuth-iOS/Sources/AppAuth/macOS/OIDAuthState+Mac.m normal arm64 objective-c com.apple.compilers.llvm.clang.1_0.compiler (in target 'AppAuth' from project 'AppAuth')
cd /Users/admin/builder/spi-builder-workspace/.swiftpm/xcode
Using response file: /Users/admin/builder/spi-builder-workspace/.derivedData/Build/Intermediates.noindex/AppAuth.build/Debug-watchos/AppAuth-t.build/Objects-normal/arm64/e6072d4f65d7061329687fe24e3d63a7-common-args.resp
/Applications/Xcode-27.0.0-Release.Candidate.app/Contents/Developer/Toolchains/XcodeDefault.xctoolchain/usr/bin/clang -x objective-c -ivfsstatcache /Users/admin/builder/spi-builder-workspace/.derivedData/SDKStatCaches.noindex/watchos27.0-24R360-e829b21a6f8c9b70876ba0858053c04477534ef55a1706bf4c1112bbb242f0a2.sdkstatcache -target arm64-apple-watchos9.0 -fmessage-length\=0 -fdiagnostics-show-note-include-stack -fmacro-backtrace-limit\=0 -fno-color-diagnostics -fmodules-prune-interval\=86400 -fmodules-prune-after\=345600 -fbuild-session-file\=/Users/admin/builder/spi-builder-workspace/.derivedData/ModuleCache.noindex/Session.modulevalidation -fmodules-validate-once-per-build-session -Wnon-modular-include-in-framework-module -Werror\=non-modular-include-in-framework-module -Wno-trigraphs -Wno-missing-field-initializers -Wno-missing-prototypes -Wno-return-type -Wno-implicit-atomic-properties -Wno-objc-interface-ivars -Wno-arc-repeated-use-of-weak -Wno-missing-braces -Wparentheses -Wswitch -Wno-unused-function -Wno-unused-label -Wno-unused-parameter -Wno-unused-variable -Wunused-value -Wno-empty-body -Wno-uninitialized -Wno-unknown-pragmas -w -Wno-shadow -Wno-four-char-constants -Wno-conversion -Wno-constant-conversion -Wno-int-conversion -Wno-bool-conversion -Wno-enum-conversion -Wno-float-conversion -Wno-non-literal-null-conversion -Wno-objc-literal-conversion -Wshorten-64-to-32 -Wpointer-sign -Wno-newline-eof -Wno-selector -Wno-strict-selector-match -Wno-undeclared-selector -Wno-deprecated-implementations -Wno-implicit-fallthrough -isysroot /Applications/Xcode-27.0.0-Release.Candidate.app/Contents/Developer/Platforms/WatchOS.platform/Developer/SDKs/WatchOS27.0.sdk -fstrict-aliasing -Wprotocol -Wdeprecated-declarations -Wno-sign-conversion -Wno-infinite-recursion -Wno-comma -Wno-block-capture-autoreleasing -Wno-strict-prototypes -Wno-semicolon-before-method-body -index-store-path /Users/admin/builder/spi-builder-workspace/.derivedData/Index.noindex/DataStore @/Users/admin/builder/spi-builder-workspace/.derivedData/Build/Intermediates.noindex/AppAuth.build/Debug-watchos/AppAuth-t.build/Objects-normal/arm64/e6072d4f65d7061329687fe24e3d63a7-common-args.resp -include /Users/admin/builder/spi-builder-workspace/.derivedData/Build/Intermediates.noindex/AppAuth.build/Debug-watchos/AppAuth-t.build/DerivedSources/resource_bundle_accessor.h -MMD -MT dependencies -MF /Users/admin/builder/spi-builder-workspace/.derivedData/Build/Intermediates.noindex/AppAuth.build/Debug-watchos/AppAuth-t.build/Objects-normal/arm64/OIDAuthState+Mac.d --serialize-diagnostics /Users/admin/builder/spi-builder-workspace/.derivedData/Build/Intermediates.noindex/AppAuth.build/Debug-watchos/AppAuth-t.build/Objects-normal/arm64/OIDAuthState+Mac.dia -c /Users/admin/builder/spi-builder-workspace/.dependencies/checkouts/AppAuth-iOS/Sources/AppAuth/macOS/OIDAuthState+Mac.m -o /Users/admin/builder/spi-builder-workspace/.derivedData/Build/Intermediates.noindex/AppAuth.build/Debug-watchos/AppAuth-t.build/Objects-normal/arm64/OIDAuthState+Mac.o -index-unit-output-path /AppAuth.build/Debug-watchos/AppAuth-t.build/Objects-normal/arm64/OIDAuthState+Mac.o
CompileC /Users/admin/builder/spi-builder-workspace/.derivedData/Build/Intermediates.noindex/AppAuth.build/Debug-watchos/AppAuth-t.build/Objects-normal/arm64/OIDAuthState+IOS.o /Users/admin/builder/spi-builder-workspace/.dependencies/checkouts/AppAuth-iOS/Sources/AppAuth/iOS/OIDAuthState+IOS.m normal arm64 objective-c com.apple.compilers.llvm.clang.1_0.compiler (in target 'AppAuth' from project 'AppAuth')
cd /Users/admin/builder/spi-builder-workspace/.swiftpm/xcode
Using response file: /Users/admin/builder/spi-builder-workspace/.derivedData/Build/Intermediates.noindex/AppAuth.build/Debug-watchos/AppAuth-t.build/Objects-normal/arm64/e6072d4f65d7061329687fe24e3d63a7-common-args.resp
/Applications/Xcode-27.0.0-Release.Candidate.app/Contents/Developer/Toolchains/XcodeDefault.xctoolchain/usr/bin/clang -x objective-c -ivfsstatcache /Users/admin/builder/spi-builder-workspace/.derivedData/SDKStatCaches.noindex/watchos27.0-24R360-e829b21a6f8c9b70876ba0858053c04477534ef55a1706bf4c1112bbb242f0a2.sdkstatcache -target arm64-apple-watchos9.0 -fmessage-length\=0 -fdiagnostics-show-note-include-stack -fmacro-backtrace-limit\=0 -fno-color-diagnostics -fmodules-prune-interval\=86400 -fmodules-prune-after\=345600 -fbuild-session-file\=/Users/admin/builder/spi-builder-workspace/.derivedData/ModuleCache.noindex/Session.modulevalidation -fmodules-validate-once-per-build-session -Wnon-modular-include-in-framework-module -Werror\=non-modular-include-in-framework-module -Wno-trigraphs -Wno-missing-field-initializers -Wno-missing-prototypes -Wno-return-type -Wno-implicit-atomic-properties -Wno-objc-interface-ivars -Wno-arc-repeated-use-of-weak -Wno-missing-braces -Wparentheses -Wswitch -Wno-unused-function -Wno-unused-label -Wno-unused-parameter -Wno-unused-variable -Wunused-value -Wno-empty-body -Wno-uninitialized -Wno-unknown-pragmas -w -Wno-shadow -Wno-four-char-constants -Wno-conversion -Wno-constant-conversion -Wno-int-conversion -Wno-bool-conversion -Wno-enum-conversion -Wno-float-conversion -Wno-non-literal-null-conversion -Wno-objc-literal-conversion -Wshorten-64-to-32 -Wpointer-sign -Wno-newline-eof -Wno-selector -Wno-strict-selector-match -Wno-undeclared-selector -Wno-deprecated-implementations -Wno-implicit-fallthrough -isysroot /Applications/Xcode-27.0.0-Release.Candidate.app/Contents/Developer/Platforms/WatchOS.platform/Developer/SDKs/WatchOS27.0.sdk -fstrict-aliasing -Wprotocol -Wdeprecated-declarations -Wno-sign-conversion -Wno-infinite-recursion -Wno-comma -Wno-block-capture-autoreleasing -Wno-strict-prototypes -Wno-semicolon-before-method-body -index-store-path /Users/admin/builder/spi-builder-workspace/.derivedData/Index.noindex/DataStore @/Users/admin/builder/spi-builder-workspace/.derivedData/Build/Intermediates.noindex/AppAuth.build/Debug-watchos/AppAuth-t.build/Objects-normal/arm64/e6072d4f65d7061329687fe24e3d63a7-common-args.resp -include /Users/admin/builder/spi-builder-workspace/.derivedData/Build/Intermediates.noindex/AppAuth.build/Debug-watchos/AppAuth-t.build/DerivedSources/resource_bundle_accessor.h -MMD -MT dependencies -MF /Users/admin/builder/spi-builder-workspace/.derivedData/Build/Intermediates.noindex/AppAuth.build/Debug-watchos/AppAuth-t.build/Objects-normal/arm64/OIDAuthState+IOS.d --serialize-diagnostics /Users/admin/builder/spi-builder-workspace/.derivedData/Build/Intermediates.noindex/AppAuth.build/Debug-watchos/AppAuth-t.build/Objects-normal/arm64/OIDAuthState+IOS.dia -c /Users/admin/builder/spi-builder-workspace/.dependencies/checkouts/AppAuth-iOS/Sources/AppAuth/iOS/OIDAuthState+IOS.m -o /Users/admin/builder/spi-builder-workspace/.derivedData/Build/Intermediates.noindex/AppAuth.build/Debug-watchos/AppAuth-t.build/Objects-normal/arm64/OIDAuthState+IOS.o -index-unit-output-path /AppAuth.build/Debug-watchos/AppAuth-t.build/Objects-normal/arm64/OIDAuthState+IOS.o
CreateUniversalBinary /Users/admin/builder/spi-builder-workspace/.derivedData/Build/Products/Debug-watchos/AppAuthCore.o normal arm64\ arm64_32 (in target 'AppAuthCore' from project 'AppAuth')
cd /Users/admin/builder/spi-builder-workspace/.dependencies/checkouts/AppAuth-iOS
/Applications/Xcode-27.0.0-Release.Candidate.app/Contents/Developer/Toolchains/XcodeDefault.xctoolchain/usr/bin/lipo -create /Users/admin/builder/spi-builder-workspace/.derivedData/Build/Intermediates.noindex/AppAuth.build/Debug-watchos/AppAuthCore-t.build/Objects-normal/arm64/Binary/AppAuthCore.o /Users/admin/builder/spi-builder-workspace/.derivedData/Build/Intermediates.noindex/AppAuth.build/Debug-watchos/AppAuthCore-t.build/Objects-normal/arm64_32/Binary/AppAuthCore.o -output /Users/admin/builder/spi-builder-workspace/.derivedData/Build/Products/Debug-watchos/AppAuthCore.o
Ld /Users/admin/builder/spi-builder-workspace/.derivedData/Build/Intermediates.noindex/AppAuth.build/Debug-watchos/AppAuth-t.build/Objects-normal/arm64/Binary/AppAuth.o normal arm64 (in target 'AppAuth' from project 'AppAuth')
cd /Users/admin/builder/spi-builder-workspace/.dependencies/checkouts/AppAuth-iOS
/Applications/Xcode-27.0.0-Release.Candidate.app/Contents/Developer/Toolchains/XcodeDefault.xctoolchain/usr/bin/clang -Xlinker -reproducible -target arm64-apple-watchos9.0 -r -isysroot /Applications/Xcode-27.0.0-Release.Candidate.app/Contents/Developer/Platforms/WatchOS.platform/Developer/SDKs/WatchOS27.0.sdk -O0 -w -Xlinker -no_warn_duplicate_libraries -F/Users/admin/builder/spi-builder-workspace/.derivedData/Build/Intermediates.noindex/EagerLinkingTBDs/Debug-watchos -F/Users/admin/builder/spi-builder-workspace/.derivedData/Build/Products/Debug-watchos/PackageFrameworks -F/Users/admin/builder/spi-builder-workspace/.derivedData/Build/Products/Debug-watchos -iframework /Applications/Xcode-27.0.0-Release.Candidate.app/Contents/Developer/Platforms/WatchOS.platform/Developer/Library/Frameworks -iframework /Applications/Xcode-27.0.0-Release.Candidate.app/Contents/Developer/Platforms/WatchOS.platform/Developer/SDKs/WatchOS27.0.sdk/Developer/Library/Frameworks -filelist /Users/admin/builder/spi-builder-workspace/.derivedData/Build/Intermediates.noindex/AppAuth.build/Debug-watchos/AppAuth-t.build/Objects-normal/arm64/AppAuth.LinkFileList -nostdlib -Xlinker -object_path_lto -Xlinker /Users/admin/builder/spi-builder-workspace/.derivedData/Build/Intermediates.noindex/AppAuth.build/Debug-watchos/AppAuth-t.build/Objects-normal/arm64/AppAuth_lto.o -Xlinker -no_deduplicate -Xlinker -debug_variant -Xlinker -dependency_info -Xlinker /Users/admin/builder/spi-builder-workspace/.derivedData/Build/Intermediates.noindex/AppAuth.build/Debug-watchos/AppAuth-t.build/Objects-normal/arm64/AppAuth_dependency_info.dat -fobjc-arc -fobjc-link-runtime -o /Users/admin/builder/spi-builder-workspace/.derivedData/Build/Intermediates.noindex/AppAuth.build/Debug-watchos/AppAuth-t.build/Objects-normal/arm64/Binary/AppAuth.o
Ld /Users/admin/builder/spi-builder-workspace/.derivedData/Build/Intermediates.noindex/AppAuth.build/Debug-watchos/AppAuth-t.build/Objects-normal/arm64_32/Binary/AppAuth.o normal arm64_32 (in target 'AppAuth' from project 'AppAuth')
cd /Users/admin/builder/spi-builder-workspace/.dependencies/checkouts/AppAuth-iOS
/Applications/Xcode-27.0.0-Release.Candidate.app/Contents/Developer/Toolchains/XcodeDefault.xctoolchain/usr/bin/clang -Xlinker -reproducible -target arm64_32-apple-watchos9.0 -r -isysroot /Applications/Xcode-27.0.0-Release.Candidate.app/Contents/Developer/Platforms/WatchOS.platform/Developer/SDKs/WatchOS27.0.sdk -O0 -w -Xlinker -no_warn_duplicate_libraries -F/Users/admin/builder/spi-builder-workspace/.derivedData/Build/Intermediates.noindex/EagerLinkingTBDs/Debug-watchos -F/Users/admin/builder/spi-builder-workspace/.derivedData/Build/Products/Debug-watchos/PackageFrameworks -F/Users/admin/builder/spi-builder-workspace/.derivedData/Build/Products/Debug-watchos -iframework /Applications/Xcode-27.0.0-Release.Candidate.app/Contents/Developer/Platforms/WatchOS.platform/Developer/Library/Frameworks -iframework /Applications/Xcode-27.0.0-Release.Candidate.app/Contents/Developer/Platforms/WatchOS.platform/Developer/SDKs/WatchOS27.0.sdk/Developer/Library/Frameworks -filelist /Users/admin/builder/spi-builder-workspace/.derivedData/Build/Intermediates.noindex/AppAuth.build/Debug-watchos/AppAuth-t.build/Objects-normal/arm64_32/AppAuth.LinkFileList -nostdlib -Xlinker -object_path_lto -Xlinker /Users/admin/builder/spi-builder-workspace/.derivedData/Build/Intermediates.noindex/AppAuth.build/Debug-watchos/AppAuth-t.build/Objects-normal/arm64_32/AppAuth_lto.o -Xlinker -no_deduplicate -Xlinker -debug_variant -Xlinker -dependency_info -Xlinker /Users/admin/builder/spi-builder-workspace/.derivedData/Build/Intermediates.noindex/AppAuth.build/Debug-watchos/AppAuth-t.build/Objects-normal/arm64_32/AppAuth_dependency_info.dat -fobjc-arc -fobjc-link-runtime -o /Users/admin/builder/spi-builder-workspace/.derivedData/Build/Intermediates.noindex/AppAuth.build/Debug-watchos/AppAuth-t.build/Objects-normal/arm64_32/Binary/AppAuth.o
SwiftExplicitDependencyGeneratePcm arm64_32 /Users/admin/builder/spi-builder-workspace/.derivedData/SDKExplicitPrecompiledModules/Foundation-BJ2VQGI3OGR34500MEQ1VKHPH.pcm
CreateUniversalBinary /Users/admin/builder/spi-builder-workspace/.derivedData/Build/Products/Debug-watchos/AppAuth.o normal arm64\ arm64_32 (in target 'AppAuth' from project 'AppAuth')
cd /Users/admin/builder/spi-builder-workspace/.dependencies/checkouts/AppAuth-iOS
/Applications/Xcode-27.0.0-Release.Candidate.app/Contents/Developer/Toolchains/XcodeDefault.xctoolchain/usr/bin/lipo -create /Users/admin/builder/spi-builder-workspace/.derivedData/Build/Intermediates.noindex/AppAuth.build/Debug-watchos/AppAuth-t.build/Objects-normal/arm64/Binary/AppAuth.o /Users/admin/builder/spi-builder-workspace/.derivedData/Build/Intermediates.noindex/AppAuth.build/Debug-watchos/AppAuth-t.build/Objects-normal/arm64_32/Binary/AppAuth.o -output /Users/admin/builder/spi-builder-workspace/.derivedData/Build/Products/Debug-watchos/AppAuth.o
SwiftExplicitDependencyGeneratePcm arm64 /Users/admin/builder/spi-builder-workspace/.derivedData/SDKExplicitPrecompiledModules/Foundation-DLBKUSGXN8QHAT8W0OARR9S8A.pcm
SwiftExplicitDependencyGeneratePcm arm64_32 /Users/admin/builder/spi-builder-workspace/.derivedData/SDKExplicitPrecompiledModules/LocalAuthentication-ATD947DC6Q0HA129OWBMG6HNP.pcm
SwiftExplicitDependencyGeneratePcm arm64 /Users/admin/builder/spi-builder-workspace/.derivedData/SDKExplicitPrecompiledModules/LocalAuthentication-E2VERNNN1K2IWY24TR43TU59K.pcm
SwiftCompile normal arm64_32 Compiling\ TIMSecureStorageItem.swift,\ TIMEncryptedStorage.swift /Users/admin/builder/spi-builder-workspace/.dependencies/checkouts/TIMEncryptedStorage-iOS/Sources/TIMEncryptedStorage/TIM/Keychain/TIMSecureStorageItem.swift /Users/admin/builder/spi-builder-workspace/.dependencies/checkouts/TIMEncryptedStorage-iOS/Sources/TIMEncryptedStorage/TIM/TIMEncryptedStorage.swift (in target 'TIMEncryptedStorage' from project 'TIMEncryptedStorage')
SwiftCompile normal arm64_32 /Users/admin/builder/spi-builder-workspace/.dependencies/checkouts/TIMEncryptedStorage-iOS/Sources/TIMEncryptedStorage/TIM/Keychain/TIMSecureStorageItem.swift (in target 'TIMEncryptedStorage' from project 'TIMEncryptedStorage')
cd /Users/admin/builder/spi-builder-workspace/.swiftpm/xcode
builtin-SwiftPerFileCompile TIMSecureStorageItem.swift
SwiftCompile normal arm64_32 /Users/admin/builder/spi-builder-workspace/.dependencies/checkouts/TIMEncryptedStorage-iOS/Sources/TIMEncryptedStorage/TIM/TIMEncryptedStorage.swift (in target 'TIMEncryptedStorage' from project 'TIMEncryptedStorage')
cd /Users/admin/builder/spi-builder-workspace/.swiftpm/xcode
builtin-SwiftPerFileCompile TIMEncryptedStorage.swift
SwiftCompile normal arm64_32 Compiling\ TIMESKeyCreationResult.swift,\ TIMErrorModels.swift /Users/admin/builder/spi-builder-workspace/.dependencies/checkouts/TIMEncryptedStorage-iOS/Sources/TIMEncryptedStorage/Models/TIMESKeyCreationResult.swift /Users/admin/builder/spi-builder-workspace/.dependencies/checkouts/TIMEncryptedStorage-iOS/Sources/TIMEncryptedStorage/Models/TIMErrorModels.swift (in target 'TIMEncryptedStorage' from project 'TIMEncryptedStorage')
SwiftCompile normal arm64_32 /Users/admin/builder/spi-builder-workspace/.dependencies/checkouts/TIMEncryptedStorage-iOS/Sources/TIMEncryptedStorage/Models/TIMESKeyCreationResult.swift (in target 'TIMEncryptedStorage' from project 'TIMEncryptedStorage')
cd /Users/admin/builder/spi-builder-workspace/.swiftpm/xcode
builtin-SwiftPerFileCompile TIMESKeyCreationResult.swift
SwiftCompile normal arm64_32 /Users/admin/builder/spi-builder-workspace/.dependencies/checkouts/TIMEncryptedStorage-iOS/Sources/TIMEncryptedStorage/Models/TIMErrorModels.swift (in target 'TIMEncryptedStorage' from project 'TIMEncryptedStorage')
cd /Users/admin/builder/spi-builder-workspace/.swiftpm/xcode
builtin-SwiftPerFileCompile TIMErrorModels.swift
SwiftCompile normal arm64_32 Compiling\ IVGenerator.swift,\ SecureStorageMock.swift /Users/admin/builder/spi-builder-workspace/.dependencies/checkouts/TIMEncryptedStorage-iOS/Sources/TIMEncryptedStorage/Helpers/IVGenerator.swift /Users/admin/builder/spi-builder-workspace/.dependencies/checkouts/TIMEncryptedStorage-iOS/Sources/TIMEncryptedStorage/Helpers/Test/SecureStorageMock.swift (in target 'TIMEncryptedStorage' from project 'TIMEncryptedStorage')
SwiftCompile normal arm64_32 /Users/admin/builder/spi-builder-workspace/.dependencies/checkouts/TIMEncryptedStorage-iOS/Sources/TIMEncryptedStorage/Helpers/IVGenerator.swift (in target 'TIMEncryptedStorage' from project 'TIMEncryptedStorage')
cd /Users/admin/builder/spi-builder-workspace/.swiftpm/xcode
builtin-SwiftPerFileCompile IVGenerator.swift
SwiftCompile normal arm64_32 /Users/admin/builder/spi-builder-workspace/.dependencies/checkouts/TIMEncryptedStorage-iOS/Sources/TIMEncryptedStorage/Helpers/Test/SecureStorageMock.swift (in target 'TIMEncryptedStorage' from project 'TIMEncryptedStorage')
cd /Users/admin/builder/spi-builder-workspace/.swiftpm/xcode
builtin-SwiftPerFileCompile SecureStorageMock.swift
SwiftEmitModule normal arm64_32 Emitting\ module\ for\ TIMEncryptedStorage (in target 'TIMEncryptedStorage' from project 'TIMEncryptedStorage')
SwiftCompile normal arm64_32 (in target 'TIMEncryptedStorage' from project 'TIMEncryptedStorage')
cd /Users/admin/builder/spi-builder-workspace/.swiftpm/xcode
SwiftCompile normal arm64_32 Compiling\ URLSession+Extensions.swift,\ URLSessionMockProtocol.swift /Users/admin/builder/spi-builder-workspace/.dependencies/checkouts/TIMEncryptedStorage-iOS/Sources/TIMEncryptedStorage/Helpers/Test/URLSession+Extensions.swift /Users/admin/builder/spi-builder-workspace/.dependencies/checkouts/TIMEncryptedStorage-iOS/Sources/TIMEncryptedStorage/Helpers/Test/URLSessionMockProtocol.swift (in target 'TIMEncryptedStorage' from project 'TIMEncryptedStorage')
SwiftCompile normal arm64_32 /Users/admin/builder/spi-builder-workspace/.dependencies/checkouts/TIMEncryptedStorage-iOS/Sources/TIMEncryptedStorage/Helpers/Test/URLSession+Extensions.swift (in target 'TIMEncryptedStorage' from project 'TIMEncryptedStorage')
cd /Users/admin/builder/spi-builder-workspace/.swiftpm/xcode
builtin-SwiftPerFileCompile URLSession+Extensions.swift
SwiftCompile normal arm64_32 /Users/admin/builder/spi-builder-workspace/.dependencies/checkouts/TIMEncryptedStorage-iOS/Sources/TIMEncryptedStorage/Helpers/Test/URLSessionMockProtocol.swift (in target 'TIMEncryptedStorage' from project 'TIMEncryptedStorage')
cd /Users/admin/builder/spi-builder-workspace/.swiftpm/xcode
builtin-SwiftPerFileCompile URLSessionMockProtocol.swift
SwiftCompile normal arm64_32 Compiling\ TIMESBiometricEnableResult.swift,\ TIMESEncryptionMethod.swift /Users/admin/builder/spi-builder-workspace/.dependencies/checkouts/TIMEncryptedStorage-iOS/Sources/TIMEncryptedStorage/Models/TIMESBiometricEnableResult.swift /Users/admin/builder/spi-builder-workspace/.dependencies/checkouts/TIMEncryptedStorage-iOS/Sources/TIMEncryptedStorage/Models/TIMESEncryptionMethod.swift (in target 'TIMEncryptedStorage' from project 'TIMEncryptedStorage')
SwiftCompile normal arm64_32 /Users/admin/builder/spi-builder-workspace/.dependencies/checkouts/TIMEncryptedStorage-iOS/Sources/TIMEncryptedStorage/Models/TIMESBiometricEnableResult.swift (in target 'TIMEncryptedStorage' from project 'TIMEncryptedStorage')
cd /Users/admin/builder/spi-builder-workspace/.swiftpm/xcode
builtin-SwiftPerFileCompile TIMESBiometricEnableResult.swift
SwiftCompile normal arm64_32 /Users/admin/builder/spi-builder-workspace/.dependencies/checkouts/TIMEncryptedStorage-iOS/Sources/TIMEncryptedStorage/Models/TIMESEncryptionMethod.swift (in target 'TIMEncryptedStorage' from project 'TIMEncryptedStorage')
cd /Users/admin/builder/spi-builder-workspace/.swiftpm/xcode
builtin-SwiftPerFileCompile TIMESEncryptionMethod.swift
SwiftCompile normal arm64_32 Compiling\ TIMKeyServiceModels.swift,\ TIMKeyService.swift /Users/admin/builder/spi-builder-workspace/.dependencies/checkouts/TIMEncryptedStorage-iOS/Sources/TIMEncryptedStorage/Models/TIMKeyServiceModels.swift /Users/admin/builder/spi-builder-workspace/.dependencies/checkouts/TIMEncryptedStorage-iOS/Sources/TIMEncryptedStorage/TIM/KeyService/TIMKeyService.swift (in target 'TIMEncryptedStorage' from project 'TIMEncryptedStorage')
SwiftCompile normal arm64_32 /Users/admin/builder/spi-builder-workspace/.dependencies/checkouts/TIMEncryptedStorage-iOS/Sources/TIMEncryptedStorage/Models/TIMKeyServiceModels.swift (in target 'TIMEncryptedStorage' from project 'TIMEncryptedStorage')
cd /Users/admin/builder/spi-builder-workspace/.swiftpm/xcode
builtin-SwiftPerFileCompile TIMKeyServiceModels.swift
SwiftCompile normal arm64_32 /Users/admin/builder/spi-builder-workspace/.dependencies/checkouts/TIMEncryptedStorage-iOS/Sources/TIMEncryptedStorage/TIM/KeyService/TIMKeyService.swift (in target 'TIMEncryptedStorage' from project 'TIMEncryptedStorage')
cd /Users/admin/builder/spi-builder-workspace/.swiftpm/xcode
builtin-SwiftPerFileCompile TIMKeyService.swift
SwiftCompile normal arm64_32 Compiling\ TIMKeyServiceProtocol.swift,\ TIMKeychain.swift /Users/admin/builder/spi-builder-workspace/.dependencies/checkouts/TIMEncryptedStorage-iOS/Sources/TIMEncryptedStorage/TIM/KeyService/TIMKeyServiceProtocol.swift /Users/admin/builder/spi-builder-workspace/.dependencies/checkouts/TIMEncryptedStorage-iOS/Sources/TIMEncryptedStorage/TIM/Keychain/TIMKeychain.swift (in target 'TIMEncryptedStorage' from project 'TIMEncryptedStorage')
SwiftCompile normal arm64_32 /Users/admin/builder/spi-builder-workspace/.dependencies/checkouts/TIMEncryptedStorage-iOS/Sources/TIMEncryptedStorage/TIM/KeyService/TIMKeyServiceProtocol.swift (in target 'TIMEncryptedStorage' from project 'TIMEncryptedStorage')
cd /Users/admin/builder/spi-builder-workspace/.swiftpm/xcode
builtin-SwiftPerFileCompile TIMKeyServiceProtocol.swift
SwiftCompile normal arm64_32 /Users/admin/builder/spi-builder-workspace/.dependencies/checkouts/TIMEncryptedStorage-iOS/Sources/TIMEncryptedStorage/TIM/Keychain/TIMKeychain.swift (in target 'TIMEncryptedStorage' from project 'TIMEncryptedStorage')
cd /Users/admin/builder/spi-builder-workspace/.swiftpm/xcode
builtin-SwiftPerFileCompile TIMKeychain.swift
SwiftCompile normal arm64_32 Compiling\ TIMKeychainStoreItem.swift,\ TIMSecureStorage.swift /Users/admin/builder/spi-builder-workspace/.dependencies/checkouts/TIMEncryptedStorage-iOS/Sources/TIMEncryptedStorage/TIM/Keychain/TIMKeychainStoreItem.swift /Users/admin/builder/spi-builder-workspace/.dependencies/checkouts/TIMEncryptedStorage-iOS/Sources/TIMEncryptedStorage/TIM/Keychain/TIMSecureStorage.swift (in target 'TIMEncryptedStorage' from project 'TIMEncryptedStorage')
SwiftCompile normal arm64_32 /Users/admin/builder/spi-builder-workspace/.dependencies/checkouts/TIMEncryptedStorage-iOS/Sources/TIMEncryptedStorage/TIM/Keychain/TIMKeychainStoreItem.swift (in target 'TIMEncryptedStorage' from project 'TIMEncryptedStorage')
cd /Users/admin/builder/spi-builder-workspace/.swiftpm/xcode
builtin-SwiftPerFileCompile TIMKeychainStoreItem.swift
SwiftCompile normal arm64_32 /Users/admin/builder/spi-builder-workspace/.dependencies/checkouts/TIMEncryptedStorage-iOS/Sources/TIMEncryptedStorage/TIM/Keychain/TIMSecureStorage.swift (in target 'TIMEncryptedStorage' from project 'TIMEncryptedStorage')
cd /Users/admin/builder/spi-builder-workspace/.swiftpm/xcode
builtin-SwiftPerFileCompile TIMSecureStorage.swift
SwiftCompile normal arm64_32 Compiling\ OSStatus+Extensions.swift,\ TIMKeyModel+Extensions.swift /Users/admin/builder/spi-builder-workspace/.dependencies/checkouts/TIMEncryptedStorage-iOS/Sources/TIMEncryptedStorage/Extensions/OSStatus+Extensions.swift /Users/admin/builder/spi-builder-workspace/.dependencies/checkouts/TIMEncryptedStorage-iOS/Sources/TIMEncryptedStorage/Extensions/TIMKeyModel+Extensions.swift (in target 'TIMEncryptedStorage' from project 'TIMEncryptedStorage')
SwiftCompile normal arm64_32 /Users/admin/builder/spi-builder-workspace/.dependencies/checkouts/TIMEncryptedStorage-iOS/Sources/TIMEncryptedStorage/Extensions/OSStatus+Extensions.swift (in target 'TIMEncryptedStorage' from project 'TIMEncryptedStorage')
cd /Users/admin/builder/spi-builder-workspace/.swiftpm/xcode
builtin-SwiftPerFileCompile OSStatus+Extensions.swift
SwiftCompile normal arm64_32 /Users/admin/builder/spi-builder-workspace/.dependencies/checkouts/TIMEncryptedStorage-iOS/Sources/TIMEncryptedStorage/Extensions/TIMKeyModel+Extensions.swift (in target 'TIMEncryptedStorage' from project 'TIMEncryptedStorage')
cd /Users/admin/builder/spi-builder-workspace/.swiftpm/xcode
builtin-SwiftPerFileCompile TIMKeyModel+Extensions.swift
SwiftEmitModule normal arm64 Emitting\ module\ for\ TIMEncryptedStorage (in target 'TIMEncryptedStorage' from project 'TIMEncryptedStorage')
SwiftCompile normal arm64 (in target 'TIMEncryptedStorage' from project 'TIMEncryptedStorage')
cd /Users/admin/builder/spi-builder-workspace/.swiftpm/xcode
SwiftDriverJobDiscovery normal arm64_32 Emitting module for TIMEncryptedStorage (in target 'TIMEncryptedStorage' from project 'TIMEncryptedStorage')
SwiftDriver\ Compilation\ Requirements TIMEncryptedStorage normal arm64_32 com.apple.xcode.tools.swift.compiler (in target 'TIMEncryptedStorage' from project 'TIMEncryptedStorage')
cd /Users/admin/builder/spi-builder-workspace/.swiftpm/xcode
builtin-Swift-Compilation-Requirements -- /Applications/Xcode-27.0.0-Release.Candidate.app/Contents/Developer/Toolchains/XcodeDefault.xctoolchain/usr/bin/swiftc -parse-as-library -module-name TIMEncryptedStorage -Onone @/Users/admin/builder/spi-builder-workspace/.derivedData/Build/Intermediates.noindex/TIMEncryptedStorage.build/Debug-watchos/TIMEncryptedStorage-t.build/Objects-normal/arm64_32/TIMEncryptedStorage.SwiftFileList -DSWIFT_PACKAGE -DDEBUG -DSWIFT_MODULE_RESOURCE_BUNDLE_UNAVAILABLE -DXcode -plugin-path /Applications/Xcode-27.0.0-Release.Candidate.app/Contents/Developer/Toolchains/XcodeDefault.xctoolchain/usr/lib/swift/host/plugins/testing -enable-experimental-feature DebugDescriptionMacro -sdk /Applications/Xcode-27.0.0-Release.Candidate.app/Contents/Developer/Platforms/WatchOS.platform/Developer/SDKs/WatchOS27.0.sdk -target arm64_32-apple-watchos9.0 -g -module-cache-path /Users/admin/builder/spi-builder-workspace/.derivedData/ModuleCache.noindex -Xfrontend -serialize-debugging-options -profile-coverage-mapping -profile-generate -enable-testing -suppress-warnings -index-store-path /Users/admin/builder/spi-builder-workspace/.derivedData/Index.noindex/DataStore -Xcc -D_LIBCPP_HARDENING_MODE\=_LIBCPP_HARDENING_MODE_DEBUG -swift-version 5 -I /Users/admin/builder/spi-builder-workspace/.derivedData/Build/Products/Debug-watchos -Isystem /Applications/Xcode-27.0.0-Release.Candidate.app/Contents/Developer/Platforms/WatchOS.platform/Developer/usr/lib -F /Users/admin/builder/spi-builder-workspace/.derivedData/Build/Products/Debug-watchos -F /Applications/Xcode-27.0.0-Release.Candidate.app/Contents/Developer/Platforms/WatchOS.platform/Developer/Library/Frameworks -F /Applications/Xcode-27.0.0-Release.Candidate.app/Contents/Developer/Platforms/WatchOS.platform/Developer/SDKs/WatchOS27.0.sdk/Developer/Library/Frameworks -c -j10 -enable-batch-mode -incremental -Xcc -ivfsstatcache -Xcc /Users/admin/builder/spi-builder-workspace/.derivedData/SDKStatCaches.noindex/watchos27.0-24R360-e829b21a6f8c9b70876ba0858053c04477534ef55a1706bf4c1112bbb242f0a2.sdkstatcache -output-file-map /Users/admin/builder/spi-builder-workspace/.derivedData/Build/Intermediates.noindex/TIMEncryptedStorage.build/Debug-watchos/TIMEncryptedStorage-t.build/Objects-normal/arm64_32/TIMEncryptedStorage-OutputFileMap.json -save-temps -no-color-diagnostics -explicit-module-build -module-cache-path /Users/admin/builder/spi-builder-workspace/.derivedData/Build/Intermediates.noindex/SwiftExplicitPrecompiledModules -clang-scanner-module-cache-path /Users/admin/builder/spi-builder-workspace/.derivedData/ModuleCache.noindex -sdk-module-cache-path /Users/admin/builder/spi-builder-workspace/.derivedData/SDKExplicitPrecompiledModules -emit-dependencies -emit-module -emit-module-path /Users/admin/builder/spi-builder-workspace/.derivedData/Build/Intermediates.noindex/TIMEncryptedStorage.build/Debug-watchos/TIMEncryptedStorage-t.build/Objects-normal/arm64_32/TIMEncryptedStorage.swiftmodule -serialize-diagnostics -dependency-scan-serialize-diagnostics-path /Users/admin/builder/spi-builder-workspace/.derivedData/Build/Intermediates.noindex/TIMEncryptedStorage.build/Debug-watchos/TIMEncryptedStorage-t.build/Objects-normal/arm64_32/TIMEncryptedStorage-dependency-scan.dia -validate-clang-modules-once -clang-build-session-file /Users/admin/builder/spi-builder-workspace/.derivedData/ModuleCache.noindex/Session.modulevalidation -Xcc -fmodules-prune-interval\=86400 -Xcc -fmodules-prune-after\=345600 -emit-const-values -const-gather-protocols-list /Users/admin/builder/spi-builder-workspace/.derivedData/Build/Intermediates.noindex/TIMEncryptedStorage.build/Debug-watchos/TIMEncryptedStorage-t.build/Objects-normal/arm64_32/TIMEncryptedStorage_const_extract_protocols.json -Xcc -I/Users/admin/builder/spi-builder-workspace/.derivedData/Build/Products/Debug-watchos/include -Xcc -I/Users/admin/builder/spi-builder-workspace/.derivedData/Build/Intermediates.noindex/TIMEncryptedStorage.build/Debug-watchos/TIMEncryptedStorage-t.build/DerivedSources-normal/arm64_32 -Xcc -I/Users/admin/builder/spi-builder-workspace/.derivedData/Build/Intermediates.noindex/TIMEncryptedStorage.build/Debug-watchos/TIMEncryptedStorage-t.build/DerivedSources/arm64_32 -Xcc -I/Users/admin/builder/spi-builder-workspace/.derivedData/Build/Intermediates.noindex/TIMEncryptedStorage.build/Debug-watchos/TIMEncryptedStorage-t.build/DerivedSources -Xcc -DSWIFT_PACKAGE -Xcc -DDEBUG\=1 -emit-objc-header -emit-objc-header-path /Users/admin/builder/spi-builder-workspace/.derivedData/Build/Intermediates.noindex/TIMEncryptedStorage.build/Debug-watchos/TIMEncryptedStorage-t.build/Objects-normal/arm64_32/TIMEncryptedStorage-Swift.h -working-directory /Users/admin/builder/spi-builder-workspace/.swiftpm/xcode -experimental-emit-module-separately -disable-cmo
SwiftDriverJobDiscovery normal arm64 Emitting module for TIMEncryptedStorage (in target 'TIMEncryptedStorage' from project 'TIMEncryptedStorage')
SwiftDriver\ Compilation\ Requirements TIMEncryptedStorage normal arm64 com.apple.xcode.tools.swift.compiler (in target 'TIMEncryptedStorage' from project 'TIMEncryptedStorage')
cd /Users/admin/builder/spi-builder-workspace/.swiftpm/xcode
builtin-Swift-Compilation-Requirements -- /Applications/Xcode-27.0.0-Release.Candidate.app/Contents/Developer/Toolchains/XcodeDefault.xctoolchain/usr/bin/swiftc -parse-as-library -module-name TIMEncryptedStorage -Onone @/Users/admin/builder/spi-builder-workspace/.derivedData/Build/Intermediates.noindex/TIMEncryptedStorage.build/Debug-watchos/TIMEncryptedStorage-t.build/Objects-normal/arm64/TIMEncryptedStorage.SwiftFileList -DSWIFT_PACKAGE -DDEBUG -DSWIFT_MODULE_RESOURCE_BUNDLE_UNAVAILABLE -DXcode -plugin-path /Applications/Xcode-27.0.0-Release.Candidate.app/Contents/Developer/Toolchains/XcodeDefault.xctoolchain/usr/lib/swift/host/plugins/testing -enable-experimental-feature DebugDescriptionMacro -sdk /Applications/Xcode-27.0.0-Release.Candidate.app/Contents/Developer/Platforms/WatchOS.platform/Developer/SDKs/WatchOS27.0.sdk -target arm64-apple-watchos9.0 -g -module-cache-path /Users/admin/builder/spi-builder-workspace/.derivedData/ModuleCache.noindex -Xfrontend -serialize-debugging-options -profile-coverage-mapping -profile-generate -enable-testing -suppress-warnings -index-store-path /Users/admin/builder/spi-builder-workspace/.derivedData/Index.noindex/DataStore -Xcc -D_LIBCPP_HARDENING_MODE\=_LIBCPP_HARDENING_MODE_DEBUG -swift-version 5 -I /Users/admin/builder/spi-builder-workspace/.derivedData/Build/Products/Debug-watchos -Isystem /Applications/Xcode-27.0.0-Release.Candidate.app/Contents/Developer/Platforms/WatchOS.platform/Developer/usr/lib -F /Users/admin/builder/spi-builder-workspace/.derivedData/Build/Products/Debug-watchos -F /Applications/Xcode-27.0.0-Release.Candidate.app/Contents/Developer/Platforms/WatchOS.platform/Developer/Library/Frameworks -F /Applications/Xcode-27.0.0-Release.Candidate.app/Contents/Developer/Platforms/WatchOS.platform/Developer/SDKs/WatchOS27.0.sdk/Developer/Library/Frameworks -c -j10 -enable-batch-mode -incremental -Xcc -ivfsstatcache -Xcc /Users/admin/builder/spi-builder-workspace/.derivedData/SDKStatCaches.noindex/watchos27.0-24R360-e829b21a6f8c9b70876ba0858053c04477534ef55a1706bf4c1112bbb242f0a2.sdkstatcache -output-file-map /Users/admin/builder/spi-builder-workspace/.derivedData/Build/Intermediates.noindex/TIMEncryptedStorage.build/Debug-watchos/TIMEncryptedStorage-t.build/Objects-normal/arm64/TIMEncryptedStorage-OutputFileMap.json -save-temps -no-color-diagnostics -explicit-module-build -module-cache-path /Users/admin/builder/spi-builder-workspace/.derivedData/Build/Intermediates.noindex/SwiftExplicitPrecompiledModules -clang-scanner-module-cache-path /Users/admin/builder/spi-builder-workspace/.derivedData/ModuleCache.noindex -sdk-module-cache-path /Users/admin/builder/spi-builder-workspace/.derivedData/SDKExplicitPrecompiledModules -emit-dependencies -emit-module -emit-module-path /Users/admin/builder/spi-builder-workspace/.derivedData/Build/Intermediates.noindex/TIMEncryptedStorage.build/Debug-watchos/TIMEncryptedStorage-t.build/Objects-normal/arm64/TIMEncryptedStorage.swiftmodule -serialize-diagnostics -dependency-scan-serialize-diagnostics-path /Users/admin/builder/spi-builder-workspace/.derivedData/Build/Intermediates.noindex/TIMEncryptedStorage.build/Debug-watchos/TIMEncryptedStorage-t.build/Objects-normal/arm64/TIMEncryptedStorage-dependency-scan.dia -validate-clang-modules-once -clang-build-session-file /Users/admin/builder/spi-builder-workspace/.derivedData/ModuleCache.noindex/Session.modulevalidation -Xcc -fmodules-prune-interval\=86400 -Xcc -fmodules-prune-after\=345600 -emit-const-values -const-gather-protocols-list /Users/admin/builder/spi-builder-workspace/.derivedData/Build/Intermediates.noindex/TIMEncryptedStorage.build/Debug-watchos/TIMEncryptedStorage-t.build/Objects-normal/arm64/TIMEncryptedStorage_const_extract_protocols.json -Xcc -I/Users/admin/builder/spi-builder-workspace/.derivedData/Build/Products/Debug-watchos/include -Xcc -I/Users/admin/builder/spi-builder-workspace/.derivedData/Build/Intermediates.noindex/TIMEncryptedStorage.build/Debug-watchos/TIMEncryptedStorage-t.build/DerivedSources-normal/arm64 -Xcc -I/Users/admin/builder/spi-builder-workspace/.derivedData/Build/Intermediates.noindex/TIMEncryptedStorage.build/Debug-watchos/TIMEncryptedStorage-t.build/DerivedSources/arm64 -Xcc -I/Users/admin/builder/spi-builder-workspace/.derivedData/Build/Intermediates.noindex/TIMEncryptedStorage.build/Debug-watchos/TIMEncryptedStorage-t.build/DerivedSources -Xcc -DSWIFT_PACKAGE -Xcc -DDEBUG\=1 -emit-objc-header -emit-objc-header-path /Users/admin/builder/spi-builder-workspace/.derivedData/Build/Intermediates.noindex/TIMEncryptedStorage.build/Debug-watchos/TIMEncryptedStorage-t.build/Objects-normal/arm64/TIMEncryptedStorage-Swift.h -working-directory /Users/admin/builder/spi-builder-workspace/.swiftpm/xcode -experimental-emit-module-separately -disable-cmo
Copy /Users/admin/builder/spi-builder-workspace/.derivedData/Build/Products/Debug-watchos/TIMEncryptedStorage.swiftmodule/arm64_32-apple-watchos.swiftmodule /Users/admin/builder/spi-builder-workspace/.derivedData/Build/Intermediates.noindex/TIMEncryptedStorage.build/Debug-watchos/TIMEncryptedStorage-t.build/Objects-normal/arm64_32/TIMEncryptedStorage.swiftmodule (in target 'TIMEncryptedStorage' from project 'TIMEncryptedStorage')
cd /Users/admin/builder/spi-builder-workspace/.dependencies/checkouts/TIMEncryptedStorage-iOS
builtin-copy -exclude .DS_Store -exclude CVS -exclude .svn -exclude .git -exclude .hg -resolve-src-symlinks -rename /Users/admin/builder/spi-builder-workspace/.derivedData/Build/Intermediates.noindex/TIMEncryptedStorage.build/Debug-watchos/TIMEncryptedStorage-t.build/Objects-normal/arm64_32/TIMEncryptedStorage.swiftmodule /Users/admin/builder/spi-builder-workspace/.derivedData/Build/Products/Debug-watchos/TIMEncryptedStorage.swiftmodule/arm64_32-apple-watchos.swiftmodule
SwiftMergeGeneratedHeaders /Users/admin/builder/spi-builder-workspace/.derivedData/Build/Intermediates.noindex/GeneratedModuleMaps-watchos/TIMEncryptedStorage-Swift.h /Users/admin/builder/spi-builder-workspace/.derivedData/Build/Intermediates.noindex/TIMEncryptedStorage.build/Debug-watchos/TIMEncryptedStorage-t.build/Objects-normal/arm64/TIMEncryptedStorage-Swift.h /Users/admin/builder/spi-builder-workspace/.derivedData/Build/Intermediates.noindex/TIMEncryptedStorage.build/Debug-watchos/TIMEncryptedStorage-t.build/Objects-normal/arm64_32/TIMEncryptedStorage-Swift.h (in target 'TIMEncryptedStorage' from project 'TIMEncryptedStorage')
cd /Users/admin/builder/spi-builder-workspace/.dependencies/checkouts/TIMEncryptedStorage-iOS
builtin-swiftHeaderTool -arch arm64 /Users/admin/builder/spi-builder-workspace/.derivedData/Build/Intermediates.noindex/TIMEncryptedStorage.build/Debug-watchos/TIMEncryptedStorage-t.build/Objects-normal/arm64/TIMEncryptedStorage-Swift.h -arch arm64_32 /Users/admin/builder/spi-builder-workspace/.derivedData/Build/Intermediates.noindex/TIMEncryptedStorage.build/Debug-watchos/TIMEncryptedStorage-t.build/Objects-normal/arm64_32/TIMEncryptedStorage-Swift.h -o /Users/admin/builder/spi-builder-workspace/.derivedData/Build/Intermediates.noindex/GeneratedModuleMaps-watchos/TIMEncryptedStorage-Swift.h
Copy /Users/admin/builder/spi-builder-workspace/.derivedData/Build/Products/Debug-watchos/TIMEncryptedStorage.swiftmodule/arm64_32-apple-watchos.swiftdoc /Users/admin/builder/spi-builder-workspace/.derivedData/Build/Intermediates.noindex/TIMEncryptedStorage.build/Debug-watchos/TIMEncryptedStorage-t.build/Objects-normal/arm64_32/TIMEncryptedStorage.swiftdoc (in target 'TIMEncryptedStorage' from project 'TIMEncryptedStorage')
cd /Users/admin/builder/spi-builder-workspace/.dependencies/checkouts/TIMEncryptedStorage-iOS
builtin-copy -exclude .DS_Store -exclude CVS -exclude .svn -exclude .git -exclude .hg -resolve-src-symlinks -rename /Users/admin/builder/spi-builder-workspace/.derivedData/Build/Intermediates.noindex/TIMEncryptedStorage.build/Debug-watchos/TIMEncryptedStorage-t.build/Objects-normal/arm64_32/TIMEncryptedStorage.swiftdoc /Users/admin/builder/spi-builder-workspace/.derivedData/Build/Products/Debug-watchos/TIMEncryptedStorage.swiftmodule/arm64_32-apple-watchos.swiftdoc
Copy /Users/admin/builder/spi-builder-workspace/.derivedData/Build/Products/Debug-watchos/TIMEncryptedStorage.swiftmodule/arm64_32-apple-watchos.abi.json /Users/admin/builder/spi-builder-workspace/.derivedData/Build/Intermediates.noindex/TIMEncryptedStorage.build/Debug-watchos/TIMEncryptedStorage-t.build/Objects-normal/arm64_32/TIMEncryptedStorage.abi.json (in target 'TIMEncryptedStorage' from project 'TIMEncryptedStorage')
cd /Users/admin/builder/spi-builder-workspace/.dependencies/checkouts/TIMEncryptedStorage-iOS
builtin-copy -exclude .DS_Store -exclude CVS -exclude .svn -exclude .git -exclude .hg -resolve-src-symlinks -rename /Users/admin/builder/spi-builder-workspace/.derivedData/Build/Intermediates.noindex/TIMEncryptedStorage.build/Debug-watchos/TIMEncryptedStorage-t.build/Objects-normal/arm64_32/TIMEncryptedStorage.abi.json /Users/admin/builder/spi-builder-workspace/.derivedData/Build/Products/Debug-watchos/TIMEncryptedStorage.swiftmodule/arm64_32-apple-watchos.abi.json
Copy /Users/admin/builder/spi-builder-workspace/.derivedData/Build/Products/Debug-watchos/TIMEncryptedStorage.swiftmodule/arm64-apple-watchos.swiftmodule /Users/admin/builder/spi-builder-workspace/.derivedData/Build/Intermediates.noindex/TIMEncryptedStorage.build/Debug-watchos/TIMEncryptedStorage-t.build/Objects-normal/arm64/TIMEncryptedStorage.swiftmodule (in target 'TIMEncryptedStorage' from project 'TIMEncryptedStorage')
cd /Users/admin/builder/spi-builder-workspace/.dependencies/checkouts/TIMEncryptedStorage-iOS
builtin-copy -exclude .DS_Store -exclude CVS -exclude .svn -exclude .git -exclude .hg -resolve-src-symlinks -rename /Users/admin/builder/spi-builder-workspace/.derivedData/Build/Intermediates.noindex/TIMEncryptedStorage.build/Debug-watchos/TIMEncryptedStorage-t.build/Objects-normal/arm64/TIMEncryptedStorage.swiftmodule /Users/admin/builder/spi-builder-workspace/.derivedData/Build/Products/Debug-watchos/TIMEncryptedStorage.swiftmodule/arm64-apple-watchos.swiftmodule
Copy /Users/admin/builder/spi-builder-workspace/.derivedData/Build/Products/Debug-watchos/TIMEncryptedStorage.swiftmodule/arm64-apple-watchos.swiftdoc /Users/admin/builder/spi-builder-workspace/.derivedData/Build/Intermediates.noindex/TIMEncryptedStorage.build/Debug-watchos/TIMEncryptedStorage-t.build/Objects-normal/arm64/TIMEncryptedStorage.swiftdoc (in target 'TIMEncryptedStorage' from project 'TIMEncryptedStorage')
cd /Users/admin/builder/spi-builder-workspace/.dependencies/checkouts/TIMEncryptedStorage-iOS
builtin-copy -exclude .DS_Store -exclude CVS -exclude .svn -exclude .git -exclude .hg -resolve-src-symlinks -rename /Users/admin/builder/spi-builder-workspace/.derivedData/Build/Intermediates.noindex/TIMEncryptedStorage.build/Debug-watchos/TIMEncryptedStorage-t.build/Objects-normal/arm64/TIMEncryptedStorage.swiftdoc /Users/admin/builder/spi-builder-workspace/.derivedData/Build/Products/Debug-watchos/TIMEncryptedStorage.swiftmodule/arm64-apple-watchos.swiftdoc
Copy /Users/admin/builder/spi-builder-workspace/.derivedData/Build/Products/Debug-watchos/TIMEncryptedStorage.swiftmodule/arm64-apple-watchos.abi.json /Users/admin/builder/spi-builder-workspace/.derivedData/Build/Intermediates.noindex/TIMEncryptedStorage.build/Debug-watchos/TIMEncryptedStorage-t.build/Objects-normal/arm64/TIMEncryptedStorage.abi.json (in target 'TIMEncryptedStorage' from project 'TIMEncryptedStorage')
cd /Users/admin/builder/spi-builder-workspace/.dependencies/checkouts/TIMEncryptedStorage-iOS
builtin-copy -exclude .DS_Store -exclude CVS -exclude .svn -exclude .git -exclude .hg -resolve-src-symlinks -rename /Users/admin/builder/spi-builder-workspace/.derivedData/Build/Intermediates.noindex/TIMEncryptedStorage.build/Debug-watchos/TIMEncryptedStorage-t.build/Objects-normal/arm64/TIMEncryptedStorage.abi.json /Users/admin/builder/spi-builder-workspace/.derivedData/Build/Products/Debug-watchos/TIMEncryptedStorage.swiftmodule/arm64-apple-watchos.abi.json
Copy /Users/admin/builder/spi-builder-workspace/.derivedData/Build/Products/Debug-watchos/TIMEncryptedStorage.swiftmodule/Project/arm64_32-apple-watchos.swiftsourceinfo /Users/admin/builder/spi-builder-workspace/.derivedData/Build/Intermediates.noindex/TIMEncryptedStorage.build/Debug-watchos/TIMEncryptedStorage-t.build/Objects-normal/arm64_32/TIMEncryptedStorage.swiftsourceinfo (in target 'TIMEncryptedStorage' from project 'TIMEncryptedStorage')
cd /Users/admin/builder/spi-builder-workspace/.dependencies/checkouts/TIMEncryptedStorage-iOS
builtin-copy -exclude .DS_Store -exclude CVS -exclude .svn -exclude .git -exclude .hg -resolve-src-symlinks -rename /Users/admin/builder/spi-builder-workspace/.derivedData/Build/Intermediates.noindex/TIMEncryptedStorage.build/Debug-watchos/TIMEncryptedStorage-t.build/Objects-normal/arm64_32/TIMEncryptedStorage.swiftsourceinfo /Users/admin/builder/spi-builder-workspace/.derivedData/Build/Products/Debug-watchos/TIMEncryptedStorage.swiftmodule/Project/arm64_32-apple-watchos.swiftsourceinfo
Copy /Users/admin/builder/spi-builder-workspace/.derivedData/Build/Products/Debug-watchos/TIMEncryptedStorage.swiftmodule/Project/arm64-apple-watchos.swiftsourceinfo /Users/admin/builder/spi-builder-workspace/.derivedData/Build/Intermediates.noindex/TIMEncryptedStorage.build/Debug-watchos/TIMEncryptedStorage-t.build/Objects-normal/arm64/TIMEncryptedStorage.swiftsourceinfo (in target 'TIMEncryptedStorage' from project 'TIMEncryptedStorage')
cd /Users/admin/builder/spi-builder-workspace/.dependencies/checkouts/TIMEncryptedStorage-iOS
builtin-copy -exclude .DS_Store -exclude CVS -exclude .svn -exclude .git -exclude .hg -resolve-src-symlinks -rename /Users/admin/builder/spi-builder-workspace/.derivedData/Build/Intermediates.noindex/TIMEncryptedStorage.build/Debug-watchos/TIMEncryptedStorage-t.build/Objects-normal/arm64/TIMEncryptedStorage.swiftsourceinfo /Users/admin/builder/spi-builder-workspace/.derivedData/Build/Products/Debug-watchos/TIMEncryptedStorage.swiftmodule/Project/arm64-apple-watchos.swiftsourceinfo
SwiftCompile normal arm64 Compiling\ OSStatus+Extensions.swift,\ TIMKeyModel+Extensions.swift /Users/admin/builder/spi-builder-workspace/.dependencies/checkouts/TIMEncryptedStorage-iOS/Sources/TIMEncryptedStorage/Extensions/OSStatus+Extensions.swift /Users/admin/builder/spi-builder-workspace/.dependencies/checkouts/TIMEncryptedStorage-iOS/Sources/TIMEncryptedStorage/Extensions/TIMKeyModel+Extensions.swift (in target 'TIMEncryptedStorage' from project 'TIMEncryptedStorage')
SwiftCompile normal arm64 /Users/admin/builder/spi-builder-workspace/.dependencies/checkouts/TIMEncryptedStorage-iOS/Sources/TIMEncryptedStorage/Extensions/OSStatus+Extensions.swift (in target 'TIMEncryptedStorage' from project 'TIMEncryptedStorage')
cd /Users/admin/builder/spi-builder-workspace/.swiftpm/xcode
builtin-SwiftPerFileCompile OSStatus+Extensions.swift
SwiftCompile normal arm64 /Users/admin/builder/spi-builder-workspace/.dependencies/checkouts/TIMEncryptedStorage-iOS/Sources/TIMEncryptedStorage/Extensions/TIMKeyModel+Extensions.swift (in target 'TIMEncryptedStorage' from project 'TIMEncryptedStorage')
cd /Users/admin/builder/spi-builder-workspace/.swiftpm/xcode
builtin-SwiftPerFileCompile TIMKeyModel+Extensions.swift
SwiftCompile normal arm64 Compiling\ TIMSecureStorageItem.swift,\ TIMEncryptedStorage.swift /Users/admin/builder/spi-builder-workspace/.dependencies/checkouts/TIMEncryptedStorage-iOS/Sources/TIMEncryptedStorage/TIM/Keychain/TIMSecureStorageItem.swift /Users/admin/builder/spi-builder-workspace/.dependencies/checkouts/TIMEncryptedStorage-iOS/Sources/TIMEncryptedStorage/TIM/TIMEncryptedStorage.swift (in target 'TIMEncryptedStorage' from project 'TIMEncryptedStorage')
SwiftCompile normal arm64 /Users/admin/builder/spi-builder-workspace/.dependencies/checkouts/TIMEncryptedStorage-iOS/Sources/TIMEncryptedStorage/TIM/Keychain/TIMSecureStorageItem.swift (in target 'TIMEncryptedStorage' from project 'TIMEncryptedStorage')
cd /Users/admin/builder/spi-builder-workspace/.swiftpm/xcode
builtin-SwiftPerFileCompile TIMSecureStorageItem.swift
SwiftCompile normal arm64 /Users/admin/builder/spi-builder-workspace/.dependencies/checkouts/TIMEncryptedStorage-iOS/Sources/TIMEncryptedStorage/TIM/TIMEncryptedStorage.swift (in target 'TIMEncryptedStorage' from project 'TIMEncryptedStorage')
cd /Users/admin/builder/spi-builder-workspace/.swiftpm/xcode
builtin-SwiftPerFileCompile TIMEncryptedStorage.swift
SwiftDriverJobDiscovery normal arm64_32 Compiling OSStatus+Extensions.swift, TIMKeyModel+Extensions.swift (in target 'TIMEncryptedStorage' from project 'TIMEncryptedStorage')
SwiftCompile normal arm64 Compiling\ IVGenerator.swift,\ SecureStorageMock.swift /Users/admin/builder/spi-builder-workspace/.dependencies/checkouts/TIMEncryptedStorage-iOS/Sources/TIMEncryptedStorage/Helpers/IVGenerator.swift /Users/admin/builder/spi-builder-workspace/.dependencies/checkouts/TIMEncryptedStorage-iOS/Sources/TIMEncryptedStorage/Helpers/Test/SecureStorageMock.swift (in target 'TIMEncryptedStorage' from project 'TIMEncryptedStorage')
SwiftCompile normal arm64 /Users/admin/builder/spi-builder-workspace/.dependencies/checkouts/TIMEncryptedStorage-iOS/Sources/TIMEncryptedStorage/Helpers/IVGenerator.swift (in target 'TIMEncryptedStorage' from project 'TIMEncryptedStorage')
cd /Users/admin/builder/spi-builder-workspace/.swiftpm/xcode
builtin-SwiftPerFileCompile IVGenerator.swift
SwiftCompile normal arm64 /Users/admin/builder/spi-builder-workspace/.dependencies/checkouts/TIMEncryptedStorage-iOS/Sources/TIMEncryptedStorage/Helpers/Test/SecureStorageMock.swift (in target 'TIMEncryptedStorage' from project 'TIMEncryptedStorage')
cd /Users/admin/builder/spi-builder-workspace/.swiftpm/xcode
builtin-SwiftPerFileCompile SecureStorageMock.swift
SwiftDriverJobDiscovery normal arm64_32 Compiling TIMKeychainStoreItem.swift, TIMSecureStorage.swift (in target 'TIMEncryptedStorage' from project 'TIMEncryptedStorage')
SwiftCompile normal arm64 Compiling\ TIMKeyServiceModels.swift,\ TIMKeyService.swift /Users/admin/builder/spi-builder-workspace/.dependencies/checkouts/TIMEncryptedStorage-iOS/Sources/TIMEncryptedStorage/Models/TIMKeyServiceModels.swift /Users/admin/builder/spi-builder-workspace/.dependencies/checkouts/TIMEncryptedStorage-iOS/Sources/TIMEncryptedStorage/TIM/KeyService/TIMKeyService.swift (in target 'TIMEncryptedStorage' from project 'TIMEncryptedStorage')
SwiftCompile normal arm64 /Users/admin/builder/spi-builder-workspace/.dependencies/checkouts/TIMEncryptedStorage-iOS/Sources/TIMEncryptedStorage/Models/TIMKeyServiceModels.swift (in target 'TIMEncryptedStorage' from project 'TIMEncryptedStorage')
cd /Users/admin/builder/spi-builder-workspace/.swiftpm/xcode
builtin-SwiftPerFileCompile TIMKeyServiceModels.swift
SwiftCompile normal arm64 /Users/admin/builder/spi-builder-workspace/.dependencies/checkouts/TIMEncryptedStorage-iOS/Sources/TIMEncryptedStorage/TIM/KeyService/TIMKeyService.swift (in target 'TIMEncryptedStorage' from project 'TIMEncryptedStorage')
cd /Users/admin/builder/spi-builder-workspace/.swiftpm/xcode
builtin-SwiftPerFileCompile TIMKeyService.swift
SwiftCompile normal arm64 Compiling\ URLSession+Extensions.swift,\ URLSessionMockProtocol.swift /Users/admin/builder/spi-builder-workspace/.dependencies/checkouts/TIMEncryptedStorage-iOS/Sources/TIMEncryptedStorage/Helpers/Test/URLSession+Extensions.swift /Users/admin/builder/spi-builder-workspace/.dependencies/checkouts/TIMEncryptedStorage-iOS/Sources/TIMEncryptedStorage/Helpers/Test/URLSessionMockProtocol.swift (in target 'TIMEncryptedStorage' from project 'TIMEncryptedStorage')
SwiftCompile normal arm64 /Users/admin/builder/spi-builder-workspace/.dependencies/checkouts/TIMEncryptedStorage-iOS/Sources/TIMEncryptedStorage/Helpers/Test/URLSession+Extensions.swift (in target 'TIMEncryptedStorage' from project 'TIMEncryptedStorage')
cd /Users/admin/builder/spi-builder-workspace/.swiftpm/xcode
builtin-SwiftPerFileCompile URLSession+Extensions.swift
SwiftCompile normal arm64 /Users/admin/builder/spi-builder-workspace/.dependencies/checkouts/TIMEncryptedStorage-iOS/Sources/TIMEncryptedStorage/Helpers/Test/URLSessionMockProtocol.swift (in target 'TIMEncryptedStorage' from project 'TIMEncryptedStorage')
cd /Users/admin/builder/spi-builder-workspace/.swiftpm/xcode
builtin-SwiftPerFileCompile URLSessionMockProtocol.swift
SwiftCompile normal arm64 Compiling\ CBC.swift,\ GCM.swift,\ TIMESCryptor.swift /Users/admin/builder/spi-builder-workspace/.dependencies/checkouts/TIMEncryptedStorage-iOS/Sources/TIMEncryptedStorage/Cryptors/AES/CBC.swift /Users/admin/builder/spi-builder-workspace/.dependencies/checkouts/TIMEncryptedStorage-iOS/Sources/TIMEncryptedStorage/Cryptors/AES/GCM.swift /Users/admin/builder/spi-builder-workspace/.dependencies/checkouts/TIMEncryptedStorage-iOS/Sources/TIMEncryptedStorage/Cryptors/TIMESCryptor.swift (in target 'TIMEncryptedStorage' from project 'TIMEncryptedStorage')
SwiftCompile normal arm64 /Users/admin/builder/spi-builder-workspace/.dependencies/checkouts/TIMEncryptedStorage-iOS/Sources/TIMEncryptedStorage/Cryptors/AES/CBC.swift (in target 'TIMEncryptedStorage' from project 'TIMEncryptedStorage')
cd /Users/admin/builder/spi-builder-workspace/.swiftpm/xcode
builtin-SwiftPerFileCompile CBC.swift
SwiftCompile normal arm64 /Users/admin/builder/spi-builder-workspace/.dependencies/checkouts/TIMEncryptedStorage-iOS/Sources/TIMEncryptedStorage/Cryptors/AES/GCM.swift (in target 'TIMEncryptedStorage' from project 'TIMEncryptedStorage')
cd /Users/admin/builder/spi-builder-workspace/.swiftpm/xcode
builtin-SwiftPerFileCompile GCM.swift
SwiftCompile normal arm64 /Users/admin/builder/spi-builder-workspace/.dependencies/checkouts/TIMEncryptedStorage-iOS/Sources/TIMEncryptedStorage/Cryptors/TIMESCryptor.swift (in target 'TIMEncryptedStorage' from project 'TIMEncryptedStorage')
cd /Users/admin/builder/spi-builder-workspace/.swiftpm/xcode
builtin-SwiftPerFileCompile TIMESCryptor.swift
SwiftCompile normal arm64 Compiling\ TIMESBiometricEnableResult.swift,\ TIMESEncryptionMethod.swift /Users/admin/builder/spi-builder-workspace/.dependencies/checkouts/TIMEncryptedStorage-iOS/Sources/TIMEncryptedStorage/Models/TIMESBiometricEnableResult.swift /Users/admin/builder/spi-builder-workspace/.dependencies/checkouts/TIMEncryptedStorage-iOS/Sources/TIMEncryptedStorage/Models/TIMESEncryptionMethod.swift (in target 'TIMEncryptedStorage' from project 'TIMEncryptedStorage')
SwiftCompile normal arm64 /Users/admin/builder/spi-builder-workspace/.dependencies/checkouts/TIMEncryptedStorage-iOS/Sources/TIMEncryptedStorage/Models/TIMESBiometricEnableResult.swift (in target 'TIMEncryptedStorage' from project 'TIMEncryptedStorage')
cd /Users/admin/builder/spi-builder-workspace/.swiftpm/xcode
builtin-SwiftPerFileCompile TIMESBiometricEnableResult.swift
SwiftCompile normal arm64 /Users/admin/builder/spi-builder-workspace/.dependencies/checkouts/TIMEncryptedStorage-iOS/Sources/TIMEncryptedStorage/Models/TIMESEncryptionMethod.swift (in target 'TIMEncryptedStorage' from project 'TIMEncryptedStorage')
cd /Users/admin/builder/spi-builder-workspace/.swiftpm/xcode
builtin-SwiftPerFileCompile TIMESEncryptionMethod.swift
SwiftCompile normal arm64 Compiling\ TIMESKeyCreationResult.swift,\ TIMErrorModels.swift /Users/admin/builder/spi-builder-workspace/.dependencies/checkouts/TIMEncryptedStorage-iOS/Sources/TIMEncryptedStorage/Models/TIMESKeyCreationResult.swift /Users/admin/builder/spi-builder-workspace/.dependencies/checkouts/TIMEncryptedStorage-iOS/Sources/TIMEncryptedStorage/Models/TIMErrorModels.swift (in target 'TIMEncryptedStorage' from project 'TIMEncryptedStorage')
SwiftCompile normal arm64 /Users/admin/builder/spi-builder-workspace/.dependencies/checkouts/TIMEncryptedStorage-iOS/Sources/TIMEncryptedStorage/Models/TIMESKeyCreationResult.swift (in target 'TIMEncryptedStorage' from project 'TIMEncryptedStorage')
cd /Users/admin/builder/spi-builder-workspace/.swiftpm/xcode
builtin-SwiftPerFileCompile TIMESKeyCreationResult.swift
SwiftCompile normal arm64 /Users/admin/builder/spi-builder-workspace/.dependencies/checkouts/TIMEncryptedStorage-iOS/Sources/TIMEncryptedStorage/Models/TIMErrorModels.swift (in target 'TIMEncryptedStorage' from project 'TIMEncryptedStorage')
cd /Users/admin/builder/spi-builder-workspace/.swiftpm/xcode
builtin-SwiftPerFileCompile TIMErrorModels.swift
SwiftCompile normal arm64 Compiling\ TIMKeyServiceProtocol.swift,\ TIMKeychain.swift /Users/admin/builder/spi-builder-workspace/.dependencies/checkouts/TIMEncryptedStorage-iOS/Sources/TIMEncryptedStorage/TIM/KeyService/TIMKeyServiceProtocol.swift /Users/admin/builder/spi-builder-workspace/.dependencies/checkouts/TIMEncryptedStorage-iOS/Sources/TIMEncryptedStorage/TIM/Keychain/TIMKeychain.swift (in target 'TIMEncryptedStorage' from project 'TIMEncryptedStorage')
SwiftCompile normal arm64 /Users/admin/builder/spi-builder-workspace/.dependencies/checkouts/TIMEncryptedStorage-iOS/Sources/TIMEncryptedStorage/TIM/KeyService/TIMKeyServiceProtocol.swift (in target 'TIMEncryptedStorage' from project 'TIMEncryptedStorage')
cd /Users/admin/builder/spi-builder-workspace/.swiftpm/xcode
builtin-SwiftPerFileCompile TIMKeyServiceProtocol.swift
SwiftCompile normal arm64 /Users/admin/builder/spi-builder-workspace/.dependencies/checkouts/TIMEncryptedStorage-iOS/Sources/TIMEncryptedStorage/TIM/Keychain/TIMKeychain.swift (in target 'TIMEncryptedStorage' from project 'TIMEncryptedStorage')
cd /Users/admin/builder/spi-builder-workspace/.swiftpm/xcode
builtin-SwiftPerFileCompile TIMKeychain.swift
SwiftDriverJobDiscovery normal arm64_32 Compiling TIMESBiometricEnableResult.swift, TIMESEncryptionMethod.swift (in target 'TIMEncryptedStorage' from project 'TIMEncryptedStorage')
SwiftCompile normal arm64 Compiling\ TIMKeychainStoreItem.swift,\ TIMSecureStorage.swift /Users/admin/builder/spi-builder-workspace/.dependencies/checkouts/TIMEncryptedStorage-iOS/Sources/TIMEncryptedStorage/TIM/Keychain/TIMKeychainStoreItem.swift /Users/admin/builder/spi-builder-workspace/.dependencies/checkouts/TIMEncryptedStorage-iOS/Sources/TIMEncryptedStorage/TIM/Keychain/TIMSecureStorage.swift (in target 'TIMEncryptedStorage' from project 'TIMEncryptedStorage')
SwiftCompile normal arm64 /Users/admin/builder/spi-builder-workspace/.dependencies/checkouts/TIMEncryptedStorage-iOS/Sources/TIMEncryptedStorage/TIM/Keychain/TIMKeychainStoreItem.swift (in target 'TIMEncryptedStorage' from project 'TIMEncryptedStorage')
cd /Users/admin/builder/spi-builder-workspace/.swiftpm/xcode
builtin-SwiftPerFileCompile TIMKeychainStoreItem.swift
SwiftCompile normal arm64 /Users/admin/builder/spi-builder-workspace/.dependencies/checkouts/TIMEncryptedStorage-iOS/Sources/TIMEncryptedStorage/TIM/Keychain/TIMSecureStorage.swift (in target 'TIMEncryptedStorage' from project 'TIMEncryptedStorage')
cd /Users/admin/builder/spi-builder-workspace/.swiftpm/xcode
builtin-SwiftPerFileCompile TIMSecureStorage.swift
SwiftDriverJobDiscovery normal arm64_32 Compiling URLSession+Extensions.swift, URLSessionMockProtocol.swift (in target 'TIMEncryptedStorage' from project 'TIMEncryptedStorage')
SwiftDriverJobDiscovery normal arm64_32 Compiling TIMKeyServiceProtocol.swift, TIMKeychain.swift (in target 'TIMEncryptedStorage' from project 'TIMEncryptedStorage')
SwiftDriverJobDiscovery normal arm64_32 Compiling TIMESKeyCreationResult.swift, TIMErrorModels.swift (in target 'TIMEncryptedStorage' from project 'TIMEncryptedStorage')
SwiftDriverJobDiscovery normal arm64_32 Compiling TIMKeyServiceModels.swift, TIMKeyService.swift (in target 'TIMEncryptedStorage' from project 'TIMEncryptedStorage')
SwiftDriverJobDiscovery normal arm64_32 Compiling IVGenerator.swift, SecureStorageMock.swift (in target 'TIMEncryptedStorage' from project 'TIMEncryptedStorage')
SwiftDriverJobDiscovery normal arm64_32 Compiling TIMSecureStorageItem.swift, TIMEncryptedStorage.swift (in target 'TIMEncryptedStorage' from project 'TIMEncryptedStorage')
SwiftDriverJobDiscovery normal arm64 Compiling OSStatus+Extensions.swift, TIMKeyModel+Extensions.swift (in target 'TIMEncryptedStorage' from project 'TIMEncryptedStorage')
SwiftCompile normal arm64_32 Compiling\ CBC.swift,\ GCM.swift,\ TIMESCryptor.swift /Users/admin/builder/spi-builder-workspace/.dependencies/checkouts/TIMEncryptedStorage-iOS/Sources/TIMEncryptedStorage/Cryptors/AES/CBC.swift /Users/admin/builder/spi-builder-workspace/.dependencies/checkouts/TIMEncryptedStorage-iOS/Sources/TIMEncryptedStorage/Cryptors/AES/GCM.swift /Users/admin/builder/spi-builder-workspace/.dependencies/checkouts/TIMEncryptedStorage-iOS/Sources/TIMEncryptedStorage/Cryptors/TIMESCryptor.swift (in target 'TIMEncryptedStorage' from project 'TIMEncryptedStorage')
SwiftCompile normal arm64_32 /Users/admin/builder/spi-builder-workspace/.dependencies/checkouts/TIMEncryptedStorage-iOS/Sources/TIMEncryptedStorage/Cryptors/AES/CBC.swift (in target 'TIMEncryptedStorage' from project 'TIMEncryptedStorage')
cd /Users/admin/builder/spi-builder-workspace/.swiftpm/xcode
builtin-SwiftPerFileCompile CBC.swift
SwiftCompile normal arm64_32 /Users/admin/builder/spi-builder-workspace/.dependencies/checkouts/TIMEncryptedStorage-iOS/Sources/TIMEncryptedStorage/Cryptors/AES/GCM.swift (in target 'TIMEncryptedStorage' from project 'TIMEncryptedStorage')
cd /Users/admin/builder/spi-builder-workspace/.swiftpm/xcode
builtin-SwiftPerFileCompile GCM.swift
SwiftCompile normal arm64_32 /Users/admin/builder/spi-builder-workspace/.dependencies/checkouts/TIMEncryptedStorage-iOS/Sources/TIMEncryptedStorage/Cryptors/TIMESCryptor.swift (in target 'TIMEncryptedStorage' from project 'TIMEncryptedStorage')
cd /Users/admin/builder/spi-builder-workspace/.swiftpm/xcode
builtin-SwiftPerFileCompile TIMESCryptor.swift
SwiftDriverJobDiscovery normal arm64 Compiling TIMESBiometricEnableResult.swift, TIMESEncryptionMethod.swift (in target 'TIMEncryptedStorage' from project 'TIMEncryptedStorage')
SwiftDriverJobDiscovery normal arm64 Compiling TIMKeychainStoreItem.swift, TIMSecureStorage.swift (in target 'TIMEncryptedStorage' from project 'TIMEncryptedStorage')
SwiftDriver TIM normal arm64_32 com.apple.xcode.tools.swift.compiler (in target 'TIM' from project 'TIM')
cd /Users/admin/builder/spi-builder-workspace/.swiftpm/xcode
builtin-SwiftDriver -- /Applications/Xcode-27.0.0-Release.Candidate.app/Contents/Developer/Toolchains/XcodeDefault.xctoolchain/usr/bin/swiftc -parse-as-library -module-name TIM -Onone @/Users/admin/builder/spi-builder-workspace/.derivedData/Build/Intermediates.noindex/TIM.build/Debug-watchos/TIM-t.build/Objects-normal/arm64_32/TIM.SwiftFileList -DSWIFT_PACKAGE -DDEBUG -DSWIFT_MODULE_RESOURCE_BUNDLE_UNAVAILABLE -Xcc -fmodule-map-file\=/Users/admin/builder/spi-builder-workspace/.derivedData/Build/Intermediates.noindex/GeneratedModuleMaps-watchos/AppAuthCore.modulemap -Xcc -fmodule-map-file\=/Users/admin/builder/spi-builder-workspace/.derivedData/Build/Intermediates.noindex/GeneratedModuleMaps-watchos/AppAuth.modulemap -DXcode -plugin-path /Applications/Xcode-27.0.0-Release.Candidate.app/Contents/Developer/Toolchains/XcodeDefault.xctoolchain/usr/lib/swift/host/plugins/testing -enable-experimental-feature DebugDescriptionMacro -sdk /Applications/Xcode-27.0.0-Release.Candidate.app/Contents/Developer/Platforms/WatchOS.platform/Developer/SDKs/WatchOS27.0.sdk -target arm64_32-apple-watchos9.0 -g -module-cache-path /Users/admin/builder/spi-builder-workspace/.derivedData/ModuleCache.noindex -Xfrontend -serialize-debugging-options -profile-coverage-mapping -profile-generate -enable-testing -index-store-path /Users/admin/builder/spi-builder-workspace/.derivedData/Index.noindex/DataStore -Xcc -D_LIBCPP_HARDENING_MODE\=_LIBCPP_HARDENING_MODE_DEBUG -swift-version 5 -I /Users/admin/builder/spi-builder-workspace/.derivedData/Build/Products/Debug-watchos -Isystem /Applications/Xcode-27.0.0-Release.Candidate.app/Contents/Developer/Platforms/WatchOS.platform/Developer/usr/lib -F /Users/admin/builder/spi-builder-workspace/.derivedData/Build/Products/Debug-watchos/PackageFrameworks -F /Users/admin/builder/spi-builder-workspace/.derivedData/Build/Products/Debug-watchos -F /Applications/Xcode-27.0.0-Release.Candidate.app/Contents/Developer/Platforms/WatchOS.platform/Developer/Library/Frameworks -F /Applications/Xcode-27.0.0-Release.Candidate.app/Contents/Developer/Platforms/WatchOS.platform/Developer/SDKs/WatchOS27.0.sdk/Developer/Library/Frameworks -c -j10 -enable-batch-mode -incremental -Xcc -ivfsstatcache -Xcc /Users/admin/builder/spi-builder-workspace/.derivedData/SDKStatCaches.noindex/watchos27.0-24R360-e829b21a6f8c9b70876ba0858053c04477534ef55a1706bf4c1112bbb242f0a2.sdkstatcache -output-file-map /Users/admin/builder/spi-builder-workspace/.derivedData/Build/Intermediates.noindex/TIM.build/Debug-watchos/TIM-t.build/Objects-normal/arm64_32/TIM-OutputFileMap.json -save-temps -no-color-diagnostics -explicit-module-build -module-cache-path /Users/admin/builder/spi-builder-workspace/.derivedData/Build/Intermediates.noindex/SwiftExplicitPrecompiledModules -clang-scanner-module-cache-path /Users/admin/builder/spi-builder-workspace/.derivedData/ModuleCache.noindex -sdk-module-cache-path /Users/admin/builder/spi-builder-workspace/.derivedData/SDKExplicitPrecompiledModules -emit-dependencies -emit-module -emit-module-path /Users/admin/builder/spi-builder-workspace/.derivedData/Build/Intermediates.noindex/TIM.build/Debug-watchos/TIM-t.build/Objects-normal/arm64_32/TIM.swiftmodule -serialize-diagnostics -dependency-scan-serialize-diagnostics-path /Users/admin/builder/spi-builder-workspace/.derivedData/Build/Intermediates.noindex/TIM.build/Debug-watchos/TIM-t.build/Objects-normal/arm64_32/TIM-dependency-scan.dia -validate-clang-modules-once -clang-build-session-file /Users/admin/builder/spi-builder-workspace/.derivedData/ModuleCache.noindex/Session.modulevalidation -Xcc -fmodules-prune-interval\=86400 -Xcc -fmodules-prune-after\=345600 -emit-const-values -const-gather-protocols-list /Users/admin/builder/spi-builder-workspace/.derivedData/Build/Intermediates.noindex/TIM.build/Debug-watchos/TIM-t.build/Objects-normal/arm64_32/TIM_const_extract_protocols.json -Xcc -I/Users/admin/builder/spi-builder-workspace/.dependencies/checkouts/AppAuth-iOS/Sources/AppAuthCore -Xcc -I/Users/admin/builder/spi-builder-workspace/.dependencies/checkouts/AppAuth-iOS/Sources/AppAuth -Xcc -I/Users/admin/builder/spi-builder-workspace/.derivedData/Build/Products/Debug-watchos/include -Xcc -I/Users/admin/builder/spi-builder-workspace/.derivedData/Build/Intermediates.noindex/TIM.build/Debug-watchos/TIM-t.build/DerivedSources-normal/arm64_32 -Xcc -I/Users/admin/builder/spi-builder-workspace/.derivedData/Build/Intermediates.noindex/TIM.build/Debug-watchos/TIM-t.build/DerivedSources/arm64_32 -Xcc -I/Users/admin/builder/spi-builder-workspace/.derivedData/Build/Intermediates.noindex/TIM.build/Debug-watchos/TIM-t.build/DerivedSources -Xcc -DSWIFT_PACKAGE -Xcc -DDEBUG\=1 -emit-objc-header -emit-objc-header-path /Users/admin/builder/spi-builder-workspace/.derivedData/Build/Intermediates.noindex/TIM.build/Debug-watchos/TIM-t.build/Objects-normal/arm64_32/TIM-Swift.h -working-directory /Users/admin/builder/spi-builder-workspace/.swiftpm/xcode -experimental-emit-module-separately -disable-cmo
/Users/admin/builder/spi-builder-workspace/Sources/TIM/TIMInternal/TIMAppBackgroundMonitorDefault.swift:4:12: warning: Extraneous whitespace between attribute name and '('; this is an error in the Swift 6 language mode (in target 'TIM' from project 'TIM')
/Users/admin/builder/spi-builder-workspace/Sources/TIM/TIMInternal/TIMAppBackgroundMonitorDefault.swift:5:12: warning: Extraneous whitespace between attribute name and '('; this is an error in the Swift 6 language mode (in target 'TIM' from project 'TIM')
/Users/admin/builder/spi-builder-workspace/Sources/TIM/AppAuth/AppAuthController.swift:3:8: error: Unable to resolve module dependency: 'SafariServices' (in target 'TIM' from project 'TIM')
note: A dependency of main module 'TIM'
/Users/admin/builder/spi-builder-workspace/Sources/TIM/AppAuth/AppAuthControllerMock.swift:2:8: note: Also imported here
/Users/admin/builder/spi-builder-workspace/Sources/TIM/AppAuth/AuthSFController.swift:2:8: note: Also imported here
/Users/admin/builder/spi-builder-workspace/Sources/TIM/AppAuth/AppAuthController.swift:3:8: note: A dependency of main module 'TIM'
import SafariServices
^ (in target 'TIM' from project 'TIM')
/Users/admin/builder/spi-builder-workspace/Sources/TIM/AppAuth/AppAuthControllerMock.swift:2:8: note: Also imported here
import SafariServices
^ (in target 'TIM' from project 'TIM')
/Users/admin/builder/spi-builder-workspace/Sources/TIM/AppAuth/AuthSFController.swift:2:8: note: Also imported here
import SafariServices
^ (in target 'TIM' from project 'TIM')
SwiftDriver TIM normal arm64 com.apple.xcode.tools.swift.compiler (in target 'TIM' from project 'TIM')
cd /Users/admin/builder/spi-builder-workspace/.swiftpm/xcode
builtin-SwiftDriver -- /Applications/Xcode-27.0.0-Release.Candidate.app/Contents/Developer/Toolchains/XcodeDefault.xctoolchain/usr/bin/swiftc -parse-as-library -module-name TIM -Onone @/Users/admin/builder/spi-builder-workspace/.derivedData/Build/Intermediates.noindex/TIM.build/Debug-watchos/TIM-t.build/Objects-normal/arm64/TIM.SwiftFileList -DSWIFT_PACKAGE -DDEBUG -DSWIFT_MODULE_RESOURCE_BUNDLE_UNAVAILABLE -Xcc -fmodule-map-file\=/Users/admin/builder/spi-builder-workspace/.derivedData/Build/Intermediates.noindex/GeneratedModuleMaps-watchos/AppAuthCore.modulemap -Xcc -fmodule-map-file\=/Users/admin/builder/spi-builder-workspace/.derivedData/Build/Intermediates.noindex/GeneratedModuleMaps-watchos/AppAuth.modulemap -DXcode -plugin-path /Applications/Xcode-27.0.0-Release.Candidate.app/Contents/Developer/Toolchains/XcodeDefault.xctoolchain/usr/lib/swift/host/plugins/testing -enable-experimental-feature DebugDescriptionMacro -sdk /Applications/Xcode-27.0.0-Release.Candidate.app/Contents/Developer/Platforms/WatchOS.platform/Developer/SDKs/WatchOS27.0.sdk -target arm64-apple-watchos9.0 -g -module-cache-path /Users/admin/builder/spi-builder-workspace/.derivedData/ModuleCache.noindex -Xfrontend -serialize-debugging-options -profile-coverage-mapping -profile-generate -enable-testing -index-store-path /Users/admin/builder/spi-builder-workspace/.derivedData/Index.noindex/DataStore -Xcc -D_LIBCPP_HARDENING_MODE\=_LIBCPP_HARDENING_MODE_DEBUG -swift-version 5 -I /Users/admin/builder/spi-builder-workspace/.derivedData/Build/Products/Debug-watchos -Isystem /Applications/Xcode-27.0.0-Release.Candidate.app/Contents/Developer/Platforms/WatchOS.platform/Developer/usr/lib -F /Users/admin/builder/spi-builder-workspace/.derivedData/Build/Products/Debug-watchos/PackageFrameworks -F /Users/admin/builder/spi-builder-workspace/.derivedData/Build/Products/Debug-watchos -F /Applications/Xcode-27.0.0-Release.Candidate.app/Contents/Developer/Platforms/WatchOS.platform/Developer/Library/Frameworks -F /Applications/Xcode-27.0.0-Release.Candidate.app/Contents/Developer/Platforms/WatchOS.platform/Developer/SDKs/WatchOS27.0.sdk/Developer/Library/Frameworks -c -j10 -enable-batch-mode -incremental -Xcc -ivfsstatcache -Xcc /Users/admin/builder/spi-builder-workspace/.derivedData/SDKStatCaches.noindex/watchos27.0-24R360-e829b21a6f8c9b70876ba0858053c04477534ef55a1706bf4c1112bbb242f0a2.sdkstatcache -output-file-map /Users/admin/builder/spi-builder-workspace/.derivedData/Build/Intermediates.noindex/TIM.build/Debug-watchos/TIM-t.build/Objects-normal/arm64/TIM-OutputFileMap.json -save-temps -no-color-diagnostics -explicit-module-build -module-cache-path /Users/admin/builder/spi-builder-workspace/.derivedData/Build/Intermediates.noindex/SwiftExplicitPrecompiledModules -clang-scanner-module-cache-path /Users/admin/builder/spi-builder-workspace/.derivedData/ModuleCache.noindex -sdk-module-cache-path /Users/admin/builder/spi-builder-workspace/.derivedData/SDKExplicitPrecompiledModules -emit-dependencies -emit-module -emit-module-path /Users/admin/builder/spi-builder-workspace/.derivedData/Build/Intermediates.noindex/TIM.build/Debug-watchos/TIM-t.build/Objects-normal/arm64/TIM.swiftmodule -serialize-diagnostics -dependency-scan-serialize-diagnostics-path /Users/admin/builder/spi-builder-workspace/.derivedData/Build/Intermediates.noindex/TIM.build/Debug-watchos/TIM-t.build/Objects-normal/arm64/TIM-dependency-scan.dia -validate-clang-modules-once -clang-build-session-file /Users/admin/builder/spi-builder-workspace/.derivedData/ModuleCache.noindex/Session.modulevalidation -Xcc -fmodules-prune-interval\=86400 -Xcc -fmodules-prune-after\=345600 -emit-const-values -const-gather-protocols-list /Users/admin/builder/spi-builder-workspace/.derivedData/Build/Intermediates.noindex/TIM.build/Debug-watchos/TIM-t.build/Objects-normal/arm64/TIM_const_extract_protocols.json -Xcc -I/Users/admin/builder/spi-builder-workspace/.dependencies/checkouts/AppAuth-iOS/Sources/AppAuthCore -Xcc -I/Users/admin/builder/spi-builder-workspace/.dependencies/checkouts/AppAuth-iOS/Sources/AppAuth -Xcc -I/Users/admin/builder/spi-builder-workspace/.derivedData/Build/Products/Debug-watchos/include -Xcc -I/Users/admin/builder/spi-builder-workspace/.derivedData/Build/Intermediates.noindex/TIM.build/Debug-watchos/TIM-t.build/DerivedSources-normal/arm64 -Xcc -I/Users/admin/builder/spi-builder-workspace/.derivedData/Build/Intermediates.noindex/TIM.build/Debug-watchos/TIM-t.build/DerivedSources/arm64 -Xcc -I/Users/admin/builder/spi-builder-workspace/.derivedData/Build/Intermediates.noindex/TIM.build/Debug-watchos/TIM-t.build/DerivedSources -Xcc -DSWIFT_PACKAGE -Xcc -DDEBUG\=1 -emit-objc-header -emit-objc-header-path /Users/admin/builder/spi-builder-workspace/.derivedData/Build/Intermediates.noindex/TIM.build/Debug-watchos/TIM-t.build/Objects-normal/arm64/TIM-Swift.h -working-directory /Users/admin/builder/spi-builder-workspace/.swiftpm/xcode -experimental-emit-module-separately -disable-cmo
/Users/admin/builder/spi-builder-workspace/Sources/TIM/TIMInternal/TIMAppBackgroundMonitorDefault.swift:4:12: warning: Extraneous whitespace between attribute name and '('; this is an error in the Swift 6 language mode (in target 'TIM' from project 'TIM')
/Users/admin/builder/spi-builder-workspace/Sources/TIM/TIMInternal/TIMAppBackgroundMonitorDefault.swift:5:12: warning: Extraneous whitespace between attribute name and '('; this is an error in the Swift 6 language mode (in target 'TIM' from project 'TIM')
/Users/admin/builder/spi-builder-workspace/Sources/TIM/AppAuth/AppAuthController.swift:3:8: error: Unable to resolve module dependency: 'SafariServices' (in target 'TIM' from project 'TIM')
note: A dependency of main module 'TIM'
/Users/admin/builder/spi-builder-workspace/Sources/TIM/AppAuth/AppAuthControllerMock.swift:2:8: note: Also imported here
/Users/admin/builder/spi-builder-workspace/Sources/TIM/AppAuth/AuthSFController.swift:2:8: note: Also imported here
/Users/admin/builder/spi-builder-workspace/Sources/TIM/AppAuth/AppAuthController.swift:3:8: note: A dependency of main module 'TIM'
import SafariServices
^ (in target 'TIM' from project 'TIM')
/Users/admin/builder/spi-builder-workspace/Sources/TIM/AppAuth/AppAuthControllerMock.swift:2:8: note: Also imported here
import SafariServices
^ (in target 'TIM' from project 'TIM')
/Users/admin/builder/spi-builder-workspace/Sources/TIM/AppAuth/AuthSFController.swift:2:8: note: Also imported here
import SafariServices
^ (in target 'TIM' from project 'TIM')
SwiftDriverJobDiscovery normal arm64 Compiling URLSession+Extensions.swift, URLSessionMockProtocol.swift (in target 'TIMEncryptedStorage' from project 'TIMEncryptedStorage')
SwiftDriverJobDiscovery normal arm64 Compiling TIMKeyServiceProtocol.swift, TIMKeychain.swift (in target 'TIMEncryptedStorage' from project 'TIMEncryptedStorage')
SwiftDriverJobDiscovery normal arm64 Compiling TIMESKeyCreationResult.swift, TIMErrorModels.swift (in target 'TIMEncryptedStorage' from project 'TIMEncryptedStorage')
SwiftDriverJobDiscovery normal arm64 Compiling IVGenerator.swift, SecureStorageMock.swift (in target 'TIMEncryptedStorage' from project 'TIMEncryptedStorage')
SwiftDriverJobDiscovery normal arm64 Compiling TIMKeyServiceModels.swift, TIMKeyService.swift (in target 'TIMEncryptedStorage' from project 'TIMEncryptedStorage')
SwiftDriverJobDiscovery normal arm64 Compiling TIMSecureStorageItem.swift, TIMEncryptedStorage.swift (in target 'TIMEncryptedStorage' from project 'TIMEncryptedStorage')
SwiftDriverJobDiscovery normal arm64 Compiling CBC.swift, GCM.swift, TIMESCryptor.swift (in target 'TIMEncryptedStorage' from project 'TIMEncryptedStorage')
SwiftDriver\ Compilation TIMEncryptedStorage normal arm64 com.apple.xcode.tools.swift.compiler (in target 'TIMEncryptedStorage' from project 'TIMEncryptedStorage')
cd /Users/admin/builder/spi-builder-workspace/.swiftpm/xcode
builtin-Swift-Compilation -- /Applications/Xcode-27.0.0-Release.Candidate.app/Contents/Developer/Toolchains/XcodeDefault.xctoolchain/usr/bin/swiftc -parse-as-library -module-name TIMEncryptedStorage -Onone @/Users/admin/builder/spi-builder-workspace/.derivedData/Build/Intermediates.noindex/TIMEncryptedStorage.build/Debug-watchos/TIMEncryptedStorage-t.build/Objects-normal/arm64/TIMEncryptedStorage.SwiftFileList -DSWIFT_PACKAGE -DDEBUG -DSWIFT_MODULE_RESOURCE_BUNDLE_UNAVAILABLE -DXcode -plugin-path /Applications/Xcode-27.0.0-Release.Candidate.app/Contents/Developer/Toolchains/XcodeDefault.xctoolchain/usr/lib/swift/host/plugins/testing -enable-experimental-feature DebugDescriptionMacro -sdk /Applications/Xcode-27.0.0-Release.Candidate.app/Contents/Developer/Platforms/WatchOS.platform/Developer/SDKs/WatchOS27.0.sdk -target arm64-apple-watchos9.0 -g -module-cache-path /Users/admin/builder/spi-builder-workspace/.derivedData/ModuleCache.noindex -Xfrontend -serialize-debugging-options -profile-coverage-mapping -profile-generate -enable-testing -suppress-warnings -index-store-path /Users/admin/builder/spi-builder-workspace/.derivedData/Index.noindex/DataStore -Xcc -D_LIBCPP_HARDENING_MODE\=_LIBCPP_HARDENING_MODE_DEBUG -swift-version 5 -I /Users/admin/builder/spi-builder-workspace/.derivedData/Build/Products/Debug-watchos -Isystem /Applications/Xcode-27.0.0-Release.Candidate.app/Contents/Developer/Platforms/WatchOS.platform/Developer/usr/lib -F /Users/admin/builder/spi-builder-workspace/.derivedData/Build/Products/Debug-watchos -F /Applications/Xcode-27.0.0-Release.Candidate.app/Contents/Developer/Platforms/WatchOS.platform/Developer/Library/Frameworks -F /Applications/Xcode-27.0.0-Release.Candidate.app/Contents/Developer/Platforms/WatchOS.platform/Developer/SDKs/WatchOS27.0.sdk/Developer/Library/Frameworks -c -j10 -enable-batch-mode -incremental -Xcc -ivfsstatcache -Xcc /Users/admin/builder/spi-builder-workspace/.derivedData/SDKStatCaches.noindex/watchos27.0-24R360-e829b21a6f8c9b70876ba0858053c04477534ef55a1706bf4c1112bbb242f0a2.sdkstatcache -output-file-map /Users/admin/builder/spi-builder-workspace/.derivedData/Build/Intermediates.noindex/TIMEncryptedStorage.build/Debug-watchos/TIMEncryptedStorage-t.build/Objects-normal/arm64/TIMEncryptedStorage-OutputFileMap.json -save-temps -no-color-diagnostics -explicit-module-build -module-cache-path /Users/admin/builder/spi-builder-workspace/.derivedData/Build/Intermediates.noindex/SwiftExplicitPrecompiledModules -clang-scanner-module-cache-path /Users/admin/builder/spi-builder-workspace/.derivedData/ModuleCache.noindex -sdk-module-cache-path /Users/admin/builder/spi-builder-workspace/.derivedData/SDKExplicitPrecompiledModules -emit-dependencies -emit-module -emit-module-path /Users/admin/builder/spi-builder-workspace/.derivedData/Build/Intermediates.noindex/TIMEncryptedStorage.build/Debug-watchos/TIMEncryptedStorage-t.build/Objects-normal/arm64/TIMEncryptedStorage.swiftmodule -serialize-diagnostics -dependency-scan-serialize-diagnostics-path /Users/admin/builder/spi-builder-workspace/.derivedData/Build/Intermediates.noindex/TIMEncryptedStorage.build/Debug-watchos/TIMEncryptedStorage-t.build/Objects-normal/arm64/TIMEncryptedStorage-dependency-scan.dia -validate-clang-modules-once -clang-build-session-file /Users/admin/builder/spi-builder-workspace/.derivedData/ModuleCache.noindex/Session.modulevalidation -Xcc -fmodules-prune-interval\=86400 -Xcc -fmodules-prune-after\=345600 -emit-const-values -const-gather-protocols-list /Users/admin/builder/spi-builder-workspace/.derivedData/Build/Intermediates.noindex/TIMEncryptedStorage.build/Debug-watchos/TIMEncryptedStorage-t.build/Objects-normal/arm64/TIMEncryptedStorage_const_extract_protocols.json -Xcc -I/Users/admin/builder/spi-builder-workspace/.derivedData/Build/Products/Debug-watchos/include -Xcc -I/Users/admin/builder/spi-builder-workspace/.derivedData/Build/Intermediates.noindex/TIMEncryptedStorage.build/Debug-watchos/TIMEncryptedStorage-t.build/DerivedSources-normal/arm64 -Xcc -I/Users/admin/builder/spi-builder-workspace/.derivedData/Build/Intermediates.noindex/TIMEncryptedStorage.build/Debug-watchos/TIMEncryptedStorage-t.build/DerivedSources/arm64 -Xcc -I/Users/admin/builder/spi-builder-workspace/.derivedData/Build/Intermediates.noindex/TIMEncryptedStorage.build/Debug-watchos/TIMEncryptedStorage-t.build/DerivedSources -Xcc -DSWIFT_PACKAGE -Xcc -DDEBUG\=1 -emit-objc-header -emit-objc-header-path /Users/admin/builder/spi-builder-workspace/.derivedData/Build/Intermediates.noindex/TIMEncryptedStorage.build/Debug-watchos/TIMEncryptedStorage-t.build/Objects-normal/arm64/TIMEncryptedStorage-Swift.h -working-directory /Users/admin/builder/spi-builder-workspace/.swiftpm/xcode -experimental-emit-module-separately -disable-cmo
Ld /Users/admin/builder/spi-builder-workspace/.derivedData/Build/Intermediates.noindex/TIMEncryptedStorage.build/Debug-watchos/TIMEncryptedStorage-t.build/Objects-normal/arm64/Binary/TIMEncryptedStorage.o normal arm64 (in target 'TIMEncryptedStorage' from project 'TIMEncryptedStorage')
cd /Users/admin/builder/spi-builder-workspace/.dependencies/checkouts/TIMEncryptedStorage-iOS
/Applications/Xcode-27.0.0-Release.Candidate.app/Contents/Developer/Toolchains/XcodeDefault.xctoolchain/usr/bin/clang -Xlinker -reproducible -target arm64-apple-watchos9.0 -r -isysroot /Applications/Xcode-27.0.0-Release.Candidate.app/Contents/Developer/Platforms/WatchOS.platform/Developer/SDKs/WatchOS27.0.sdk -O0 -w -Xlinker -no_warn_duplicate_libraries -F/Users/admin/builder/spi-builder-workspace/.derivedData/Build/Intermediates.noindex/EagerLinkingTBDs/Debug-watchos -F/Users/admin/builder/spi-builder-workspace/.derivedData/Build/Products/Debug-watchos -iframework /Applications/Xcode-27.0.0-Release.Candidate.app/Contents/Developer/Platforms/WatchOS.platform/Developer/Library/Frameworks -iframework /Applications/Xcode-27.0.0-Release.Candidate.app/Contents/Developer/Platforms/WatchOS.platform/Developer/SDKs/WatchOS27.0.sdk/Developer/Library/Frameworks -filelist /Users/admin/builder/spi-builder-workspace/.derivedData/Build/Intermediates.noindex/TIMEncryptedStorage.build/Debug-watchos/TIMEncryptedStorage-t.build/Objects-normal/arm64/TIMEncryptedStorage.LinkFileList -nostdlib -Xlinker -object_path_lto -Xlinker /Users/admin/builder/spi-builder-workspace/.derivedData/Build/Intermediates.noindex/TIMEncryptedStorage.build/Debug-watchos/TIMEncryptedStorage-t.build/Objects-normal/arm64/TIMEncryptedStorage_lto.o -Xlinker -no_deduplicate -Xlinker -debug_variant -Xlinker -dependency_info -Xlinker /Users/admin/builder/spi-builder-workspace/.derivedData/Build/Intermediates.noindex/TIMEncryptedStorage.build/Debug-watchos/TIMEncryptedStorage-t.build/Objects-normal/arm64/TIMEncryptedStorage_dependency_info.dat -fobjc-link-runtime -L/Applications/Xcode-27.0.0-Release.Candidate.app/Contents/Developer/Toolchains/XcodeDefault.xctoolchain/usr/lib/swift/watchos -L/usr/lib/swift -Xlinker -add_ast_path -Xlinker /Users/admin/builder/spi-builder-workspace/.derivedData/Build/Intermediates.noindex/TIMEncryptedStorage.build/Debug-watchos/TIMEncryptedStorage-t.build/Objects-normal/arm64/TIMEncryptedStorage.swiftmodule -o /Users/admin/builder/spi-builder-workspace/.derivedData/Build/Intermediates.noindex/TIMEncryptedStorage.build/Debug-watchos/TIMEncryptedStorage-t.build/Objects-normal/arm64/Binary/TIMEncryptedStorage.o
SwiftDriverJobDiscovery normal arm64_32 Compiling CBC.swift, GCM.swift, TIMESCryptor.swift (in target 'TIMEncryptedStorage' from project 'TIMEncryptedStorage')
SwiftDriver\ Compilation TIMEncryptedStorage normal arm64_32 com.apple.xcode.tools.swift.compiler (in target 'TIMEncryptedStorage' from project 'TIMEncryptedStorage')
cd /Users/admin/builder/spi-builder-workspace/.swiftpm/xcode
builtin-Swift-Compilation -- /Applications/Xcode-27.0.0-Release.Candidate.app/Contents/Developer/Toolchains/XcodeDefault.xctoolchain/usr/bin/swiftc -parse-as-library -module-name TIMEncryptedStorage -Onone @/Users/admin/builder/spi-builder-workspace/.derivedData/Build/Intermediates.noindex/TIMEncryptedStorage.build/Debug-watchos/TIMEncryptedStorage-t.build/Objects-normal/arm64_32/TIMEncryptedStorage.SwiftFileList -DSWIFT_PACKAGE -DDEBUG -DSWIFT_MODULE_RESOURCE_BUNDLE_UNAVAILABLE -DXcode -plugin-path /Applications/Xcode-27.0.0-Release.Candidate.app/Contents/Developer/Toolchains/XcodeDefault.xctoolchain/usr/lib/swift/host/plugins/testing -enable-experimental-feature DebugDescriptionMacro -sdk /Applications/Xcode-27.0.0-Release.Candidate.app/Contents/Developer/Platforms/WatchOS.platform/Developer/SDKs/WatchOS27.0.sdk -target arm64_32-apple-watchos9.0 -g -module-cache-path /Users/admin/builder/spi-builder-workspace/.derivedData/ModuleCache.noindex -Xfrontend -serialize-debugging-options -profile-coverage-mapping -profile-generate -enable-testing -suppress-warnings -index-store-path /Users/admin/builder/spi-builder-workspace/.derivedData/Index.noindex/DataStore -Xcc -D_LIBCPP_HARDENING_MODE\=_LIBCPP_HARDENING_MODE_DEBUG -swift-version 5 -I /Users/admin/builder/spi-builder-workspace/.derivedData/Build/Products/Debug-watchos -Isystem /Applications/Xcode-27.0.0-Release.Candidate.app/Contents/Developer/Platforms/WatchOS.platform/Developer/usr/lib -F /Users/admin/builder/spi-builder-workspace/.derivedData/Build/Products/Debug-watchos -F /Applications/Xcode-27.0.0-Release.Candidate.app/Contents/Developer/Platforms/WatchOS.platform/Developer/Library/Frameworks -F /Applications/Xcode-27.0.0-Release.Candidate.app/Contents/Developer/Platforms/WatchOS.platform/Developer/SDKs/WatchOS27.0.sdk/Developer/Library/Frameworks -c -j10 -enable-batch-mode -incremental -Xcc -ivfsstatcache -Xcc /Users/admin/builder/spi-builder-workspace/.derivedData/SDKStatCaches.noindex/watchos27.0-24R360-e829b21a6f8c9b70876ba0858053c04477534ef55a1706bf4c1112bbb242f0a2.sdkstatcache -output-file-map /Users/admin/builder/spi-builder-workspace/.derivedData/Build/Intermediates.noindex/TIMEncryptedStorage.build/Debug-watchos/TIMEncryptedStorage-t.build/Objects-normal/arm64_32/TIMEncryptedStorage-OutputFileMap.json -save-temps -no-color-diagnostics -explicit-module-build -module-cache-path /Users/admin/builder/spi-builder-workspace/.derivedData/Build/Intermediates.noindex/SwiftExplicitPrecompiledModules -clang-scanner-module-cache-path /Users/admin/builder/spi-builder-workspace/.derivedData/ModuleCache.noindex -sdk-module-cache-path /Users/admin/builder/spi-builder-workspace/.derivedData/SDKExplicitPrecompiledModules -emit-dependencies -emit-module -emit-module-path /Users/admin/builder/spi-builder-workspace/.derivedData/Build/Intermediates.noindex/TIMEncryptedStorage.build/Debug-watchos/TIMEncryptedStorage-t.build/Objects-normal/arm64_32/TIMEncryptedStorage.swiftmodule -serialize-diagnostics -dependency-scan-serialize-diagnostics-path /Users/admin/builder/spi-builder-workspace/.derivedData/Build/Intermediates.noindex/TIMEncryptedStorage.build/Debug-watchos/TIMEncryptedStorage-t.build/Objects-normal/arm64_32/TIMEncryptedStorage-dependency-scan.dia -validate-clang-modules-once -clang-build-session-file /Users/admin/builder/spi-builder-workspace/.derivedData/ModuleCache.noindex/Session.modulevalidation -Xcc -fmodules-prune-interval\=86400 -Xcc -fmodules-prune-after\=345600 -emit-const-values -const-gather-protocols-list /Users/admin/builder/spi-builder-workspace/.derivedData/Build/Intermediates.noindex/TIMEncryptedStorage.build/Debug-watchos/TIMEncryptedStorage-t.build/Objects-normal/arm64_32/TIMEncryptedStorage_const_extract_protocols.json -Xcc -I/Users/admin/builder/spi-builder-workspace/.derivedData/Build/Products/Debug-watchos/include -Xcc -I/Users/admin/builder/spi-builder-workspace/.derivedData/Build/Intermediates.noindex/TIMEncryptedStorage.build/Debug-watchos/TIMEncryptedStorage-t.build/DerivedSources-normal/arm64_32 -Xcc -I/Users/admin/builder/spi-builder-workspace/.derivedData/Build/Intermediates.noindex/TIMEncryptedStorage.build/Debug-watchos/TIMEncryptedStorage-t.build/DerivedSources/arm64_32 -Xcc -I/Users/admin/builder/spi-builder-workspace/.derivedData/Build/Intermediates.noindex/TIMEncryptedStorage.build/Debug-watchos/TIMEncryptedStorage-t.build/DerivedSources -Xcc -DSWIFT_PACKAGE -Xcc -DDEBUG\=1 -emit-objc-header -emit-objc-header-path /Users/admin/builder/spi-builder-workspace/.derivedData/Build/Intermediates.noindex/TIMEncryptedStorage.build/Debug-watchos/TIMEncryptedStorage-t.build/Objects-normal/arm64_32/TIMEncryptedStorage-Swift.h -working-directory /Users/admin/builder/spi-builder-workspace/.swiftpm/xcode -experimental-emit-module-separately -disable-cmo
Ld /Users/admin/builder/spi-builder-workspace/.derivedData/Build/Intermediates.noindex/TIMEncryptedStorage.build/Debug-watchos/TIMEncryptedStorage-t.build/Objects-normal/arm64_32/Binary/TIMEncryptedStorage.o normal arm64_32 (in target 'TIMEncryptedStorage' from project 'TIMEncryptedStorage')
cd /Users/admin/builder/spi-builder-workspace/.dependencies/checkouts/TIMEncryptedStorage-iOS
/Applications/Xcode-27.0.0-Release.Candidate.app/Contents/Developer/Toolchains/XcodeDefault.xctoolchain/usr/bin/clang -Xlinker -reproducible -target arm64_32-apple-watchos9.0 -r -isysroot /Applications/Xcode-27.0.0-Release.Candidate.app/Contents/Developer/Platforms/WatchOS.platform/Developer/SDKs/WatchOS27.0.sdk -O0 -w -Xlinker -no_warn_duplicate_libraries -F/Users/admin/builder/spi-builder-workspace/.derivedData/Build/Intermediates.noindex/EagerLinkingTBDs/Debug-watchos -F/Users/admin/builder/spi-builder-workspace/.derivedData/Build/Products/Debug-watchos -iframework /Applications/Xcode-27.0.0-Release.Candidate.app/Contents/Developer/Platforms/WatchOS.platform/Developer/Library/Frameworks -iframework /Applications/Xcode-27.0.0-Release.Candidate.app/Contents/Developer/Platforms/WatchOS.platform/Developer/SDKs/WatchOS27.0.sdk/Developer/Library/Frameworks -filelist /Users/admin/builder/spi-builder-workspace/.derivedData/Build/Intermediates.noindex/TIMEncryptedStorage.build/Debug-watchos/TIMEncryptedStorage-t.build/Objects-normal/arm64_32/TIMEncryptedStorage.LinkFileList -nostdlib -Xlinker -object_path_lto -Xlinker /Users/admin/builder/spi-builder-workspace/.derivedData/Build/Intermediates.noindex/TIMEncryptedStorage.build/Debug-watchos/TIMEncryptedStorage-t.build/Objects-normal/arm64_32/TIMEncryptedStorage_lto.o -Xlinker -no_deduplicate -Xlinker -debug_variant -Xlinker -dependency_info -Xlinker /Users/admin/builder/spi-builder-workspace/.derivedData/Build/Intermediates.noindex/TIMEncryptedStorage.build/Debug-watchos/TIMEncryptedStorage-t.build/Objects-normal/arm64_32/TIMEncryptedStorage_dependency_info.dat -fobjc-link-runtime -L/Applications/Xcode-27.0.0-Release.Candidate.app/Contents/Developer/Toolchains/XcodeDefault.xctoolchain/usr/lib/swift/watchos -L/usr/lib/swift -Xlinker -add_ast_path -Xlinker /Users/admin/builder/spi-builder-workspace/.derivedData/Build/Intermediates.noindex/TIMEncryptedStorage.build/Debug-watchos/TIMEncryptedStorage-t.build/Objects-normal/arm64_32/TIMEncryptedStorage.swiftmodule -o /Users/admin/builder/spi-builder-workspace/.derivedData/Build/Intermediates.noindex/TIMEncryptedStorage.build/Debug-watchos/TIMEncryptedStorage-t.build/Objects-normal/arm64_32/Binary/TIMEncryptedStorage.o
CreateUniversalBinary /Users/admin/builder/spi-builder-workspace/.derivedData/Build/Products/Debug-watchos/TIMEncryptedStorage.o normal arm64\ arm64_32 (in target 'TIMEncryptedStorage' from project 'TIMEncryptedStorage')
cd /Users/admin/builder/spi-builder-workspace/.dependencies/checkouts/TIMEncryptedStorage-iOS
/Applications/Xcode-27.0.0-Release.Candidate.app/Contents/Developer/Toolchains/XcodeDefault.xctoolchain/usr/bin/lipo -create /Users/admin/builder/spi-builder-workspace/.derivedData/Build/Intermediates.noindex/TIMEncryptedStorage.build/Debug-watchos/TIMEncryptedStorage-t.build/Objects-normal/arm64/Binary/TIMEncryptedStorage.o /Users/admin/builder/spi-builder-workspace/.derivedData/Build/Intermediates.noindex/TIMEncryptedStorage.build/Debug-watchos/TIMEncryptedStorage-t.build/Objects-normal/arm64_32/Binary/TIMEncryptedStorage.o -output /Users/admin/builder/spi-builder-workspace/.derivedData/Build/Products/Debug-watchos/TIMEncryptedStorage.o
ExtractAppIntentsMetadata (in target 'TIMEncryptedStorage' from project 'TIMEncryptedStorage')
cd /Users/admin/builder/spi-builder-workspace/.dependencies/checkouts/TIMEncryptedStorage-iOS
/Applications/Xcode-27.0.0-Release.Candidate.app/Contents/Developer/Toolchains/XcodeDefault.xctoolchain/usr/bin/appintentsmetadataprocessor --toolchain-dir /var/run/com.apple.security.cryptexd/mnt/com.apple.MobileAsset.MetalToolchain-v27.1.266.1.CbxrCL/Metal.xctoolchain --module-name TIMEncryptedStorage --sdk-root /Applications/Xcode-27.0.0-Release.Candidate.app/Contents/Developer/Platforms/WatchOS.platform/Developer/SDKs/WatchOS27.0.sdk --xcode-version 27A266a --platform-family watchOS --deployment-target 9.0 --bundle-identifier timencryptedstorage-ios.TIMEncryptedStorage --output /Users/admin/builder/spi-builder-workspace/.derivedData/Build/Products/Debug-watchos/TIMEncryptedStorage.appintents --target-triple arm64-apple-watchos9.0 --target-triple arm64_32-apple-watchos9.0 --binary-file /Users/admin/builder/spi-builder-workspace/.derivedData/Build/Products/Debug-watchos/TIMEncryptedStorage.o --dependency-file /Users/admin/builder/spi-builder-workspace/.derivedData/Build/Intermediates.noindex/TIMEncryptedStorage.build/Debug-watchos/TIMEncryptedStorage-t.build/Objects-normal/arm64/TIMEncryptedStorage_dependency_info.dat --dependency-file /Users/admin/builder/spi-builder-workspace/.derivedData/Build/Intermediates.noindex/TIMEncryptedStorage.build/Debug-watchos/TIMEncryptedStorage-t.build/Objects-normal/arm64_32/TIMEncryptedStorage_dependency_info.dat --stringsdata-file /Users/admin/builder/spi-builder-workspace/.derivedData/Build/Intermediates.noindex/TIMEncryptedStorage.build/Debug-watchos/TIMEncryptedStorage-t.build/Objects-normal/arm64/ExtractedAppShortcutsMetadata.stringsdata --stringsdata-file /Users/admin/builder/spi-builder-workspace/.derivedData/Build/Intermediates.noindex/TIMEncryptedStorage.build/Debug-watchos/TIMEncryptedStorage-t.build/Objects-normal/arm64_32/ExtractedAppShortcutsMetadata.stringsdata --source-file-list /Users/admin/builder/spi-builder-workspace/.derivedData/Build/Intermediates.noindex/TIMEncryptedStorage.build/Debug-watchos/TIMEncryptedStorage-t.build/Objects-normal/arm64/TIMEncryptedStorage.SwiftFileList --source-file-list /Users/admin/builder/spi-builder-workspace/.derivedData/Build/Intermediates.noindex/TIMEncryptedStorage.build/Debug-watchos/TIMEncryptedStorage-t.build/Objects-normal/arm64_32/TIMEncryptedStorage.SwiftFileList --metadata-file-list /Users/admin/builder/spi-builder-workspace/.derivedData/Build/Intermediates.noindex/TIMEncryptedStorage.build/Debug-watchos/TIMEncryptedStorage-t.build/TIMEncryptedStorage.DependencyMetadataFileList --static-metadata-file-list /Users/admin/builder/spi-builder-workspace/.derivedData/Build/Intermediates.noindex/TIMEncryptedStorage.build/Debug-watchos/TIMEncryptedStorage-t.build/TIMEncryptedStorage.DependencyStaticMetadataFileList --swift-const-vals-list /Users/admin/builder/spi-builder-workspace/.derivedData/Build/Intermediates.noindex/TIMEncryptedStorage.build/Debug-watchos/TIMEncryptedStorage-t.build/Objects-normal/arm64/TIMEncryptedStorage.SwiftConstValuesFileList --swift-const-vals-list /Users/admin/builder/spi-builder-workspace/.derivedData/Build/Intermediates.noindex/TIMEncryptedStorage.build/Debug-watchos/TIMEncryptedStorage-t.build/Objects-normal/arm64_32/TIMEncryptedStorage.SwiftConstValuesFileList --force --compile-time-extraction --deployment-aware-processing --no-app-shortcuts-localization
2026-09-21 10:22:41.982 appintentsmetadataprocessor[976:5586] Starting appintentsmetadataprocessor export
2026-09-21 10:22:42.073 appintentsmetadataprocessor[976:5586] Extracted no relevant App Intents symbols, skipping writing output
PruneExplicitPrecompiledModules /Users/admin/builder/spi-builder-workspace/.derivedData/Build/Intermediates.noindex/ExplicitPrecompiledModules
PruneExplicitPrecompiledModules /Users/admin/builder/spi-builder-workspace/.derivedData/Build/Intermediates.noindex/SwiftExplicitPrecompiledModules
PruneExplicitPrecompiledModules /Users/admin/builder/spi-builder-workspace/.derivedData/SDKExplicitPrecompiledModules
2026-09-21 10:22:33.238 xcodebuild[724:4574] [MT] IDERunDestination: Supported platforms for the buildables in the current scheme is empty.
2026-09-21 10:22:33.381 xcodebuild[724:4574] [MT] IDERunDestination: Supported platforms for the buildables in the current scheme is empty.
** BUILD FAILED **
The following build commands failed:
SwiftDriver TIM normal arm64_32 com.apple.xcode.tools.swift.compiler (in target 'TIM' from project 'TIM')
SwiftDriver TIM normal arm64 com.apple.xcode.tools.swift.compiler (in target 'TIM' from project 'TIM')
Building workspace TIM with scheme TIM
(3 failures)
Command line invocation:
/Applications/Xcode-27.0.0-Release.Candidate.app/Contents/Developer/usr/bin/xcodebuild -IDEClonedSourcePackagesDirPathOverride=/Users/admin/builder/spi-builder-workspace/.dependencies -resolvePackageDependencies
Resolve Package Graph
Resolved source packages:
TIM: /Users/admin/builder/spi-builder-workspace
AppAuth: https://github.com/openid/AppAuth-iOS @ 1.7.6
TIMEncryptedStorage: https://github.com/trifork/TIMEncryptedStorage-iOS @ 2.2.3
resolved source packages: TIM, AppAuth, TIMEncryptedStorage
2026-09-21 10:22:43.092 xcodebuild[977:5616] [MT] IDERunDestination: Supported platforms for the buildables in the current scheme is empty.
2026-09-21 10:22:43.197 xcodebuild[977:5616] [MT] IDERunDestination: Supported platforms for the buildables in the current scheme is empty.
{
"dependencies" : [
{
"identity" : "appauth-ios",
"requirement" : {
"exact" : [
"1.7.6"
]
},
"type" : "sourceControl",
"url" : "https://github.com/openid/AppAuth-iOS"
},
{
"identity" : "timencryptedstorage-ios",
"requirement" : {
"exact" : [
"2.2.3"
]
},
"type" : "sourceControl",
"url" : "https://github.com/trifork/TIMEncryptedStorage-iOS"
}
],
"manifest_display_name" : "TIM",
"name" : "TIM",
"path" : "/Users/admin/builder/spi-builder-workspace",
"platforms" : [
{
"name" : "ios",
"version" : "9.0"
}
],
"products" : [
{
"name" : "TIM",
"targets" : [
"TIM"
],
"type" : {
"library" : [
"automatic"
]
}
}
],
"targets" : [
{
"c99name" : "TIMTests",
"module_type" : "SwiftTarget",
"name" : "TIMTests",
"path" : "Tests/TIMTests",
"sources" : [
"AppAuthControllerTests.swift",
"DataConvertableTests.swift",
"JWTExtensionTests.swift",
"TIMAppBackgroundMonitorDefaultTests.swift",
"TIMAuthDefaultTests.swift",
"TIMConfigurationTests.swift",
"TIMStorageDefaultTests.swift",
"TIMStorageErrorTests.swift",
"TIMTests.swift"
],
"target_dependencies" : [
"TIM"
],
"type" : "test"
},
{
"c99name" : "TIM",
"module_type" : "SwiftTarget",
"name" : "TIM",
"path" : "Sources/TIM",
"product_dependencies" : [
"AppAuth",
"TIMEncryptedStorage"
],
"product_memberships" : [
"TIM"
],
"sources" : [
"AppAuth/AppAuthController.swift",
"AppAuth/AppAuthControllerMock.swift",
"AppAuth/AuthASWebAuthenticationSession.swift",
"AppAuth/AuthSFController.swift",
"Extensions/JWT+Extensions.swift",
"Extensions/String+DataConvertable.swift",
"Extensions/TimeInterval+DataConvertable.swift",
"Helpers/JWTDecoder.swift",
"Helpers/TIMLogger.swift",
"Models/Errors.swift",
"Models/TIMCallbackModels.swift",
"Models/TIMConfiguration.swift",
"Models/TIMOpenIDConfiguration.swift",
"Protocols/TIMAppBackgroundMonitor.swift",
"Protocols/TIMAuth.swift",
"Protocols/TIMDataStorage.swift",
"TIM.swift",
"TIMInternal/TIMAppBackgroundMonitorDefault.swift",
"TIMInternal/TIMAuthDefault.swift",
"TIMInternal/TIMDataStorageDefault.swift"
],
"type" : "library"
}
],
"tools_version" : "5.3"
}
{
"workspace" : {
"name" : "TIM",
"schemes" : [
"TIM",
"TIMEncryptedStorage"
]
}
}
2026-09-21 10:22:44.380 xcodebuild[985:5683] [MT] IDERunDestination: Supported platforms for the buildables in the current scheme is empty.
2026-09-21 10:22:44.483 xcodebuild[985:5683] [MT] IDERunDestination: Supported platforms for the buildables in the current scheme is empty.
{
"workspace" : {
"name" : "TIM",
"schemes" : [
"TIM",
"TIMEncryptedStorage"
]
}
}
2026-09-21 10:22:45.418 xcodebuild[987:5713] [MT] IDERunDestination: Supported platforms for the buildables in the current scheme is empty.
2026-09-21 10:22:45.523 xcodebuild[987:5713] [MT] IDERunDestination: Supported platforms for the buildables in the current scheme is empty.
Running build ...
env DEVELOPER_DIR=/Applications/Xcode-27.0.0-Release.Candidate.app xcrun xcodebuild -IDEClonedSourcePackagesDirPathOverride=$PWD/.dependencies -skipMacroValidation -skipPackagePluginValidation -derivedDataPath $PWD/.derivedData build -scheme TIM -destination generic/platform=watchOS
Command line invocation:
/Applications/Xcode-27.0.0-Release.Candidate.app/Contents/Developer/usr/bin/xcodebuild -IDEClonedSourcePackagesDirPathOverride=/Users/admin/builder/spi-builder-workspace/.dependencies -skipMacroValidation -skipPackagePluginValidation -derivedDataPath /Users/admin/builder/spi-builder-workspace/.derivedData build -scheme TIM -destination generic/platform=watchOS
Resolve Package Graph
Resolved source packages:
TIMEncryptedStorage: https://github.com/trifork/TIMEncryptedStorage-iOS @ 2.2.3
TIM: /Users/admin/builder/spi-builder-workspace
AppAuth: https://github.com/openid/AppAuth-iOS @ 1.7.6
ComputePackagePrebuildTargetDependencyGraph
Prepare packages
CreateBuildRequest
SendProjectDescription
CreateBuildOperation
ComputeTargetDependencyGraph
note: Building targets in dependency order
note: Target dependency graph (10 targets)
Target 'TIMTests-product' in project 'TIM'
➜ Explicit dependency on target 'TIM' in project 'TIM'
➜ Explicit dependency on target 'AppAuth-product' in project 'AppAuth'
➜ Explicit dependency on target 'TIMEncryptedStorage-product' in project 'TIMEncryptedStorage'
Target 'TIM-product' in project 'TIM'
➜ Explicit dependency on target 'TIM' in project 'TIM'
➜ Explicit dependency on target 'AppAuth-product' in project 'AppAuth'
➜ Explicit dependency on target 'TIMEncryptedStorage-product' in project 'TIMEncryptedStorage'
Target 'TIM' in project 'TIM'
➜ Explicit dependency on target 'AppAuth-product' in project 'AppAuth'
➜ Explicit dependency on target 'TIMEncryptedStorage-product' in project 'TIMEncryptedStorage'
Target 'TIMEncryptedStorage-product' in project 'TIMEncryptedStorage'
➜ Explicit dependency on target 'TIMEncryptedStorage' in project 'TIMEncryptedStorage'
Target 'TIMEncryptedStorage' in project 'TIMEncryptedStorage' (no dependencies)
Target 'AppAuth-product' in project 'AppAuth'
➜ Explicit dependency on target 'AppAuth' in project 'AppAuth'
➜ Explicit dependency on target 'AppAuth_AppAuth' in project 'AppAuth'
➜ Explicit dependency on target 'AppAuthCore' in project 'AppAuth'
Target 'AppAuth' in project 'AppAuth'
➜ Explicit dependency on target 'AppAuth_AppAuth' in project 'AppAuth'
➜ Explicit dependency on target 'AppAuthCore' in project 'AppAuth'
Target 'AppAuthCore' in project 'AppAuth'
➜ Explicit dependency on target 'AppAuth_AppAuthCore' in project 'AppAuth'
Target 'AppAuth_AppAuthCore' in project 'AppAuth' (no dependencies)
Target 'AppAuth_AppAuth' in project 'AppAuth' (no dependencies)
GatherProvisioningInputs
CreateBuildDescription
ClangStatCache /Applications/Xcode-27.0.0-Release.Candidate.app/Contents/Developer/Toolchains/XcodeDefault.xctoolchain/usr/bin/clang-stat-cache /Applications/Xcode-27.0.0-Release.Candidate.app/Contents/Developer/Platforms/WatchOS.platform/Developer/SDKs/WatchOS27.0.sdk /Users/admin/builder/spi-builder-workspace/.derivedData/SDKStatCaches.noindex/watchos27.0-24R360-e829b21a6f8c9b70876ba0858053c04477534ef55a1706bf4c1112bbb242f0a2.sdkstatcache
cd /Users/admin/builder/spi-builder-workspace/.swiftpm/xcode
/Applications/Xcode-27.0.0-Release.Candidate.app/Contents/Developer/Toolchains/XcodeDefault.xctoolchain/usr/bin/clang-stat-cache /Applications/Xcode-27.0.0-Release.Candidate.app/Contents/Developer/Platforms/WatchOS.platform/Developer/SDKs/WatchOS27.0.sdk -o /Users/admin/builder/spi-builder-workspace/.derivedData/SDKStatCaches.noindex/watchos27.0-24R360-e829b21a6f8c9b70876ba0858053c04477534ef55a1706bf4c1112bbb242f0a2.sdkstatcache
SwiftDriver TIM normal arm64 com.apple.xcode.tools.swift.compiler (in target 'TIM' from project 'TIM')
cd /Users/admin/builder/spi-builder-workspace/.swiftpm/xcode
builtin-SwiftDriver -- /Applications/Xcode-27.0.0-Release.Candidate.app/Contents/Developer/Toolchains/XcodeDefault.xctoolchain/usr/bin/swiftc -parse-as-library -module-name TIM -Onone @/Users/admin/builder/spi-builder-workspace/.derivedData/Build/Intermediates.noindex/TIM.build/Debug-watchos/TIM-t.build/Objects-normal/arm64/TIM.SwiftFileList -DSWIFT_PACKAGE -DDEBUG -DSWIFT_MODULE_RESOURCE_BUNDLE_UNAVAILABLE -Xcc -fmodule-map-file\=/Users/admin/builder/spi-builder-workspace/.derivedData/Build/Intermediates.noindex/GeneratedModuleMaps-watchos/AppAuthCore.modulemap -Xcc -fmodule-map-file\=/Users/admin/builder/spi-builder-workspace/.derivedData/Build/Intermediates.noindex/GeneratedModuleMaps-watchos/AppAuth.modulemap -DXcode -plugin-path /Applications/Xcode-27.0.0-Release.Candidate.app/Contents/Developer/Toolchains/XcodeDefault.xctoolchain/usr/lib/swift/host/plugins/testing -enable-experimental-feature DebugDescriptionMacro -sdk /Applications/Xcode-27.0.0-Release.Candidate.app/Contents/Developer/Platforms/WatchOS.platform/Developer/SDKs/WatchOS27.0.sdk -target arm64-apple-watchos9.0 -g -module-cache-path /Users/admin/builder/spi-builder-workspace/.derivedData/ModuleCache.noindex -Xfrontend -serialize-debugging-options -profile-coverage-mapping -profile-generate -enable-testing -index-store-path /Users/admin/builder/spi-builder-workspace/.derivedData/Index.noindex/DataStore -Xcc -D_LIBCPP_HARDENING_MODE\=_LIBCPP_HARDENING_MODE_DEBUG -swift-version 5 -I /Users/admin/builder/spi-builder-workspace/.derivedData/Build/Products/Debug-watchos -Isystem /Applications/Xcode-27.0.0-Release.Candidate.app/Contents/Developer/Platforms/WatchOS.platform/Developer/usr/lib -F /Users/admin/builder/spi-builder-workspace/.derivedData/Build/Products/Debug-watchos/PackageFrameworks -F /Users/admin/builder/spi-builder-workspace/.derivedData/Build/Products/Debug-watchos -F /Applications/Xcode-27.0.0-Release.Candidate.app/Contents/Developer/Platforms/WatchOS.platform/Developer/Library/Frameworks -F /Applications/Xcode-27.0.0-Release.Candidate.app/Contents/Developer/Platforms/WatchOS.platform/Developer/SDKs/WatchOS27.0.sdk/Developer/Library/Frameworks -c -j10 -enable-batch-mode -incremental -Xcc -ivfsstatcache -Xcc /Users/admin/builder/spi-builder-workspace/.derivedData/SDKStatCaches.noindex/watchos27.0-24R360-e829b21a6f8c9b70876ba0858053c04477534ef55a1706bf4c1112bbb242f0a2.sdkstatcache -output-file-map /Users/admin/builder/spi-builder-workspace/.derivedData/Build/Intermediates.noindex/TIM.build/Debug-watchos/TIM-t.build/Objects-normal/arm64/TIM-OutputFileMap.json -save-temps -no-color-diagnostics -explicit-module-build -module-cache-path /Users/admin/builder/spi-builder-workspace/.derivedData/Build/Intermediates.noindex/SwiftExplicitPrecompiledModules -clang-scanner-module-cache-path /Users/admin/builder/spi-builder-workspace/.derivedData/ModuleCache.noindex -sdk-module-cache-path /Users/admin/builder/spi-builder-workspace/.derivedData/SDKExplicitPrecompiledModules -emit-dependencies -emit-module -emit-module-path /Users/admin/builder/spi-builder-workspace/.derivedData/Build/Intermediates.noindex/TIM.build/Debug-watchos/TIM-t.build/Objects-normal/arm64/TIM.swiftmodule -serialize-diagnostics -dependency-scan-serialize-diagnostics-path /Users/admin/builder/spi-builder-workspace/.derivedData/Build/Intermediates.noindex/TIM.build/Debug-watchos/TIM-t.build/Objects-normal/arm64/TIM-dependency-scan.dia -validate-clang-modules-once -clang-build-session-file /Users/admin/builder/spi-builder-workspace/.derivedData/ModuleCache.noindex/Session.modulevalidation -Xcc -fmodules-prune-interval\=86400 -Xcc -fmodules-prune-after\=345600 -emit-const-values -const-gather-protocols-list /Users/admin/builder/spi-builder-workspace/.derivedData/Build/Intermediates.noindex/TIM.build/Debug-watchos/TIM-t.build/Objects-normal/arm64/TIM_const_extract_protocols.json -Xcc -I/Users/admin/builder/spi-builder-workspace/.dependencies/checkouts/AppAuth-iOS/Sources/AppAuthCore -Xcc -I/Users/admin/builder/spi-builder-workspace/.dependencies/checkouts/AppAuth-iOS/Sources/AppAuth -Xcc -I/Users/admin/builder/spi-builder-workspace/.derivedData/Build/Products/Debug-watchos/include -Xcc -I/Users/admin/builder/spi-builder-workspace/.derivedData/Build/Intermediates.noindex/TIM.build/Debug-watchos/TIM-t.build/DerivedSources-normal/arm64 -Xcc -I/Users/admin/builder/spi-builder-workspace/.derivedData/Build/Intermediates.noindex/TIM.build/Debug-watchos/TIM-t.build/DerivedSources/arm64 -Xcc -I/Users/admin/builder/spi-builder-workspace/.derivedData/Build/Intermediates.noindex/TIM.build/Debug-watchos/TIM-t.build/DerivedSources -Xcc -DSWIFT_PACKAGE -Xcc -DDEBUG\=1 -emit-objc-header -emit-objc-header-path /Users/admin/builder/spi-builder-workspace/.derivedData/Build/Intermediates.noindex/TIM.build/Debug-watchos/TIM-t.build/Objects-normal/arm64/TIM-Swift.h -working-directory /Users/admin/builder/spi-builder-workspace/.swiftpm/xcode -experimental-emit-module-separately -disable-cmo
/Users/admin/builder/spi-builder-workspace/Sources/TIM/TIMInternal/TIMAppBackgroundMonitorDefault.swift:4:12: warning: Extraneous whitespace between attribute name and '('; this is an error in the Swift 6 language mode (in target 'TIM' from project 'TIM')
/Users/admin/builder/spi-builder-workspace/Sources/TIM/TIMInternal/TIMAppBackgroundMonitorDefault.swift:5:12: warning: Extraneous whitespace between attribute name and '('; this is an error in the Swift 6 language mode (in target 'TIM' from project 'TIM')
/Users/admin/builder/spi-builder-workspace/Sources/TIM/AppAuth/AppAuthController.swift:3:8: error: Unable to resolve module dependency: 'SafariServices' (in target 'TIM' from project 'TIM')
note: A dependency of main module 'TIM'
/Users/admin/builder/spi-builder-workspace/Sources/TIM/AppAuth/AppAuthControllerMock.swift:2:8: note: Also imported here
/Users/admin/builder/spi-builder-workspace/Sources/TIM/AppAuth/AuthSFController.swift:2:8: note: Also imported here
/Users/admin/builder/spi-builder-workspace/Sources/TIM/AppAuth/AppAuthController.swift:3:8: note: A dependency of main module 'TIM'
import SafariServices
^ (in target 'TIM' from project 'TIM')
/Users/admin/builder/spi-builder-workspace/Sources/TIM/AppAuth/AppAuthControllerMock.swift:2:8: note: Also imported here
import SafariServices
^ (in target 'TIM' from project 'TIM')
/Users/admin/builder/spi-builder-workspace/Sources/TIM/AppAuth/AuthSFController.swift:2:8: note: Also imported here
import SafariServices
^ (in target 'TIM' from project 'TIM')
SwiftDriver TIM normal arm64_32 com.apple.xcode.tools.swift.compiler (in target 'TIM' from project 'TIM')
cd /Users/admin/builder/spi-builder-workspace/.swiftpm/xcode
builtin-SwiftDriver -- /Applications/Xcode-27.0.0-Release.Candidate.app/Contents/Developer/Toolchains/XcodeDefault.xctoolchain/usr/bin/swiftc -parse-as-library -module-name TIM -Onone @/Users/admin/builder/spi-builder-workspace/.derivedData/Build/Intermediates.noindex/TIM.build/Debug-watchos/TIM-t.build/Objects-normal/arm64_32/TIM.SwiftFileList -DSWIFT_PACKAGE -DDEBUG -DSWIFT_MODULE_RESOURCE_BUNDLE_UNAVAILABLE -Xcc -fmodule-map-file\=/Users/admin/builder/spi-builder-workspace/.derivedData/Build/Intermediates.noindex/GeneratedModuleMaps-watchos/AppAuthCore.modulemap -Xcc -fmodule-map-file\=/Users/admin/builder/spi-builder-workspace/.derivedData/Build/Intermediates.noindex/GeneratedModuleMaps-watchos/AppAuth.modulemap -DXcode -plugin-path /Applications/Xcode-27.0.0-Release.Candidate.app/Contents/Developer/Toolchains/XcodeDefault.xctoolchain/usr/lib/swift/host/plugins/testing -enable-experimental-feature DebugDescriptionMacro -sdk /Applications/Xcode-27.0.0-Release.Candidate.app/Contents/Developer/Platforms/WatchOS.platform/Developer/SDKs/WatchOS27.0.sdk -target arm64_32-apple-watchos9.0 -g -module-cache-path /Users/admin/builder/spi-builder-workspace/.derivedData/ModuleCache.noindex -Xfrontend -serialize-debugging-options -profile-coverage-mapping -profile-generate -enable-testing -index-store-path /Users/admin/builder/spi-builder-workspace/.derivedData/Index.noindex/DataStore -Xcc -D_LIBCPP_HARDENING_MODE\=_LIBCPP_HARDENING_MODE_DEBUG -swift-version 5 -I /Users/admin/builder/spi-builder-workspace/.derivedData/Build/Products/Debug-watchos -Isystem /Applications/Xcode-27.0.0-Release.Candidate.app/Contents/Developer/Platforms/WatchOS.platform/Developer/usr/lib -F /Users/admin/builder/spi-builder-workspace/.derivedData/Build/Products/Debug-watchos/PackageFrameworks -F /Users/admin/builder/spi-builder-workspace/.derivedData/Build/Products/Debug-watchos -F /Applications/Xcode-27.0.0-Release.Candidate.app/Contents/Developer/Platforms/WatchOS.platform/Developer/Library/Frameworks -F /Applications/Xcode-27.0.0-Release.Candidate.app/Contents/Developer/Platforms/WatchOS.platform/Developer/SDKs/WatchOS27.0.sdk/Developer/Library/Frameworks -c -j10 -enable-batch-mode -incremental -Xcc -ivfsstatcache -Xcc /Users/admin/builder/spi-builder-workspace/.derivedData/SDKStatCaches.noindex/watchos27.0-24R360-e829b21a6f8c9b70876ba0858053c04477534ef55a1706bf4c1112bbb242f0a2.sdkstatcache -output-file-map /Users/admin/builder/spi-builder-workspace/.derivedData/Build/Intermediates.noindex/TIM.build/Debug-watchos/TIM-t.build/Objects-normal/arm64_32/TIM-OutputFileMap.json -save-temps -no-color-diagnostics -explicit-module-build -module-cache-path /Users/admin/builder/spi-builder-workspace/.derivedData/Build/Intermediates.noindex/SwiftExplicitPrecompiledModules -clang-scanner-module-cache-path /Users/admin/builder/spi-builder-workspace/.derivedData/ModuleCache.noindex -sdk-module-cache-path /Users/admin/builder/spi-builder-workspace/.derivedData/SDKExplicitPrecompiledModules -emit-dependencies -emit-module -emit-module-path /Users/admin/builder/spi-builder-workspace/.derivedData/Build/Intermediates.noindex/TIM.build/Debug-watchos/TIM-t.build/Objects-normal/arm64_32/TIM.swiftmodule -serialize-diagnostics -dependency-scan-serialize-diagnostics-path /Users/admin/builder/spi-builder-workspace/.derivedData/Build/Intermediates.noindex/TIM.build/Debug-watchos/TIM-t.build/Objects-normal/arm64_32/TIM-dependency-scan.dia -validate-clang-modules-once -clang-build-session-file /Users/admin/builder/spi-builder-workspace/.derivedData/ModuleCache.noindex/Session.modulevalidation -Xcc -fmodules-prune-interval\=86400 -Xcc -fmodules-prune-after\=345600 -emit-const-values -const-gather-protocols-list /Users/admin/builder/spi-builder-workspace/.derivedData/Build/Intermediates.noindex/TIM.build/Debug-watchos/TIM-t.build/Objects-normal/arm64_32/TIM_const_extract_protocols.json -Xcc -I/Users/admin/builder/spi-builder-workspace/.dependencies/checkouts/AppAuth-iOS/Sources/AppAuthCore -Xcc -I/Users/admin/builder/spi-builder-workspace/.dependencies/checkouts/AppAuth-iOS/Sources/AppAuth -Xcc -I/Users/admin/builder/spi-builder-workspace/.derivedData/Build/Products/Debug-watchos/include -Xcc -I/Users/admin/builder/spi-builder-workspace/.derivedData/Build/Intermediates.noindex/TIM.build/Debug-watchos/TIM-t.build/DerivedSources-normal/arm64_32 -Xcc -I/Users/admin/builder/spi-builder-workspace/.derivedData/Build/Intermediates.noindex/TIM.build/Debug-watchos/TIM-t.build/DerivedSources/arm64_32 -Xcc -I/Users/admin/builder/spi-builder-workspace/.derivedData/Build/Intermediates.noindex/TIM.build/Debug-watchos/TIM-t.build/DerivedSources -Xcc -DSWIFT_PACKAGE -Xcc -DDEBUG\=1 -emit-objc-header -emit-objc-header-path /Users/admin/builder/spi-builder-workspace/.derivedData/Build/Intermediates.noindex/TIM.build/Debug-watchos/TIM-t.build/Objects-normal/arm64_32/TIM-Swift.h -working-directory /Users/admin/builder/spi-builder-workspace/.swiftpm/xcode -experimental-emit-module-separately -disable-cmo
/Users/admin/builder/spi-builder-workspace/Sources/TIM/TIMInternal/TIMAppBackgroundMonitorDefault.swift:4:12: warning: Extraneous whitespace between attribute name and '('; this is an error in the Swift 6 language mode (in target 'TIM' from project 'TIM')
/Users/admin/builder/spi-builder-workspace/Sources/TIM/TIMInternal/TIMAppBackgroundMonitorDefault.swift:5:12: warning: Extraneous whitespace between attribute name and '('; this is an error in the Swift 6 language mode (in target 'TIM' from project 'TIM')
/Users/admin/builder/spi-builder-workspace/Sources/TIM/AppAuth/AppAuthController.swift:3:8: error: Unable to resolve module dependency: 'SafariServices' (in target 'TIM' from project 'TIM')
note: A dependency of main module 'TIM'
/Users/admin/builder/spi-builder-workspace/Sources/TIM/AppAuth/AppAuthControllerMock.swift:2:8: note: Also imported here
/Users/admin/builder/spi-builder-workspace/Sources/TIM/AppAuth/AuthSFController.swift:2:8: note: Also imported here
/Users/admin/builder/spi-builder-workspace/Sources/TIM/AppAuth/AppAuthController.swift:3:8: note: A dependency of main module 'TIM'
import SafariServices
^ (in target 'TIM' from project 'TIM')
/Users/admin/builder/spi-builder-workspace/Sources/TIM/AppAuth/AppAuthControllerMock.swift:2:8: note: Also imported here
import SafariServices
^ (in target 'TIM' from project 'TIM')
/Users/admin/builder/spi-builder-workspace/Sources/TIM/AppAuth/AuthSFController.swift:2:8: note: Also imported here
import SafariServices
^ (in target 'TIM' from project 'TIM')
PruneExplicitPrecompiledModules /Users/admin/builder/spi-builder-workspace/.derivedData/Build/Intermediates.noindex/ExplicitPrecompiledModules
PruneExplicitPrecompiledModules /Users/admin/builder/spi-builder-workspace/.derivedData/SDKExplicitPrecompiledModules
PruneExplicitPrecompiledModules /Users/admin/builder/spi-builder-workspace/.derivedData/Build/Intermediates.noindex/SwiftExplicitPrecompiledModules
2026-09-21 10:22:46.464 xcodebuild[988:5744] [MT] IDERunDestination: Supported platforms for the buildables in the current scheme is empty.
2026-09-21 10:22:46.565 xcodebuild[988:5744] [MT] IDERunDestination: Supported platforms for the buildables in the current scheme is empty.
** BUILD FAILED **
The following build commands failed:
SwiftDriver TIM normal arm64 com.apple.xcode.tools.swift.compiler (in target 'TIM' from project 'TIM')
SwiftDriver TIM normal arm64_32 com.apple.xcode.tools.swift.compiler (in target 'TIM' from project 'TIM')
Building workspace TIM with scheme TIM
(3 failures)
BUILD FAILURE 6.4 watchOS