The Swift Package Index logo.Swift Package Index

Build Information

Failed to build GCDWebServer, reference 3.5.7 (c2f837), with Swift 6.4 for watchOS using Xcode 27.0 on 21 Sep 2026 06:27:40 UTC.

Build Command

env DEVELOPER_DIR=/Applications/Xcode-27.0.0-Release.Candidate.app xcrun xcodebuild -IDEClonedSourcePackagesDirPathOverride=$PWD/.dependencies -skipMacroValidation -skipPackagePluginValidation -derivedDataPath $PWD/.derivedData build -scheme GCDWebServer -destination generic/platform=watchOS

Build Log

    cd /
    builtin-precompileModule /Users/admin/builder/spi-builder-workspace/.derivedData/Build/Intermediates.noindex/ExplicitPrecompiledModules/CoreFoundation-B0JJXX6PHAIBJDN3YT3OJH8H3.scan
PrecompileModule /Users/admin/builder/spi-builder-workspace/.derivedData/Build/Intermediates.noindex/ExplicitPrecompiledModules/CoreFoundation-6K489R49ZVRSEI9C12FKB0SFS.scan
    cd /
    builtin-precompileModule /Users/admin/builder/spi-builder-workspace/.derivedData/Build/Intermediates.noindex/ExplicitPrecompiledModules/CoreFoundation-6K489R49ZVRSEI9C12FKB0SFS.scan
PrecompileModule /Users/admin/builder/spi-builder-workspace/.derivedData/Build/Intermediates.noindex/ExplicitPrecompiledModules/Security-3T6G6U6DBIVYH54RTWBQ0CD0S.scan
    cd /
    builtin-precompileModule /Users/admin/builder/spi-builder-workspace/.derivedData/Build/Intermediates.noindex/ExplicitPrecompiledModules/Security-3T6G6U6DBIVYH54RTWBQ0CD0S.scan
PrecompileModule /Users/admin/builder/spi-builder-workspace/.derivedData/Build/Intermediates.noindex/ExplicitPrecompiledModules/CoreGraphics-44F9FWX17JKYHK58073VDYITA.scan
    cd /
    builtin-precompileModule /Users/admin/builder/spi-builder-workspace/.derivedData/Build/Intermediates.noindex/ExplicitPrecompiledModules/CoreGraphics-44F9FWX17JKYHK58073VDYITA.scan
PrecompileModule /Users/admin/builder/spi-builder-workspace/.derivedData/Build/Intermediates.noindex/ExplicitPrecompiledModules/CoreServices-99O9O7VZ8VIKN6GY96WJH9JZE.scan
    cd /
    builtin-precompileModule /Users/admin/builder/spi-builder-workspace/.derivedData/Build/Intermediates.noindex/ExplicitPrecompiledModules/CoreServices-99O9O7VZ8VIKN6GY96WJH9JZE.scan
PrecompileModule /Users/admin/builder/spi-builder-workspace/.derivedData/Build/Intermediates.noindex/ExplicitPrecompiledModules/CoreServices-BYPA2H7QJ9EDAZ6AYZQSWF082.scan
    cd /
    builtin-precompileModule /Users/admin/builder/spi-builder-workspace/.derivedData/Build/Intermediates.noindex/ExplicitPrecompiledModules/CoreServices-BYPA2H7QJ9EDAZ6AYZQSWF082.scan
PrecompileModule /Users/admin/builder/spi-builder-workspace/.derivedData/Build/Intermediates.noindex/ExplicitPrecompiledModules/CoreGraphics-8P91WAAOJPYAKDROX85GLC5K9.scan
    cd /
    builtin-precompileModule /Users/admin/builder/spi-builder-workspace/.derivedData/Build/Intermediates.noindex/ExplicitPrecompiledModules/CoreGraphics-8P91WAAOJPYAKDROX85GLC5K9.scan
PrecompileModule /Users/admin/builder/spi-builder-workspace/.derivedData/Build/Intermediates.noindex/ExplicitPrecompiledModules/Security-F2SDFAIBABKPZ3IOKIUGR6WM0.scan
    cd /
    builtin-precompileModule /Users/admin/builder/spi-builder-workspace/.derivedData/Build/Intermediates.noindex/ExplicitPrecompiledModules/Security-F2SDFAIBABKPZ3IOKIUGR6WM0.scan
PrecompileModule /Users/admin/builder/spi-builder-workspace/.derivedData/Build/Intermediates.noindex/ExplicitPrecompiledModules/MobileCoreServices-4MKDMRHIY4JBXJSQ97A6MKGPL.scan
    cd /
    builtin-precompileModule /Users/admin/builder/spi-builder-workspace/.derivedData/Build/Intermediates.noindex/ExplicitPrecompiledModules/MobileCoreServices-4MKDMRHIY4JBXJSQ97A6MKGPL.scan
PrecompileModule /Users/admin/builder/spi-builder-workspace/.derivedData/Build/Intermediates.noindex/ExplicitPrecompiledModules/MobileCoreServices-WCT0SP4636PRQ7FBD1PGTFBG.scan
    cd /
    builtin-precompileModule /Users/admin/builder/spi-builder-workspace/.derivedData/Build/Intermediates.noindex/ExplicitPrecompiledModules/MobileCoreServices-WCT0SP4636PRQ7FBD1PGTFBG.scan
PrecompileModule /Users/admin/builder/spi-builder-workspace/.derivedData/Build/Intermediates.noindex/ExplicitPrecompiledModules/Foundation-F2KBWX41FVCKIU807472SK297.scan
    cd /
    builtin-precompileModule /Users/admin/builder/spi-builder-workspace/.derivedData/Build/Intermediates.noindex/ExplicitPrecompiledModules/Foundation-F2KBWX41FVCKIU807472SK297.scan
PrecompileModule /Users/admin/builder/spi-builder-workspace/.derivedData/Build/Intermediates.noindex/ExplicitPrecompiledModules/Foundation-AKBJQLBJM3P9M8FZNUJ6Z21T.scan
    cd /
    builtin-precompileModule /Users/admin/builder/spi-builder-workspace/.derivedData/Build/Intermediates.noindex/ExplicitPrecompiledModules/Foundation-AKBJQLBJM3P9M8FZNUJ6Z21T.scan
PrecompileModule /Users/admin/builder/spi-builder-workspace/.derivedData/Build/Intermediates.noindex/ExplicitPrecompiledModules/CoreText-DV6F6JPJNY9MVFYIUK6B4YT6L.scan
    cd /
    builtin-precompileModule /Users/admin/builder/spi-builder-workspace/.derivedData/Build/Intermediates.noindex/ExplicitPrecompiledModules/CoreText-DV6F6JPJNY9MVFYIUK6B4YT6L.scan
PrecompileModule /Users/admin/builder/spi-builder-workspace/.derivedData/Build/Intermediates.noindex/ExplicitPrecompiledModules/CoreVideo-9S4LXQKCQA7NOCO1NDW3SXUUG.scan
    cd /
    builtin-precompileModule /Users/admin/builder/spi-builder-workspace/.derivedData/Build/Intermediates.noindex/ExplicitPrecompiledModules/CoreVideo-9S4LXQKCQA7NOCO1NDW3SXUUG.scan
PrecompileModule /Users/admin/builder/spi-builder-workspace/.derivedData/Build/Intermediates.noindex/ExplicitPrecompiledModules/CoreText-BX5QDCRM1F1UU10QKTJ19IOAB.scan
    cd /
    builtin-precompileModule /Users/admin/builder/spi-builder-workspace/.derivedData/Build/Intermediates.noindex/ExplicitPrecompiledModules/CoreText-BX5QDCRM1F1UU10QKTJ19IOAB.scan
PrecompileModule /Users/admin/builder/spi-builder-workspace/.derivedData/Build/Intermediates.noindex/ExplicitPrecompiledModules/CoreVideo-400YWXW10ZMHYC0HG511AZE8Q.scan
    cd /
    builtin-precompileModule /Users/admin/builder/spi-builder-workspace/.derivedData/Build/Intermediates.noindex/ExplicitPrecompiledModules/CoreVideo-400YWXW10ZMHYC0HG511AZE8Q.scan
PrecompileModule /Users/admin/builder/spi-builder-workspace/.derivedData/Build/Intermediates.noindex/ExplicitPrecompiledModules/UserNotifications-73059CVO3FHLCLU3ADEAX4G8X.scan
    cd /
    builtin-precompileModule /Users/admin/builder/spi-builder-workspace/.derivedData/Build/Intermediates.noindex/ExplicitPrecompiledModules/UserNotifications-73059CVO3FHLCLU3ADEAX4G8X.scan
PrecompileModule /Users/admin/builder/spi-builder-workspace/.derivedData/Build/Intermediates.noindex/ExplicitPrecompiledModules/UIUtilities-DJCBW46BL0MWEKP39WDR5XFGV.scan
    cd /
    builtin-precompileModule /Users/admin/builder/spi-builder-workspace/.derivedData/Build/Intermediates.noindex/ExplicitPrecompiledModules/UIUtilities-DJCBW46BL0MWEKP39WDR5XFGV.scan
CompileC /Users/admin/builder/spi-builder-workspace/.derivedData/Build/Intermediates.noindex/GCDWebServer.build/Debug-watchos/GCDWebServer-t.build/Objects-normal/arm64_32/GCDWebServerConnection.o /Users/admin/builder/spi-builder-workspace/Core/GCDWebServerConnection.m normal arm64_32 objective-c com.apple.compilers.llvm.clang.1_0.compiler (in target 'GCDWebServer' from project 'GCDWebServer')
    cd /Users/admin/builder/spi-builder-workspace/.swiftpm/xcode

    Using response file: /Users/admin/builder/spi-builder-workspace/.derivedData/Build/Intermediates.noindex/GCDWebServer.build/Debug-watchos/GCDWebServer-t.build/Objects-normal/arm64_32/e6072d4f65d7061329687fe24e3d63a7-common-args.resp

    /Applications/Xcode-27.0.0-Release.Candidate.app/Contents/Developer/Toolchains/XcodeDefault.xctoolchain/usr/bin/clang -x objective-c -ivfsstatcache /Users/admin/builder/spi-builder-workspace/.derivedData/SDKStatCaches.noindex/watchos27.0-24R360-e829b21a6f8c9b70876ba0858053c04477534ef55a1706bf4c1112bbb242f0a2.sdkstatcache -target arm64_32-apple-watchos9.0 -fmessage-length\=0 -fdiagnostics-show-note-include-stack -fmacro-backtrace-limit\=0 -fno-color-diagnostics -fmodules-prune-interval\=86400 -fmodules-prune-after\=345600 -fbuild-session-file\=/Users/admin/builder/spi-builder-workspace/.derivedData/ModuleCache.noindex/Session.modulevalidation -fmodules-validate-once-per-build-session -Wnon-modular-include-in-framework-module -Werror\=non-modular-include-in-framework-module -Wno-trigraphs -Wno-missing-field-initializers -Wno-missing-prototypes -Wno-return-type -Wno-implicit-atomic-properties -Wno-objc-interface-ivars -Wno-arc-repeated-use-of-weak -Wno-missing-braces -Wparentheses -Wswitch -Wno-unused-function -Wno-unused-label -Wno-unused-parameter -Wno-unused-variable -Wunused-value -Wno-empty-body -Wno-uninitialized -Wno-unknown-pragmas -Wno-shadow -Wno-four-char-constants -Wno-conversion -Wno-constant-conversion -Wno-int-conversion -Wno-bool-conversion -Wno-enum-conversion -Wno-float-conversion -Wno-non-literal-null-conversion -Wno-objc-literal-conversion -Wno-shorten-64-to-32 -Wpointer-sign -Wno-newline-eof -Wno-selector -Wno-strict-selector-match -Wno-undeclared-selector -Wno-deprecated-implementations -Wno-implicit-fallthrough -isysroot /Applications/Xcode-27.0.0-Release.Candidate.app/Contents/Developer/Platforms/WatchOS.platform/Developer/SDKs/WatchOS27.0.sdk -fstrict-aliasing -Wprotocol -Wdeprecated-declarations -Wno-sign-conversion -Wno-infinite-recursion -Wno-comma -Wno-block-capture-autoreleasing -Wno-strict-prototypes -Wno-semicolon-before-method-body -index-store-path /Users/admin/builder/spi-builder-workspace/.derivedData/Index.noindex/DataStore @/Users/admin/builder/spi-builder-workspace/.derivedData/Build/Intermediates.noindex/GCDWebServer.build/Debug-watchos/GCDWebServer-t.build/Objects-normal/arm64_32/e6072d4f65d7061329687fe24e3d63a7-common-args.resp -include /Users/admin/builder/spi-builder-workspace/.derivedData/Build/Intermediates.noindex/GCDWebServer.build/Debug-watchos/GCDWebServer-t.build/DerivedSources/resource_bundle_accessor.h -MMD -MT dependencies -MF /Users/admin/builder/spi-builder-workspace/.derivedData/Build/Intermediates.noindex/GCDWebServer.build/Debug-watchos/GCDWebServer-t.build/Objects-normal/arm64_32/GCDWebServerConnection.d --serialize-diagnostics /Users/admin/builder/spi-builder-workspace/.derivedData/Build/Intermediates.noindex/GCDWebServer.build/Debug-watchos/GCDWebServer-t.build/Objects-normal/arm64_32/GCDWebServerConnection.dia -c /Users/admin/builder/spi-builder-workspace/Core/GCDWebServerConnection.m -o /Users/admin/builder/spi-builder-workspace/.derivedData/Build/Intermediates.noindex/GCDWebServer.build/Debug-watchos/GCDWebServer-t.build/Objects-normal/arm64_32/GCDWebServerConnection.o -index-unit-output-path /GCDWebServer.build/Debug-watchos/GCDWebServer-t.build/Objects-normal/arm64_32/GCDWebServerConnection.o
/Users/admin/builder/spi-builder-workspace/Core/GCDWebServerConnection.m:81:3: error: unknown type name 'CFHTTPMessageRef'
   81 |   CFHTTPMessageRef _requestMessage;
      |   ^
/Users/admin/builder/spi-builder-workspace/Core/GCDWebServerConnection.m:84:3: error: unknown type name 'CFHTTPMessageRef'
   84 |   CFHTTPMessageRef _responseMessage;
      |   ^
/Users/admin/builder/spi-builder-workspace/Core/GCDWebServerConnection.m:108:5: error: use of undeclared identifier 'CFHTTPMessageRef'
  108 |     CFHTTPMessageRef message = CFHTTPMessageCreateResponse(kCFAllocatorDefault, 100, NULL, kCFHTTPVersion1_1);
      |     ^~~~~~~~~~~~~~~~
/Users/admin/builder/spi-builder-workspace/Core/GCDWebServerConnection.m:109:39: error: call to undeclared function 'CFHTTPMessageCopySerializedMessage'; ISO C99 and later do not support implicit function declarations [-Wimplicit-function-declaration]
  109 |     _continueData = CFBridgingRelease(CFHTTPMessageCopySerializedMessage(message));
      |                                       ^
/Users/admin/builder/spi-builder-workspace/Core/GCDWebServerConnection.m:109:74: error: use of undeclared identifier 'message'
  109 |     _continueData = CFBridgingRelease(CFHTTPMessageCopySerializedMessage(message));
      |                                                                          ^~~~~~~
/Users/admin/builder/spi-builder-workspace/Core/GCDWebServerConnection.m:110:15: error: use of undeclared identifier 'message'
  110 |     CFRelease(message);
      |               ^~~~~~~
/Users/admin/builder/spi-builder-workspace/Core/GCDWebServerConnection.m:130:22: error: call to undeclared function 'CFHTTPMessageCreateResponse'; ISO C99 and later do not support implicit function declarations [-Wimplicit-function-declaration]
  130 |   _responseMessage = CFHTTPMessageCreateResponse(kCFAllocatorDefault, statusCode, NULL, kCFHTTPVersion1_1);
      |                      ^
/Users/admin/builder/spi-builder-workspace/Core/GCDWebServerConnection.m:130:89: error: use of undeclared identifier 'kCFHTTPVersion1_1'
  130 |   _responseMessage = CFHTTPMessageCreateResponse(kCFAllocatorDefault, statusCode, NULL, kCFHTTPVersion1_1);
      |                                                                                         ^~~~~~~~~~~~~~~~~
/Users/admin/builder/spi-builder-workspace/Core/GCDWebServerConnection.m:131:3: error: call to undeclared function 'CFHTTPMessageSetHeaderFieldValue'; ISO C99 and later do not support implicit function declarations [-Wimplicit-function-declaration]
  131 |   CFHTTPMessageSetHeaderFieldValue(_responseMessage, CFSTR("Connection"), CFSTR("Close"));
      |   ^
/Users/admin/builder/spi-builder-workspace/Core/GCDWebServerConnection.m:174:7: error: call to undeclared function 'CFHTTPMessageSetHeaderFieldValue'; ISO C99 and later do not support implicit function declarations [-Wimplicit-function-declaration]
  174 |       CFHTTPMessageSetHeaderFieldValue(_responseMessage, CFSTR("Last-Modified"), (__bridge CFStringRef)GCDWebServerFormatRFC822((NSDate*)_response.lastModifiedDate));
      |       ^
/Users/admin/builder/spi-builder-workspace/Core/GCDWebServerConnection.m:177:7: error: call to undeclared function 'CFHTTPMessageSetHeaderFieldValue'; ISO C99 and later do not support implicit function declarations [-Wimplicit-function-declaration]
  177 |       CFHTTPMessageSetHeaderFieldValue(_responseMessage, CFSTR("ETag"), (__bridge CFStringRef)_response.eTag);
      |       ^
/Users/admin/builder/spi-builder-workspace/Core/GCDWebServerConnection.m:181:9: error: call to undeclared function 'CFHTTPMessageSetHeaderFieldValue'; ISO C99 and later do not support implicit function declarations [-Wimplicit-function-declaration]
  181 |         CFHTTPMessageSetHeaderFieldValue(_responseMessage, CFSTR("Cache-Control"), (__bridge CFStringRef)[NSString stringWithFormat:@"max-age=%i, public", (int)_response.cacheControlMaxAge]);
      |         ^
/Users/admin/builder/spi-builder-workspace/Core/GCDWebServerConnection.m:183:9: error: call to undeclared function 'CFHTTPMessageSetHeaderFieldValue'; ISO C99 and later do not support implicit function declarations [-Wimplicit-function-declaration]
  183 |         CFHTTPMessageSetHeaderFieldValue(_responseMessage, CFSTR("Cache-Control"), CFSTR("no-cache"));
      |         ^
/Users/admin/builder/spi-builder-workspace/Core/GCDWebServerConnection.m:187:7: error: call to undeclared function 'CFHTTPMessageSetHeaderFieldValue'; ISO C99 and later do not support implicit function declarations [-Wimplicit-function-declaration]
  187 |       CFHTTPMessageSetHeaderFieldValue(_responseMessage, CFSTR("Content-Type"), (__bridge CFStringRef)GCDWebServerNormalizeHeaderValue(_response.contentType));
      |       ^
/Users/admin/builder/spi-builder-workspace/Core/GCDWebServerConnection.m:190:7: error: call to undeclared function 'CFHTTPMessageSetHeaderFieldValue'; ISO C99 and later do not support implicit function declarations [-Wimplicit-function-declaration]
  190 |       CFHTTPMessageSetHeaderFieldValue(_responseMessage, CFSTR("Content-Length"), (__bridge CFStringRef)[NSString stringWithFormat:@"%lu", (unsigned long)_response.contentLength]);
      |       ^
/Users/admin/builder/spi-builder-workspace/Core/GCDWebServerConnection.m:193:7: error: call to undeclared function 'CFHTTPMessageSetHeaderFieldValue'; ISO C99 and later do not support implicit function declarations [-Wimplicit-function-declaration]
  193 |       CFHTTPMessageSetHeaderFieldValue(_responseMessage, CFSTR("Transfer-Encoding"), CFSTR("chunked"));
      |       ^
/Users/admin/builder/spi-builder-workspace/Core/GCDWebServerConnection.m:196:7: error: call to undeclared function 'CFHTTPMessageSetHeaderFieldValue'; ISO C99 and later do not support implicit function declarations [-Wimplicit-function-declaration]
  196 |       CFHTTPMessageSetHeaderFieldValue(self->_responseMessage, (__bridge CFStringRef)key, (__bridge CFStringRef)obj);
      |       ^
/Users/admin/builder/spi-builder-workspace/Core/GCDWebServerConnection.m:277:21: error: call to undeclared function 'CFHTTPMessageCreateEmpty'; ISO C99 and later do not support implicit function declarations [-Wimplicit-function-declaration]
  277 |   _requestMessage = CFHTTPMessageCreateEmpty(kCFAllocatorDefault, true);
      |                     ^
/Users/admin/builder/spi-builder-workspace/Core/GCDWebServerConnection.m:282:55: error: call to undeclared function 'CFHTTPMessageCopyRequestMethod'; ISO C99 and later do not support implicit function declarations [-Wimplicit-function-declaration]
  282 |           NSString* requestMethod = CFBridgingRelease(CFHTTPMessageCopyRequestMethod(self->_requestMessage));  // Method verbs are case-sensitive and uppercase
      |                                                       ^
fatal error: too many errors emitted, stopping now [-ferror-limit=]
20 errors generated.
Failed frontend command:
/Applications/Xcode-27.0.0-Release.Candidate.app/Contents/Developer/Toolchains/XcodeDefault.xctoolchain/usr/bin/clang -cc1 -Wundef-prefix\=TARGET_OS_ -fdiagnostics-show-note-include-stack -fmacro-backtrace-limit\=0 -ferror-limit 19 -serialize-diagnostic-file /Users/admin/builder/spi-builder-workspace/.derivedData/Build/Intermediates.noindex/GCDWebServer.build/Debug-watchos/GCDWebServer-t.build/Objects-normal/arm64_32/GCDWebServerConnection.dia -Wdeprecated-objc-isa-usage -Werror\=deprecated-objc-isa-usage -Werror\=implicit-function-declaration -Wnon-modular-include-in-framework-module -Werror\=non-modular-include-in-framework-module -Wno-trigraphs -Wno-missing-field-initializers -Wno-missing-prototypes -Wno-return-type -Wno-implicit-atomic-properties -Wno-objc-interface-ivars -Wno-arc-repeated-use-of-weak -Wno-missing-braces -Wparentheses -Wswitch -Wno-unused-function -Wno-unused-label -Wno-unused-parameter -Wno-unused-variable -Wunused-value -Wno-empty-body -Wno-uninitialized -Wno-unknown-pragmas -Wno-shadow -Wno-four-char-constants -Wno-conversion -Wno-constant-conversion -Wno-int-conversion -Wno-bool-conversion -Wno-enum-conversion -Wno-float-conversion -Wno-non-literal-null-conversion -Wno-objc-literal-conversion -Wno-shorten-64-to-32 -Wpointer-sign -Wno-newline-eof -Wno-selector -Wno-strict-selector-match -Wno-undeclared-selector -Wno-deprecated-implementations -Wno-implicit-fallthrough -Wprotocol -Wdeprecated-declarations -Wno-sign-conversion -Wno-infinite-recursion -Wno-comma -Wno-block-capture-autoreleasing -Wno-strict-prototypes -Wno-semicolon-before-method-body -Wno-elaborated-enum-base -Wno-error\=allocator-wrappers -index-store-path /Users/admin/builder/spi-builder-workspace/.derivedData/Index.noindex/DataStore -index-unit-output-path /GCDWebServer.build/Debug-watchos/GCDWebServer-t.build/Objects-normal/arm64_32/GCDWebServerConnection.o -fmodule-map-file\=/Applications/Xcode-27.0.0-Release.Candidate.app/Contents/Developer/Platforms/WatchOS.platform/Developer/SDKs/WatchOS.sdk/usr/include/DarwinFoundation1.modulemap -fmodule-map-file\=/Applications/Xcode-27.0.0-Release.Candidate.app/Contents/Developer/Platforms/WatchOS.platform/Developer/SDKs/WatchOS.sdk/usr/include/Darwin.modulemap -fmodule-map-file\=/Applications/Xcode-27.0.0-Release.Candidate.app/Contents/Developer/Platforms/WatchOS.platform/Developer/SDKs/WatchOS.sdk/usr/include/os.modulemap -fmodule-map-file\=/Applications/Xcode-27.0.0-Release.Candidate.app/Contents/Developer/Platforms/WatchOS.platform/Developer/SDKs/WatchOS.sdk/System/Library/Frameworks/Foundation.framework/Modules/module.modulemap -o /Users/admin/builder/spi-builder-workspace/.derivedData/Build/Intermediates.noindex/GCDWebServer.build/Debug-watchos/GCDWebServer-t.build/Objects-normal/arm64_32/GCDWebServerConnection.o -disable-free -emit-obj -x objective-c /Users/admin/builder/spi-builder-workspace/Core/GCDWebServerConnection.m -target-abi darwinpcs -target-cpu apple-s4 -target-feature +v8.3a -target-feature +aes -target-feature +complxnum -target-feature +crc -target-feature +fp-armv8 -target-feature +fullfp16 -target-feature +jsconv -target-feature +lse -target-feature +neon -target-feature +pauth -target-feature +perfmon -target-feature +ras -target-feature +rcpc -target-feature +rdm -target-feature +sha2 -triple arm64_32-apple-watchos9.0.0 -target-linker-version 1166.2 -target-sdk-version\=27.0 -fmodules-validate-system-headers -fno-modulemap-allow-subdirectory-search -isysroot /Applications/Xcode-27.0.0-Release.Candidate.app/Contents/Developer/Platforms/WatchOS.platform/Developer/SDKs/WatchOS27.0.sdk -resource-dir /Applications/Xcode-27.0.0-Release.Candidate.app/Contents/Developer/Toolchains/XcodeDefault.xctoolchain/usr/lib/clang/21 -fmodule-format\=obj -fmodule-file\=Darwin\=/Users/admin/builder/spi-builder-workspace/.derivedData/Build/Intermediates.noindex/ExplicitPrecompiledModules/Darwin-7AYZXY0JNENHDFL8C7OFRYYFG.pcm -fmodule-file\=Foundation\=/Users/admin/builder/spi-builder-workspace/.derivedData/Build/Intermediates.noindex/ExplicitPrecompiledModules/Foundation-AKBJQLBJM3P9M8FZNUJ6Z21T.pcm -fmodule-file\=_DarwinFoundation1\=/Users/admin/builder/spi-builder-workspace/.derivedData/Build/Intermediates.noindex/ExplicitPrecompiledModules/_DarwinFoundation1-VNGNV7SK3PKYOZ8PDT5WOO09.pcm -fmodule-file\=os_object\=/Users/admin/builder/spi-builder-workspace/.derivedData/Build/Intermediates.noindex/ExplicitPrecompiledModules/os_object-EUX4I48UFTROXPXQJ4ORMMRTH.pcm -I /Users/admin/builder/spi-builder-workspace/.derivedData/Build/Products/Debug-watchos/include -I /Users/admin/builder/spi-builder-workspace/include -I /Users/admin/builder/spi-builder-workspace/private -I /Users/admin/builder/spi-builder-workspace/.derivedData/Build/Intermediates.noindex/GCDWebServer.build/Debug-watchos/GCDWebServer-t.build/DerivedSources-normal/arm64_32 -I /Users/admin/builder/spi-builder-workspace/.derivedData/Build/Intermediates.noindex/GCDWebServer.build/Debug-watchos/GCDWebServer-t.build/DerivedSources/arm64_32 -I /Users/admin/builder/spi-builder-workspace/.derivedData/Build/Intermediates.noindex/GCDWebServer.build/Debug-watchos/GCDWebServer-t.build/DerivedSources -F /Users/admin/builder/spi-builder-workspace/.derivedData/Build/Products/Debug-watchos -iframework /Applications/Xcode-27.0.0-Release.Candidate.app/Contents/Developer/Platforms/WatchOS.platform/Developer/Library/Frameworks -iframework /Applications/Xcode-27.0.0-Release.Candidate.app/Contents/Developer/Platforms/WatchOS.platform/Developer/SDKs/WatchOS27.0.sdk/Developer/Library/Frameworks -internal-isystem /Applications/Xcode-27.0.0-Release.Candidate.app/Contents/Developer/Platforms/WatchOS.platform/Developer/SDKs/WatchOS27.0.sdk/usr/local/include -internal-isystem /Applications/Xcode-27.0.0-Release.Candidate.app/Contents/Developer/Toolchains/XcodeDefault.xctoolchain/usr/lib/clang/21/include -internal-externc-isystem /Applications/Xcode-27.0.0-Release.Candidate.app/Contents/Developer/Platforms/WatchOS.platform/Developer/SDKs/WatchOS27.0.sdk/usr/include -internal-externc-isystem /Applications/Xcode-27.0.0-Release.Candidate.app/Contents/Developer/Toolchains/XcodeDefault.xctoolchain/usr/include -internal-iframework /Applications/Xcode-27.0.0-Release.Candidate.app/Contents/Developer/Platforms/WatchOS.platform/Developer/SDKs/WatchOS27.0.sdk/System/Library/Frameworks -internal-iframework /Applications/Xcode-27.0.0-Release.Candidate.app/Contents/Developer/Platforms/WatchOS.platform/Developer/SDKs/WatchOS27.0.sdk/System/Library/SubFrameworks -internal-iframework /Applications/Xcode-27.0.0-Release.Candidate.app/Contents/Developer/Platforms/WatchOS.platform/Developer/SDKs/WatchOS27.0.sdk/Library/Frameworks -ivfsstatcache /Users/admin/builder/spi-builder-workspace/.derivedData/SDKStatCaches.noindex/watchos27.0-24R360-e829b21a6f8c9b70876ba0858053c04477534ef55a1706bf4c1112bbb242f0a2.sdkstatcache -std\=gnu11 -fexceptions -fskip-odr-check-in-gmf -fmodules -fmodule-name\=GCDWebServer -fno-implicit-modules -fobjc-exceptions -fmax-type-align\=16 -fpascal-strings -fvisibility-inlines-hidden-static-local-var -mdarwin-stkchk-strong-link -fno-odr-hash-protocols -pic-level 2 -fencode-extended-block-signature -stack-protector 1 -fobjc-runtime\=watchos-9.0.0 -fobjc-arc -fobjc-runtime-has-weak -fobjc-weak -fgnuc-version\=4.2.1 -fblocks -fno-convergent-functions -ffp-contract\=on -fclang-abi-compat\=4.0 -fno-experimental-relative-c++-abi-vtables -fno-file-reproducible -clang-vendor-feature\=+disableNonDependentMemberExprInCurrentInstantiation -clang-vendor-feature\=+enableAggressiveVLAFolding -clang-vendor-feature\=+revert09abecef7bbf -clang-vendor-feature\=+thisNoAlignAttr -clang-vendor-feature\=+thisNoNullAttr -clang-vendor-feature\=+disableAtImportPrivateFrameworkInImplementationError -O0 -fno-assume-unique-vtables -fdebug-compilation-dir\=/Users/admin/builder/spi-builder-workspace/.swiftpm/xcode -fcoverage-compilation-dir\=/Users/admin/builder/spi-builder-workspace/.swiftpm/xcode -fcommon -fdwarf2-cfi-asm -fobjc-msgsend-selector-stubs -fregister-global-dtors-with-atexit -fno-strict-return -dwarf-version\=4 -debugger-tuning\=lldb -disable-llvm-verifier -dwarf-ext-refs -funwind-tables\=1 -enable-tlsdesc -clear-ast-before-backend -discard-value-names -main-file-name GCDWebServerConnection.m -mframe-pointer\=non-leaf -debug-info-kind\=standalone -fno-loop-interchange -fdiagnostics-hotness-threshold\=0 -fdiagnostics-misexpect-tolerance\=0 -D DEBUG\=1 -D OBJC_OLD_DISPATCH_PROTOTYPES\=1 -D SWIFT_PACKAGE -D Xcode -include /Users/admin/builder/spi-builder-workspace/.derivedData/Build/Intermediates.noindex/GCDWebServer.build/Debug-watchos/GCDWebServer-t.build/DerivedSources/resource_bundle_accessor.h -fdefine-target-os-macros -MT dependencies -dependency-file /Users/admin/builder/spi-builder-workspace/.derivedData/Build/Intermediates.noindex/GCDWebServer.build/Debug-watchos/GCDWebServer-t.build/Objects-normal/arm64_32/GCDWebServerConnection.d -skip-unused-modulemap-deps -module-file-deps\=direct -fdepfile-entry\=/Applications/Xcode-27.0.0-Release.Candidate.app/Contents/Developer/Platforms/WatchOS.platform/Developer/SDKs/WatchOS27.0.sdk/SDKSettings.json
CompileC /Users/admin/builder/spi-builder-workspace/.derivedData/Build/Intermediates.noindex/GCDWebServer.build/Debug-watchos/GCDWebServer-t.build/Objects-normal/arm64_32/GCDWebServerFunctions.o /Users/admin/builder/spi-builder-workspace/Core/GCDWebServerFunctions.m normal arm64_32 objective-c com.apple.compilers.llvm.clang.1_0.compiler (in target 'GCDWebServer' from project 'GCDWebServer')
    cd /Users/admin/builder/spi-builder-workspace/.swiftpm/xcode

    Using response file: /Users/admin/builder/spi-builder-workspace/.derivedData/Build/Intermediates.noindex/GCDWebServer.build/Debug-watchos/GCDWebServer-t.build/Objects-normal/arm64_32/e6072d4f65d7061329687fe24e3d63a7-common-args.resp

    /Applications/Xcode-27.0.0-Release.Candidate.app/Contents/Developer/Toolchains/XcodeDefault.xctoolchain/usr/bin/clang -x objective-c -ivfsstatcache /Users/admin/builder/spi-builder-workspace/.derivedData/SDKStatCaches.noindex/watchos27.0-24R360-e829b21a6f8c9b70876ba0858053c04477534ef55a1706bf4c1112bbb242f0a2.sdkstatcache -target arm64_32-apple-watchos9.0 -fmessage-length\=0 -fdiagnostics-show-note-include-stack -fmacro-backtrace-limit\=0 -fno-color-diagnostics -fmodules-prune-interval\=86400 -fmodules-prune-after\=345600 -fbuild-session-file\=/Users/admin/builder/spi-builder-workspace/.derivedData/ModuleCache.noindex/Session.modulevalidation -fmodules-validate-once-per-build-session -Wnon-modular-include-in-framework-module -Werror\=non-modular-include-in-framework-module -Wno-trigraphs -Wno-missing-field-initializers -Wno-missing-prototypes -Wno-return-type -Wno-implicit-atomic-properties -Wno-objc-interface-ivars -Wno-arc-repeated-use-of-weak -Wno-missing-braces -Wparentheses -Wswitch -Wno-unused-function -Wno-unused-label -Wno-unused-parameter -Wno-unused-variable -Wunused-value -Wno-empty-body -Wno-uninitialized -Wno-unknown-pragmas -Wno-shadow -Wno-four-char-constants -Wno-conversion -Wno-constant-conversion -Wno-int-conversion -Wno-bool-conversion -Wno-enum-conversion -Wno-float-conversion -Wno-non-literal-null-conversion -Wno-objc-literal-conversion -Wno-shorten-64-to-32 -Wpointer-sign -Wno-newline-eof -Wno-selector -Wno-strict-selector-match -Wno-undeclared-selector -Wno-deprecated-implementations -Wno-implicit-fallthrough -isysroot /Applications/Xcode-27.0.0-Release.Candidate.app/Contents/Developer/Platforms/WatchOS.platform/Developer/SDKs/WatchOS27.0.sdk -fstrict-aliasing -Wprotocol -Wdeprecated-declarations -Wno-sign-conversion -Wno-infinite-recursion -Wno-comma -Wno-block-capture-autoreleasing -Wno-strict-prototypes -Wno-semicolon-before-method-body -index-store-path /Users/admin/builder/spi-builder-workspace/.derivedData/Index.noindex/DataStore @/Users/admin/builder/spi-builder-workspace/.derivedData/Build/Intermediates.noindex/GCDWebServer.build/Debug-watchos/GCDWebServer-t.build/Objects-normal/arm64_32/e6072d4f65d7061329687fe24e3d63a7-common-args.resp -include /Users/admin/builder/spi-builder-workspace/.derivedData/Build/Intermediates.noindex/GCDWebServer.build/Debug-watchos/GCDWebServer-t.build/DerivedSources/resource_bundle_accessor.h -MMD -MT dependencies -MF /Users/admin/builder/spi-builder-workspace/.derivedData/Build/Intermediates.noindex/GCDWebServer.build/Debug-watchos/GCDWebServer-t.build/Objects-normal/arm64_32/GCDWebServerFunctions.d --serialize-diagnostics /Users/admin/builder/spi-builder-workspace/.derivedData/Build/Intermediates.noindex/GCDWebServer.build/Debug-watchos/GCDWebServer-t.build/Objects-normal/arm64_32/GCDWebServerFunctions.dia -c /Users/admin/builder/spi-builder-workspace/Core/GCDWebServerFunctions.m -o /Users/admin/builder/spi-builder-workspace/.derivedData/Build/Intermediates.noindex/GCDWebServer.build/Debug-watchos/GCDWebServer-t.build/Objects-normal/arm64_32/GCDWebServerFunctions.o -index-unit-output-path /GCDWebServer.build/Debug-watchos/GCDWebServer-t.build/Objects-normal/arm64_32/GCDWebServerFunctions.o
/Users/admin/builder/spi-builder-workspace/Core/GCDWebServerFunctions.m:179:25: warning: 'UTTypeCreatePreferredIdentifierForTag' is deprecated: first deprecated in watchOS 8.0 - Use the UTType class instead. [-Wdeprecated-declarations]
  179 |       CFStringRef uti = UTTypeCreatePreferredIdentifierForTag(kUTTagClassFilenameExtension, (__bridge CFStringRef)extension, NULL);
      |                         ^
In module 'MobileCoreServices' imported from /Users/admin/builder/spi-builder-workspace/Core/GCDWebServerFunctions.m:34:
In module 'CoreServices' imported from /Applications/Xcode-27.0.0-Release.Candidate.app/Contents/Developer/Platforms/WatchOS.platform/Developer/SDKs/WatchOS.sdk/System/Library/Frameworks/MobileCoreServices.framework/Headers/MobileCoreServices.h:9:
/Applications/Xcode-27.0.0-Release.Candidate.app/Contents/Developer/Platforms/WatchOS.platform/Developer/SDKs/WatchOS27.0.sdk/System/Library/Frameworks/CoreServices.framework/Headers/UTType.h:317:1: note: 'UTTypeCreatePreferredIdentifierForTag' has been explicitly marked deprecated here
  317 | UTTypeCreatePreferredIdentifierForTag(
      | ^
/Users/admin/builder/spi-builder-workspace/Core/GCDWebServerFunctions.m:179:63: warning: 'kUTTagClassFilenameExtension' is deprecated: first deprecated in watchOS 8.0 - Use UTTagClassFilenameExtension instead. [-Wdeprecated-declarations]
  179 |       CFStringRef uti = UTTypeCreatePreferredIdentifierForTag(kUTTagClassFilenameExtension, (__bridge CFStringRef)extension, NULL);
      |                                                               ^
In module 'MobileCoreServices' imported from /Users/admin/builder/spi-builder-workspace/Core/GCDWebServerFunctions.m:34:
In module 'CoreServices' imported from /Applications/Xcode-27.0.0-Release.Candidate.app/Contents/Developer/Platforms/WatchOS.platform/Developer/SDKs/WatchOS.sdk/System/Library/Frameworks/MobileCoreServices.framework/Headers/MobileCoreServices.h:9:
/Applications/Xcode-27.0.0-Release.Candidate.app/Contents/Developer/Platforms/WatchOS.platform/Developer/SDKs/WatchOS27.0.sdk/System/Library/Frameworks/CoreServices.framework/Headers/UTType.h:258:26: note: 'kUTTagClassFilenameExtension' has been explicitly marked deprecated here
  258 | extern const CFStringRef kUTTagClassFilenameExtension                API_DEPRECATED("Use UTTagClassFilenameExtension instead.", ios(3.0, 15.0), macos(10.3, 12.0), tvos(9.0, 15.0), watchos(1.0, 8.0));
      |                          ^
/Users/admin/builder/spi-builder-workspace/Core/GCDWebServerFunctions.m:181:38: warning: 'UTTypeCopyPreferredTagWithClass' is deprecated: first deprecated in watchOS 8.0 - Use the UTType class instead. [-Wdeprecated-declarations]
  181 |         mimeType = CFBridgingRelease(UTTypeCopyPreferredTagWithClass(uti, kUTTagClassMIMEType));
      |                                      ^
In module 'MobileCoreServices' imported from /Users/admin/builder/spi-builder-workspace/Core/GCDWebServerFunctions.m:34:
In module 'CoreServices' imported from /Applications/Xcode-27.0.0-Release.Candidate.app/Contents/Developer/Platforms/WatchOS.platform/Developer/SDKs/WatchOS.sdk/System/Library/Frameworks/MobileCoreServices.framework/Headers/MobileCoreServices.h:9:
/Applications/Xcode-27.0.0-Release.Candidate.app/Contents/Developer/Platforms/WatchOS.platform/Developer/SDKs/WatchOS27.0.sdk/System/Library/Frameworks/CoreServices.framework/Headers/UTType.h:395:1: note: 'UTTypeCopyPreferredTagWithClass' has been explicitly marked deprecated here
  395 | UTTypeCopyPreferredTagWithClass(
      | ^
/Users/admin/builder/spi-builder-workspace/Core/GCDWebServerFunctions.m:181:75: warning: 'kUTTagClassMIMEType' is deprecated: first deprecated in watchOS 8.0 - Use UTTagClassMIMEType instead. [-Wdeprecated-declarations]
  181 |         mimeType = CFBridgingRelease(UTTypeCopyPreferredTagWithClass(uti, kUTTagClassMIMEType));
      |                                                                           ^
In module 'MobileCoreServices' imported from /Users/admin/builder/spi-builder-workspace/Core/GCDWebServerFunctions.m:34:
In module 'CoreServices' imported from /Applications/Xcode-27.0.0-Release.Candidate.app/Contents/Developer/Platforms/WatchOS.platform/Developer/SDKs/WatchOS.sdk/System/Library/Frameworks/MobileCoreServices.framework/Headers/MobileCoreServices.h:9:
/Applications/Xcode-27.0.0-Release.Candidate.app/Contents/Developer/Platforms/WatchOS.platform/Developer/SDKs/WatchOS27.0.sdk/System/Library/Frameworks/CoreServices.framework/Headers/UTType.h:262:26: note: 'kUTTagClassMIMEType' has been explicitly marked deprecated here
  262 | extern const CFStringRef kUTTagClassMIMEType                         API_DEPRECATED("Use UTTagClassMIMEType instead.", ios(3.0, 15.0), macos(10.3, 12.0), tvos(9.0, 15.0), watchos(1.0, 8.0));
      |                          ^
4 warnings generated.
CompileC /Users/admin/builder/spi-builder-workspace/.derivedData/Build/Intermediates.noindex/GCDWebServer.build/Debug-watchos/GCDWebServer-t.build/Objects-normal/arm64_32/GCDWebServerDataResponse.o /Users/admin/builder/spi-builder-workspace/Responses/GCDWebServerDataResponse.m normal arm64_32 objective-c com.apple.compilers.llvm.clang.1_0.compiler (in target 'GCDWebServer' from project 'GCDWebServer')
    cd /Users/admin/builder/spi-builder-workspace/.swiftpm/xcode

    Using response file: /Users/admin/builder/spi-builder-workspace/.derivedData/Build/Intermediates.noindex/GCDWebServer.build/Debug-watchos/GCDWebServer-t.build/Objects-normal/arm64_32/e6072d4f65d7061329687fe24e3d63a7-common-args.resp

    /Applications/Xcode-27.0.0-Release.Candidate.app/Contents/Developer/Toolchains/XcodeDefault.xctoolchain/usr/bin/clang -x objective-c -ivfsstatcache /Users/admin/builder/spi-builder-workspace/.derivedData/SDKStatCaches.noindex/watchos27.0-24R360-e829b21a6f8c9b70876ba0858053c04477534ef55a1706bf4c1112bbb242f0a2.sdkstatcache -target arm64_32-apple-watchos9.0 -fmessage-length\=0 -fdiagnostics-show-note-include-stack -fmacro-backtrace-limit\=0 -fno-color-diagnostics -fmodules-prune-interval\=86400 -fmodules-prune-after\=345600 -fbuild-session-file\=/Users/admin/builder/spi-builder-workspace/.derivedData/ModuleCache.noindex/Session.modulevalidation -fmodules-validate-once-per-build-session -Wnon-modular-include-in-framework-module -Werror\=non-modular-include-in-framework-module -Wno-trigraphs -Wno-missing-field-initializers -Wno-missing-prototypes -Wno-return-type -Wno-implicit-atomic-properties -Wno-objc-interface-ivars -Wno-arc-repeated-use-of-weak -Wno-missing-braces -Wparentheses -Wswitch -Wno-unused-function -Wno-unused-label -Wno-unused-parameter -Wno-unused-variable -Wunused-value -Wno-empty-body -Wno-uninitialized -Wno-unknown-pragmas -Wno-shadow -Wno-four-char-constants -Wno-conversion -Wno-constant-conversion -Wno-int-conversion -Wno-bool-conversion -Wno-enum-conversion -Wno-float-conversion -Wno-non-literal-null-conversion -Wno-objc-literal-conversion -Wno-shorten-64-to-32 -Wpointer-sign -Wno-newline-eof -Wno-selector -Wno-strict-selector-match -Wno-undeclared-selector -Wno-deprecated-implementations -Wno-implicit-fallthrough -isysroot /Applications/Xcode-27.0.0-Release.Candidate.app/Contents/Developer/Platforms/WatchOS.platform/Developer/SDKs/WatchOS27.0.sdk -fstrict-aliasing -Wprotocol -Wdeprecated-declarations -Wno-sign-conversion -Wno-infinite-recursion -Wno-comma -Wno-block-capture-autoreleasing -Wno-strict-prototypes -Wno-semicolon-before-method-body -index-store-path /Users/admin/builder/spi-builder-workspace/.derivedData/Index.noindex/DataStore @/Users/admin/builder/spi-builder-workspace/.derivedData/Build/Intermediates.noindex/GCDWebServer.build/Debug-watchos/GCDWebServer-t.build/Objects-normal/arm64_32/e6072d4f65d7061329687fe24e3d63a7-common-args.resp -include /Users/admin/builder/spi-builder-workspace/.derivedData/Build/Intermediates.noindex/GCDWebServer.build/Debug-watchos/GCDWebServer-t.build/DerivedSources/resource_bundle_accessor.h -MMD -MT dependencies -MF /Users/admin/builder/spi-builder-workspace/.derivedData/Build/Intermediates.noindex/GCDWebServer.build/Debug-watchos/GCDWebServer-t.build/Objects-normal/arm64_32/GCDWebServerDataResponse.d --serialize-diagnostics /Users/admin/builder/spi-builder-workspace/.derivedData/Build/Intermediates.noindex/GCDWebServer.build/Debug-watchos/GCDWebServer-t.build/Objects-normal/arm64_32/GCDWebServerDataResponse.dia -c /Users/admin/builder/spi-builder-workspace/Responses/GCDWebServerDataResponse.m -o /Users/admin/builder/spi-builder-workspace/.derivedData/Build/Intermediates.noindex/GCDWebServer.build/Debug-watchos/GCDWebServer-t.build/Objects-normal/arm64_32/GCDWebServerDataResponse.o -index-unit-output-path /GCDWebServer.build/Debug-watchos/GCDWebServer-t.build/Objects-normal/arm64_32/GCDWebServerDataResponse.o
CompileC /Users/admin/builder/spi-builder-workspace/.derivedData/Build/Intermediates.noindex/GCDWebServer.build/Debug-watchos/GCDWebServer-t.build/Objects-normal/arm64_32/GCDWebServerDataRequest.o /Users/admin/builder/spi-builder-workspace/Requests/GCDWebServerDataRequest.m normal arm64_32 objective-c com.apple.compilers.llvm.clang.1_0.compiler (in target 'GCDWebServer' from project 'GCDWebServer')
    cd /Users/admin/builder/spi-builder-workspace/.swiftpm/xcode

    Using response file: /Users/admin/builder/spi-builder-workspace/.derivedData/Build/Intermediates.noindex/GCDWebServer.build/Debug-watchos/GCDWebServer-t.build/Objects-normal/arm64_32/e6072d4f65d7061329687fe24e3d63a7-common-args.resp

    /Applications/Xcode-27.0.0-Release.Candidate.app/Contents/Developer/Toolchains/XcodeDefault.xctoolchain/usr/bin/clang -x objective-c -ivfsstatcache /Users/admin/builder/spi-builder-workspace/.derivedData/SDKStatCaches.noindex/watchos27.0-24R360-e829b21a6f8c9b70876ba0858053c04477534ef55a1706bf4c1112bbb242f0a2.sdkstatcache -target arm64_32-apple-watchos9.0 -fmessage-length\=0 -fdiagnostics-show-note-include-stack -fmacro-backtrace-limit\=0 -fno-color-diagnostics -fmodules-prune-interval\=86400 -fmodules-prune-after\=345600 -fbuild-session-file\=/Users/admin/builder/spi-builder-workspace/.derivedData/ModuleCache.noindex/Session.modulevalidation -fmodules-validate-once-per-build-session -Wnon-modular-include-in-framework-module -Werror\=non-modular-include-in-framework-module -Wno-trigraphs -Wno-missing-field-initializers -Wno-missing-prototypes -Wno-return-type -Wno-implicit-atomic-properties -Wno-objc-interface-ivars -Wno-arc-repeated-use-of-weak -Wno-missing-braces -Wparentheses -Wswitch -Wno-unused-function -Wno-unused-label -Wno-unused-parameter -Wno-unused-variable -Wunused-value -Wno-empty-body -Wno-uninitialized -Wno-unknown-pragmas -Wno-shadow -Wno-four-char-constants -Wno-conversion -Wno-constant-conversion -Wno-int-conversion -Wno-bool-conversion -Wno-enum-conversion -Wno-float-conversion -Wno-non-literal-null-conversion -Wno-objc-literal-conversion -Wno-shorten-64-to-32 -Wpointer-sign -Wno-newline-eof -Wno-selector -Wno-strict-selector-match -Wno-undeclared-selector -Wno-deprecated-implementations -Wno-implicit-fallthrough -isysroot /Applications/Xcode-27.0.0-Release.Candidate.app/Contents/Developer/Platforms/WatchOS.platform/Developer/SDKs/WatchOS27.0.sdk -fstrict-aliasing -Wprotocol -Wdeprecated-declarations -Wno-sign-conversion -Wno-infinite-recursion -Wno-comma -Wno-block-capture-autoreleasing -Wno-strict-prototypes -Wno-semicolon-before-method-body -index-store-path /Users/admin/builder/spi-builder-workspace/.derivedData/Index.noindex/DataStore @/Users/admin/builder/spi-builder-workspace/.derivedData/Build/Intermediates.noindex/GCDWebServer.build/Debug-watchos/GCDWebServer-t.build/Objects-normal/arm64_32/e6072d4f65d7061329687fe24e3d63a7-common-args.resp -include /Users/admin/builder/spi-builder-workspace/.derivedData/Build/Intermediates.noindex/GCDWebServer.build/Debug-watchos/GCDWebServer-t.build/DerivedSources/resource_bundle_accessor.h -MMD -MT dependencies -MF /Users/admin/builder/spi-builder-workspace/.derivedData/Build/Intermediates.noindex/GCDWebServer.build/Debug-watchos/GCDWebServer-t.build/Objects-normal/arm64_32/GCDWebServerDataRequest.d --serialize-diagnostics /Users/admin/builder/spi-builder-workspace/.derivedData/Build/Intermediates.noindex/GCDWebServer.build/Debug-watchos/GCDWebServer-t.build/Objects-normal/arm64_32/GCDWebServerDataRequest.dia -c /Users/admin/builder/spi-builder-workspace/Requests/GCDWebServerDataRequest.m -o /Users/admin/builder/spi-builder-workspace/.derivedData/Build/Intermediates.noindex/GCDWebServer.build/Debug-watchos/GCDWebServer-t.build/Objects-normal/arm64_32/GCDWebServerDataRequest.o -index-unit-output-path /GCDWebServer.build/Debug-watchos/GCDWebServer-t.build/Objects-normal/arm64_32/GCDWebServerDataRequest.o
CompileC /Users/admin/builder/spi-builder-workspace/.derivedData/Build/Intermediates.noindex/GCDWebServer.build/Debug-watchos/GCDWebServer-t.build/Objects-normal/arm64_32/GCDWebServerRequest.o /Users/admin/builder/spi-builder-workspace/Core/GCDWebServerRequest.m normal arm64_32 objective-c com.apple.compilers.llvm.clang.1_0.compiler (in target 'GCDWebServer' from project 'GCDWebServer')
    cd /Users/admin/builder/spi-builder-workspace/.swiftpm/xcode

    Using response file: /Users/admin/builder/spi-builder-workspace/.derivedData/Build/Intermediates.noindex/GCDWebServer.build/Debug-watchos/GCDWebServer-t.build/Objects-normal/arm64_32/e6072d4f65d7061329687fe24e3d63a7-common-args.resp

    /Applications/Xcode-27.0.0-Release.Candidate.app/Contents/Developer/Toolchains/XcodeDefault.xctoolchain/usr/bin/clang -x objective-c -ivfsstatcache /Users/admin/builder/spi-builder-workspace/.derivedData/SDKStatCaches.noindex/watchos27.0-24R360-e829b21a6f8c9b70876ba0858053c04477534ef55a1706bf4c1112bbb242f0a2.sdkstatcache -target arm64_32-apple-watchos9.0 -fmessage-length\=0 -fdiagnostics-show-note-include-stack -fmacro-backtrace-limit\=0 -fno-color-diagnostics -fmodules-prune-interval\=86400 -fmodules-prune-after\=345600 -fbuild-session-file\=/Users/admin/builder/spi-builder-workspace/.derivedData/ModuleCache.noindex/Session.modulevalidation -fmodules-validate-once-per-build-session -Wnon-modular-include-in-framework-module -Werror\=non-modular-include-in-framework-module -Wno-trigraphs -Wno-missing-field-initializers -Wno-missing-prototypes -Wno-return-type -Wno-implicit-atomic-properties -Wno-objc-interface-ivars -Wno-arc-repeated-use-of-weak -Wno-missing-braces -Wparentheses -Wswitch -Wno-unused-function -Wno-unused-label -Wno-unused-parameter -Wno-unused-variable -Wunused-value -Wno-empty-body -Wno-uninitialized -Wno-unknown-pragmas -Wno-shadow -Wno-four-char-constants -Wno-conversion -Wno-constant-conversion -Wno-int-conversion -Wno-bool-conversion -Wno-enum-conversion -Wno-float-conversion -Wno-non-literal-null-conversion -Wno-objc-literal-conversion -Wno-shorten-64-to-32 -Wpointer-sign -Wno-newline-eof -Wno-selector -Wno-strict-selector-match -Wno-undeclared-selector -Wno-deprecated-implementations -Wno-implicit-fallthrough -isysroot /Applications/Xcode-27.0.0-Release.Candidate.app/Contents/Developer/Platforms/WatchOS.platform/Developer/SDKs/WatchOS27.0.sdk -fstrict-aliasing -Wprotocol -Wdeprecated-declarations -Wno-sign-conversion -Wno-infinite-recursion -Wno-comma -Wno-block-capture-autoreleasing -Wno-strict-prototypes -Wno-semicolon-before-method-body -index-store-path /Users/admin/builder/spi-builder-workspace/.derivedData/Index.noindex/DataStore @/Users/admin/builder/spi-builder-workspace/.derivedData/Build/Intermediates.noindex/GCDWebServer.build/Debug-watchos/GCDWebServer-t.build/Objects-normal/arm64_32/e6072d4f65d7061329687fe24e3d63a7-common-args.resp -include /Users/admin/builder/spi-builder-workspace/.derivedData/Build/Intermediates.noindex/GCDWebServer.build/Debug-watchos/GCDWebServer-t.build/DerivedSources/resource_bundle_accessor.h -MMD -MT dependencies -MF /Users/admin/builder/spi-builder-workspace/.derivedData/Build/Intermediates.noindex/GCDWebServer.build/Debug-watchos/GCDWebServer-t.build/Objects-normal/arm64_32/GCDWebServerRequest.d --serialize-diagnostics /Users/admin/builder/spi-builder-workspace/.derivedData/Build/Intermediates.noindex/GCDWebServer.build/Debug-watchos/GCDWebServer-t.build/Objects-normal/arm64_32/GCDWebServerRequest.dia -c /Users/admin/builder/spi-builder-workspace/Core/GCDWebServerRequest.m -o /Users/admin/builder/spi-builder-workspace/.derivedData/Build/Intermediates.noindex/GCDWebServer.build/Debug-watchos/GCDWebServer-t.build/Objects-normal/arm64_32/GCDWebServerRequest.o -index-unit-output-path /GCDWebServer.build/Debug-watchos/GCDWebServer-t.build/Objects-normal/arm64_32/GCDWebServerRequest.o
CompileC /Users/admin/builder/spi-builder-workspace/.derivedData/Build/Intermediates.noindex/GCDWebServer.build/Debug-watchos/GCDWebServer-t.build/Objects-normal/arm64_32/GCDWebServerFileRequest.o /Users/admin/builder/spi-builder-workspace/Requests/GCDWebServerFileRequest.m normal arm64_32 objective-c com.apple.compilers.llvm.clang.1_0.compiler (in target 'GCDWebServer' from project 'GCDWebServer')
    cd /Users/admin/builder/spi-builder-workspace/.swiftpm/xcode

    Using response file: /Users/admin/builder/spi-builder-workspace/.derivedData/Build/Intermediates.noindex/GCDWebServer.build/Debug-watchos/GCDWebServer-t.build/Objects-normal/arm64_32/e6072d4f65d7061329687fe24e3d63a7-common-args.resp

    /Applications/Xcode-27.0.0-Release.Candidate.app/Contents/Developer/Toolchains/XcodeDefault.xctoolchain/usr/bin/clang -x objective-c -ivfsstatcache /Users/admin/builder/spi-builder-workspace/.derivedData/SDKStatCaches.noindex/watchos27.0-24R360-e829b21a6f8c9b70876ba0858053c04477534ef55a1706bf4c1112bbb242f0a2.sdkstatcache -target arm64_32-apple-watchos9.0 -fmessage-length\=0 -fdiagnostics-show-note-include-stack -fmacro-backtrace-limit\=0 -fno-color-diagnostics -fmodules-prune-interval\=86400 -fmodules-prune-after\=345600 -fbuild-session-file\=/Users/admin/builder/spi-builder-workspace/.derivedData/ModuleCache.noindex/Session.modulevalidation -fmodules-validate-once-per-build-session -Wnon-modular-include-in-framework-module -Werror\=non-modular-include-in-framework-module -Wno-trigraphs -Wno-missing-field-initializers -Wno-missing-prototypes -Wno-return-type -Wno-implicit-atomic-properties -Wno-objc-interface-ivars -Wno-arc-repeated-use-of-weak -Wno-missing-braces -Wparentheses -Wswitch -Wno-unused-function -Wno-unused-label -Wno-unused-parameter -Wno-unused-variable -Wunused-value -Wno-empty-body -Wno-uninitialized -Wno-unknown-pragmas -Wno-shadow -Wno-four-char-constants -Wno-conversion -Wno-constant-conversion -Wno-int-conversion -Wno-bool-conversion -Wno-enum-conversion -Wno-float-conversion -Wno-non-literal-null-conversion -Wno-objc-literal-conversion -Wno-shorten-64-to-32 -Wpointer-sign -Wno-newline-eof -Wno-selector -Wno-strict-selector-match -Wno-undeclared-selector -Wno-deprecated-implementations -Wno-implicit-fallthrough -isysroot /Applications/Xcode-27.0.0-Release.Candidate.app/Contents/Developer/Platforms/WatchOS.platform/Developer/SDKs/WatchOS27.0.sdk -fstrict-aliasing -Wprotocol -Wdeprecated-declarations -Wno-sign-conversion -Wno-infinite-recursion -Wno-comma -Wno-block-capture-autoreleasing -Wno-strict-prototypes -Wno-semicolon-before-method-body -index-store-path /Users/admin/builder/spi-builder-workspace/.derivedData/Index.noindex/DataStore @/Users/admin/builder/spi-builder-workspace/.derivedData/Build/Intermediates.noindex/GCDWebServer.build/Debug-watchos/GCDWebServer-t.build/Objects-normal/arm64_32/e6072d4f65d7061329687fe24e3d63a7-common-args.resp -include /Users/admin/builder/spi-builder-workspace/.derivedData/Build/Intermediates.noindex/GCDWebServer.build/Debug-watchos/GCDWebServer-t.build/DerivedSources/resource_bundle_accessor.h -MMD -MT dependencies -MF /Users/admin/builder/spi-builder-workspace/.derivedData/Build/Intermediates.noindex/GCDWebServer.build/Debug-watchos/GCDWebServer-t.build/Objects-normal/arm64_32/GCDWebServerFileRequest.d --serialize-diagnostics /Users/admin/builder/spi-builder-workspace/.derivedData/Build/Intermediates.noindex/GCDWebServer.build/Debug-watchos/GCDWebServer-t.build/Objects-normal/arm64_32/GCDWebServerFileRequest.dia -c /Users/admin/builder/spi-builder-workspace/Requests/GCDWebServerFileRequest.m -o /Users/admin/builder/spi-builder-workspace/.derivedData/Build/Intermediates.noindex/GCDWebServer.build/Debug-watchos/GCDWebServer-t.build/Objects-normal/arm64_32/GCDWebServerFileRequest.o -index-unit-output-path /GCDWebServer.build/Debug-watchos/GCDWebServer-t.build/Objects-normal/arm64_32/GCDWebServerFileRequest.o
CompileC /Users/admin/builder/spi-builder-workspace/.derivedData/Build/Intermediates.noindex/GCDWebServer.build/Debug-watchos/GCDWebServer-t.build/Objects-normal/arm64_32/GCDWebServerResponse.o /Users/admin/builder/spi-builder-workspace/Core/GCDWebServerResponse.m normal arm64_32 objective-c com.apple.compilers.llvm.clang.1_0.compiler (in target 'GCDWebServer' from project 'GCDWebServer')
    cd /Users/admin/builder/spi-builder-workspace/.swiftpm/xcode

    Using response file: /Users/admin/builder/spi-builder-workspace/.derivedData/Build/Intermediates.noindex/GCDWebServer.build/Debug-watchos/GCDWebServer-t.build/Objects-normal/arm64_32/e6072d4f65d7061329687fe24e3d63a7-common-args.resp

    /Applications/Xcode-27.0.0-Release.Candidate.app/Contents/Developer/Toolchains/XcodeDefault.xctoolchain/usr/bin/clang -x objective-c -ivfsstatcache /Users/admin/builder/spi-builder-workspace/.derivedData/SDKStatCaches.noindex/watchos27.0-24R360-e829b21a6f8c9b70876ba0858053c04477534ef55a1706bf4c1112bbb242f0a2.sdkstatcache -target arm64_32-apple-watchos9.0 -fmessage-length\=0 -fdiagnostics-show-note-include-stack -fmacro-backtrace-limit\=0 -fno-color-diagnostics -fmodules-prune-interval\=86400 -fmodules-prune-after\=345600 -fbuild-session-file\=/Users/admin/builder/spi-builder-workspace/.derivedData/ModuleCache.noindex/Session.modulevalidation -fmodules-validate-once-per-build-session -Wnon-modular-include-in-framework-module -Werror\=non-modular-include-in-framework-module -Wno-trigraphs -Wno-missing-field-initializers -Wno-missing-prototypes -Wno-return-type -Wno-implicit-atomic-properties -Wno-objc-interface-ivars -Wno-arc-repeated-use-of-weak -Wno-missing-braces -Wparentheses -Wswitch -Wno-unused-function -Wno-unused-label -Wno-unused-parameter -Wno-unused-variable -Wunused-value -Wno-empty-body -Wno-uninitialized -Wno-unknown-pragmas -Wno-shadow -Wno-four-char-constants -Wno-conversion -Wno-constant-conversion -Wno-int-conversion -Wno-bool-conversion -Wno-enum-conversion -Wno-float-conversion -Wno-non-literal-null-conversion -Wno-objc-literal-conversion -Wno-shorten-64-to-32 -Wpointer-sign -Wno-newline-eof -Wno-selector -Wno-strict-selector-match -Wno-undeclared-selector -Wno-deprecated-implementations -Wno-implicit-fallthrough -isysroot /Applications/Xcode-27.0.0-Release.Candidate.app/Contents/Developer/Platforms/WatchOS.platform/Developer/SDKs/WatchOS27.0.sdk -fstrict-aliasing -Wprotocol -Wdeprecated-declarations -Wno-sign-conversion -Wno-infinite-recursion -Wno-comma -Wno-block-capture-autoreleasing -Wno-strict-prototypes -Wno-semicolon-before-method-body -index-store-path /Users/admin/builder/spi-builder-workspace/.derivedData/Index.noindex/DataStore @/Users/admin/builder/spi-builder-workspace/.derivedData/Build/Intermediates.noindex/GCDWebServer.build/Debug-watchos/GCDWebServer-t.build/Objects-normal/arm64_32/e6072d4f65d7061329687fe24e3d63a7-common-args.resp -include /Users/admin/builder/spi-builder-workspace/.derivedData/Build/Intermediates.noindex/GCDWebServer.build/Debug-watchos/GCDWebServer-t.build/DerivedSources/resource_bundle_accessor.h -MMD -MT dependencies -MF /Users/admin/builder/spi-builder-workspace/.derivedData/Build/Intermediates.noindex/GCDWebServer.build/Debug-watchos/GCDWebServer-t.build/Objects-normal/arm64_32/GCDWebServerResponse.d --serialize-diagnostics /Users/admin/builder/spi-builder-workspace/.derivedData/Build/Intermediates.noindex/GCDWebServer.build/Debug-watchos/GCDWebServer-t.build/Objects-normal/arm64_32/GCDWebServerResponse.dia -c /Users/admin/builder/spi-builder-workspace/Core/GCDWebServerResponse.m -o /Users/admin/builder/spi-builder-workspace/.derivedData/Build/Intermediates.noindex/GCDWebServer.build/Debug-watchos/GCDWebServer-t.build/Objects-normal/arm64_32/GCDWebServerResponse.o -index-unit-output-path /GCDWebServer.build/Debug-watchos/GCDWebServer-t.build/Objects-normal/arm64_32/GCDWebServerResponse.o
CompileC /Users/admin/builder/spi-builder-workspace/.derivedData/Build/Intermediates.noindex/GCDWebServer.build/Debug-watchos/GCDWebServer-t.build/Objects-normal/arm64_32/resource_bundle_accessor.o /Users/admin/builder/spi-builder-workspace/.derivedData/Build/Intermediates.noindex/GCDWebServer.build/Debug-watchos/GCDWebServer-t.build/DerivedSources/resource_bundle_accessor.m normal arm64_32 objective-c com.apple.compilers.llvm.clang.1_0.compiler (in target 'GCDWebServer' from project 'GCDWebServer')
    cd /Users/admin/builder/spi-builder-workspace/.swiftpm/xcode

    Using response file: /Users/admin/builder/spi-builder-workspace/.derivedData/Build/Intermediates.noindex/GCDWebServer.build/Debug-watchos/GCDWebServer-t.build/Objects-normal/arm64_32/e6072d4f65d7061329687fe24e3d63a7-common-args.resp

    /Applications/Xcode-27.0.0-Release.Candidate.app/Contents/Developer/Toolchains/XcodeDefault.xctoolchain/usr/bin/clang -x objective-c -ivfsstatcache /Users/admin/builder/spi-builder-workspace/.derivedData/SDKStatCaches.noindex/watchos27.0-24R360-e829b21a6f8c9b70876ba0858053c04477534ef55a1706bf4c1112bbb242f0a2.sdkstatcache -target arm64_32-apple-watchos9.0 -fmessage-length\=0 -fdiagnostics-show-note-include-stack -fmacro-backtrace-limit\=0 -fno-color-diagnostics -fmodules-prune-interval\=86400 -fmodules-prune-after\=345600 -fbuild-session-file\=/Users/admin/builder/spi-builder-workspace/.derivedData/ModuleCache.noindex/Session.modulevalidation -fmodules-validate-once-per-build-session -Wnon-modular-include-in-framework-module -Werror\=non-modular-include-in-framework-module -Wno-trigraphs -Wno-missing-field-initializers -Wno-missing-prototypes -Wno-return-type -Wno-implicit-atomic-properties -Wno-objc-interface-ivars -Wno-arc-repeated-use-of-weak -Wno-missing-braces -Wparentheses -Wswitch -Wno-unused-function -Wno-unused-label -Wno-unused-parameter -Wno-unused-variable -Wunused-value -Wno-empty-body -Wno-uninitialized -Wno-unknown-pragmas -Wno-shadow -Wno-four-char-constants -Wno-conversion -Wno-constant-conversion -Wno-int-conversion -Wno-bool-conversion -Wno-enum-conversion -Wno-float-conversion -Wno-non-literal-null-conversion -Wno-objc-literal-conversion -Wno-shorten-64-to-32 -Wpointer-sign -Wno-newline-eof -Wno-selector -Wno-strict-selector-match -Wno-undeclared-selector -Wno-deprecated-implementations -Wno-implicit-fallthrough -isysroot /Applications/Xcode-27.0.0-Release.Candidate.app/Contents/Developer/Platforms/WatchOS.platform/Developer/SDKs/WatchOS27.0.sdk -fstrict-aliasing -Wprotocol -Wdeprecated-declarations -Wno-sign-conversion -Wno-infinite-recursion -Wno-comma -Wno-block-capture-autoreleasing -Wno-strict-prototypes -Wno-semicolon-before-method-body -index-store-path /Users/admin/builder/spi-builder-workspace/.derivedData/Index.noindex/DataStore @/Users/admin/builder/spi-builder-workspace/.derivedData/Build/Intermediates.noindex/GCDWebServer.build/Debug-watchos/GCDWebServer-t.build/Objects-normal/arm64_32/e6072d4f65d7061329687fe24e3d63a7-common-args.resp -include /Users/admin/builder/spi-builder-workspace/.derivedData/Build/Intermediates.noindex/GCDWebServer.build/Debug-watchos/GCDWebServer-t.build/DerivedSources/resource_bundle_accessor.h -MMD -MT dependencies -MF /Users/admin/builder/spi-builder-workspace/.derivedData/Build/Intermediates.noindex/GCDWebServer.build/Debug-watchos/GCDWebServer-t.build/Objects-normal/arm64_32/resource_bundle_accessor.d --serialize-diagnostics /Users/admin/builder/spi-builder-workspace/.derivedData/Build/Intermediates.noindex/GCDWebServer.build/Debug-watchos/GCDWebServer-t.build/Objects-normal/arm64_32/resource_bundle_accessor.dia -c /Users/admin/builder/spi-builder-workspace/.derivedData/Build/Intermediates.noindex/GCDWebServer.build/Debug-watchos/GCDWebServer-t.build/DerivedSources/resource_bundle_accessor.m -o /Users/admin/builder/spi-builder-workspace/.derivedData/Build/Intermediates.noindex/GCDWebServer.build/Debug-watchos/GCDWebServer-t.build/Objects-normal/arm64_32/resource_bundle_accessor.o -index-unit-output-path /GCDWebServer.build/Debug-watchos/GCDWebServer-t.build/Objects-normal/arm64_32/resource_bundle_accessor.o
CompileC /Users/admin/builder/spi-builder-workspace/.derivedData/Build/Intermediates.noindex/GCDWebServer.build/Debug-watchos/GCDWebServer-t.build/Objects-normal/arm64_32/GCDWebServerURLEncodedFormRequest.o /Users/admin/builder/spi-builder-workspace/Requests/GCDWebServerURLEncodedFormRequest.m normal arm64_32 objective-c com.apple.compilers.llvm.clang.1_0.compiler (in target 'GCDWebServer' from project 'GCDWebServer')
    cd /Users/admin/builder/spi-builder-workspace/.swiftpm/xcode

    Using response file: /Users/admin/builder/spi-builder-workspace/.derivedData/Build/Intermediates.noindex/GCDWebServer.build/Debug-watchos/GCDWebServer-t.build/Objects-normal/arm64_32/e6072d4f65d7061329687fe24e3d63a7-common-args.resp

    /Applications/Xcode-27.0.0-Release.Candidate.app/Contents/Developer/Toolchains/XcodeDefault.xctoolchain/usr/bin/clang -x objective-c -ivfsstatcache /Users/admin/builder/spi-builder-workspace/.derivedData/SDKStatCaches.noindex/watchos27.0-24R360-e829b21a6f8c9b70876ba0858053c04477534ef55a1706bf4c1112bbb242f0a2.sdkstatcache -target arm64_32-apple-watchos9.0 -fmessage-length\=0 -fdiagnostics-show-note-include-stack -fmacro-backtrace-limit\=0 -fno-color-diagnostics -fmodules-prune-interval\=86400 -fmodules-prune-after\=345600 -fbuild-session-file\=/Users/admin/builder/spi-builder-workspace/.derivedData/ModuleCache.noindex/Session.modulevalidation -fmodules-validate-once-per-build-session -Wnon-modular-include-in-framework-module -Werror\=non-modular-include-in-framework-module -Wno-trigraphs -Wno-missing-field-initializers -Wno-missing-prototypes -Wno-return-type -Wno-implicit-atomic-properties -Wno-objc-interface-ivars -Wno-arc-repeated-use-of-weak -Wno-missing-braces -Wparentheses -Wswitch -Wno-unused-function -Wno-unused-label -Wno-unused-parameter -Wno-unused-variable -Wunused-value -Wno-empty-body -Wno-uninitialized -Wno-unknown-pragmas -Wno-shadow -Wno-four-char-constants -Wno-conversion -Wno-constant-conversion -Wno-int-conversion -Wno-bool-conversion -Wno-enum-conversion -Wno-float-conversion -Wno-non-literal-null-conversion -Wno-objc-literal-conversion -Wno-shorten-64-to-32 -Wpointer-sign -Wno-newline-eof -Wno-selector -Wno-strict-selector-match -Wno-undeclared-selector -Wno-deprecated-implementations -Wno-implicit-fallthrough -isysroot /Applications/Xcode-27.0.0-Release.Candidate.app/Contents/Developer/Platforms/WatchOS.platform/Developer/SDKs/WatchOS27.0.sdk -fstrict-aliasing -Wprotocol -Wdeprecated-declarations -Wno-sign-conversion -Wno-infinite-recursion -Wno-comma -Wno-block-capture-autoreleasing -Wno-strict-prototypes -Wno-semicolon-before-method-body -index-store-path /Users/admin/builder/spi-builder-workspace/.derivedData/Index.noindex/DataStore @/Users/admin/builder/spi-builder-workspace/.derivedData/Build/Intermediates.noindex/GCDWebServer.build/Debug-watchos/GCDWebServer-t.build/Objects-normal/arm64_32/e6072d4f65d7061329687fe24e3d63a7-common-args.resp -include /Users/admin/builder/spi-builder-workspace/.derivedData/Build/Intermediates.noindex/GCDWebServer.build/Debug-watchos/GCDWebServer-t.build/DerivedSources/resource_bundle_accessor.h -MMD -MT dependencies -MF /Users/admin/builder/spi-builder-workspace/.derivedData/Build/Intermediates.noindex/GCDWebServer.build/Debug-watchos/GCDWebServer-t.build/Objects-normal/arm64_32/GCDWebServerURLEncodedFormRequest.d --serialize-diagnostics /Users/admin/builder/spi-builder-workspace/.derivedData/Build/Intermediates.noindex/GCDWebServer.build/Debug-watchos/GCDWebServer-t.build/Objects-normal/arm64_32/GCDWebServerURLEncodedFormRequest.dia -c /Users/admin/builder/spi-builder-workspace/Requests/GCDWebServerURLEncodedFormRequest.m -o /Users/admin/builder/spi-builder-workspace/.derivedData/Build/Intermediates.noindex/GCDWebServer.build/Debug-watchos/GCDWebServer-t.build/Objects-normal/arm64_32/GCDWebServerURLEncodedFormRequest.o -index-unit-output-path /GCDWebServer.build/Debug-watchos/GCDWebServer-t.build/Objects-normal/arm64_32/GCDWebServerURLEncodedFormRequest.o
CompileC /Users/admin/builder/spi-builder-workspace/.derivedData/Build/Intermediates.noindex/GCDWebServer.build/Debug-watchos/GCDWebServer-t.build/Objects-normal/arm64_32/GCDWebServerStreamedResponse.o /Users/admin/builder/spi-builder-workspace/Responses/GCDWebServerStreamedResponse.m normal arm64_32 objective-c com.apple.compilers.llvm.clang.1_0.compiler (in target 'GCDWebServer' from project 'GCDWebServer')
    cd /Users/admin/builder/spi-builder-workspace/.swiftpm/xcode

    Using response file: /Users/admin/builder/spi-builder-workspace/.derivedData/Build/Intermediates.noindex/GCDWebServer.build/Debug-watchos/GCDWebServer-t.build/Objects-normal/arm64_32/e6072d4f65d7061329687fe24e3d63a7-common-args.resp

    /Applications/Xcode-27.0.0-Release.Candidate.app/Contents/Developer/Toolchains/XcodeDefault.xctoolchain/usr/bin/clang -x objective-c -ivfsstatcache /Users/admin/builder/spi-builder-workspace/.derivedData/SDKStatCaches.noindex/watchos27.0-24R360-e829b21a6f8c9b70876ba0858053c04477534ef55a1706bf4c1112bbb242f0a2.sdkstatcache -target arm64_32-apple-watchos9.0 -fmessage-length\=0 -fdiagnostics-show-note-include-stack -fmacro-backtrace-limit\=0 -fno-color-diagnostics -fmodules-prune-interval\=86400 -fmodules-prune-after\=345600 -fbuild-session-file\=/Users/admin/builder/spi-builder-workspace/.derivedData/ModuleCache.noindex/Session.modulevalidation -fmodules-validate-once-per-build-session -Wnon-modular-include-in-framework-module -Werror\=non-modular-include-in-framework-module -Wno-trigraphs -Wno-missing-field-initializers -Wno-missing-prototypes -Wno-return-type -Wno-implicit-atomic-properties -Wno-objc-interface-ivars -Wno-arc-repeated-use-of-weak -Wno-missing-braces -Wparentheses -Wswitch -Wno-unused-function -Wno-unused-label -Wno-unused-parameter -Wno-unused-variable -Wunused-value -Wno-empty-body -Wno-uninitialized -Wno-unknown-pragmas -Wno-shadow -Wno-four-char-constants -Wno-conversion -Wno-constant-conversion -Wno-int-conversion -Wno-bool-conversion -Wno-enum-conversion -Wno-float-conversion -Wno-non-literal-null-conversion -Wno-objc-literal-conversion -Wno-shorten-64-to-32 -Wpointer-sign -Wno-newline-eof -Wno-selector -Wno-strict-selector-match -Wno-undeclared-selector -Wno-deprecated-implementations -Wno-implicit-fallthrough -isysroot /Applications/Xcode-27.0.0-Release.Candidate.app/Contents/Developer/Platforms/WatchOS.platform/Developer/SDKs/WatchOS27.0.sdk -fstrict-aliasing -Wprotocol -Wdeprecated-declarations -Wno-sign-conversion -Wno-infinite-recursion -Wno-comma -Wno-block-capture-autoreleasing -Wno-strict-prototypes -Wno-semicolon-before-method-body -index-store-path /Users/admin/builder/spi-builder-workspace/.derivedData/Index.noindex/DataStore @/Users/admin/builder/spi-builder-workspace/.derivedData/Build/Intermediates.noindex/GCDWebServer.build/Debug-watchos/GCDWebServer-t.build/Objects-normal/arm64_32/e6072d4f65d7061329687fe24e3d63a7-common-args.resp -include /Users/admin/builder/spi-builder-workspace/.derivedData/Build/Intermediates.noindex/GCDWebServer.build/Debug-watchos/GCDWebServer-t.build/DerivedSources/resource_bundle_accessor.h -MMD -MT dependencies -MF /Users/admin/builder/spi-builder-workspace/.derivedData/Build/Intermediates.noindex/GCDWebServer.build/Debug-watchos/GCDWebServer-t.build/Objects-normal/arm64_32/GCDWebServerStreamedResponse.d --serialize-diagnostics /Users/admin/builder/spi-builder-workspace/.derivedData/Build/Intermediates.noindex/GCDWebServer.build/Debug-watchos/GCDWebServer-t.build/Objects-normal/arm64_32/GCDWebServerStreamedResponse.dia -c /Users/admin/builder/spi-builder-workspace/Responses/GCDWebServerStreamedResponse.m -o /Users/admin/builder/spi-builder-workspace/.derivedData/Build/Intermediates.noindex/GCDWebServer.build/Debug-watchos/GCDWebServer-t.build/Objects-normal/arm64_32/GCDWebServerStreamedResponse.o -index-unit-output-path /GCDWebServer.build/Debug-watchos/GCDWebServer-t.build/Objects-normal/arm64_32/GCDWebServerStreamedResponse.o
CompileC /Users/admin/builder/spi-builder-workspace/.derivedData/Build/Intermediates.noindex/GCDWebServer.build/Debug-watchos/GCDWebServer-t.build/Objects-normal/arm64_32/GCDWebServerMultiPartFormRequest.o /Users/admin/builder/spi-builder-workspace/Requests/GCDWebServerMultiPartFormRequest.m normal arm64_32 objective-c com.apple.compilers.llvm.clang.1_0.compiler (in target 'GCDWebServer' from project 'GCDWebServer')
    cd /Users/admin/builder/spi-builder-workspace/.swiftpm/xcode

    Using response file: /Users/admin/builder/spi-builder-workspace/.derivedData/Build/Intermediates.noindex/GCDWebServer.build/Debug-watchos/GCDWebServer-t.build/Objects-normal/arm64_32/e6072d4f65d7061329687fe24e3d63a7-common-args.resp

    /Applications/Xcode-27.0.0-Release.Candidate.app/Contents/Developer/Toolchains/XcodeDefault.xctoolchain/usr/bin/clang -x objective-c -ivfsstatcache /Users/admin/builder/spi-builder-workspace/.derivedData/SDKStatCaches.noindex/watchos27.0-24R360-e829b21a6f8c9b70876ba0858053c04477534ef55a1706bf4c1112bbb242f0a2.sdkstatcache -target arm64_32-apple-watchos9.0 -fmessage-length\=0 -fdiagnostics-show-note-include-stack -fmacro-backtrace-limit\=0 -fno-color-diagnostics -fmodules-prune-interval\=86400 -fmodules-prune-after\=345600 -fbuild-session-file\=/Users/admin/builder/spi-builder-workspace/.derivedData/ModuleCache.noindex/Session.modulevalidation -fmodules-validate-once-per-build-session -Wnon-modular-include-in-framework-module -Werror\=non-modular-include-in-framework-module -Wno-trigraphs -Wno-missing-field-initializers -Wno-missing-prototypes -Wno-return-type -Wno-implicit-atomic-properties -Wno-objc-interface-ivars -Wno-arc-repeated-use-of-weak -Wno-missing-braces -Wparentheses -Wswitch -Wno-unused-function -Wno-unused-label -Wno-unused-parameter -Wno-unused-variable -Wunused-value -Wno-empty-body -Wno-uninitialized -Wno-unknown-pragmas -Wno-shadow -Wno-four-char-constants -Wno-conversion -Wno-constant-conversion -Wno-int-conversion -Wno-bool-conversion -Wno-enum-conversion -Wno-float-conversion -Wno-non-literal-null-conversion -Wno-objc-literal-conversion -Wno-shorten-64-to-32 -Wpointer-sign -Wno-newline-eof -Wno-selector -Wno-strict-selector-match -Wno-undeclared-selector -Wno-deprecated-implementations -Wno-implicit-fallthrough -isysroot /Applications/Xcode-27.0.0-Release.Candidate.app/Contents/Developer/Platforms/WatchOS.platform/Developer/SDKs/WatchOS27.0.sdk -fstrict-aliasing -Wprotocol -Wdeprecated-declarations -Wno-sign-conversion -Wno-infinite-recursion -Wno-comma -Wno-block-capture-autoreleasing -Wno-strict-prototypes -Wno-semicolon-before-method-body -index-store-path /Users/admin/builder/spi-builder-workspace/.derivedData/Index.noindex/DataStore @/Users/admin/builder/spi-builder-workspace/.derivedData/Build/Intermediates.noindex/GCDWebServer.build/Debug-watchos/GCDWebServer-t.build/Objects-normal/arm64_32/e6072d4f65d7061329687fe24e3d63a7-common-args.resp -include /Users/admin/builder/spi-builder-workspace/.derivedData/Build/Intermediates.noindex/GCDWebServer.build/Debug-watchos/GCDWebServer-t.build/DerivedSources/resource_bundle_accessor.h -MMD -MT dependencies -MF /Users/admin/builder/spi-builder-workspace/.derivedData/Build/Intermediates.noindex/GCDWebServer.build/Debug-watchos/GCDWebServer-t.build/Objects-normal/arm64_32/GCDWebServerMultiPartFormRequest.d --serialize-diagnostics /Users/admin/builder/spi-builder-workspace/.derivedData/Build/Intermediates.noindex/GCDWebServer.build/Debug-watchos/GCDWebServer-t.build/Objects-normal/arm64_32/GCDWebServerMultiPartFormRequest.dia -c /Users/admin/builder/spi-builder-workspace/Requests/GCDWebServerMultiPartFormRequest.m -o /Users/admin/builder/spi-builder-workspace/.derivedData/Build/Intermediates.noindex/GCDWebServer.build/Debug-watchos/GCDWebServer-t.build/Objects-normal/arm64_32/GCDWebServerMultiPartFormRequest.o -index-unit-output-path /GCDWebServer.build/Debug-watchos/GCDWebServer-t.build/Objects-normal/arm64_32/GCDWebServerMultiPartFormRequest.o
CompileC /Users/admin/builder/spi-builder-workspace/.derivedData/Build/Intermediates.noindex/GCDWebServer.build/Debug-watchos/GCDWebServer-t.build/Objects-normal/arm64_32/GCDWebServerFileResponse.o /Users/admin/builder/spi-builder-workspace/Responses/GCDWebServerFileResponse.m normal arm64_32 objective-c com.apple.compilers.llvm.clang.1_0.compiler (in target 'GCDWebServer' from project 'GCDWebServer')
    cd /Users/admin/builder/spi-builder-workspace/.swiftpm/xcode

    Using response file: /Users/admin/builder/spi-builder-workspace/.derivedData/Build/Intermediates.noindex/GCDWebServer.build/Debug-watchos/GCDWebServer-t.build/Objects-normal/arm64_32/e6072d4f65d7061329687fe24e3d63a7-common-args.resp

    /Applications/Xcode-27.0.0-Release.Candidate.app/Contents/Developer/Toolchains/XcodeDefault.xctoolchain/usr/bin/clang -x objective-c -ivfsstatcache /Users/admin/builder/spi-builder-workspace/.derivedData/SDKStatCaches.noindex/watchos27.0-24R360-e829b21a6f8c9b70876ba0858053c04477534ef55a1706bf4c1112bbb242f0a2.sdkstatcache -target arm64_32-apple-watchos9.0 -fmessage-length\=0 -fdiagnostics-show-note-include-stack -fmacro-backtrace-limit\=0 -fno-color-diagnostics -fmodules-prune-interval\=86400 -fmodules-prune-after\=345600 -fbuild-session-file\=/Users/admin/builder/spi-builder-workspace/.derivedData/ModuleCache.noindex/Session.modulevalidation -fmodules-validate-once-per-build-session -Wnon-modular-include-in-framework-module -Werror\=non-modular-include-in-framework-module -Wno-trigraphs -Wno-missing-field-initializers -Wno-missing-prototypes -Wno-return-type -Wno-implicit-atomic-properties -Wno-objc-interface-ivars -Wno-arc-repeated-use-of-weak -Wno-missing-braces -Wparentheses -Wswitch -Wno-unused-function -Wno-unused-label -Wno-unused-parameter -Wno-unused-variable -Wunused-value -Wno-empty-body -Wno-uninitialized -Wno-unknown-pragmas -Wno-shadow -Wno-four-char-constants -Wno-conversion -Wno-constant-conversion -Wno-int-conversion -Wno-bool-conversion -Wno-enum-conversion -Wno-float-conversion -Wno-non-literal-null-conversion -Wno-objc-literal-conversion -Wno-shorten-64-to-32 -Wpointer-sign -Wno-newline-eof -Wno-selector -Wno-strict-selector-match -Wno-undeclared-selector -Wno-deprecated-implementations -Wno-implicit-fallthrough -isysroot /Applications/Xcode-27.0.0-Release.Candidate.app/Contents/Developer/Platforms/WatchOS.platform/Developer/SDKs/WatchOS27.0.sdk -fstrict-aliasing -Wprotocol -Wdeprecated-declarations -Wno-sign-conversion -Wno-infinite-recursion -Wno-comma -Wno-block-capture-autoreleasing -Wno-strict-prototypes -Wno-semicolon-before-method-body -index-store-path /Users/admin/builder/spi-builder-workspace/.derivedData/Index.noindex/DataStore @/Users/admin/builder/spi-builder-workspace/.derivedData/Build/Intermediates.noindex/GCDWebServer.build/Debug-watchos/GCDWebServer-t.build/Objects-normal/arm64_32/e6072d4f65d7061329687fe24e3d63a7-common-args.resp -include /Users/admin/builder/spi-builder-workspace/.derivedData/Build/Intermediates.noindex/GCDWebServer.build/Debug-watchos/GCDWebServer-t.build/DerivedSources/resource_bundle_accessor.h -MMD -MT dependencies -MF /Users/admin/builder/spi-builder-workspace/.derivedData/Build/Intermediates.noindex/GCDWebServer.build/Debug-watchos/GCDWebServer-t.build/Objects-normal/arm64_32/GCDWebServerFileResponse.d --serialize-diagnostics /Users/admin/builder/spi-builder-workspace/.derivedData/Build/Intermediates.noindex/GCDWebServer.build/Debug-watchos/GCDWebServer-t.build/Objects-normal/arm64_32/GCDWebServerFileResponse.dia -c /Users/admin/builder/spi-builder-workspace/Responses/GCDWebServerFileResponse.m -o /Users/admin/builder/spi-builder-workspace/.derivedData/Build/Intermediates.noindex/GCDWebServer.build/Debug-watchos/GCDWebServer-t.build/Objects-normal/arm64_32/GCDWebServerFileResponse.o -index-unit-output-path /GCDWebServer.build/Debug-watchos/GCDWebServer-t.build/Objects-normal/arm64_32/GCDWebServerFileResponse.o
CompileC /Users/admin/builder/spi-builder-workspace/.derivedData/Build/Intermediates.noindex/GCDWebServer.build/Debug-watchos/GCDWebServer-t.build/Objects-normal/arm64_32/GCDWebServerErrorResponse.o /Users/admin/builder/spi-builder-workspace/Responses/GCDWebServerErrorResponse.m normal arm64_32 objective-c com.apple.compilers.llvm.clang.1_0.compiler (in target 'GCDWebServer' from project 'GCDWebServer')
    cd /Users/admin/builder/spi-builder-workspace/.swiftpm/xcode

    Using response file: /Users/admin/builder/spi-builder-workspace/.derivedData/Build/Intermediates.noindex/GCDWebServer.build/Debug-watchos/GCDWebServer-t.build/Objects-normal/arm64_32/e6072d4f65d7061329687fe24e3d63a7-common-args.resp

    /Applications/Xcode-27.0.0-Release.Candidate.app/Contents/Developer/Toolchains/XcodeDefault.xctoolchain/usr/bin/clang -x objective-c -ivfsstatcache /Users/admin/builder/spi-builder-workspace/.derivedData/SDKStatCaches.noindex/watchos27.0-24R360-e829b21a6f8c9b70876ba0858053c04477534ef55a1706bf4c1112bbb242f0a2.sdkstatcache -target arm64_32-apple-watchos9.0 -fmessage-length\=0 -fdiagnostics-show-note-include-stack -fmacro-backtrace-limit\=0 -fno-color-diagnostics -fmodules-prune-interval\=86400 -fmodules-prune-after\=345600 -fbuild-session-file\=/Users/admin/builder/spi-builder-workspace/.derivedData/ModuleCache.noindex/Session.modulevalidation -fmodules-validate-once-per-build-session -Wnon-modular-include-in-framework-module -Werror\=non-modular-include-in-framework-module -Wno-trigraphs -Wno-missing-field-initializers -Wno-missing-prototypes -Wno-return-type -Wno-implicit-atomic-properties -Wno-objc-interface-ivars -Wno-arc-repeated-use-of-weak -Wno-missing-braces -Wparentheses -Wswitch -Wno-unused-function -Wno-unused-label -Wno-unused-parameter -Wno-unused-variable -Wunused-value -Wno-empty-body -Wno-uninitialized -Wno-unknown-pragmas -Wno-shadow -Wno-four-char-constants -Wno-conversion -Wno-constant-conversion -Wno-int-conversion -Wno-bool-conversion -Wno-enum-conversion -Wno-float-conversion -Wno-non-literal-null-conversion -Wno-objc-literal-conversion -Wno-shorten-64-to-32 -Wpointer-sign -Wno-newline-eof -Wno-selector -Wno-strict-selector-match -Wno-undeclared-selector -Wno-deprecated-implementations -Wno-implicit-fallthrough -isysroot /Applications/Xcode-27.0.0-Release.Candidate.app/Contents/Developer/Platforms/WatchOS.platform/Developer/SDKs/WatchOS27.0.sdk -fstrict-aliasing -Wprotocol -Wdeprecated-declarations -Wno-sign-conversion -Wno-infinite-recursion -Wno-comma -Wno-block-capture-autoreleasing -Wno-strict-prototypes -Wno-semicolon-before-method-body -index-store-path /Users/admin/builder/spi-builder-workspace/.derivedData/Index.noindex/DataStore @/Users/admin/builder/spi-builder-workspace/.derivedData/Build/Intermediates.noindex/GCDWebServer.build/Debug-watchos/GCDWebServer-t.build/Objects-normal/arm64_32/e6072d4f65d7061329687fe24e3d63a7-common-args.resp -include /Users/admin/builder/spi-builder-workspace/.derivedData/Build/Intermediates.noindex/GCDWebServer.build/Debug-watchos/GCDWebServer-t.build/DerivedSources/resource_bundle_accessor.h -MMD -MT dependencies -MF /Users/admin/builder/spi-builder-workspace/.derivedData/Build/Intermediates.noindex/GCDWebServer.build/Debug-watchos/GCDWebServer-t.build/Objects-normal/arm64_32/GCDWebServerErrorResponse.d --serialize-diagnostics /Users/admin/builder/spi-builder-workspace/.derivedData/Build/Intermediates.noindex/GCDWebServer.build/Debug-watchos/GCDWebServer-t.build/Objects-normal/arm64_32/GCDWebServerErrorResponse.dia -c /Users/admin/builder/spi-builder-workspace/Responses/GCDWebServerErrorResponse.m -o /Users/admin/builder/spi-builder-workspace/.derivedData/Build/Intermediates.noindex/GCDWebServer.build/Debug-watchos/GCDWebServer-t.build/Objects-normal/arm64_32/GCDWebServerErrorResponse.o -index-unit-output-path /GCDWebServer.build/Debug-watchos/GCDWebServer-t.build/Objects-normal/arm64_32/GCDWebServerErrorResponse.o
CompileC /Users/admin/builder/spi-builder-workspace/.derivedData/Build/Intermediates.noindex/GCDWebServer.build/Debug-watchos/GCDWebServer-t.build/Objects-normal/arm64/GCDWebServerURLEncodedFormRequest.o /Users/admin/builder/spi-builder-workspace/Requests/GCDWebServerURLEncodedFormRequest.m normal arm64 objective-c com.apple.compilers.llvm.clang.1_0.compiler (in target 'GCDWebServer' from project 'GCDWebServer')
    cd /Users/admin/builder/spi-builder-workspace/.swiftpm/xcode

    Using response file: /Users/admin/builder/spi-builder-workspace/.derivedData/Build/Intermediates.noindex/GCDWebServer.build/Debug-watchos/GCDWebServer-t.build/Objects-normal/arm64/e6072d4f65d7061329687fe24e3d63a7-common-args.resp

    /Applications/Xcode-27.0.0-Release.Candidate.app/Contents/Developer/Toolchains/XcodeDefault.xctoolchain/usr/bin/clang -x objective-c -ivfsstatcache /Users/admin/builder/spi-builder-workspace/.derivedData/SDKStatCaches.noindex/watchos27.0-24R360-e829b21a6f8c9b70876ba0858053c04477534ef55a1706bf4c1112bbb242f0a2.sdkstatcache -target arm64-apple-watchos9.0 -fmessage-length\=0 -fdiagnostics-show-note-include-stack -fmacro-backtrace-limit\=0 -fno-color-diagnostics -fmodules-prune-interval\=86400 -fmodules-prune-after\=345600 -fbuild-session-file\=/Users/admin/builder/spi-builder-workspace/.derivedData/ModuleCache.noindex/Session.modulevalidation -fmodules-validate-once-per-build-session -Wnon-modular-include-in-framework-module -Werror\=non-modular-include-in-framework-module -Wno-trigraphs -Wno-missing-field-initializers -Wno-missing-prototypes -Wno-return-type -Wno-implicit-atomic-properties -Wno-objc-interface-ivars -Wno-arc-repeated-use-of-weak -Wno-missing-braces -Wparentheses -Wswitch -Wno-unused-function -Wno-unused-label -Wno-unused-parameter -Wno-unused-variable -Wunused-value -Wno-empty-body -Wno-uninitialized -Wno-unknown-pragmas -Wno-shadow -Wno-four-char-constants -Wno-conversion -Wno-constant-conversion -Wno-int-conversion -Wno-bool-conversion -Wno-enum-conversion -Wno-float-conversion -Wno-non-literal-null-conversion -Wno-objc-literal-conversion -Wshorten-64-to-32 -Wpointer-sign -Wno-newline-eof -Wno-selector -Wno-strict-selector-match -Wno-undeclared-selector -Wno-deprecated-implementations -Wno-implicit-fallthrough -isysroot /Applications/Xcode-27.0.0-Release.Candidate.app/Contents/Developer/Platforms/WatchOS.platform/Developer/SDKs/WatchOS27.0.sdk -fstrict-aliasing -Wprotocol -Wdeprecated-declarations -Wno-sign-conversion -Wno-infinite-recursion -Wno-comma -Wno-block-capture-autoreleasing -Wno-strict-prototypes -Wno-semicolon-before-method-body -index-store-path /Users/admin/builder/spi-builder-workspace/.derivedData/Index.noindex/DataStore @/Users/admin/builder/spi-builder-workspace/.derivedData/Build/Intermediates.noindex/GCDWebServer.build/Debug-watchos/GCDWebServer-t.build/Objects-normal/arm64/e6072d4f65d7061329687fe24e3d63a7-common-args.resp -include /Users/admin/builder/spi-builder-workspace/.derivedData/Build/Intermediates.noindex/GCDWebServer.build/Debug-watchos/GCDWebServer-t.build/DerivedSources/resource_bundle_accessor.h -MMD -MT dependencies -MF /Users/admin/builder/spi-builder-workspace/.derivedData/Build/Intermediates.noindex/GCDWebServer.build/Debug-watchos/GCDWebServer-t.build/Objects-normal/arm64/GCDWebServerURLEncodedFormRequest.d --serialize-diagnostics /Users/admin/builder/spi-builder-workspace/.derivedData/Build/Intermediates.noindex/GCDWebServer.build/Debug-watchos/GCDWebServer-t.build/Objects-normal/arm64/GCDWebServerURLEncodedFormRequest.dia -c /Users/admin/builder/spi-builder-workspace/Requests/GCDWebServerURLEncodedFormRequest.m -o /Users/admin/builder/spi-builder-workspace/.derivedData/Build/Intermediates.noindex/GCDWebServer.build/Debug-watchos/GCDWebServer-t.build/Objects-normal/arm64/GCDWebServerURLEncodedFormRequest.o -index-unit-output-path /GCDWebServer.build/Debug-watchos/GCDWebServer-t.build/Objects-normal/arm64/GCDWebServerURLEncodedFormRequest.o
CompileC /Users/admin/builder/spi-builder-workspace/.derivedData/Build/Intermediates.noindex/GCDWebServer.build/Debug-watchos/GCDWebServer-t.build/Objects-normal/arm64/resource_bundle_accessor.o /Users/admin/builder/spi-builder-workspace/.derivedData/Build/Intermediates.noindex/GCDWebServer.build/Debug-watchos/GCDWebServer-t.build/DerivedSources/resource_bundle_accessor.m normal arm64 objective-c com.apple.compilers.llvm.clang.1_0.compiler (in target 'GCDWebServer' from project 'GCDWebServer')
    cd /Users/admin/builder/spi-builder-workspace/.swiftpm/xcode

    Using response file: /Users/admin/builder/spi-builder-workspace/.derivedData/Build/Intermediates.noindex/GCDWebServer.build/Debug-watchos/GCDWebServer-t.build/Objects-normal/arm64/e6072d4f65d7061329687fe24e3d63a7-common-args.resp

    /Applications/Xcode-27.0.0-Release.Candidate.app/Contents/Developer/Toolchains/XcodeDefault.xctoolchain/usr/bin/clang -x objective-c -ivfsstatcache /Users/admin/builder/spi-builder-workspace/.derivedData/SDKStatCaches.noindex/watchos27.0-24R360-e829b21a6f8c9b70876ba0858053c04477534ef55a1706bf4c1112bbb242f0a2.sdkstatcache -target arm64-apple-watchos9.0 -fmessage-length\=0 -fdiagnostics-show-note-include-stack -fmacro-backtrace-limit\=0 -fno-color-diagnostics -fmodules-prune-interval\=86400 -fmodules-prune-after\=345600 -fbuild-session-file\=/Users/admin/builder/spi-builder-workspace/.derivedData/ModuleCache.noindex/Session.modulevalidation -fmodules-validate-once-per-build-session -Wnon-modular-include-in-framework-module -Werror\=non-modular-include-in-framework-module -Wno-trigraphs -Wno-missing-field-initializers -Wno-missing-prototypes -Wno-return-type -Wno-implicit-atomic-properties -Wno-objc-interface-ivars -Wno-arc-repeated-use-of-weak -Wno-missing-braces -Wparentheses -Wswitch -Wno-unused-function -Wno-unused-label -Wno-unused-parameter -Wno-unused-variable -Wunused-value -Wno-empty-body -Wno-uninitialized -Wno-unknown-pragmas -Wno-shadow -Wno-four-char-constants -Wno-conversion -Wno-constant-conversion -Wno-int-conversion -Wno-bool-conversion -Wno-enum-conversion -Wno-float-conversion -Wno-non-literal-null-conversion -Wno-objc-literal-conversion -Wshorten-64-to-32 -Wpointer-sign -Wno-newline-eof -Wno-selector -Wno-strict-selector-match -Wno-undeclared-selector -Wno-deprecated-implementations -Wno-implicit-fallthrough -isysroot /Applications/Xcode-27.0.0-Release.Candidate.app/Contents/Developer/Platforms/WatchOS.platform/Developer/SDKs/WatchOS27.0.sdk -fstrict-aliasing -Wprotocol -Wdeprecated-declarations -Wno-sign-conversion -Wno-infinite-recursion -Wno-comma -Wno-block-capture-autoreleasing -Wno-strict-prototypes -Wno-semicolon-before-method-body -index-store-path /Users/admin/builder/spi-builder-workspace/.derivedData/Index.noindex/DataStore @/Users/admin/builder/spi-builder-workspace/.derivedData/Build/Intermediates.noindex/GCDWebServer.build/Debug-watchos/GCDWebServer-t.build/Objects-normal/arm64/e6072d4f65d7061329687fe24e3d63a7-common-args.resp -include /Users/admin/builder/spi-builder-workspace/.derivedData/Build/Intermediates.noindex/GCDWebServer.build/Debug-watchos/GCDWebServer-t.build/DerivedSources/resource_bundle_accessor.h -MMD -MT dependencies -MF /Users/admin/builder/spi-builder-workspace/.derivedData/Build/Intermediates.noindex/GCDWebServer.build/Debug-watchos/GCDWebServer-t.build/Objects-normal/arm64/resource_bundle_accessor.d --serialize-diagnostics /Users/admin/builder/spi-builder-workspace/.derivedData/Build/Intermediates.noindex/GCDWebServer.build/Debug-watchos/GCDWebServer-t.build/Objects-normal/arm64/resource_bundle_accessor.dia -c /Users/admin/builder/spi-builder-workspace/.derivedData/Build/Intermediates.noindex/GCDWebServer.build/Debug-watchos/GCDWebServer-t.build/DerivedSources/resource_bundle_accessor.m -o /Users/admin/builder/spi-builder-workspace/.derivedData/Build/Intermediates.noindex/GCDWebServer.build/Debug-watchos/GCDWebServer-t.build/Objects-normal/arm64/resource_bundle_accessor.o -index-unit-output-path /GCDWebServer.build/Debug-watchos/GCDWebServer-t.build/Objects-normal/arm64/resource_bundle_accessor.o
CompileC /Users/admin/builder/spi-builder-workspace/.derivedData/Build/Intermediates.noindex/GCDWebServer.build/Debug-watchos/GCDWebServer-t.build/Objects-normal/arm64/GCDWebServerStreamedResponse.o /Users/admin/builder/spi-builder-workspace/Responses/GCDWebServerStreamedResponse.m normal arm64 objective-c com.apple.compilers.llvm.clang.1_0.compiler (in target 'GCDWebServer' from project 'GCDWebServer')
    cd /Users/admin/builder/spi-builder-workspace/.swiftpm/xcode

    Using response file: /Users/admin/builder/spi-builder-workspace/.derivedData/Build/Intermediates.noindex/GCDWebServer.build/Debug-watchos/GCDWebServer-t.build/Objects-normal/arm64/e6072d4f65d7061329687fe24e3d63a7-common-args.resp

    /Applications/Xcode-27.0.0-Release.Candidate.app/Contents/Developer/Toolchains/XcodeDefault.xctoolchain/usr/bin/clang -x objective-c -ivfsstatcache /Users/admin/builder/spi-builder-workspace/.derivedData/SDKStatCaches.noindex/watchos27.0-24R360-e829b21a6f8c9b70876ba0858053c04477534ef55a1706bf4c1112bbb242f0a2.sdkstatcache -target arm64-apple-watchos9.0 -fmessage-length\=0 -fdiagnostics-show-note-include-stack -fmacro-backtrace-limit\=0 -fno-color-diagnostics -fmodules-prune-interval\=86400 -fmodules-prune-after\=345600 -fbuild-session-file\=/Users/admin/builder/spi-builder-workspace/.derivedData/ModuleCache.noindex/Session.modulevalidation -fmodules-validate-once-per-build-session -Wnon-modular-include-in-framework-module -Werror\=non-modular-include-in-framework-module -Wno-trigraphs -Wno-missing-field-initializers -Wno-missing-prototypes -Wno-return-type -Wno-implicit-atomic-properties -Wno-objc-interface-ivars -Wno-arc-repeated-use-of-weak -Wno-missing-braces -Wparentheses -Wswitch -Wno-unused-function -Wno-unused-label -Wno-unused-parameter -Wno-unused-variable -Wunused-value -Wno-empty-body -Wno-uninitialized -Wno-unknown-pragmas -Wno-shadow -Wno-four-char-constants -Wno-conversion -Wno-constant-conversion -Wno-int-conversion -Wno-bool-conversion -Wno-enum-conversion -Wno-float-conversion -Wno-non-literal-null-conversion -Wno-objc-literal-conversion -Wshorten-64-to-32 -Wpointer-sign -Wno-newline-eof -Wno-selector -Wno-strict-selector-match -Wno-undeclared-selector -Wno-deprecated-implementations -Wno-implicit-fallthrough -isysroot /Applications/Xcode-27.0.0-Release.Candidate.app/Contents/Developer/Platforms/WatchOS.platform/Developer/SDKs/WatchOS27.0.sdk -fstrict-aliasing -Wprotocol -Wdeprecated-declarations -Wno-sign-conversion -Wno-infinite-recursion -Wno-comma -Wno-block-capture-autoreleasing -Wno-strict-prototypes -Wno-semicolon-before-method-body -index-store-path /Users/admin/builder/spi-builder-workspace/.derivedData/Index.noindex/DataStore @/Users/admin/builder/spi-builder-workspace/.derivedData/Build/Intermediates.noindex/GCDWebServer.build/Debug-watchos/GCDWebServer-t.build/Objects-normal/arm64/e6072d4f65d7061329687fe24e3d63a7-common-args.resp -include /Users/admin/builder/spi-builder-workspace/.derivedData/Build/Intermediates.noindex/GCDWebServer.build/Debug-watchos/GCDWebServer-t.build/DerivedSources/resource_bundle_accessor.h -MMD -MT dependencies -MF /Users/admin/builder/spi-builder-workspace/.derivedData/Build/Intermediates.noindex/GCDWebServer.build/Debug-watchos/GCDWebServer-t.build/Objects-normal/arm64/GCDWebServerStreamedResponse.d --serialize-diagnostics /Users/admin/builder/spi-builder-workspace/.derivedData/Build/Intermediates.noindex/GCDWebServer.build/Debug-watchos/GCDWebServer-t.build/Objects-normal/arm64/GCDWebServerStreamedResponse.dia -c /Users/admin/builder/spi-builder-workspace/Responses/GCDWebServerStreamedResponse.m -o /Users/admin/builder/spi-builder-workspace/.derivedData/Build/Intermediates.noindex/GCDWebServer.build/Debug-watchos/GCDWebServer-t.build/Objects-normal/arm64/GCDWebServerStreamedResponse.o -index-unit-output-path /GCDWebServer.build/Debug-watchos/GCDWebServer-t.build/Objects-normal/arm64/GCDWebServerStreamedResponse.o
CompileC /Users/admin/builder/spi-builder-workspace/.derivedData/Build/Intermediates.noindex/GCDWebServer.build/Debug-watchos/GCDWebServer-t.build/Objects-normal/arm64/GCDWebServerResponse.o /Users/admin/builder/spi-builder-workspace/Core/GCDWebServerResponse.m normal arm64 objective-c com.apple.compilers.llvm.clang.1_0.compiler (in target 'GCDWebServer' from project 'GCDWebServer')
    cd /Users/admin/builder/spi-builder-workspace/.swiftpm/xcode

    Using response file: /Users/admin/builder/spi-builder-workspace/.derivedData/Build/Intermediates.noindex/GCDWebServer.build/Debug-watchos/GCDWebServer-t.build/Objects-normal/arm64/e6072d4f65d7061329687fe24e3d63a7-common-args.resp

    /Applications/Xcode-27.0.0-Release.Candidate.app/Contents/Developer/Toolchains/XcodeDefault.xctoolchain/usr/bin/clang -x objective-c -ivfsstatcache /Users/admin/builder/spi-builder-workspace/.derivedData/SDKStatCaches.noindex/watchos27.0-24R360-e829b21a6f8c9b70876ba0858053c04477534ef55a1706bf4c1112bbb242f0a2.sdkstatcache -target arm64-apple-watchos9.0 -fmessage-length\=0 -fdiagnostics-show-note-include-stack -fmacro-backtrace-limit\=0 -fno-color-diagnostics -fmodules-prune-interval\=86400 -fmodules-prune-after\=345600 -fbuild-session-file\=/Users/admin/builder/spi-builder-workspace/.derivedData/ModuleCache.noindex/Session.modulevalidation -fmodules-validate-once-per-build-session -Wnon-modular-include-in-framework-module -Werror\=non-modular-include-in-framework-module -Wno-trigraphs -Wno-missing-field-initializers -Wno-missing-prototypes -Wno-return-type -Wno-implicit-atomic-properties -Wno-objc-interface-ivars -Wno-arc-repeated-use-of-weak -Wno-missing-braces -Wparentheses -Wswitch -Wno-unused-function -Wno-unused-label -Wno-unused-parameter -Wno-unused-variable -Wunused-value -Wno-empty-body -Wno-uninitialized -Wno-unknown-pragmas -Wno-shadow -Wno-four-char-constants -Wno-conversion -Wno-constant-conversion -Wno-int-conversion -Wno-bool-conversion -Wno-enum-conversion -Wno-float-conversion -Wno-non-literal-null-conversion -Wno-objc-literal-conversion -Wshorten-64-to-32 -Wpointer-sign -Wno-newline-eof -Wno-selector -Wno-strict-selector-match -Wno-undeclared-selector -Wno-deprecated-implementations -Wno-implicit-fallthrough -isysroot /Applications/Xcode-27.0.0-Release.Candidate.app/Contents/Developer/Platforms/WatchOS.platform/Developer/SDKs/WatchOS27.0.sdk -fstrict-aliasing -Wprotocol -Wdeprecated-declarations -Wno-sign-conversion -Wno-infinite-recursion -Wno-comma -Wno-block-capture-autoreleasing -Wno-strict-prototypes -Wno-semicolon-before-method-body -index-store-path /Users/admin/builder/spi-builder-workspace/.derivedData/Index.noindex/DataStore @/Users/admin/builder/spi-builder-workspace/.derivedData/Build/Intermediates.noindex/GCDWebServer.build/Debug-watchos/GCDWebServer-t.build/Objects-normal/arm64/e6072d4f65d7061329687fe24e3d63a7-common-args.resp -include /Users/admin/builder/spi-builder-workspace/.derivedData/Build/Intermediates.noindex/GCDWebServer.build/Debug-watchos/GCDWebServer-t.build/DerivedSources/resource_bundle_accessor.h -MMD -MT dependencies -MF /Users/admin/builder/spi-builder-workspace/.derivedData/Build/Intermediates.noindex/GCDWebServer.build/Debug-watchos/GCDWebServer-t.build/Objects-normal/arm64/GCDWebServerResponse.d --serialize-diagnostics /Users/admin/builder/spi-builder-workspace/.derivedData/Build/Intermediates.noindex/GCDWebServer.build/Debug-watchos/GCDWebServer-t.build/Objects-normal/arm64/GCDWebServerResponse.dia -c /Users/admin/builder/spi-builder-workspace/Core/GCDWebServerResponse.m -o /Users/admin/builder/spi-builder-workspace/.derivedData/Build/Intermediates.noindex/GCDWebServer.build/Debug-watchos/GCDWebServer-t.build/Objects-normal/arm64/GCDWebServerResponse.o -index-unit-output-path /GCDWebServer.build/Debug-watchos/GCDWebServer-t.build/Objects-normal/arm64/GCDWebServerResponse.o
CompileC /Users/admin/builder/spi-builder-workspace/.derivedData/Build/Intermediates.noindex/GCDWebServer.build/Debug-watchos/GCDWebServer-t.build/Objects-normal/arm64/GCDWebServerRequest.o /Users/admin/builder/spi-builder-workspace/Core/GCDWebServerRequest.m normal arm64 objective-c com.apple.compilers.llvm.clang.1_0.compiler (in target 'GCDWebServer' from project 'GCDWebServer')
    cd /Users/admin/builder/spi-builder-workspace/.swiftpm/xcode

    Using response file: /Users/admin/builder/spi-builder-workspace/.derivedData/Build/Intermediates.noindex/GCDWebServer.build/Debug-watchos/GCDWebServer-t.build/Objects-normal/arm64/e6072d4f65d7061329687fe24e3d63a7-common-args.resp

    /Applications/Xcode-27.0.0-Release.Candidate.app/Contents/Developer/Toolchains/XcodeDefault.xctoolchain/usr/bin/clang -x objective-c -ivfsstatcache /Users/admin/builder/spi-builder-workspace/.derivedData/SDKStatCaches.noindex/watchos27.0-24R360-e829b21a6f8c9b70876ba0858053c04477534ef55a1706bf4c1112bbb242f0a2.sdkstatcache -target arm64-apple-watchos9.0 -fmessage-length\=0 -fdiagnostics-show-note-include-stack -fmacro-backtrace-limit\=0 -fno-color-diagnostics -fmodules-prune-interval\=86400 -fmodules-prune-after\=345600 -fbuild-session-file\=/Users/admin/builder/spi-builder-workspace/.derivedData/ModuleCache.noindex/Session.modulevalidation -fmodules-validate-once-per-build-session -Wnon-modular-include-in-framework-module -Werror\=non-modular-include-in-framework-module -Wno-trigraphs -Wno-missing-field-initializers -Wno-missing-prototypes -Wno-return-type -Wno-implicit-atomic-properties -Wno-objc-interface-ivars -Wno-arc-repeated-use-of-weak -Wno-missing-braces -Wparentheses -Wswitch -Wno-unused-function -Wno-unused-label -Wno-unused-parameter -Wno-unused-variable -Wunused-value -Wno-empty-body -Wno-uninitialized -Wno-unknown-pragmas -Wno-shadow -Wno-four-char-constants -Wno-conversion -Wno-constant-conversion -Wno-int-conversion -Wno-bool-conversion -Wno-enum-conversion -Wno-float-conversion -Wno-non-literal-null-conversion -Wno-objc-literal-conversion -Wshorten-64-to-32 -Wpointer-sign -Wno-newline-eof -Wno-selector -Wno-strict-selector-match -Wno-undeclared-selector -Wno-deprecated-implementations -Wno-implicit-fallthrough -isysroot /Applications/Xcode-27.0.0-Release.Candidate.app/Contents/Developer/Platforms/WatchOS.platform/Developer/SDKs/WatchOS27.0.sdk -fstrict-aliasing -Wprotocol -Wdeprecated-declarations -Wno-sign-conversion -Wno-infinite-recursion -Wno-comma -Wno-block-capture-autoreleasing -Wno-strict-prototypes -Wno-semicolon-before-method-body -index-store-path /Users/admin/builder/spi-builder-workspace/.derivedData/Index.noindex/DataStore @/Users/admin/builder/spi-builder-workspace/.derivedData/Build/Intermediates.noindex/GCDWebServer.build/Debug-watchos/GCDWebServer-t.build/Objects-normal/arm64/e6072d4f65d7061329687fe24e3d63a7-common-args.resp -include /Users/admin/builder/spi-builder-workspace/.derivedData/Build/Intermediates.noindex/GCDWebServer.build/Debug-watchos/GCDWebServer-t.build/DerivedSources/resource_bundle_accessor.h -MMD -MT dependencies -MF /Users/admin/builder/spi-builder-workspace/.derivedData/Build/Intermediates.noindex/GCDWebServer.build/Debug-watchos/GCDWebServer-t.build/Objects-normal/arm64/GCDWebServerRequest.d --serialize-diagnostics /Users/admin/builder/spi-builder-workspace/.derivedData/Build/Intermediates.noindex/GCDWebServer.build/Debug-watchos/GCDWebServer-t.build/Objects-normal/arm64/GCDWebServerRequest.dia -c /Users/admin/builder/spi-builder-workspace/Core/GCDWebServerRequest.m -o /Users/admin/builder/spi-builder-workspace/.derivedData/Build/Intermediates.noindex/GCDWebServer.build/Debug-watchos/GCDWebServer-t.build/Objects-normal/arm64/GCDWebServerRequest.o -index-unit-output-path /GCDWebServer.build/Debug-watchos/GCDWebServer-t.build/Objects-normal/arm64/GCDWebServerRequest.o
CompileC /Users/admin/builder/spi-builder-workspace/.derivedData/Build/Intermediates.noindex/GCDWebServer.build/Debug-watchos/GCDWebServer-t.build/Objects-normal/arm64/GCDWebServerMultiPartFormRequest.o /Users/admin/builder/spi-builder-workspace/Requests/GCDWebServerMultiPartFormRequest.m normal arm64 objective-c com.apple.compilers.llvm.clang.1_0.compiler (in target 'GCDWebServer' from project 'GCDWebServer')
    cd /Users/admin/builder/spi-builder-workspace/.swiftpm/xcode

    Using response file: /Users/admin/builder/spi-builder-workspace/.derivedData/Build/Intermediates.noindex/GCDWebServer.build/Debug-watchos/GCDWebServer-t.build/Objects-normal/arm64/e6072d4f65d7061329687fe24e3d63a7-common-args.resp

    /Applications/Xcode-27.0.0-Release.Candidate.app/Contents/Developer/Toolchains/XcodeDefault.xctoolchain/usr/bin/clang -x objective-c -ivfsstatcache /Users/admin/builder/spi-builder-workspace/.derivedData/SDKStatCaches.noindex/watchos27.0-24R360-e829b21a6f8c9b70876ba0858053c04477534ef55a1706bf4c1112bbb242f0a2.sdkstatcache -target arm64-apple-watchos9.0 -fmessage-length\=0 -fdiagnostics-show-note-include-stack -fmacro-backtrace-limit\=0 -fno-color-diagnostics -fmodules-prune-interval\=86400 -fmodules-prune-after\=345600 -fbuild-session-file\=/Users/admin/builder/spi-builder-workspace/.derivedData/ModuleCache.noindex/Session.modulevalidation -fmodules-validate-once-per-build-session -Wnon-modular-include-in-framework-module -Werror\=non-modular-include-in-framework-module -Wno-trigraphs -Wno-missing-field-initializers -Wno-missing-prototypes -Wno-return-type -Wno-implicit-atomic-properties -Wno-objc-interface-ivars -Wno-arc-repeated-use-of-weak -Wno-missing-braces -Wparentheses -Wswitch -Wno-unused-function -Wno-unused-label -Wno-unused-parameter -Wno-unused-variable -Wunused-value -Wno-empty-body -Wno-uninitialized -Wno-unknown-pragmas -Wno-shadow -Wno-four-char-constants -Wno-conversion -Wno-constant-conversion -Wno-int-conversion -Wno-bool-conversion -Wno-enum-conversion -Wno-float-conversion -Wno-non-literal-null-conversion -Wno-objc-literal-conversion -Wshorten-64-to-32 -Wpointer-sign -Wno-newline-eof -Wno-selector -Wno-strict-selector-match -Wno-undeclared-selector -Wno-deprecated-implementations -Wno-implicit-fallthrough -isysroot /Applications/Xcode-27.0.0-Release.Candidate.app/Contents/Developer/Platforms/WatchOS.platform/Developer/SDKs/WatchOS27.0.sdk -fstrict-aliasing -Wprotocol -Wdeprecated-declarations -Wno-sign-conversion -Wno-infinite-recursion -Wno-comma -Wno-block-capture-autoreleasing -Wno-strict-prototypes -Wno-semicolon-before-method-body -index-store-path /Users/admin/builder/spi-builder-workspace/.derivedData/Index.noindex/DataStore @/Users/admin/builder/spi-builder-workspace/.derivedData/Build/Intermediates.noindex/GCDWebServer.build/Debug-watchos/GCDWebServer-t.build/Objects-normal/arm64/e6072d4f65d7061329687fe24e3d63a7-common-args.resp -include /Users/admin/builder/spi-builder-workspace/.derivedData/Build/Intermediates.noindex/GCDWebServer.build/Debug-watchos/GCDWebServer-t.build/DerivedSources/resource_bundle_accessor.h -MMD -MT dependencies -MF /Users/admin/builder/spi-builder-workspace/.derivedData/Build/Intermediates.noindex/GCDWebServer.build/Debug-watchos/GCDWebServer-t.build/Objects-normal/arm64/GCDWebServerMultiPartFormRequest.d --serialize-diagnostics /Users/admin/builder/spi-builder-workspace/.derivedData/Build/Intermediates.noindex/GCDWebServer.build/Debug-watchos/GCDWebServer-t.build/Objects-normal/arm64/GCDWebServerMultiPartFormRequest.dia -c /Users/admin/builder/spi-builder-workspace/Requests/GCDWebServerMultiPartFormRequest.m -o /Users/admin/builder/spi-builder-workspace/.derivedData/Build/Intermediates.noindex/GCDWebServer.build/Debug-watchos/GCDWebServer-t.build/Objects-normal/arm64/GCDWebServerMultiPartFormRequest.o -index-unit-output-path /GCDWebServer.build/Debug-watchos/GCDWebServer-t.build/Objects-normal/arm64/GCDWebServerMultiPartFormRequest.o
CompileC /Users/admin/builder/spi-builder-workspace/.derivedData/Build/Intermediates.noindex/GCDWebServer.build/Debug-watchos/GCDWebServer-t.build/Objects-normal/arm64/GCDWebServerFunctions.o /Users/admin/builder/spi-builder-workspace/Core/GCDWebServerFunctions.m normal arm64 objective-c com.apple.compilers.llvm.clang.1_0.compiler (in target 'GCDWebServer' from project 'GCDWebServer')
    cd /Users/admin/builder/spi-builder-workspace/.swiftpm/xcode

    Using response file: /Users/admin/builder/spi-builder-workspace/.derivedData/Build/Intermediates.noindex/GCDWebServer.build/Debug-watchos/GCDWebServer-t.build/Objects-normal/arm64/e6072d4f65d7061329687fe24e3d63a7-common-args.resp

    /Applications/Xcode-27.0.0-Release.Candidate.app/Contents/Developer/Toolchains/XcodeDefault.xctoolchain/usr/bin/clang -x objective-c -ivfsstatcache /Users/admin/builder/spi-builder-workspace/.derivedData/SDKStatCaches.noindex/watchos27.0-24R360-e829b21a6f8c9b70876ba0858053c04477534ef55a1706bf4c1112bbb242f0a2.sdkstatcache -target arm64-apple-watchos9.0 -fmessage-length\=0 -fdiagnostics-show-note-include-stack -fmacro-backtrace-limit\=0 -fno-color-diagnostics -fmodules-prune-interval\=86400 -fmodules-prune-after\=345600 -fbuild-session-file\=/Users/admin/builder/spi-builder-workspace/.derivedData/ModuleCache.noindex/Session.modulevalidation -fmodules-validate-once-per-build-session -Wnon-modular-include-in-framework-module -Werror\=non-modular-include-in-framework-module -Wno-trigraphs -Wno-missing-field-initializers -Wno-missing-prototypes -Wno-return-type -Wno-implicit-atomic-properties -Wno-objc-interface-ivars -Wno-arc-repeated-use-of-weak -Wno-missing-braces -Wparentheses -Wswitch -Wno-unused-function -Wno-unused-label -Wno-unused-parameter -Wno-unused-variable -Wunused-value -Wno-empty-body -Wno-uninitialized -Wno-unknown-pragmas -Wno-shadow -Wno-four-char-constants -Wno-conversion -Wno-constant-conversion -Wno-int-conversion -Wno-bool-conversion -Wno-enum-conversion -Wno-float-conversion -Wno-non-literal-null-conversion -Wno-objc-literal-conversion -Wshorten-64-to-32 -Wpointer-sign -Wno-newline-eof -Wno-selector -Wno-strict-selector-match -Wno-undeclared-selector -Wno-deprecated-implementations -Wno-implicit-fallthrough -isysroot /Applications/Xcode-27.0.0-Release.Candidate.app/Contents/Developer/Platforms/WatchOS.platform/Developer/SDKs/WatchOS27.0.sdk -fstrict-aliasing -Wprotocol -Wdeprecated-declarations -Wno-sign-conversion -Wno-infinite-recursion -Wno-comma -Wno-block-capture-autoreleasing -Wno-strict-prototypes -Wno-semicolon-before-method-body -index-store-path /Users/admin/builder/spi-builder-workspace/.derivedData/Index.noindex/DataStore @/Users/admin/builder/spi-builder-workspace/.derivedData/Build/Intermediates.noindex/GCDWebServer.build/Debug-watchos/GCDWebServer-t.build/Objects-normal/arm64/e6072d4f65d7061329687fe24e3d63a7-common-args.resp -include /Users/admin/builder/spi-builder-workspace/.derivedData/Build/Intermediates.noindex/GCDWebServer.build/Debug-watchos/GCDWebServer-t.build/DerivedSources/resource_bundle_accessor.h -MMD -MT dependencies -MF /Users/admin/builder/spi-builder-workspace/.derivedData/Build/Intermediates.noindex/GCDWebServer.build/Debug-watchos/GCDWebServer-t.build/Objects-normal/arm64/GCDWebServerFunctions.d --serialize-diagnostics /Users/admin/builder/spi-builder-workspace/.derivedData/Build/Intermediates.noindex/GCDWebServer.build/Debug-watchos/GCDWebServer-t.build/Objects-normal/arm64/GCDWebServerFunctions.dia -c /Users/admin/builder/spi-builder-workspace/Core/GCDWebServerFunctions.m -o /Users/admin/builder/spi-builder-workspace/.derivedData/Build/Intermediates.noindex/GCDWebServer.build/Debug-watchos/GCDWebServer-t.build/Objects-normal/arm64/GCDWebServerFunctions.o -index-unit-output-path /GCDWebServer.build/Debug-watchos/GCDWebServer-t.build/Objects-normal/arm64/GCDWebServerFunctions.o
/Users/admin/builder/spi-builder-workspace/Core/GCDWebServerFunctions.m:179:25: warning: 'UTTypeCreatePreferredIdentifierForTag' is deprecated: first deprecated in watchOS 8.0 - Use the UTType class instead. [-Wdeprecated-declarations]
  179 |       CFStringRef uti = UTTypeCreatePreferredIdentifierForTag(kUTTagClassFilenameExtension, (__bridge CFStringRef)extension, NULL);
      |                         ^
In module 'MobileCoreServices' imported from /Users/admin/builder/spi-builder-workspace/Core/GCDWebServerFunctions.m:34:
In module 'CoreServices' imported from /Applications/Xcode-27.0.0-Release.Candidate.app/Contents/Developer/Platforms/WatchOS.platform/Developer/SDKs/WatchOS.sdk/System/Library/Frameworks/MobileCoreServices.framework/Headers/MobileCoreServices.h:9:
/Applications/Xcode-27.0.0-Release.Candidate.app/Contents/Developer/Platforms/WatchOS.platform/Developer/SDKs/WatchOS27.0.sdk/System/Library/Frameworks/CoreServices.framework/Headers/UTType.h:317:1: note: 'UTTypeCreatePreferredIdentifierForTag' has been explicitly marked deprecated here
  317 | UTTypeCreatePreferredIdentifierForTag(
      | ^
/Users/admin/builder/spi-builder-workspace/Core/GCDWebServerFunctions.m:179:63: warning: 'kUTTagClassFilenameExtension' is deprecated: first deprecated in watchOS 8.0 - Use UTTagClassFilenameExtension instead. [-Wdeprecated-declarations]
  179 |       CFStringRef uti = UTTypeCreatePreferredIdentifierForTag(kUTTagClassFilenameExtension, (__bridge CFStringRef)extension, NULL);
      |                                                               ^
In module 'MobileCoreServices' imported from /Users/admin/builder/spi-builder-workspace/Core/GCDWebServerFunctions.m:34:
In module 'CoreServices' imported from /Applications/Xcode-27.0.0-Release.Candidate.app/Contents/Developer/Platforms/WatchOS.platform/Developer/SDKs/WatchOS.sdk/System/Library/Frameworks/MobileCoreServices.framework/Headers/MobileCoreServices.h:9:
/Applications/Xcode-27.0.0-Release.Candidate.app/Contents/Developer/Platforms/WatchOS.platform/Developer/SDKs/WatchOS27.0.sdk/System/Library/Frameworks/CoreServices.framework/Headers/UTType.h:258:26: note: 'kUTTagClassFilenameExtension' has been explicitly marked deprecated here
  258 | extern const CFStringRef kUTTagClassFilenameExtension                API_DEPRECATED("Use UTTagClassFilenameExtension instead.", ios(3.0, 15.0), macos(10.3, 12.0), tvos(9.0, 15.0), watchos(1.0, 8.0));
      |                          ^
/Users/admin/builder/spi-builder-workspace/Core/GCDWebServerFunctions.m:181:38: warning: 'UTTypeCopyPreferredTagWithClass' is deprecated: first deprecated in watchOS 8.0 - Use the UTType class instead. [-Wdeprecated-declarations]
  181 |         mimeType = CFBridgingRelease(UTTypeCopyPreferredTagWithClass(uti, kUTTagClassMIMEType));
      |                                      ^
In module 'MobileCoreServices' imported from /Users/admin/builder/spi-builder-workspace/Core/GCDWebServerFunctions.m:34:
In module 'CoreServices' imported from /Applications/Xcode-27.0.0-Release.Candidate.app/Contents/Developer/Platforms/WatchOS.platform/Developer/SDKs/WatchOS.sdk/System/Library/Frameworks/MobileCoreServices.framework/Headers/MobileCoreServices.h:9:
/Applications/Xcode-27.0.0-Release.Candidate.app/Contents/Developer/Platforms/WatchOS.platform/Developer/SDKs/WatchOS27.0.sdk/System/Library/Frameworks/CoreServices.framework/Headers/UTType.h:395:1: note: 'UTTypeCopyPreferredTagWithClass' has been explicitly marked deprecated here
  395 | UTTypeCopyPreferredTagWithClass(
      | ^
/Users/admin/builder/spi-builder-workspace/Core/GCDWebServerFunctions.m:181:75: warning: 'kUTTagClassMIMEType' is deprecated: first deprecated in watchOS 8.0 - Use UTTagClassMIMEType instead. [-Wdeprecated-declarations]
  181 |         mimeType = CFBridgingRelease(UTTypeCopyPreferredTagWithClass(uti, kUTTagClassMIMEType));
      |                                                                           ^
In module 'MobileCoreServices' imported from /Users/admin/builder/spi-builder-workspace/Core/GCDWebServerFunctions.m:34:
In module 'CoreServices' imported from /Applications/Xcode-27.0.0-Release.Candidate.app/Contents/Developer/Platforms/WatchOS.platform/Developer/SDKs/WatchOS.sdk/System/Library/Frameworks/MobileCoreServices.framework/Headers/MobileCoreServices.h:9:
/Applications/Xcode-27.0.0-Release.Candidate.app/Contents/Developer/Platforms/WatchOS.platform/Developer/SDKs/WatchOS27.0.sdk/System/Library/Frameworks/CoreServices.framework/Headers/UTType.h:262:26: note: 'kUTTagClassMIMEType' has been explicitly marked deprecated here
  262 | extern const CFStringRef kUTTagClassMIMEType                         API_DEPRECATED("Use UTTagClassMIMEType instead.", ios(3.0, 15.0), macos(10.3, 12.0), tvos(9.0, 15.0), watchos(1.0, 8.0));
      |                          ^
4 warnings generated.
CompileC /Users/admin/builder/spi-builder-workspace/.derivedData/Build/Intermediates.noindex/GCDWebServer.build/Debug-watchos/GCDWebServer-t.build/Objects-normal/arm64/GCDWebServerFileResponse.o /Users/admin/builder/spi-builder-workspace/Responses/GCDWebServerFileResponse.m normal arm64 objective-c com.apple.compilers.llvm.clang.1_0.compiler (in target 'GCDWebServer' from project 'GCDWebServer')
    cd /Users/admin/builder/spi-builder-workspace/.swiftpm/xcode

    Using response file: /Users/admin/builder/spi-builder-workspace/.derivedData/Build/Intermediates.noindex/GCDWebServer.build/Debug-watchos/GCDWebServer-t.build/Objects-normal/arm64/e6072d4f65d7061329687fe24e3d63a7-common-args.resp

    /Applications/Xcode-27.0.0-Release.Candidate.app/Contents/Developer/Toolchains/XcodeDefault.xctoolchain/usr/bin/clang -x objective-c -ivfsstatcache /Users/admin/builder/spi-builder-workspace/.derivedData/SDKStatCaches.noindex/watchos27.0-24R360-e829b21a6f8c9b70876ba0858053c04477534ef55a1706bf4c1112bbb242f0a2.sdkstatcache -target arm64-apple-watchos9.0 -fmessage-length\=0 -fdiagnostics-show-note-include-stack -fmacro-backtrace-limit\=0 -fno-color-diagnostics -fmodules-prune-interval\=86400 -fmodules-prune-after\=345600 -fbuild-session-file\=/Users/admin/builder/spi-builder-workspace/.derivedData/ModuleCache.noindex/Session.modulevalidation -fmodules-validate-once-per-build-session -Wnon-modular-include-in-framework-module -Werror\=non-modular-include-in-framework-module -Wno-trigraphs -Wno-missing-field-initializers -Wno-missing-prototypes -Wno-return-type -Wno-implicit-atomic-properties -Wno-objc-interface-ivars -Wno-arc-repeated-use-of-weak -Wno-missing-braces -Wparentheses -Wswitch -Wno-unused-function -Wno-unused-label -Wno-unused-parameter -Wno-unused-variable -Wunused-value -Wno-empty-body -Wno-uninitialized -Wno-unknown-pragmas -Wno-shadow -Wno-four-char-constants -Wno-conversion -Wno-constant-conversion -Wno-int-conversion -Wno-bool-conversion -Wno-enum-conversion -Wno-float-conversion -Wno-non-literal-null-conversion -Wno-objc-literal-conversion -Wshorten-64-to-32 -Wpointer-sign -Wno-newline-eof -Wno-selector -Wno-strict-selector-match -Wno-undeclared-selector -Wno-deprecated-implementations -Wno-implicit-fallthrough -isysroot /Applications/Xcode-27.0.0-Release.Candidate.app/Contents/Developer/Platforms/WatchOS.platform/Developer/SDKs/WatchOS27.0.sdk -fstrict-aliasing -Wprotocol -Wdeprecated-declarations -Wno-sign-conversion -Wno-infinite-recursion -Wno-comma -Wno-block-capture-autoreleasing -Wno-strict-prototypes -Wno-semicolon-before-method-body -index-store-path /Users/admin/builder/spi-builder-workspace/.derivedData/Index.noindex/DataStore @/Users/admin/builder/spi-builder-workspace/.derivedData/Build/Intermediates.noindex/GCDWebServer.build/Debug-watchos/GCDWebServer-t.build/Objects-normal/arm64/e6072d4f65d7061329687fe24e3d63a7-common-args.resp -include /Users/admin/builder/spi-builder-workspace/.derivedData/Build/Intermediates.noindex/GCDWebServer.build/Debug-watchos/GCDWebServer-t.build/DerivedSources/resource_bundle_accessor.h -MMD -MT dependencies -MF /Users/admin/builder/spi-builder-workspace/.derivedData/Build/Intermediates.noindex/GCDWebServer.build/Debug-watchos/GCDWebServer-t.build/Objects-normal/arm64/GCDWebServerFileResponse.d --serialize-diagnostics /Users/admin/builder/spi-builder-workspace/.derivedData/Build/Intermediates.noindex/GCDWebServer.build/Debug-watchos/GCDWebServer-t.build/Objects-normal/arm64/GCDWebServerFileResponse.dia -c /Users/admin/builder/spi-builder-workspace/Responses/GCDWebServerFileResponse.m -o /Users/admin/builder/spi-builder-workspace/.derivedData/Build/Intermediates.noindex/GCDWebServer.build/Debug-watchos/GCDWebServer-t.build/Objects-normal/arm64/GCDWebServerFileResponse.o -index-unit-output-path /GCDWebServer.build/Debug-watchos/GCDWebServer-t.build/Objects-normal/arm64/GCDWebServerFileResponse.o
CompileC /Users/admin/builder/spi-builder-workspace/.derivedData/Build/Intermediates.noindex/GCDWebServer.build/Debug-watchos/GCDWebServer-t.build/Objects-normal/arm64/GCDWebServerFileRequest.o /Users/admin/builder/spi-builder-workspace/Requests/GCDWebServerFileRequest.m normal arm64 objective-c com.apple.compilers.llvm.clang.1_0.compiler (in target 'GCDWebServer' from project 'GCDWebServer')
    cd /Users/admin/builder/spi-builder-workspace/.swiftpm/xcode

    Using response file: /Users/admin/builder/spi-builder-workspace/.derivedData/Build/Intermediates.noindex/GCDWebServer.build/Debug-watchos/GCDWebServer-t.build/Objects-normal/arm64/e6072d4f65d7061329687fe24e3d63a7-common-args.resp

    /Applications/Xcode-27.0.0-Release.Candidate.app/Contents/Developer/Toolchains/XcodeDefault.xctoolchain/usr/bin/clang -x objective-c -ivfsstatcache /Users/admin/builder/spi-builder-workspace/.derivedData/SDKStatCaches.noindex/watchos27.0-24R360-e829b21a6f8c9b70876ba0858053c04477534ef55a1706bf4c1112bbb242f0a2.sdkstatcache -target arm64-apple-watchos9.0 -fmessage-length\=0 -fdiagnostics-show-note-include-stack -fmacro-backtrace-limit\=0 -fno-color-diagnostics -fmodules-prune-interval\=86400 -fmodules-prune-after\=345600 -fbuild-session-file\=/Users/admin/builder/spi-builder-workspace/.derivedData/ModuleCache.noindex/Session.modulevalidation -fmodules-validate-once-per-build-session -Wnon-modular-include-in-framework-module -Werror\=non-modular-include-in-framework-module -Wno-trigraphs -Wno-missing-field-initializers -Wno-missing-prototypes -Wno-return-type -Wno-implicit-atomic-properties -Wno-objc-interface-ivars -Wno-arc-repeated-use-of-weak -Wno-missing-braces -Wparentheses -Wswitch -Wno-unused-function -Wno-unused-label -Wno-unused-parameter -Wno-unused-variable -Wunused-value -Wno-empty-body -Wno-uninitialized -Wno-unknown-pragmas -Wno-shadow -Wno-four-char-constants -Wno-conversion -Wno-constant-conversion -Wno-int-conversion -Wno-bool-conversion -Wno-enum-conversion -Wno-float-conversion -Wno-non-literal-null-conversion -Wno-objc-literal-conversion -Wshorten-64-to-32 -Wpointer-sign -Wno-newline-eof -Wno-selector -Wno-strict-selector-match -Wno-undeclared-selector -Wno-deprecated-implementations -Wno-implicit-fallthrough -isysroot /Applications/Xcode-27.0.0-Release.Candidate.app/Contents/Developer/Platforms/WatchOS.platform/Developer/SDKs/WatchOS27.0.sdk -fstrict-aliasing -Wprotocol -Wdeprecated-declarations -Wno-sign-conversion -Wno-infinite-recursion -Wno-comma -Wno-block-capture-autoreleasing -Wno-strict-prototypes -Wno-semicolon-before-method-body -index-store-path /Users/admin/builder/spi-builder-workspace/.derivedData/Index.noindex/DataStore @/Users/admin/builder/spi-builder-workspace/.derivedData/Build/Intermediates.noindex/GCDWebServer.build/Debug-watchos/GCDWebServer-t.build/Objects-normal/arm64/e6072d4f65d7061329687fe24e3d63a7-common-args.resp -include /Users/admin/builder/spi-builder-workspace/.derivedData/Build/Intermediates.noindex/GCDWebServer.build/Debug-watchos/GCDWebServer-t.build/DerivedSources/resource_bundle_accessor.h -MMD -MT dependencies -MF /Users/admin/builder/spi-builder-workspace/.derivedData/Build/Intermediates.noindex/GCDWebServer.build/Debug-watchos/GCDWebServer-t.build/Objects-normal/arm64/GCDWebServerFileRequest.d --serialize-diagnostics /Users/admin/builder/spi-builder-workspace/.derivedData/Build/Intermediates.noindex/GCDWebServer.build/Debug-watchos/GCDWebServer-t.build/Objects-normal/arm64/GCDWebServerFileRequest.dia -c /Users/admin/builder/spi-builder-workspace/Requests/GCDWebServerFileRequest.m -o /Users/admin/builder/spi-builder-workspace/.derivedData/Build/Intermediates.noindex/GCDWebServer.build/Debug-watchos/GCDWebServer-t.build/Objects-normal/arm64/GCDWebServerFileRequest.o -index-unit-output-path /GCDWebServer.build/Debug-watchos/GCDWebServer-t.build/Objects-normal/arm64/GCDWebServerFileRequest.o
CompileC /Users/admin/builder/spi-builder-workspace/.derivedData/Build/Intermediates.noindex/GCDWebServer.build/Debug-watchos/GCDWebServer-t.build/Objects-normal/arm64/GCDWebServerErrorResponse.o /Users/admin/builder/spi-builder-workspace/Responses/GCDWebServerErrorResponse.m normal arm64 objective-c com.apple.compilers.llvm.clang.1_0.compiler (in target 'GCDWebServer' from project 'GCDWebServer')
    cd /Users/admin/builder/spi-builder-workspace/.swiftpm/xcode

    Using response file: /Users/admin/builder/spi-builder-workspace/.derivedData/Build/Intermediates.noindex/GCDWebServer.build/Debug-watchos/GCDWebServer-t.build/Objects-normal/arm64/e6072d4f65d7061329687fe24e3d63a7-common-args.resp

    /Applications/Xcode-27.0.0-Release.Candidate.app/Contents/Developer/Toolchains/XcodeDefault.xctoolchain/usr/bin/clang -x objective-c -ivfsstatcache /Users/admin/builder/spi-builder-workspace/.derivedData/SDKStatCaches.noindex/watchos27.0-24R360-e829b21a6f8c9b70876ba0858053c04477534ef55a1706bf4c1112bbb242f0a2.sdkstatcache -target arm64-apple-watchos9.0 -fmessage-length\=0 -fdiagnostics-show-note-include-stack -fmacro-backtrace-limit\=0 -fno-color-diagnostics -fmodules-prune-interval\=86400 -fmodules-prune-after\=345600 -fbuild-session-file\=/Users/admin/builder/spi-builder-workspace/.derivedData/ModuleCache.noindex/Session.modulevalidation -fmodules-validate-once-per-build-session -Wnon-modular-include-in-framework-module -Werror\=non-modular-include-in-framework-module -Wno-trigraphs -Wno-missing-field-initializers -Wno-missing-prototypes -Wno-return-type -Wno-implicit-atomic-properties -Wno-objc-interface-ivars -Wno-arc-repeated-use-of-weak -Wno-missing-braces -Wparentheses -Wswitch -Wno-unused-function -Wno-unused-label -Wno-unused-parameter -Wno-unused-variable -Wunused-value -Wno-empty-body -Wno-uninitialized -Wno-unknown-pragmas -Wno-shadow -Wno-four-char-constants -Wno-conversion -Wno-constant-conversion -Wno-int-conversion -Wno-bool-conversion -Wno-enum-conversion -Wno-float-conversion -Wno-non-literal-null-conversion -Wno-objc-literal-conversion -Wshorten-64-to-32 -Wpointer-sign -Wno-newline-eof -Wno-selector -Wno-strict-selector-match -Wno-undeclared-selector -Wno-deprecated-implementations -Wno-implicit-fallthrough -isysroot /Applications/Xcode-27.0.0-Release.Candidate.app/Contents/Developer/Platforms/WatchOS.platform/Developer/SDKs/WatchOS27.0.sdk -fstrict-aliasing -Wprotocol -Wdeprecated-declarations -Wno-sign-conversion -Wno-infinite-recursion -Wno-comma -Wno-block-capture-autoreleasing -Wno-strict-prototypes -Wno-semicolon-before-method-body -index-store-path /Users/admin/builder/spi-builder-workspace/.derivedData/Index.noindex/DataStore @/Users/admin/builder/spi-builder-workspace/.derivedData/Build/Intermediates.noindex/GCDWebServer.build/Debug-watchos/GCDWebServer-t.build/Objects-normal/arm64/e6072d4f65d7061329687fe24e3d63a7-common-args.resp -include /Users/admin/builder/spi-builder-workspace/.derivedData/Build/Intermediates.noindex/GCDWebServer.build/Debug-watchos/GCDWebServer-t.build/DerivedSources/resource_bundle_accessor.h -MMD -MT dependencies -MF /Users/admin/builder/spi-builder-workspace/.derivedData/Build/Intermediates.noindex/GCDWebServer.build/Debug-watchos/GCDWebServer-t.build/Objects-normal/arm64/GCDWebServerErrorResponse.d --serialize-diagnostics /Users/admin/builder/spi-builder-workspace/.derivedData/Build/Intermediates.noindex/GCDWebServer.build/Debug-watchos/GCDWebServer-t.build/Objects-normal/arm64/GCDWebServerErrorResponse.dia -c /Users/admin/builder/spi-builder-workspace/Responses/GCDWebServerErrorResponse.m -o /Users/admin/builder/spi-builder-workspace/.derivedData/Build/Intermediates.noindex/GCDWebServer.build/Debug-watchos/GCDWebServer-t.build/Objects-normal/arm64/GCDWebServerErrorResponse.o -index-unit-output-path /GCDWebServer.build/Debug-watchos/GCDWebServer-t.build/Objects-normal/arm64/GCDWebServerErrorResponse.o
CompileC /Users/admin/builder/spi-builder-workspace/.derivedData/Build/Intermediates.noindex/GCDWebServer.build/Debug-watchos/GCDWebServer-t.build/Objects-normal/arm64/GCDWebServerDataResponse.o /Users/admin/builder/spi-builder-workspace/Responses/GCDWebServerDataResponse.m normal arm64 objective-c com.apple.compilers.llvm.clang.1_0.compiler (in target 'GCDWebServer' from project 'GCDWebServer')
    cd /Users/admin/builder/spi-builder-workspace/.swiftpm/xcode

    Using response file: /Users/admin/builder/spi-builder-workspace/.derivedData/Build/Intermediates.noindex/GCDWebServer.build/Debug-watchos/GCDWebServer-t.build/Objects-normal/arm64/e6072d4f65d7061329687fe24e3d63a7-common-args.resp

    /Applications/Xcode-27.0.0-Release.Candidate.app/Contents/Developer/Toolchains/XcodeDefault.xctoolchain/usr/bin/clang -x objective-c -ivfsstatcache /Users/admin/builder/spi-builder-workspace/.derivedData/SDKStatCaches.noindex/watchos27.0-24R360-e829b21a6f8c9b70876ba0858053c04477534ef55a1706bf4c1112bbb242f0a2.sdkstatcache -target arm64-apple-watchos9.0 -fmessage-length\=0 -fdiagnostics-show-note-include-stack -fmacro-backtrace-limit\=0 -fno-color-diagnostics -fmodules-prune-interval\=86400 -fmodules-prune-after\=345600 -fbuild-session-file\=/Users/admin/builder/spi-builder-workspace/.derivedData/ModuleCache.noindex/Session.modulevalidation -fmodules-validate-once-per-build-session -Wnon-modular-include-in-framework-module -Werror\=non-modular-include-in-framework-module -Wno-trigraphs -Wno-missing-field-initializers -Wno-missing-prototypes -Wno-return-type -Wno-implicit-atomic-properties -Wno-objc-interface-ivars -Wno-arc-repeated-use-of-weak -Wno-missing-braces -Wparentheses -Wswitch -Wno-unused-function -Wno-unused-label -Wno-unused-parameter -Wno-unused-variable -Wunused-value -Wno-empty-body -Wno-uninitialized -Wno-unknown-pragmas -Wno-shadow -Wno-four-char-constants -Wno-conversion -Wno-constant-conversion -Wno-int-conversion -Wno-bool-conversion -Wno-enum-conversion -Wno-float-conversion -Wno-non-literal-null-conversion -Wno-objc-literal-conversion -Wshorten-64-to-32 -Wpointer-sign -Wno-newline-eof -Wno-selector -Wno-strict-selector-match -Wno-undeclared-selector -Wno-deprecated-implementations -Wno-implicit-fallthrough -isysroot /Applications/Xcode-27.0.0-Release.Candidate.app/Contents/Developer/Platforms/WatchOS.platform/Developer/SDKs/WatchOS27.0.sdk -fstrict-aliasing -Wprotocol -Wdeprecated-declarations -Wno-sign-conversion -Wno-infinite-recursion -Wno-comma -Wno-block-capture-autoreleasing -Wno-strict-prototypes -Wno-semicolon-before-method-body -index-store-path /Users/admin/builder/spi-builder-workspace/.derivedData/Index.noindex/DataStore @/Users/admin/builder/spi-builder-workspace/.derivedData/Build/Intermediates.noindex/GCDWebServer.build/Debug-watchos/GCDWebServer-t.build/Objects-normal/arm64/e6072d4f65d7061329687fe24e3d63a7-common-args.resp -include /Users/admin/builder/spi-builder-workspace/.derivedData/Build/Intermediates.noindex/GCDWebServer.build/Debug-watchos/GCDWebServer-t.build/DerivedSources/resource_bundle_accessor.h -MMD -MT dependencies -MF /Users/admin/builder/spi-builder-workspace/.derivedData/Build/Intermediates.noindex/GCDWebServer.build/Debug-watchos/GCDWebServer-t.build/Objects-normal/arm64/GCDWebServerDataResponse.d --serialize-diagnostics /Users/admin/builder/spi-builder-workspace/.derivedData/Build/Intermediates.noindex/GCDWebServer.build/Debug-watchos/GCDWebServer-t.build/Objects-normal/arm64/GCDWebServerDataResponse.dia -c /Users/admin/builder/spi-builder-workspace/Responses/GCDWebServerDataResponse.m -o /Users/admin/builder/spi-builder-workspace/.derivedData/Build/Intermediates.noindex/GCDWebServer.build/Debug-watchos/GCDWebServer-t.build/Objects-normal/arm64/GCDWebServerDataResponse.o -index-unit-output-path /GCDWebServer.build/Debug-watchos/GCDWebServer-t.build/Objects-normal/arm64/GCDWebServerDataResponse.o
CompileC /Users/admin/builder/spi-builder-workspace/.derivedData/Build/Intermediates.noindex/GCDWebServer.build/Debug-watchos/GCDWebServer-t.build/Objects-normal/arm64/GCDWebServerDataRequest.o /Users/admin/builder/spi-builder-workspace/Requests/GCDWebServerDataRequest.m normal arm64 objective-c com.apple.compilers.llvm.clang.1_0.compiler (in target 'GCDWebServer' from project 'GCDWebServer')
    cd /Users/admin/builder/spi-builder-workspace/.swiftpm/xcode

    Using response file: /Users/admin/builder/spi-builder-workspace/.derivedData/Build/Intermediates.noindex/GCDWebServer.build/Debug-watchos/GCDWebServer-t.build/Objects-normal/arm64/e6072d4f65d7061329687fe24e3d63a7-common-args.resp

    /Applications/Xcode-27.0.0-Release.Candidate.app/Contents/Developer/Toolchains/XcodeDefault.xctoolchain/usr/bin/clang -x objective-c -ivfsstatcache /Users/admin/builder/spi-builder-workspace/.derivedData/SDKStatCaches.noindex/watchos27.0-24R360-e829b21a6f8c9b70876ba0858053c04477534ef55a1706bf4c1112bbb242f0a2.sdkstatcache -target arm64-apple-watchos9.0 -fmessage-length\=0 -fdiagnostics-show-note-include-stack -fmacro-backtrace-limit\=0 -fno-color-diagnostics -fmodules-prune-interval\=86400 -fmodules-prune-after\=345600 -fbuild-session-file\=/Users/admin/builder/spi-builder-workspace/.derivedData/ModuleCache.noindex/Session.modulevalidation -fmodules-validate-once-per-build-session -Wnon-modular-include-in-framework-module -Werror\=non-modular-include-in-framework-module -Wno-trigraphs -Wno-missing-field-initializers -Wno-missing-prototypes -Wno-return-type -Wno-implicit-atomic-properties -Wno-objc-interface-ivars -Wno-arc-repeated-use-of-weak -Wno-missing-braces -Wparentheses -Wswitch -Wno-unused-function -Wno-unused-label -Wno-unused-parameter -Wno-unused-variable -Wunused-value -Wno-empty-body -Wno-uninitialized -Wno-unknown-pragmas -Wno-shadow -Wno-four-char-constants -Wno-conversion -Wno-constant-conversion -Wno-int-conversion -Wno-bool-conversion -Wno-enum-conversion -Wno-float-conversion -Wno-non-literal-null-conversion -Wno-objc-literal-conversion -Wshorten-64-to-32 -Wpointer-sign -Wno-newline-eof -Wno-selector -Wno-strict-selector-match -Wno-undeclared-selector -Wno-deprecated-implementations -Wno-implicit-fallthrough -isysroot /Applications/Xcode-27.0.0-Release.Candidate.app/Contents/Developer/Platforms/WatchOS.platform/Developer/SDKs/WatchOS27.0.sdk -fstrict-aliasing -Wprotocol -Wdeprecated-declarations -Wno-sign-conversion -Wno-infinite-recursion -Wno-comma -Wno-block-capture-autoreleasing -Wno-strict-prototypes -Wno-semicolon-before-method-body -index-store-path /Users/admin/builder/spi-builder-workspace/.derivedData/Index.noindex/DataStore @/Users/admin/builder/spi-builder-workspace/.derivedData/Build/Intermediates.noindex/GCDWebServer.build/Debug-watchos/GCDWebServer-t.build/Objects-normal/arm64/e6072d4f65d7061329687fe24e3d63a7-common-args.resp -include /Users/admin/builder/spi-builder-workspace/.derivedData/Build/Intermediates.noindex/GCDWebServer.build/Debug-watchos/GCDWebServer-t.build/DerivedSources/resource_bundle_accessor.h -MMD -MT dependencies -MF /Users/admin/builder/spi-builder-workspace/.derivedData/Build/Intermediates.noindex/GCDWebServer.build/Debug-watchos/GCDWebServer-t.build/Objects-normal/arm64/GCDWebServerDataRequest.d --serialize-diagnostics /Users/admin/builder/spi-builder-workspace/.derivedData/Build/Intermediates.noindex/GCDWebServer.build/Debug-watchos/GCDWebServer-t.build/Objects-normal/arm64/GCDWebServerDataRequest.dia -c /Users/admin/builder/spi-builder-workspace/Requests/GCDWebServerDataRequest.m -o /Users/admin/builder/spi-builder-workspace/.derivedData/Build/Intermediates.noindex/GCDWebServer.build/Debug-watchos/GCDWebServer-t.build/Objects-normal/arm64/GCDWebServerDataRequest.o -index-unit-output-path /GCDWebServer.build/Debug-watchos/GCDWebServer-t.build/Objects-normal/arm64/GCDWebServerDataRequest.o
CompileC /Users/admin/builder/spi-builder-workspace/.derivedData/Build/Intermediates.noindex/GCDWebServer.build/Debug-watchos/GCDWebServer-t.build/Objects-normal/arm64/GCDWebServerConnection.o /Users/admin/builder/spi-builder-workspace/Core/GCDWebServerConnection.m normal arm64 objective-c com.apple.compilers.llvm.clang.1_0.compiler (in target 'GCDWebServer' from project 'GCDWebServer')
    cd /Users/admin/builder/spi-builder-workspace/.swiftpm/xcode

    Using response file: /Users/admin/builder/spi-builder-workspace/.derivedData/Build/Intermediates.noindex/GCDWebServer.build/Debug-watchos/GCDWebServer-t.build/Objects-normal/arm64/e6072d4f65d7061329687fe24e3d63a7-common-args.resp

    /Applications/Xcode-27.0.0-Release.Candidate.app/Contents/Developer/Toolchains/XcodeDefault.xctoolchain/usr/bin/clang -x objective-c -ivfsstatcache /Users/admin/builder/spi-builder-workspace/.derivedData/SDKStatCaches.noindex/watchos27.0-24R360-e829b21a6f8c9b70876ba0858053c04477534ef55a1706bf4c1112bbb242f0a2.sdkstatcache -target arm64-apple-watchos9.0 -fmessage-length\=0 -fdiagnostics-show-note-include-stack -fmacro-backtrace-limit\=0 -fno-color-diagnostics -fmodules-prune-interval\=86400 -fmodules-prune-after\=345600 -fbuild-session-file\=/Users/admin/builder/spi-builder-workspace/.derivedData/ModuleCache.noindex/Session.modulevalidation -fmodules-validate-once-per-build-session -Wnon-modular-include-in-framework-module -Werror\=non-modular-include-in-framework-module -Wno-trigraphs -Wno-missing-field-initializers -Wno-missing-prototypes -Wno-return-type -Wno-implicit-atomic-properties -Wno-objc-interface-ivars -Wno-arc-repeated-use-of-weak -Wno-missing-braces -Wparentheses -Wswitch -Wno-unused-function -Wno-unused-label -Wno-unused-parameter -Wno-unused-variable -Wunused-value -Wno-empty-body -Wno-uninitialized -Wno-unknown-pragmas -Wno-shadow -Wno-four-char-constants -Wno-conversion -Wno-constant-conversion -Wno-int-conversion -Wno-bool-conversion -Wno-enum-conversion -Wno-float-conversion -Wno-non-literal-null-conversion -Wno-objc-literal-conversion -Wshorten-64-to-32 -Wpointer-sign -Wno-newline-eof -Wno-selector -Wno-strict-selector-match -Wno-undeclared-selector -Wno-deprecated-implementations -Wno-implicit-fallthrough -isysroot /Applications/Xcode-27.0.0-Release.Candidate.app/Contents/Developer/Platforms/WatchOS.platform/Developer/SDKs/WatchOS27.0.sdk -fstrict-aliasing -Wprotocol -Wdeprecated-declarations -Wno-sign-conversion -Wno-infinite-recursion -Wno-comma -Wno-block-capture-autoreleasing -Wno-strict-prototypes -Wno-semicolon-before-method-body -index-store-path /Users/admin/builder/spi-builder-workspace/.derivedData/Index.noindex/DataStore @/Users/admin/builder/spi-builder-workspace/.derivedData/Build/Intermediates.noindex/GCDWebServer.build/Debug-watchos/GCDWebServer-t.build/Objects-normal/arm64/e6072d4f65d7061329687fe24e3d63a7-common-args.resp -include /Users/admin/builder/spi-builder-workspace/.derivedData/Build/Intermediates.noindex/GCDWebServer.build/Debug-watchos/GCDWebServer-t.build/DerivedSources/resource_bundle_accessor.h -MMD -MT dependencies -MF /Users/admin/builder/spi-builder-workspace/.derivedData/Build/Intermediates.noindex/GCDWebServer.build/Debug-watchos/GCDWebServer-t.build/Objects-normal/arm64/GCDWebServerConnection.d --serialize-diagnostics /Users/admin/builder/spi-builder-workspace/.derivedData/Build/Intermediates.noindex/GCDWebServer.build/Debug-watchos/GCDWebServer-t.build/Objects-normal/arm64/GCDWebServerConnection.dia -c /Users/admin/builder/spi-builder-workspace/Core/GCDWebServerConnection.m -o /Users/admin/builder/spi-builder-workspace/.derivedData/Build/Intermediates.noindex/GCDWebServer.build/Debug-watchos/GCDWebServer-t.build/Objects-normal/arm64/GCDWebServerConnection.o -index-unit-output-path /GCDWebServer.build/Debug-watchos/GCDWebServer-t.build/Objects-normal/arm64/GCDWebServerConnection.o
/Users/admin/builder/spi-builder-workspace/Core/GCDWebServerConnection.m:81:3: error: unknown type name 'CFHTTPMessageRef'
   81 |   CFHTTPMessageRef _requestMessage;
      |   ^
/Users/admin/builder/spi-builder-workspace/Core/GCDWebServerConnection.m:84:3: error: unknown type name 'CFHTTPMessageRef'
   84 |   CFHTTPMessageRef _responseMessage;
      |   ^
/Users/admin/builder/spi-builder-workspace/Core/GCDWebServerConnection.m:108:5: error: use of undeclared identifier 'CFHTTPMessageRef'
  108 |     CFHTTPMessageRef message = CFHTTPMessageCreateResponse(kCFAllocatorDefault, 100, NULL, kCFHTTPVersion1_1);
      |     ^~~~~~~~~~~~~~~~
Failed frontend command:
/Applications/Xcode-27.0.0-Release.Candidate.app/Contents/Developer/Toolchains/XcodeDefault.xctoolchain/usr/bin/clang -cc1 -Wundef-prefix\=TARGET_OS_ -fdiagnostics-show-note-include-stack -fmacro-backtrace-limit\=0 -ferror-limit 19 -serialize-diagnostic-file /Users/admin/builder/spi-builder-workspace/.derivedData/Build/Intermediates.noindex/GCDWebServer.build/Debug-watchos/GCDWebServer-t.build/Objects-normal/arm64/GCDWebServerConnection.dia -Wdeprecated-objc-isa-usage -Werror\=deprecated-objc-isa-usage -Werror\=implicit-function-declaration -Wnon-modular-include-in-framework-module -Werror\=non-modular-include-in-framework-module -Wno-trigraphs -Wno-missing-field-initializers -Wno-missing-prototypes -Wno-return-type -Wno-implicit-atomic-properties -Wno-objc-interface-ivars -Wno-arc-repeated-use-of-weak -Wno-missing-braces -Wparentheses -Wswitch -Wno-unused-function -Wno-unused-label -Wno-unused-parameter -Wno-unused-variable -Wunused-value -Wno-empty-body -Wno-uninitialized -Wno-unknown-pragmas -Wno-shadow -Wno-four-char-constants -Wno-conversion -Wno-constant-conversion -Wno-int-conversion -Wno-bool-conversion -Wno-enum-conversion -Wno-float-conversion -Wno-non-literal-null-conversion -Wno-objc-literal-conversion -Wshorten-64-to-32 -Wpointer-sign -Wno-newline-eof -Wno-selector -Wno-strict-selector-match -Wno-undeclared-selector -Wno-deprecated-implementations -Wno-implicit-fallthrough -Wprotocol -Wdeprecated-declarations -Wno-sign-conversion -Wno-infinite-recursion -Wno-comma -Wno-block-capture-autoreleasing -Wno-strict-prototypes -Wno-semicolon-before-method-body -Wno-elaborated-enum-base -Wno-error\=allocator-wrappers -index-store-path /Users/admin/builder/spi-builder-workspace/.derivedData/Index.noindex/DataStore -index-unit-output-path /GCDWebServer.build/Debug-watchos/GCDWebServer-t.build/Objects-normal/arm64/GCDWebServerConnection.o -fmodule-map-file\=/Applications/Xcode-27.0.0-Release.Candidate.app/Contents/Developer/Platforms/WatchOS.platform/Developer/SDKs/WatchOS.sdk/usr/include/DarwinFoundation1.modulemap -fmodule-map-file\=/Applications/Xcode-27.0.0-Release.Candidate.app/Contents/Developer/Platforms/WatchOS.platform/Developer/SDKs/WatchOS.sdk/usr/include/Darwin.modulemap -fmodule-map-file\=/Applications/Xcode-27.0.0-Release.Candidate.app/Contents/Developer/Platforms/WatchOS.platform/Developer/SDKs/WatchOS.sdk/usr/include/os.modulemap -fmodule-map-file\=/Applications/Xcode-27.0.0-Release.Candidate.app/Contents/Developer/Platforms/WatchOS.platform/Developer/SDKs/WatchOS.sdk/System/Library/Frameworks/Foundation.framework/Modules/module.modulemap -o /Users/admin/builder/spi-builder-workspace/.derivedData/Build/Intermediates.noindex/GCDWebServer.build/Debug-watchos/GCDWebServer-t.build/Objects-normal/arm64/GCDWebServerConnection.o -disable-free -emit-obj -x objective-c /Users/admin/builder/spi-builder-workspace/Core/GCDWebServerConnection.m -target-abi darwinpcs -target-cpu apple-s9 -target-feature +v8.6a -target-feature +aes -target-feature +bf16 -target-feature +complxnum -target-feature +crc -target-feature +dotprod -target-feature +fp-armv8 -target-feature +fp16fml -target-feature +fpac -target-feature +fullfp16 -target-feature +hcx -target-feature +i8mm -target-feature +jsconv -target-feature +lse -target-feature +neon -target-feature +pauth -target-feature +perfmon -target-feature +ras -target-feature +rcpc -target-feature +rdm -target-feature +sha2 -target-feature +sha3 -target-feature +ssbs -triple arm64-apple-watchos9.0.0 -target-linker-version 1166.2 -target-sdk-version\=27.0 -fmodules-validate-system-headers -fno-modulemap-allow-subdirectory-search -isysroot /Applications/Xcode-27.0.0-Release.Candidate.app/Contents/Developer/Platforms/WatchOS.platform/Developer/SDKs/WatchOS27.0.sdk -resource-dir /Applications/Xcode-27.0.0-Release.Candidate.app/Contents/Developer/Toolchains/XcodeDefault.xctoolchain/usr/lib/clang/21 -fmodule-format\=obj -fmodule-file\=Darwin\=/Users/admin/builder/spi-builder-workspace/.derivedData/Build/Intermediates.noindex/ExplicitPrecompiledModules/Darwin-DS15HL4ULFWUL2KCUN5XP8EJF.pcm -fmodule-file\=Foundation\=/Users/admin/builder/spi-builder-workspace/.derivedData/Build/Intermediates.noindex/ExplicitPrecompiledModules/Foundation-F2KBWX41FVCKIU807472SK297.pcm -fmodule-file\=_DarwinFoundation1\=/Users/admin/builder/spi-builder-workspace/.derivedData/Build/Intermediates.noindex/ExplicitPrecompiledModules/_DarwinFoundation1-9F1DJW9DUJEH474GGMAR0HQJR.pcm -fmodule-file\=os_object\=/Users/admin/builder/spi-builder-workspace/.derivedData/Build/Intermediates.noindex/ExplicitPrecompiledModules/os_object-DCH4V2Q9M35EPWVRDX7T2XV3D.pcm -I /Users/admin/builder/spi-builder-workspace/.derivedData/Build/Products/Debug-watchos/include -I /Users/admin/builder/spi-builder-workspace/include -I /Users/admin/builder/spi-builder-workspace/private -I /Users/admin/builder/spi-builder-workspace/.derivedData/Build/Intermediates.noindex/GCDWebServer.build/Debug-watchos/GCDWebServer-t.build/DerivedSources-normal/arm64 -I /Users/admin/builder/spi-builder-workspace/.derivedData/Build/Intermediates.noindex/GCDWebServer.build/Debug-watchos/GCDWebServer-t.build/DerivedSources/arm64 -I /Users/admin/builder/spi-builder-workspace/.derivedData/Build/Intermediates.noindex/GCDWebServer.build/Debug-watchos/GCDWebServer-t.build/DerivedSources -F /Users/admin/builder/spi-builder-workspace/.derivedData/Build/Products/Debug-watchos -iframework /Applications/Xcode-27.0.0-Release.Candidate.app/Contents/Developer/Platforms/WatchOS.platform/Developer/Library/Frameworks -iframework /Applications/Xcode-27.0.0-Release.Candidate.app/Contents/Developer/Platforms/WatchOS.platform/Developer/SDKs/WatchOS27.0.sdk/Developer/Library/Frameworks -internal-isystem /Applications/Xcode-27.0.0-Release.Candidate.app/Contents/Developer/Platforms/WatchOS.platform/Developer/SDKs/WatchOS27.0.sdk/usr/local/include -internal-isystem /Applications/Xcode-27.0.0-Release.Candidate.app/Contents/Developer/Toolchains/XcodeDefault.xctoolchain/usr/lib/clang/21/include -internal-externc-isystem /Applications/Xcode-27.0.0-Release.Candidate.app/Contents/Developer/Platforms/WatchOS.platform/Developer/SDKs/WatchOS27.0.sdk/usr/include -internal-externc-isystem /Applications/Xcode-27.0.0-Release.Candidate.app/Contents/Developer/Toolchains/XcodeDefault.xctoolchain/usr/include -internal-iframework /Applications/Xcode-27.0.0-Release.Candidate.app/Contents/Developer/Platforms/WatchOS.platform/Developer/SDKs/WatchOS27.0.sdk/System/Library/Frameworks -internal-iframework /Applications/Xcode-27.0.0-Release.Candidate.app/Contents/Developer/Platforms/WatchOS.platform/Developer/SDKs/WatchOS27.0.sdk/System/Library/SubFrameworks -internal-iframework /Applications/Xcode-27.0.0-Release.Candidate.app/Contents/Developer/Platforms/WatchOS.platform/Developer/SDKs/WatchOS27.0.sdk/Library/Frameworks -ivfsstatcache /Users/admin/builder/spi-builder-workspace/.derivedData/SDKStatCaches.noindex/watchos27.0-24R360-e829b21a6f8c9b70876ba0858053c04477534ef55a1706bf4c1112bbb242f0a2.sdkstatcache -std\=gnu11 -fexceptions -fskip-odr-check-in-gmf -fmodules -fmodule-name\=GCDWebServer -fno-implicit-modules -fobjc-exceptions -fmax-type-align\=16 -fpascal-strings -fstack-check -fvisibility-inlines-hidden-static-local-var -mdarwin-stkchk-strong-link -fno-odr-hash-protocols -pic-level 2 -fencode-extended-block-signature -stack-protector 1 -fobjc-runtime\=watchos-9.0.0 -fobjc-arc -fobjc-runtime-has-weak -fobjc-weak -fgnuc-version\=4.2.1 -fblocks -fno-convergent-functions -ffp-contract\=on -fclang-abi-compat\=4.0 -fno-experimental-relative-c++-abi-vtables -fno-file-reproducible -clang-vendor-feature\=+disableNonDependentMemberExprInCurrentInstantiation -clang-vendor-feature\=+enableAggressiveVLAFolding -clang-vendor-feature\=+revert09abecef7bbf -clang-vendor-feature\=+thisNoAlignAttr -clang-vendor-feature\=+thisNoNullAttr -clang-vendor-feature\=+disableAtImportPrivateFrameworkInImplementationError -O0 -fno-assume-unique-vtables -fdebug-compilation-dir\=/Users/admin/builder/spi-builder-workspace/.swiftpm/xcode -fcoverage-compilation-dir\=/Users/admin/builder/spi-builder-workspace/.swiftpm/xcode -fcommon -fdwarf2-cfi-asm -fobjc-msgsend-selector-stubs -fregister-global-dtors-with-atexit -fno-strict-return -dwarf-version\=4 -debugger-tuning\=lldb -disable-llvm-verifier -dwarf-ext-refs -funwind-tables\=1 -enable-tlsdesc -clear-ast-before-backend -discard-value-names -main-file-name GCDWebServerConnection.m -mframe-pointer\=non-leaf -debug-info-kind\=standalone -fno-loop-interchange -fdiagnostics-hotness-threshold\=0 -fdiagnostics-misexpect-tolerance\=0 -D DEBUG\=1 -D OBJC_OLD_DISPATCH_PROTOTYPES\=1 -D SWIFT_PACKAGE -D Xcode -include /Users/admin/builder/spi-builder-workspace/.derivedData/Build/Intermediates.noindex/GCDWebServer.build/Debug-watchos/GCDWebServer-t.build/DerivedSources/resource_bundle_accessor.h -fdefine-target-os-macros -MT dependencies -dependency-file /Users/admin/builder/spi-builder-workspace/.derivedData/Build/Intermediates.noindex/GCDWebServer.build/Debug-watchos/GCDWebServer-t.build/Objects-normal/arm64/GCDWebServerConnection.d -skip-unused-modulemap-deps -module-file-deps\=direct -fdepfile-entry\=/Applications/Xcode-27.0.0-Release.Candidate.app/Contents/Developer/Platforms/WatchOS.platform/Developer/SDKs/WatchOS27.0.sdk/SDKSettings.json
PrecompileModule /Users/admin/builder/spi-builder-workspace/.derivedData/Build/Intermediates.noindex/ExplicitPrecompiledModules/Symbols-WXZH754A2TR6AFN7DS0LCPYJ.scan
    cd /
    builtin-precompileModule /Users/admin/builder/spi-builder-workspace/.derivedData/Build/Intermediates.noindex/ExplicitPrecompiledModules/Symbols-WXZH754A2TR6AFN7DS0LCPYJ.scan
PrecompileModule /Users/admin/builder/spi-builder-workspace/.derivedData/Build/Intermediates.noindex/ExplicitPrecompiledModules/_LocationEssentials-291SUWH0XFOKQVDI1S9ZL82X6.scan
    cd /
    builtin-precompileModule /Users/admin/builder/spi-builder-workspace/.derivedData/Build/Intermediates.noindex/ExplicitPrecompiledModules/_LocationEssentials-291SUWH0XFOKQVDI1S9ZL82X6.scan
PrecompileModule /Users/admin/builder/spi-builder-workspace/.derivedData/Build/Intermediates.noindex/ExplicitPrecompiledModules/UserNotifications-EEWM79Q7OJ9ZLHNWT0A2Y1KX8.scan
    cd /
    builtin-precompileModule /Users/admin/builder/spi-builder-workspace/.derivedData/Build/Intermediates.noindex/ExplicitPrecompiledModules/UserNotifications-EEWM79Q7OJ9ZLHNWT0A2Y1KX8.scan
PrecompileModule /Users/admin/builder/spi-builder-workspace/.derivedData/Build/Intermediates.noindex/ExplicitPrecompiledModules/_LocationEssentials-7YG8DJL6A525EIJ95TWL4A664.scan
    cd /
    builtin-precompileModule /Users/admin/builder/spi-builder-workspace/.derivedData/Build/Intermediates.noindex/ExplicitPrecompiledModules/_LocationEssentials-7YG8DJL6A525EIJ95TWL4A664.scan
PrecompileModule /Users/admin/builder/spi-builder-workspace/.derivedData/Build/Intermediates.noindex/ExplicitPrecompiledModules/QuartzCore-BXB0I2MAM28BPELP53NO7L287.scan
    cd /
    builtin-precompileModule /Users/admin/builder/spi-builder-workspace/.derivedData/Build/Intermediates.noindex/ExplicitPrecompiledModules/QuartzCore-BXB0I2MAM28BPELP53NO7L287.scan
PrecompileModule /Users/admin/builder/spi-builder-workspace/.derivedData/Build/Intermediates.noindex/ExplicitPrecompiledModules/UIUtilities-F0NJLBH1KH9MAO2KX9QBFDA69.scan
    cd /
    builtin-precompileModule /Users/admin/builder/spi-builder-workspace/.derivedData/Build/Intermediates.noindex/ExplicitPrecompiledModules/UIUtilities-F0NJLBH1KH9MAO2KX9QBFDA69.scan
PrecompileModule /Users/admin/builder/spi-builder-workspace/.derivedData/Build/Intermediates.noindex/ExplicitPrecompiledModules/Symbols-D3L48G521GX875IXVK7YGWVKA.scan
    cd /
    builtin-precompileModule /Users/admin/builder/spi-builder-workspace/.derivedData/Build/Intermediates.noindex/ExplicitPrecompiledModules/Symbols-D3L48G521GX875IXVK7YGWVKA.scan
PrecompileModule /Users/admin/builder/spi-builder-workspace/.derivedData/Build/Intermediates.noindex/ExplicitPrecompiledModules/QuartzCore-2CQXFSBKI3NFMX5BMUFRVCC45.scan
    cd /
    builtin-precompileModule /Users/admin/builder/spi-builder-workspace/.derivedData/Build/Intermediates.noindex/ExplicitPrecompiledModules/QuartzCore-2CQXFSBKI3NFMX5BMUFRVCC45.scan
PruneExplicitPrecompiledModules /Users/admin/builder/spi-builder-workspace/.derivedData/Build/Intermediates.noindex/SwiftExplicitPrecompiledModules
PruneExplicitPrecompiledModules /Users/admin/builder/spi-builder-workspace/.derivedData/SDKExplicitPrecompiledModules
PruneExplicitPrecompiledModules /Users/admin/builder/spi-builder-workspace/.derivedData/Build/Intermediates.noindex/ExplicitPrecompiledModules
2026-09-21 02:27:33.242 xcodebuild[648:4192] [MT] IDERunDestination: Supported platforms for the buildables in the current scheme is empty.
** BUILD FAILED **
The following build commands failed:
	CompileC /Users/admin/builder/spi-builder-workspace/.derivedData/Build/Intermediates.noindex/GCDWebServer.build/Debug-watchos/GCDWebServer-t.build/Objects-normal/arm64_32/GCDWebServerConnection.o /Users/admin/builder/spi-builder-workspace/Core/GCDWebServerConnection.m normal arm64_32 objective-c com.apple.compilers.llvm.clang.1_0.compiler (in target 'GCDWebServer' from project 'GCDWebServer')
	Building workspace GCDWebServer with scheme GCDWebServer
(2 failures)
Command line invocation:
    /Applications/Xcode-27.0.0-Release.Candidate.app/Contents/Developer/usr/bin/xcodebuild -IDEClonedSourcePackagesDirPathOverride=/Users/admin/builder/spi-builder-workspace/.dependencies -resolvePackageDependencies
Resolve Package Graph
Resolved source packages:
  GCDWebServer: /Users/admin/builder/spi-builder-workspace
resolved source packages: GCDWebServer
2026-09-21 02:27:37.438 xcodebuild[767:4596] [MT] IDERunDestination: Supported platforms for the buildables in the current scheme is empty.
{
  "dependencies" : [
  ],
  "manifest_display_name" : "GCDWebServer",
  "name" : "GCDWebServer",
  "path" : "/Users/admin/builder/spi-builder-workspace",
  "platforms" : [
    {
      "name" : "macos",
      "version" : "10.15"
    },
    {
      "name" : "ios",
      "version" : "13.0"
    }
  ],
  "products" : [
    {
      "name" : "GCDWebServer",
      "targets" : [
        "GCDWebServer"
      ],
      "type" : {
        "library" : [
          "automatic"
        ]
      }
    }
  ],
  "targets" : [
    {
      "c99name" : "GCDWebServer",
      "module_type" : "ClangTarget",
      "name" : "GCDWebServer",
      "path" : ".",
      "product_memberships" : [
        "GCDWebServer"
      ],
      "resources" : [
        {
          "path" : "/Users/admin/builder/spi-builder-workspace/PrivacyInfo.xcprivacy",
          "rule" : {
            "copy" : {
            }
          }
        }
      ],
      "sources" : [
        "Core/GCDWebServer.m",
        "Core/GCDWebServerConnection.m",
        "Core/GCDWebServerFunctions.m",
        "Core/GCDWebServerRequest.m",
        "Core/GCDWebServerResponse.m",
        "Requests/GCDWebServerDataRequest.m",
        "Requests/GCDWebServerFileRequest.m",
        "Requests/GCDWebServerMultiPartFormRequest.m",
        "Requests/GCDWebServerURLEncodedFormRequest.m",
        "Responses/GCDWebServerDataResponse.m",
        "Responses/GCDWebServerErrorResponse.m",
        "Responses/GCDWebServerFileResponse.m",
        "Responses/GCDWebServerStreamedResponse.m"
      ],
      "type" : "library"
    }
  ],
  "tools_version" : "5.6"
}
{
  "workspace" : {
    "name" : "GCDWebServer",
    "schemes" : [
      "GCDWebServer"
    ]
  }
}
2026-09-21 02:27:38.616 xcodebuild[775:4655] [MT] IDERunDestination: Supported platforms for the buildables in the current scheme is empty.
Running build ...
env DEVELOPER_DIR=/Applications/Xcode-27.0.0-Release.Candidate.app xcrun xcodebuild -IDEClonedSourcePackagesDirPathOverride=$PWD/.dependencies -skipMacroValidation -skipPackagePluginValidation -derivedDataPath $PWD/.derivedData build -scheme GCDWebServer -destination generic/platform=watchOS
Command line invocation:
    /Applications/Xcode-27.0.0-Release.Candidate.app/Contents/Developer/usr/bin/xcodebuild -IDEClonedSourcePackagesDirPathOverride=/Users/admin/builder/spi-builder-workspace/.dependencies -skipMacroValidation -skipPackagePluginValidation -derivedDataPath /Users/admin/builder/spi-builder-workspace/.derivedData build -scheme GCDWebServer -destination generic/platform=watchOS
Resolve Package Graph
Resolved source packages:
  GCDWebServer: /Users/admin/builder/spi-builder-workspace
ComputePackagePrebuildTargetDependencyGraph
Prepare packages
CreateBuildRequest
SendProjectDescription
CreateBuildOperation
ComputeTargetDependencyGraph
note: Building targets in dependency order
note: Target dependency graph (3 targets)
    Target 'GCDWebServer-product' in project 'GCDWebServer'
        ➜ Explicit dependency on target 'GCDWebServer' in project 'GCDWebServer'
        ➜ Explicit dependency on target 'GCDWebServer_GCDWebServer' in project 'GCDWebServer'
    Target 'GCDWebServer' in project 'GCDWebServer'
        ➜ Explicit dependency on target 'GCDWebServer_GCDWebServer' in project 'GCDWebServer'
    Target 'GCDWebServer_GCDWebServer' in project 'GCDWebServer' (no dependencies)
GatherProvisioningInputs
CreateBuildDescription
ClangStatCache /Applications/Xcode-27.0.0-Release.Candidate.app/Contents/Developer/Toolchains/XcodeDefault.xctoolchain/usr/bin/clang-stat-cache /Applications/Xcode-27.0.0-Release.Candidate.app/Contents/Developer/Platforms/WatchOS.platform/Developer/SDKs/WatchOS27.0.sdk /Users/admin/builder/spi-builder-workspace/.derivedData/SDKStatCaches.noindex/watchos27.0-24R360-e829b21a6f8c9b70876ba0858053c04477534ef55a1706bf4c1112bbb242f0a2.sdkstatcache
    cd /Users/admin/builder/spi-builder-workspace/.swiftpm/xcode
    /Applications/Xcode-27.0.0-Release.Candidate.app/Contents/Developer/Toolchains/XcodeDefault.xctoolchain/usr/bin/clang-stat-cache /Applications/Xcode-27.0.0-Release.Candidate.app/Contents/Developer/Platforms/WatchOS.platform/Developer/SDKs/WatchOS27.0.sdk -o /Users/admin/builder/spi-builder-workspace/.derivedData/SDKStatCaches.noindex/watchos27.0-24R360-e829b21a6f8c9b70876ba0858053c04477534ef55a1706bf4c1112bbb242f0a2.sdkstatcache
PrecompileModule /Users/admin/builder/spi-builder-workspace/.derivedData/Build/Intermediates.noindex/ExplicitPrecompiledModules/Symbols-D3L48G521GX875IXVK7YGWVKA.scan
    cd /
    builtin-precompileModule /Users/admin/builder/spi-builder-workspace/.derivedData/Build/Intermediates.noindex/ExplicitPrecompiledModules/Symbols-D3L48G521GX875IXVK7YGWVKA.scan
CompileC /Users/admin/builder/spi-builder-workspace/.derivedData/Build/Intermediates.noindex/GCDWebServer.build/Debug-watchos/GCDWebServer-t.build/Objects-normal/arm64_32/GCDWebServerConnection.o /Users/admin/builder/spi-builder-workspace/Core/GCDWebServerConnection.m normal arm64_32 objective-c com.apple.compilers.llvm.clang.1_0.compiler (in target 'GCDWebServer' from project 'GCDWebServer')
    cd /Users/admin/builder/spi-builder-workspace/.swiftpm/xcode

    Using response file: /Users/admin/builder/spi-builder-workspace/.derivedData/Build/Intermediates.noindex/GCDWebServer.build/Debug-watchos/GCDWebServer-t.build/Objects-normal/arm64_32/e6072d4f65d7061329687fe24e3d63a7-common-args.resp

    /Applications/Xcode-27.0.0-Release.Candidate.app/Contents/Developer/Toolchains/XcodeDefault.xctoolchain/usr/bin/clang -x objective-c -ivfsstatcache /Users/admin/builder/spi-builder-workspace/.derivedData/SDKStatCaches.noindex/watchos27.0-24R360-e829b21a6f8c9b70876ba0858053c04477534ef55a1706bf4c1112bbb242f0a2.sdkstatcache -target arm64_32-apple-watchos9.0 -fmessage-length\=0 -fdiagnostics-show-note-include-stack -fmacro-backtrace-limit\=0 -fno-color-diagnostics -fmodules-prune-interval\=86400 -fmodules-prune-after\=345600 -fbuild-session-file\=/Users/admin/builder/spi-builder-workspace/.derivedData/ModuleCache.noindex/Session.modulevalidation -fmodules-validate-once-per-build-session -Wnon-modular-include-in-framework-module -Werror\=non-modular-include-in-framework-module -Wno-trigraphs -Wno-missing-field-initializers -Wno-missing-prototypes -Wno-return-type -Wno-implicit-atomic-properties -Wno-objc-interface-ivars -Wno-arc-repeated-use-of-weak -Wno-missing-braces -Wparentheses -Wswitch -Wno-unused-function -Wno-unused-label -Wno-unused-parameter -Wno-unused-variable -Wunused-value -Wno-empty-body -Wno-uninitialized -Wno-unknown-pragmas -Wno-shadow -Wno-four-char-constants -Wno-conversion -Wno-constant-conversion -Wno-int-conversion -Wno-bool-conversion -Wno-enum-conversion -Wno-float-conversion -Wno-non-literal-null-conversion -Wno-objc-literal-conversion -Wno-shorten-64-to-32 -Wpointer-sign -Wno-newline-eof -Wno-selector -Wno-strict-selector-match -Wno-undeclared-selector -Wno-deprecated-implementations -Wno-implicit-fallthrough -isysroot /Applications/Xcode-27.0.0-Release.Candidate.app/Contents/Developer/Platforms/WatchOS.platform/Developer/SDKs/WatchOS27.0.sdk -fstrict-aliasing -Wprotocol -Wdeprecated-declarations -Wno-sign-conversion -Wno-infinite-recursion -Wno-comma -Wno-block-capture-autoreleasing -Wno-strict-prototypes -Wno-semicolon-before-method-body -index-store-path /Users/admin/builder/spi-builder-workspace/.derivedData/Index.noindex/DataStore @/Users/admin/builder/spi-builder-workspace/.derivedData/Build/Intermediates.noindex/GCDWebServer.build/Debug-watchos/GCDWebServer-t.build/Objects-normal/arm64_32/e6072d4f65d7061329687fe24e3d63a7-common-args.resp -include /Users/admin/builder/spi-builder-workspace/.derivedData/Build/Intermediates.noindex/GCDWebServer.build/Debug-watchos/GCDWebServer-t.build/DerivedSources/resource_bundle_accessor.h -MMD -MT dependencies -MF /Users/admin/builder/spi-builder-workspace/.derivedData/Build/Intermediates.noindex/GCDWebServer.build/Debug-watchos/GCDWebServer-t.build/Objects-normal/arm64_32/GCDWebServerConnection.d --serialize-diagnostics /Users/admin/builder/spi-builder-workspace/.derivedData/Build/Intermediates.noindex/GCDWebServer.build/Debug-watchos/GCDWebServer-t.build/Objects-normal/arm64_32/GCDWebServerConnection.dia -c /Users/admin/builder/spi-builder-workspace/Core/GCDWebServerConnection.m -o /Users/admin/builder/spi-builder-workspace/.derivedData/Build/Intermediates.noindex/GCDWebServer.build/Debug-watchos/GCDWebServer-t.build/Objects-normal/arm64_32/GCDWebServerConnection.o -index-unit-output-path /GCDWebServer.build/Debug-watchos/GCDWebServer-t.build/Objects-normal/arm64_32/GCDWebServerConnection.o
/Users/admin/builder/spi-builder-workspace/Core/GCDWebServerConnection.m:81:3: error: unknown type name 'CFHTTPMessageRef'
   81 |   CFHTTPMessageRef _requestMessage;
      |   ^
/Users/admin/builder/spi-builder-workspace/Core/GCDWebServerConnection.m:84:3: error: unknown type name 'CFHTTPMessageRef'
   84 |   CFHTTPMessageRef _responseMessage;
      |   ^
/Users/admin/builder/spi-builder-workspace/Core/GCDWebServerConnection.m:108:5: error: use of undeclared identifier 'CFHTTPMessageRef'
  108 |     CFHTTPMessageRef message = CFHTTPMessageCreateResponse(kCFAllocatorDefault, 100, NULL, kCFHTTPVersion1_1);
      |     ^~~~~~~~~~~~~~~~
/Users/admin/builder/spi-builder-workspace/Core/GCDWebServerConnection.m:109:39: error: call to undeclared function 'CFHTTPMessageCopySerializedMessage'; ISO C99 and later do not support implicit function declarations [-Wimplicit-function-declaration]
  109 |     _continueData = CFBridgingRelease(CFHTTPMessageCopySerializedMessage(message));
      |                                       ^
/Users/admin/builder/spi-builder-workspace/Core/GCDWebServerConnection.m:109:74: error: use of undeclared identifier 'message'
  109 |     _continueData = CFBridgingRelease(CFHTTPMessageCopySerializedMessage(message));
      |                                                                          ^~~~~~~
/Users/admin/builder/spi-builder-workspace/Core/GCDWebServerConnection.m:110:15: error: use of undeclared identifier 'message'
  110 |     CFRelease(message);
      |               ^~~~~~~
/Users/admin/builder/spi-builder-workspace/Core/GCDWebServerConnection.m:130:22: error: call to undeclared function 'CFHTTPMessageCreateResponse'; ISO C99 and later do not support implicit function declarations [-Wimplicit-function-declaration]
  130 |   _responseMessage = CFHTTPMessageCreateResponse(kCFAllocatorDefault, statusCode, NULL, kCFHTTPVersion1_1);
      |                      ^
/Users/admin/builder/spi-builder-workspace/Core/GCDWebServerConnection.m:130:89: error: use of undeclared identifier 'kCFHTTPVersion1_1'
  130 |   _responseMessage = CFHTTPMessageCreateResponse(kCFAllocatorDefault, statusCode, NULL, kCFHTTPVersion1_1);
      |                                                                                         ^~~~~~~~~~~~~~~~~
/Users/admin/builder/spi-builder-workspace/Core/GCDWebServerConnection.m:131:3: error: call to undeclared function 'CFHTTPMessageSetHeaderFieldValue'; ISO C99 and later do not support implicit function declarations [-Wimplicit-function-declaration]
  131 |   CFHTTPMessageSetHeaderFieldValue(_responseMessage, CFSTR("Connection"), CFSTR("Close"));
      |   ^
/Users/admin/builder/spi-builder-workspace/Core/GCDWebServerConnection.m:174:7: error: call to undeclared function 'CFHTTPMessageSetHeaderFieldValue'; ISO C99 and later do not support implicit function declarations [-Wimplicit-function-declaration]
  174 |       CFHTTPMessageSetHeaderFieldValue(_responseMessage, CFSTR("Last-Modified"), (__bridge CFStringRef)GCDWebServerFormatRFC822((NSDate*)_response.lastModifiedDate));
      |       ^
/Users/admin/builder/spi-builder-workspace/Core/GCDWebServerConnection.m:177:7: error: call to undeclared function 'CFHTTPMessageSetHeaderFieldValue'; ISO C99 and later do not support implicit function declarations [-Wimplicit-function-declaration]
  177 |       CFHTTPMessageSetHeaderFieldValue(_responseMessage, CFSTR("ETag"), (__bridge CFStringRef)_response.eTag);
      |       ^
/Users/admin/builder/spi-builder-workspace/Core/GCDWebServerConnection.m:181:9: error: call to undeclared function 'CFHTTPMessageSetHeaderFieldValue'; ISO C99 and later do not support implicit function declarations [-Wimplicit-function-declaration]
  181 |         CFHTTPMessageSetHeaderFieldValue(_responseMessage, CFSTR("Cache-Control"), (__bridge CFStringRef)[NSString stringWithFormat:@"max-age=%i, public", (int)_response.cacheControlMaxAge]);
      |         ^
/Users/admin/builder/spi-builder-workspace/Core/GCDWebServerConnection.m:183:9: error: call to undeclared function 'CFHTTPMessageSetHeaderFieldValue'; ISO C99 and later do not support implicit function declarations [-Wimplicit-function-declaration]
  183 |         CFHTTPMessageSetHeaderFieldValue(_responseMessage, CFSTR("Cache-Control"), CFSTR("no-cache"));
      |         ^
/Users/admin/builder/spi-builder-workspace/Core/GCDWebServerConnection.m:187:7: error: call to undeclared function 'CFHTTPMessageSetHeaderFieldValue'; ISO C99 and later do not support implicit function declarations [-Wimplicit-function-declaration]
  187 |       CFHTTPMessageSetHeaderFieldValue(_responseMessage, CFSTR("Content-Type"), (__bridge CFStringRef)GCDWebServerNormalizeHeaderValue(_response.contentType));
      |       ^
/Users/admin/builder/spi-builder-workspace/Core/GCDWebServerConnection.m:190:7: error: call to undeclared function 'CFHTTPMessageSetHeaderFieldValue'; ISO C99 and later do not support implicit function declarations [-Wimplicit-function-declaration]
  190 |       CFHTTPMessageSetHeaderFieldValue(_responseMessage, CFSTR("Content-Length"), (__bridge CFStringRef)[NSString stringWithFormat:@"%lu", (unsigned long)_response.contentLength]);
      |       ^
/Users/admin/builder/spi-builder-workspace/Core/GCDWebServerConnection.m:193:7: error: call to undeclared function 'CFHTTPMessageSetHeaderFieldValue'; ISO C99 and later do not support implicit function declarations [-Wimplicit-function-declaration]
  193 |       CFHTTPMessageSetHeaderFieldValue(_responseMessage, CFSTR("Transfer-Encoding"), CFSTR("chunked"));
      |       ^
/Users/admin/builder/spi-builder-workspace/Core/GCDWebServerConnection.m:196:7: error: call to undeclared function 'CFHTTPMessageSetHeaderFieldValue'; ISO C99 and later do not support implicit function declarations [-Wimplicit-function-declaration]
  196 |       CFHTTPMessageSetHeaderFieldValue(self->_responseMessage, (__bridge CFStringRef)key, (__bridge CFStringRef)obj);
      |       ^
/Users/admin/builder/spi-builder-workspace/Core/GCDWebServerConnection.m:277:21: error: call to undeclared function 'CFHTTPMessageCreateEmpty'; ISO C99 and later do not support implicit function declarations [-Wimplicit-function-declaration]
  277 |   _requestMessage = CFHTTPMessageCreateEmpty(kCFAllocatorDefault, true);
      |                     ^
/Users/admin/builder/spi-builder-workspace/Core/GCDWebServerConnection.m:282:55: error: call to undeclared function 'CFHTTPMessageCopyRequestMethod'; ISO C99 and later do not support implicit function declarations [-Wimplicit-function-declaration]
  282 |           NSString* requestMethod = CFBridgingRelease(CFHTTPMessageCopyRequestMethod(self->_requestMessage));  // Method verbs are case-sensitive and uppercase
      |                                                       ^
fatal error: too many errors emitted, stopping now [-ferror-limit=]
20 errors generated.
Failed frontend command:
/Applications/Xcode-27.0.0-Release.Candidate.app/Contents/Developer/Toolchains/XcodeDefault.xctoolchain/usr/bin/clang -cc1 -Wundef-prefix\=TARGET_OS_ -fdiagnostics-show-note-include-stack -fmacro-backtrace-limit\=0 -ferror-limit 19 -serialize-diagnostic-file /Users/admin/builder/spi-builder-workspace/.derivedData/Build/Intermediates.noindex/GCDWebServer.build/Debug-watchos/GCDWebServer-t.build/Objects-normal/arm64_32/GCDWebServerConnection.dia -Wdeprecated-objc-isa-usage -Werror\=deprecated-objc-isa-usage -Werror\=implicit-function-declaration -Wnon-modular-include-in-framework-module -Werror\=non-modular-include-in-framework-module -Wno-trigraphs -Wno-missing-field-initializers -Wno-missing-prototypes -Wno-return-type -Wno-implicit-atomic-properties -Wno-objc-interface-ivars -Wno-arc-repeated-use-of-weak -Wno-missing-braces -Wparentheses -Wswitch -Wno-unused-function -Wno-unused-label -Wno-unused-parameter -Wno-unused-variable -Wunused-value -Wno-empty-body -Wno-uninitialized -Wno-unknown-pragmas -Wno-shadow -Wno-four-char-constants -Wno-conversion -Wno-constant-conversion -Wno-int-conversion -Wno-bool-conversion -Wno-enum-conversion -Wno-float-conversion -Wno-non-literal-null-conversion -Wno-objc-literal-conversion -Wno-shorten-64-to-32 -Wpointer-sign -Wno-newline-eof -Wno-selector -Wno-strict-selector-match -Wno-undeclared-selector -Wno-deprecated-implementations -Wno-implicit-fallthrough -Wprotocol -Wdeprecated-declarations -Wno-sign-conversion -Wno-infinite-recursion -Wno-comma -Wno-block-capture-autoreleasing -Wno-strict-prototypes -Wno-semicolon-before-method-body -Wno-elaborated-enum-base -Wno-error\=allocator-wrappers -index-store-path /Users/admin/builder/spi-builder-workspace/.derivedData/Index.noindex/DataStore -index-unit-output-path /GCDWebServer.build/Debug-watchos/GCDWebServer-t.build/Objects-normal/arm64_32/GCDWebServerConnection.o -fmodule-map-file\=/Applications/Xcode-27.0.0-Release.Candidate.app/Contents/Developer/Platforms/WatchOS.platform/Developer/SDKs/WatchOS.sdk/usr/include/DarwinFoundation1.modulemap -fmodule-map-file\=/Applications/Xcode-27.0.0-Release.Candidate.app/Contents/Developer/Platforms/WatchOS.platform/Developer/SDKs/WatchOS.sdk/usr/include/Darwin.modulemap -fmodule-map-file\=/Applications/Xcode-27.0.0-Release.Candidate.app/Contents/Developer/Platforms/WatchOS.platform/Developer/SDKs/WatchOS.sdk/usr/include/os.modulemap -fmodule-map-file\=/Applications/Xcode-27.0.0-Release.Candidate.app/Contents/Developer/Platforms/WatchOS.platform/Developer/SDKs/WatchOS.sdk/System/Library/Frameworks/Foundation.framework/Modules/module.modulemap -o /Users/admin/builder/spi-builder-workspace/.derivedData/Build/Intermediates.noindex/GCDWebServer.build/Debug-watchos/GCDWebServer-t.build/Objects-normal/arm64_32/GCDWebServerConnection.o -disable-free -emit-obj -x objective-c /Users/admin/builder/spi-builder-workspace/Core/GCDWebServerConnection.m -target-abi darwinpcs -target-cpu apple-s4 -target-feature +v8.3a -target-feature +aes -target-feature +complxnum -target-feature +crc -target-feature +fp-armv8 -target-feature +fullfp16 -target-feature +jsconv -target-feature +lse -target-feature +neon -target-feature +pauth -target-feature +perfmon -target-feature +ras -target-feature +rcpc -target-feature +rdm -target-feature +sha2 -triple arm64_32-apple-watchos9.0.0 -target-linker-version 1166.2 -target-sdk-version\=27.0 -fmodules-validate-system-headers -fno-modulemap-allow-subdirectory-search -isysroot /Applications/Xcode-27.0.0-Release.Candidate.app/Contents/Developer/Platforms/WatchOS.platform/Developer/SDKs/WatchOS27.0.sdk -resource-dir /Applications/Xcode-27.0.0-Release.Candidate.app/Contents/Developer/Toolchains/XcodeDefault.xctoolchain/usr/lib/clang/21 -fmodule-format\=obj -fmodule-file\=Darwin\=/Users/admin/builder/spi-builder-workspace/.derivedData/Build/Intermediates.noindex/ExplicitPrecompiledModules/Darwin-7AYZXY0JNENHDFL8C7OFRYYFG.pcm -fmodule-file\=Foundation\=/Users/admin/builder/spi-builder-workspace/.derivedData/Build/Intermediates.noindex/ExplicitPrecompiledModules/Foundation-AKBJQLBJM3P9M8FZNUJ6Z21T.pcm -fmodule-file\=_DarwinFoundation1\=/Users/admin/builder/spi-builder-workspace/.derivedData/Build/Intermediates.noindex/ExplicitPrecompiledModules/_DarwinFoundation1-VNGNV7SK3PKYOZ8PDT5WOO09.pcm -fmodule-file\=os_object\=/Users/admin/builder/spi-builder-workspace/.derivedData/Build/Intermediates.noindex/ExplicitPrecompiledModules/os_object-EUX4I48UFTROXPXQJ4ORMMRTH.pcm -I /Users/admin/builder/spi-builder-workspace/.derivedData/Build/Products/Debug-watchos/include -I /Users/admin/builder/spi-builder-workspace/include -I /Users/admin/builder/spi-builder-workspace/private -I /Users/admin/builder/spi-builder-workspace/.derivedData/Build/Intermediates.noindex/GCDWebServer.build/Debug-watchos/GCDWebServer-t.build/DerivedSources-normal/arm64_32 -I /Users/admin/builder/spi-builder-workspace/.derivedData/Build/Intermediates.noindex/GCDWebServer.build/Debug-watchos/GCDWebServer-t.build/DerivedSources/arm64_32 -I /Users/admin/builder/spi-builder-workspace/.derivedData/Build/Intermediates.noindex/GCDWebServer.build/Debug-watchos/GCDWebServer-t.build/DerivedSources -F /Users/admin/builder/spi-builder-workspace/.derivedData/Build/Products/Debug-watchos -iframework /Applications/Xcode-27.0.0-Release.Candidate.app/Contents/Developer/Platforms/WatchOS.platform/Developer/Library/Frameworks -iframework /Applications/Xcode-27.0.0-Release.Candidate.app/Contents/Developer/Platforms/WatchOS.platform/Developer/SDKs/WatchOS27.0.sdk/Developer/Library/Frameworks -internal-isystem /Applications/Xcode-27.0.0-Release.Candidate.app/Contents/Developer/Platforms/WatchOS.platform/Developer/SDKs/WatchOS27.0.sdk/usr/local/include -internal-isystem /Applications/Xcode-27.0.0-Release.Candidate.app/Contents/Developer/Toolchains/XcodeDefault.xctoolchain/usr/lib/clang/21/include -internal-externc-isystem /Applications/Xcode-27.0.0-Release.Candidate.app/Contents/Developer/Platforms/WatchOS.platform/Developer/SDKs/WatchOS27.0.sdk/usr/include -internal-externc-isystem /Applications/Xcode-27.0.0-Release.Candidate.app/Contents/Developer/Toolchains/XcodeDefault.xctoolchain/usr/include -internal-iframework /Applications/Xcode-27.0.0-Release.Candidate.app/Contents/Developer/Platforms/WatchOS.platform/Developer/SDKs/WatchOS27.0.sdk/System/Library/Frameworks -internal-iframework /Applications/Xcode-27.0.0-Release.Candidate.app/Contents/Developer/Platforms/WatchOS.platform/Developer/SDKs/WatchOS27.0.sdk/System/Library/SubFrameworks -internal-iframework /Applications/Xcode-27.0.0-Release.Candidate.app/Contents/Developer/Platforms/WatchOS.platform/Developer/SDKs/WatchOS27.0.sdk/Library/Frameworks -ivfsstatcache /Users/admin/builder/spi-builder-workspace/.derivedData/SDKStatCaches.noindex/watchos27.0-24R360-e829b21a6f8c9b70876ba0858053c04477534ef55a1706bf4c1112bbb242f0a2.sdkstatcache -std\=gnu11 -fexceptions -fskip-odr-check-in-gmf -fmodules -fmodule-name\=GCDWebServer -fno-implicit-modules -fobjc-exceptions -fmax-type-align\=16 -fpascal-strings -fvisibility-inlines-hidden-static-local-var -mdarwin-stkchk-strong-link -fno-odr-hash-protocols -pic-level 2 -fencode-extended-block-signature -stack-protector 1 -fobjc-runtime\=watchos-9.0.0 -fobjc-arc -fobjc-runtime-has-weak -fobjc-weak -fgnuc-version\=4.2.1 -fblocks -fno-convergent-functions -ffp-contract\=on -fclang-abi-compat\=4.0 -fno-experimental-relative-c++-abi-vtables -fno-file-reproducible -clang-vendor-feature\=+disableNonDependentMemberExprInCurrentInstantiation -clang-vendor-feature\=+enableAggressiveVLAFolding -clang-vendor-feature\=+revert09abecef7bbf -clang-vendor-feature\=+thisNoAlignAttr -clang-vendor-feature\=+thisNoNullAttr -clang-vendor-feature\=+disableAtImportPrivateFrameworkInImplementationError -O0 -fno-assume-unique-vtables -fdebug-compilation-dir\=/Users/admin/builder/spi-builder-workspace/.swiftpm/xcode -fcoverage-compilation-dir\=/Users/admin/builder/spi-builder-workspace/.swiftpm/xcode -fcommon -fdwarf2-cfi-asm -fobjc-msgsend-selector-stubs -fregister-global-dtors-with-atexit -fno-strict-return -dwarf-version\=4 -debugger-tuning\=lldb -disable-llvm-verifier -dwarf-ext-refs -funwind-tables\=1 -enable-tlsdesc -clear-ast-before-backend -discard-value-names -main-file-name GCDWebServerConnection.m -mframe-pointer\=non-leaf -debug-info-kind\=standalone -fno-loop-interchange -fdiagnostics-hotness-threshold\=0 -fdiagnostics-misexpect-tolerance\=0 -D DEBUG\=1 -D OBJC_OLD_DISPATCH_PROTOTYPES\=1 -D SWIFT_PACKAGE -D Xcode -include /Users/admin/builder/spi-builder-workspace/.derivedData/Build/Intermediates.noindex/GCDWebServer.build/Debug-watchos/GCDWebServer-t.build/DerivedSources/resource_bundle_accessor.h -fdefine-target-os-macros -MT dependencies -dependency-file /Users/admin/builder/spi-builder-workspace/.derivedData/Build/Intermediates.noindex/GCDWebServer.build/Debug-watchos/GCDWebServer-t.build/Objects-normal/arm64_32/GCDWebServerConnection.d -skip-unused-modulemap-deps -module-file-deps\=direct -fdepfile-entry\=/Applications/Xcode-27.0.0-Release.Candidate.app/Contents/Developer/Platforms/WatchOS.platform/Developer/SDKs/WatchOS27.0.sdk/SDKSettings.json
PrecompileModule /Users/admin/builder/spi-builder-workspace/.derivedData/Build/Intermediates.noindex/ExplicitPrecompiledModules/_LocationEssentials-291SUWH0XFOKQVDI1S9ZL82X6.scan
    cd /
    builtin-precompileModule /Users/admin/builder/spi-builder-workspace/.derivedData/Build/Intermediates.noindex/ExplicitPrecompiledModules/_LocationEssentials-291SUWH0XFOKQVDI1S9ZL82X6.scan
CompileC /Users/admin/builder/spi-builder-workspace/.derivedData/Build/Intermediates.noindex/GCDWebServer.build/Debug-watchos/GCDWebServer-t.build/Objects-normal/arm64/GCDWebServerConnection.o /Users/admin/builder/spi-builder-workspace/Core/GCDWebServerConnection.m normal arm64 objective-c com.apple.compilers.llvm.clang.1_0.compiler (in target 'GCDWebServer' from project 'GCDWebServer')
    cd /Users/admin/builder/spi-builder-workspace/.swiftpm/xcode

    Using response file: /Users/admin/builder/spi-builder-workspace/.derivedData/Build/Intermediates.noindex/GCDWebServer.build/Debug-watchos/GCDWebServer-t.build/Objects-normal/arm64/e6072d4f65d7061329687fe24e3d63a7-common-args.resp

    /Applications/Xcode-27.0.0-Release.Candidate.app/Contents/Developer/Toolchains/XcodeDefault.xctoolchain/usr/bin/clang -x objective-c -ivfsstatcache /Users/admin/builder/spi-builder-workspace/.derivedData/SDKStatCaches.noindex/watchos27.0-24R360-e829b21a6f8c9b70876ba0858053c04477534ef55a1706bf4c1112bbb242f0a2.sdkstatcache -target arm64-apple-watchos9.0 -fmessage-length\=0 -fdiagnostics-show-note-include-stack -fmacro-backtrace-limit\=0 -fno-color-diagnostics -fmodules-prune-interval\=86400 -fmodules-prune-after\=345600 -fbuild-session-file\=/Users/admin/builder/spi-builder-workspace/.derivedData/ModuleCache.noindex/Session.modulevalidation -fmodules-validate-once-per-build-session -Wnon-modular-include-in-framework-module -Werror\=non-modular-include-in-framework-module -Wno-trigraphs -Wno-missing-field-initializers -Wno-missing-prototypes -Wno-return-type -Wno-implicit-atomic-properties -Wno-objc-interface-ivars -Wno-arc-repeated-use-of-weak -Wno-missing-braces -Wparentheses -Wswitch -Wno-unused-function -Wno-unused-label -Wno-unused-parameter -Wno-unused-variable -Wunused-value -Wno-empty-body -Wno-uninitialized -Wno-unknown-pragmas -Wno-shadow -Wno-four-char-constants -Wno-conversion -Wno-constant-conversion -Wno-int-conversion -Wno-bool-conversion -Wno-enum-conversion -Wno-float-conversion -Wno-non-literal-null-conversion -Wno-objc-literal-conversion -Wshorten-64-to-32 -Wpointer-sign -Wno-newline-eof -Wno-selector -Wno-strict-selector-match -Wno-undeclared-selector -Wno-deprecated-implementations -Wno-implicit-fallthrough -isysroot /Applications/Xcode-27.0.0-Release.Candidate.app/Contents/Developer/Platforms/WatchOS.platform/Developer/SDKs/WatchOS27.0.sdk -fstrict-aliasing -Wprotocol -Wdeprecated-declarations -Wno-sign-conversion -Wno-infinite-recursion -Wno-comma -Wno-block-capture-autoreleasing -Wno-strict-prototypes -Wno-semicolon-before-method-body -index-store-path /Users/admin/builder/spi-builder-workspace/.derivedData/Index.noindex/DataStore @/Users/admin/builder/spi-builder-workspace/.derivedData/Build/Intermediates.noindex/GCDWebServer.build/Debug-watchos/GCDWebServer-t.build/Objects-normal/arm64/e6072d4f65d7061329687fe24e3d63a7-common-args.resp -include /Users/admin/builder/spi-builder-workspace/.derivedData/Build/Intermediates.noindex/GCDWebServer.build/Debug-watchos/GCDWebServer-t.build/DerivedSources/resource_bundle_accessor.h -MMD -MT dependencies -MF /Users/admin/builder/spi-builder-workspace/.derivedData/Build/Intermediates.noindex/GCDWebServer.build/Debug-watchos/GCDWebServer-t.build/Objects-normal/arm64/GCDWebServerConnection.d --serialize-diagnostics /Users/admin/builder/spi-builder-workspace/.derivedData/Build/Intermediates.noindex/GCDWebServer.build/Debug-watchos/GCDWebServer-t.build/Objects-normal/arm64/GCDWebServerConnection.dia -c /Users/admin/builder/spi-builder-workspace/Core/GCDWebServerConnection.m -o /Users/admin/builder/spi-builder-workspace/.derivedData/Build/Intermediates.noindex/GCDWebServer.build/Debug-watchos/GCDWebServer-t.build/Objects-normal/arm64/GCDWebServerConnection.o -index-unit-output-path /GCDWebServer.build/Debug-watchos/GCDWebServer-t.build/Objects-normal/arm64/GCDWebServerConnection.o
/Users/admin/builder/spi-builder-workspace/Core/GCDWebServerConnection.m:81:3: error: unknown type name 'CFHTTPMessageRef'
   81 |   CFHTTPMessageRef _requestMessage;
      |   ^
/Users/admin/builder/spi-builder-workspace/Core/GCDWebServerConnection.m:84:3: error: unknown type name 'CFHTTPMessageRef'
   84 |   CFHTTPMessageRef _responseMessage;
      |   ^
/Users/admin/builder/spi-builder-workspace/Core/GCDWebServerConnection.m:108:5: error: use of undeclared identifier 'CFHTTPMessageRef'
  108 |     CFHTTPMessageRef message = CFHTTPMessageCreateResponse(kCFAllocatorDefault, 100, NULL, kCFHTTPVersion1_1);
      |     ^~~~~~~~~~~~~~~~
/Users/admin/builder/spi-builder-workspace/Core/GCDWebServerConnection.m:109:39: error: call to undeclared function 'CFHTTPMessageCopySerializedMessage'; ISO C99 and later do not support implicit function declarations [-Wimplicit-function-declaration]
  109 |     _continueData = CFBridgingRelease(CFHTTPMessageCopySerializedMessage(message));
      |                                       ^
/Users/admin/builder/spi-builder-workspace/Core/GCDWebServerConnection.m:109:74: error: use of undeclared identifier 'message'
  109 |     _continueData = CFBridgingRelease(CFHTTPMessageCopySerializedMessage(message));
      |                                                                          ^~~~~~~
/Users/admin/builder/spi-builder-workspace/Core/GCDWebServerConnection.m:110:15: error: use of undeclared identifier 'message'
  110 |     CFRelease(message);
      |               ^~~~~~~
/Users/admin/builder/spi-builder-workspace/Core/GCDWebServerConnection.m:130:22: error: call to undeclared function 'CFHTTPMessageCreateResponse'; ISO C99 and later do not support implicit function declarations [-Wimplicit-function-declaration]
  130 |   _responseMessage = CFHTTPMessageCreateResponse(kCFAllocatorDefault, statusCode, NULL, kCFHTTPVersion1_1);
      |                      ^
/Users/admin/builder/spi-builder-workspace/Core/GCDWebServerConnection.m:130:89: error: use of undeclared identifier 'kCFHTTPVersion1_1'
  130 |   _responseMessage = CFHTTPMessageCreateResponse(kCFAllocatorDefault, statusCode, NULL, kCFHTTPVersion1_1);
      |                                                                                         ^~~~~~~~~~~~~~~~~
/Users/admin/builder/spi-builder-workspace/Core/GCDWebServerConnection.m:131:3: error: call to undeclared function 'CFHTTPMessageSetHeaderFieldValue'; ISO C99 and later do not support implicit function declarations [-Wimplicit-function-declaration]
  131 |   CFHTTPMessageSetHeaderFieldValue(_responseMessage, CFSTR("Connection"), CFSTR("Close"));
      |   ^
/Users/admin/builder/spi-builder-workspace/Core/GCDWebServerConnection.m:174:7: error: call to undeclared function 'CFHTTPMessageSetHeaderFieldValue'; ISO C99 and later do not support implicit function declarations [-Wimplicit-function-declaration]
  174 |       CFHTTPMessageSetHeaderFieldValue(_responseMessage, CFSTR("Last-Modified"), (__bridge CFStringRef)GCDWebServerFormatRFC822((NSDate*)_response.lastModifiedDate));
      |       ^
/Users/admin/builder/spi-builder-workspace/Core/GCDWebServerConnection.m:177:7: error: call to undeclared function 'CFHTTPMessageSetHeaderFieldValue'; ISO C99 and later do not support implicit function declarations [-Wimplicit-function-declaration]
  177 |       CFHTTPMessageSetHeaderFieldValue(_responseMessage, CFSTR("ETag"), (__bridge CFStringRef)_response.eTag);
      |       ^
/Users/admin/builder/spi-builder-workspace/Core/GCDWebServerConnection.m:181:9: error: call to undeclared function 'CFHTTPMessageSetHeaderFieldValue'; ISO C99 and later do not support implicit function declarations [-Wimplicit-function-declaration]
  181 |         CFHTTPMessageSetHeaderFieldValue(_responseMessage, CFSTR("Cache-Control"), (__bridge CFStringRef)[NSString stringWithFormat:@"max-age=%i, public", (int)_response.cacheControlMaxAge]);
      |         ^
/Users/admin/builder/spi-builder-workspace/Core/GCDWebServerConnection.m:183:9: error: call to undeclared function 'CFHTTPMessageSetHeaderFieldValue'; ISO C99 and later do not support implicit function declarations [-Wimplicit-function-declaration]
  183 |         CFHTTPMessageSetHeaderFieldValue(_responseMessage, CFSTR("Cache-Control"), CFSTR("no-cache"));
      |         ^
/Users/admin/builder/spi-builder-workspace/Core/GCDWebServerConnection.m:187:7: error: call to undeclared function 'CFHTTPMessageSetHeaderFieldValue'; ISO C99 and later do not support implicit function declarations [-Wimplicit-function-declaration]
  187 |       CFHTTPMessageSetHeaderFieldValue(_responseMessage, CFSTR("Content-Type"), (__bridge CFStringRef)GCDWebServerNormalizeHeaderValue(_response.contentType));
      |       ^
/Users/admin/builder/spi-builder-workspace/Core/GCDWebServerConnection.m:190:7: error: call to undeclared function 'CFHTTPMessageSetHeaderFieldValue'; ISO C99 and later do not support implicit function declarations [-Wimplicit-function-declaration]
  190 |       CFHTTPMessageSetHeaderFieldValue(_responseMessage, CFSTR("Content-Length"), (__bridge CFStringRef)[NSString stringWithFormat:@"%lu", (unsigned long)_response.contentLength]);
      |       ^
/Users/admin/builder/spi-builder-workspace/Core/GCDWebServerConnection.m:193:7: error: call to undeclared function 'CFHTTPMessageSetHeaderFieldValue'; ISO C99 and later do not support implicit function declarations [-Wimplicit-function-declaration]
  193 |       CFHTTPMessageSetHeaderFieldValue(_responseMessage, CFSTR("Transfer-Encoding"), CFSTR("chunked"));
      |       ^
/Users/admin/builder/spi-builder-workspace/Core/GCDWebServerConnection.m:196:7: error: call to undeclared function 'CFHTTPMessageSetHeaderFieldValue'; ISO C99 and later do not support implicit function declarations [-Wimplicit-function-declaration]
  196 |       CFHTTPMessageSetHeaderFieldValue(self->_responseMessage, (__bridge CFStringRef)key, (__bridge CFStringRef)obj);
      |       ^
/Users/admin/builder/spi-builder-workspace/Core/GCDWebServerConnection.m:277:21: error: call to undeclared function 'CFHTTPMessageCreateEmpty'; ISO C99 and later do not support implicit function declarations [-Wimplicit-function-declaration]
  277 |   _requestMessage = CFHTTPMessageCreateEmpty(kCFAllocatorDefault, true);
      |                     ^
/Users/admin/builder/spi-builder-workspace/Core/GCDWebServerConnection.m:282:55: error: call to undeclared function 'CFHTTPMessageCopyRequestMethod'; ISO C99 and later do not support implicit function declarations [-Wimplicit-function-declaration]
  282 |           NSString* requestMethod = CFBridgingRelease(CFHTTPMessageCopyRequestMethod(self->_requestMessage));  // Method verbs are case-sensitive and uppercase
      |                                                       ^
fatal error: too many errors emitted, stopping now [-ferror-limit=]
20 errors generated.
Failed frontend command:
/Applications/Xcode-27.0.0-Release.Candidate.app/Contents/Developer/Toolchains/XcodeDefault.xctoolchain/usr/bin/clang -cc1 -Wundef-prefix\=TARGET_OS_ -fdiagnostics-show-note-include-stack -fmacro-backtrace-limit\=0 -ferror-limit 19 -serialize-diagnostic-file /Users/admin/builder/spi-builder-workspace/.derivedData/Build/Intermediates.noindex/GCDWebServer.build/Debug-watchos/GCDWebServer-t.build/Objects-normal/arm64/GCDWebServerConnection.dia -Wdeprecated-objc-isa-usage -Werror\=deprecated-objc-isa-usage -Werror\=implicit-function-declaration -Wnon-modular-include-in-framework-module -Werror\=non-modular-include-in-framework-module -Wno-trigraphs -Wno-missing-field-initializers -Wno-missing-prototypes -Wno-return-type -Wno-implicit-atomic-properties -Wno-objc-interface-ivars -Wno-arc-repeated-use-of-weak -Wno-missing-braces -Wparentheses -Wswitch -Wno-unused-function -Wno-unused-label -Wno-unused-parameter -Wno-unused-variable -Wunused-value -Wno-empty-body -Wno-uninitialized -Wno-unknown-pragmas -Wno-shadow -Wno-four-char-constants -Wno-conversion -Wno-constant-conversion -Wno-int-conversion -Wno-bool-conversion -Wno-enum-conversion -Wno-float-conversion -Wno-non-literal-null-conversion -Wno-objc-literal-conversion -Wshorten-64-to-32 -Wpointer-sign -Wno-newline-eof -Wno-selector -Wno-strict-selector-match -Wno-undeclared-selector -Wno-deprecated-implementations -Wno-implicit-fallthrough -Wprotocol -Wdeprecated-declarations -Wno-sign-conversion -Wno-infinite-recursion -Wno-comma -Wno-block-capture-autoreleasing -Wno-strict-prototypes -Wno-semicolon-before-method-body -Wno-elaborated-enum-base -Wno-error\=allocator-wrappers -index-store-path /Users/admin/builder/spi-builder-workspace/.derivedData/Index.noindex/DataStore -index-unit-output-path /GCDWebServer.build/Debug-watchos/GCDWebServer-t.build/Objects-normal/arm64/GCDWebServerConnection.o -fmodule-map-file\=/Applications/Xcode-27.0.0-Release.Candidate.app/Contents/Developer/Platforms/WatchOS.platform/Developer/SDKs/WatchOS.sdk/usr/include/DarwinFoundation1.modulemap -fmodule-map-file\=/Applications/Xcode-27.0.0-Release.Candidate.app/Contents/Developer/Platforms/WatchOS.platform/Developer/SDKs/WatchOS.sdk/usr/include/Darwin.modulemap -fmodule-map-file\=/Applications/Xcode-27.0.0-Release.Candidate.app/Contents/Developer/Platforms/WatchOS.platform/Developer/SDKs/WatchOS.sdk/usr/include/os.modulemap -fmodule-map-file\=/Applications/Xcode-27.0.0-Release.Candidate.app/Contents/Developer/Platforms/WatchOS.platform/Developer/SDKs/WatchOS.sdk/System/Library/Frameworks/Foundation.framework/Modules/module.modulemap -o /Users/admin/builder/spi-builder-workspace/.derivedData/Build/Intermediates.noindex/GCDWebServer.build/Debug-watchos/GCDWebServer-t.build/Objects-normal/arm64/GCDWebServerConnection.o -disable-free -emit-obj -x objective-c /Users/admin/builder/spi-builder-workspace/Core/GCDWebServerConnection.m -target-abi darwinpcs -target-cpu apple-s9 -target-feature +v8.6a -target-feature +aes -target-feature +bf16 -target-feature +complxnum -target-feature +crc -target-feature +dotprod -target-feature +fp-armv8 -target-feature +fp16fml -target-feature +fpac -target-feature +fullfp16 -target-feature +hcx -target-feature +i8mm -target-feature +jsconv -target-feature +lse -target-feature +neon -target-feature +pauth -target-feature +perfmon -target-feature +ras -target-feature +rcpc -target-feature +rdm -target-feature +sha2 -target-feature +sha3 -target-feature +ssbs -triple arm64-apple-watchos9.0.0 -target-linker-version 1166.2 -target-sdk-version\=27.0 -fmodules-validate-system-headers -fno-modulemap-allow-subdirectory-search -isysroot /Applications/Xcode-27.0.0-Release.Candidate.app/Contents/Developer/Platforms/WatchOS.platform/Developer/SDKs/WatchOS27.0.sdk -resource-dir /Applications/Xcode-27.0.0-Release.Candidate.app/Contents/Developer/Toolchains/XcodeDefault.xctoolchain/usr/lib/clang/21 -fmodule-format\=obj -fmodule-file\=Darwin\=/Users/admin/builder/spi-builder-workspace/.derivedData/Build/Intermediates.noindex/ExplicitPrecompiledModules/Darwin-DS15HL4ULFWUL2KCUN5XP8EJF.pcm -fmodule-file\=Foundation\=/Users/admin/builder/spi-builder-workspace/.derivedData/Build/Intermediates.noindex/ExplicitPrecompiledModules/Foundation-F2KBWX41FVCKIU807472SK297.pcm -fmodule-file\=_DarwinFoundation1\=/Users/admin/builder/spi-builder-workspace/.derivedData/Build/Intermediates.noindex/ExplicitPrecompiledModules/_DarwinFoundation1-9F1DJW9DUJEH474GGMAR0HQJR.pcm -fmodule-file\=os_object\=/Users/admin/builder/spi-builder-workspace/.derivedData/Build/Intermediates.noindex/ExplicitPrecompiledModules/os_object-DCH4V2Q9M35EPWVRDX7T2XV3D.pcm -I /Users/admin/builder/spi-builder-workspace/.derivedData/Build/Products/Debug-watchos/include -I /Users/admin/builder/spi-builder-workspace/include -I /Users/admin/builder/spi-builder-workspace/private -I /Users/admin/builder/spi-builder-workspace/.derivedData/Build/Intermediates.noindex/GCDWebServer.build/Debug-watchos/GCDWebServer-t.build/DerivedSources-normal/arm64 -I /Users/admin/builder/spi-builder-workspace/.derivedData/Build/Intermediates.noindex/GCDWebServer.build/Debug-watchos/GCDWebServer-t.build/DerivedSources/arm64 -I /Users/admin/builder/spi-builder-workspace/.derivedData/Build/Intermediates.noindex/GCDWebServer.build/Debug-watchos/GCDWebServer-t.build/DerivedSources -F /Users/admin/builder/spi-builder-workspace/.derivedData/Build/Products/Debug-watchos -iframework /Applications/Xcode-27.0.0-Release.Candidate.app/Contents/Developer/Platforms/WatchOS.platform/Developer/Library/Frameworks -iframework /Applications/Xcode-27.0.0-Release.Candidate.app/Contents/Developer/Platforms/WatchOS.platform/Developer/SDKs/WatchOS27.0.sdk/Developer/Library/Frameworks -internal-isystem /Applications/Xcode-27.0.0-Release.Candidate.app/Contents/Developer/Platforms/WatchOS.platform/Developer/SDKs/WatchOS27.0.sdk/usr/local/include -internal-isystem /Applications/Xcode-27.0.0-Release.Candidate.app/Contents/Developer/Toolchains/XcodeDefault.xctoolchain/usr/lib/clang/21/include -internal-externc-isystem /Applications/Xcode-27.0.0-Release.Candidate.app/Contents/Developer/Platforms/WatchOS.platform/Developer/SDKs/WatchOS27.0.sdk/usr/include -internal-externc-isystem /Applications/Xcode-27.0.0-Release.Candidate.app/Contents/Developer/Toolchains/XcodeDefault.xctoolchain/usr/include -internal-iframework /Applications/Xcode-27.0.0-Release.Candidate.app/Contents/Developer/Platforms/WatchOS.platform/Developer/SDKs/WatchOS27.0.sdk/System/Library/Frameworks -internal-iframework /Applications/Xcode-27.0.0-Release.Candidate.app/Contents/Developer/Platforms/WatchOS.platform/Developer/SDKs/WatchOS27.0.sdk/System/Library/SubFrameworks -internal-iframework /Applications/Xcode-27.0.0-Release.Candidate.app/Contents/Developer/Platforms/WatchOS.platform/Developer/SDKs/WatchOS27.0.sdk/Library/Frameworks -ivfsstatcache /Users/admin/builder/spi-builder-workspace/.derivedData/SDKStatCaches.noindex/watchos27.0-24R360-e829b21a6f8c9b70876ba0858053c04477534ef55a1706bf4c1112bbb242f0a2.sdkstatcache -std\=gnu11 -fexceptions -fskip-odr-check-in-gmf -fmodules -fmodule-name\=GCDWebServer -fno-implicit-modules -fobjc-exceptions -fmax-type-align\=16 -fpascal-strings -fstack-check -fvisibility-inlines-hidden-static-local-var -mdarwin-stkchk-strong-link -fno-odr-hash-protocols -pic-level 2 -fencode-extended-block-signature -stack-protector 1 -fobjc-runtime\=watchos-9.0.0 -fobjc-arc -fobjc-runtime-has-weak -fobjc-weak -fgnuc-version\=4.2.1 -fblocks -fno-convergent-functions -ffp-contract\=on -fclang-abi-compat\=4.0 -fno-experimental-relative-c++-abi-vtables -fno-file-reproducible -clang-vendor-feature\=+disableNonDependentMemberExprInCurrentInstantiation -clang-vendor-feature\=+enableAggressiveVLAFolding -clang-vendor-feature\=+revert09abecef7bbf -clang-vendor-feature\=+thisNoAlignAttr -clang-vendor-feature\=+thisNoNullAttr -clang-vendor-feature\=+disableAtImportPrivateFrameworkInImplementationError -O0 -fno-assume-unique-vtables -fdebug-compilation-dir\=/Users/admin/builder/spi-builder-workspace/.swiftpm/xcode -fcoverage-compilation-dir\=/Users/admin/builder/spi-builder-workspace/.swiftpm/xcode -fcommon -fdwarf2-cfi-asm -fobjc-msgsend-selector-stubs -fregister-global-dtors-with-atexit -fno-strict-return -dwarf-version\=4 -debugger-tuning\=lldb -disable-llvm-verifier -dwarf-ext-refs -funwind-tables\=1 -enable-tlsdesc -clear-ast-before-backend -discard-value-names -main-file-name GCDWebServerConnection.m -mframe-pointer\=non-leaf -debug-info-kind\=standalone -fno-loop-interchange -fdiagnostics-hotness-threshold\=0 -fdiagnostics-misexpect-tolerance\=0 -D DEBUG\=1 -D OBJC_OLD_DISPATCH_PROTOTYPES\=1 -D SWIFT_PACKAGE -D Xcode -include /Users/admin/builder/spi-builder-workspace/.derivedData/Build/Intermediates.noindex/GCDWebServer.build/Debug-watchos/GCDWebServer-t.build/DerivedSources/resource_bundle_accessor.h -fdefine-target-os-macros -MT dependencies -dependency-file /Users/admin/builder/spi-builder-workspace/.derivedData/Build/Intermediates.noindex/GCDWebServer.build/Debug-watchos/GCDWebServer-t.build/Objects-normal/arm64/GCDWebServerConnection.d -skip-unused-modulemap-deps -module-file-deps\=direct -fdepfile-entry\=/Applications/Xcode-27.0.0-Release.Candidate.app/Contents/Developer/Platforms/WatchOS.platform/Developer/SDKs/WatchOS27.0.sdk/SDKSettings.json
PrecompileModule /Users/admin/builder/spi-builder-workspace/.derivedData/Build/Intermediates.noindex/ExplicitPrecompiledModules/UserNotifications-EEWM79Q7OJ9ZLHNWT0A2Y1KX8.scan
    cd /
    builtin-precompileModule /Users/admin/builder/spi-builder-workspace/.derivedData/Build/Intermediates.noindex/ExplicitPrecompiledModules/UserNotifications-EEWM79Q7OJ9ZLHNWT0A2Y1KX8.scan
PrecompileModule /Users/admin/builder/spi-builder-workspace/.derivedData/Build/Intermediates.noindex/ExplicitPrecompiledModules/_LocationEssentials-7YG8DJL6A525EIJ95TWL4A664.scan
    cd /
    builtin-precompileModule /Users/admin/builder/spi-builder-workspace/.derivedData/Build/Intermediates.noindex/ExplicitPrecompiledModules/_LocationEssentials-7YG8DJL6A525EIJ95TWL4A664.scan
PrecompileModule /Users/admin/builder/spi-builder-workspace/.derivedData/Build/Intermediates.noindex/ExplicitPrecompiledModules/QuartzCore-BXB0I2MAM28BPELP53NO7L287.scan
    cd /
    builtin-precompileModule /Users/admin/builder/spi-builder-workspace/.derivedData/Build/Intermediates.noindex/ExplicitPrecompiledModules/QuartzCore-BXB0I2MAM28BPELP53NO7L287.scan
PrecompileModule /Users/admin/builder/spi-builder-workspace/.derivedData/Build/Intermediates.noindex/ExplicitPrecompiledModules/UIUtilities-F0NJLBH1KH9MAO2KX9QBFDA69.scan
    cd /
    builtin-precompileModule /Users/admin/builder/spi-builder-workspace/.derivedData/Build/Intermediates.noindex/ExplicitPrecompiledModules/UIUtilities-F0NJLBH1KH9MAO2KX9QBFDA69.scan
PrecompileModule /Users/admin/builder/spi-builder-workspace/.derivedData/Build/Intermediates.noindex/ExplicitPrecompiledModules/QuartzCore-2CQXFSBKI3NFMX5BMUFRVCC45.scan
    cd /
    builtin-precompileModule /Users/admin/builder/spi-builder-workspace/.derivedData/Build/Intermediates.noindex/ExplicitPrecompiledModules/QuartzCore-2CQXFSBKI3NFMX5BMUFRVCC45.scan
PrecompileModule /Users/admin/builder/spi-builder-workspace/.derivedData/Build/Intermediates.noindex/ExplicitPrecompiledModules/CoreLocation-CALEKV0WRV3VVOMH8RKQ6L31F.scan
    cd /
    builtin-precompileModule /Users/admin/builder/spi-builder-workspace/.derivedData/Build/Intermediates.noindex/ExplicitPrecompiledModules/CoreLocation-CALEKV0WRV3VVOMH8RKQ6L31F.scan
PrecompileModule /Users/admin/builder/spi-builder-workspace/.derivedData/Build/Intermediates.noindex/ExplicitPrecompiledModules/CoreLocation-6542775DY79DOY2MFF22MLEDD.scan
    cd /
    builtin-precompileModule /Users/admin/builder/spi-builder-workspace/.derivedData/Build/Intermediates.noindex/ExplicitPrecompiledModules/CoreLocation-6542775DY79DOY2MFF22MLEDD.scan
PrecompileModule /Users/admin/builder/spi-builder-workspace/.derivedData/Build/Intermediates.noindex/ExplicitPrecompiledModules/CoreMotion-26ODGZI6WBQZMV6IIVJ8BHTWP.scan
    cd /
    builtin-precompileModule /Users/admin/builder/spi-builder-workspace/.derivedData/Build/Intermediates.noindex/ExplicitPrecompiledModules/CoreMotion-26ODGZI6WBQZMV6IIVJ8BHTWP.scan
PrecompileModule /Users/admin/builder/spi-builder-workspace/.derivedData/Build/Intermediates.noindex/ExplicitPrecompiledModules/CoreMotion-5AJ42GVSOLHJWU8QRWMFEKV4U.scan
    cd /
    builtin-precompileModule /Users/admin/builder/spi-builder-workspace/.derivedData/Build/Intermediates.noindex/ExplicitPrecompiledModules/CoreMotion-5AJ42GVSOLHJWU8QRWMFEKV4U.scan
PrecompileModule /Users/admin/builder/spi-builder-workspace/.derivedData/Build/Intermediates.noindex/ExplicitPrecompiledModules/UIKit-1TVLGSDLITC5FS02QESMIQ3D9.scan
    cd /
    builtin-precompileModule /Users/admin/builder/spi-builder-workspace/.derivedData/Build/Intermediates.noindex/ExplicitPrecompiledModules/UIKit-1TVLGSDLITC5FS02QESMIQ3D9.scan
PrecompileModule /Users/admin/builder/spi-builder-workspace/.derivedData/Build/Intermediates.noindex/ExplicitPrecompiledModules/UIKit-6VLEXFPHHIVZFGPP0CSOJ3UZD.scan
    cd /
    builtin-precompileModule /Users/admin/builder/spi-builder-workspace/.derivedData/Build/Intermediates.noindex/ExplicitPrecompiledModules/UIKit-6VLEXFPHHIVZFGPP0CSOJ3UZD.scan
PruneExplicitPrecompiledModules /Users/admin/builder/spi-builder-workspace/.derivedData/Build/Intermediates.noindex/SwiftExplicitPrecompiledModules
PruneExplicitPrecompiledModules /Users/admin/builder/spi-builder-workspace/.derivedData/Build/Intermediates.noindex/ExplicitPrecompiledModules
PruneExplicitPrecompiledModules /Users/admin/builder/spi-builder-workspace/.derivedData/SDKExplicitPrecompiledModules
2026-09-21 02:27:39.569 xcodebuild[776:4678] [MT] IDERunDestination: Supported platforms for the buildables in the current scheme is empty.
** BUILD FAILED **
The following build commands failed:
	CompileC /Users/admin/builder/spi-builder-workspace/.derivedData/Build/Intermediates.noindex/GCDWebServer.build/Debug-watchos/GCDWebServer-t.build/Objects-normal/arm64_32/GCDWebServerConnection.o /Users/admin/builder/spi-builder-workspace/Core/GCDWebServerConnection.m normal arm64_32 objective-c com.apple.compilers.llvm.clang.1_0.compiler (in target 'GCDWebServer' from project 'GCDWebServer')
	CompileC /Users/admin/builder/spi-builder-workspace/.derivedData/Build/Intermediates.noindex/GCDWebServer.build/Debug-watchos/GCDWebServer-t.build/Objects-normal/arm64/GCDWebServerConnection.o /Users/admin/builder/spi-builder-workspace/Core/GCDWebServerConnection.m normal arm64 objective-c com.apple.compilers.llvm.clang.1_0.compiler (in target 'GCDWebServer' from project 'GCDWebServer')
	Building workspace GCDWebServer with scheme GCDWebServer
(3 failures)
BUILD FAILURE 6.4 watchOS