Build Information
Failed to build SpeziOnboarding, reference 2.0.4 (1b1c0f), with Swift 6.4 for watchOS using Xcode 27.0 on 23 Sep 2026 14:18:59 UTC.
Build Command
env DEVELOPER_DIR=/Applications/Xcode-27.0.0-Release.Candidate.app xcrun xcodebuild -IDEClonedSourcePackagesDirPathOverride=$PWD/.dependencies -skipMacroValidation -skipPackagePluginValidation -derivedDataPath $PWD/.derivedData build -scheme SpeziOnboarding -destination generic/platform=watchOSBuild Log
SwiftCompile normal arm64_32 /Users/admin/builder/spi-builder-workspace/.dependencies/checkouts/SpeziViews/Sources/SpeziViews/Views/Drawing/CanvasView.swift (in target 'SpeziViews' from project 'SpeziViews')
cd /Users/admin/builder/spi-builder-workspace/.swiftpm/xcode
builtin-SwiftPerFileCompile CanvasView.swift
SwiftCompile normal arm64_32 /Users/admin/builder/spi-builder-workspace/.dependencies/checkouts/SpeziViews/Sources/SpeziViews/Views/Drawing/PencilKit+Utils.swift (in target 'SpeziViews' from project 'SpeziViews')
cd /Users/admin/builder/spi-builder-workspace/.swiftpm/xcode
builtin-SwiftPerFileCompile PencilKit+Utils.swift
SwiftCompile normal arm64_32 /Users/admin/builder/spi-builder-workspace/.dependencies/checkouts/SpeziViews/Sources/SpeziViews/Views/Layout/DescriptionGridRow.swift (in target 'SpeziViews' from project 'SpeziViews')
cd /Users/admin/builder/spi-builder-workspace/.swiftpm/xcode
builtin-SwiftPerFileCompile DescriptionGridRow.swift
SwiftCompile normal arm64_32 /Users/admin/builder/spi-builder-workspace/.dependencies/checkouts/SpeziViews/Sources/SpeziViews/Views/Layout/DynamicHStack.swift (in target 'SpeziViews' from project 'SpeziViews')
cd /Users/admin/builder/spi-builder-workspace/.swiftpm/xcode
builtin-SwiftPerFileCompile DynamicHStack.swift
SwiftCompile normal arm64_32 /Users/admin/builder/spi-builder-workspace/.dependencies/checkouts/SpeziViews/Sources/SpeziViews/Views/Layout/HorizontalGeometryReader.swift (in target 'SpeziViews' from project 'SpeziViews')
cd /Users/admin/builder/spi-builder-workspace/.swiftpm/xcode
builtin-SwiftPerFileCompile HorizontalGeometryReader.swift
SwiftCompile normal arm64_32 /Users/admin/builder/spi-builder-workspace/.dependencies/checkouts/SpeziViews/Sources/SpeziViews/Views/Layout/ResizeToFit.swift (in target 'SpeziViews' from project 'SpeziViews')
cd /Users/admin/builder/spi-builder-workspace/.swiftpm/xcode
builtin-SwiftPerFileCompile ResizeToFit.swift
SwiftCompile normal arm64_32 Compiling\ ShareableRepresentation.swift,\ Label.swift,\ LazyText.swift,\ MarkdownView+ImageProviders.swift,\ MarkdownView.swift /Users/admin/builder/spi-builder-workspace/.dependencies/checkouts/SpeziViews/Sources/SpeziViews/Views/Sharing/ShareableRepresentation.swift /Users/admin/builder/spi-builder-workspace/.dependencies/checkouts/SpeziViews/Sources/SpeziViews/Views/Text/Label.swift /Users/admin/builder/spi-builder-workspace/.dependencies/checkouts/SpeziViews/Sources/SpeziViews/Views/Text/LazyText.swift /Users/admin/builder/spi-builder-workspace/.dependencies/checkouts/SpeziViews/Sources/SpeziViews/Views/Text/MarkdownView+ImageProviders.swift /Users/admin/builder/spi-builder-workspace/.dependencies/checkouts/SpeziViews/Sources/SpeziViews/Views/Text/MarkdownView.swift (in target 'SpeziViews' from project 'SpeziViews')
SwiftCompile normal arm64_32 /Users/admin/builder/spi-builder-workspace/.dependencies/checkouts/SpeziViews/Sources/SpeziViews/Views/Sharing/ShareableRepresentation.swift (in target 'SpeziViews' from project 'SpeziViews')
cd /Users/admin/builder/spi-builder-workspace/.swiftpm/xcode
builtin-SwiftPerFileCompile ShareableRepresentation.swift
SwiftCompile normal arm64_32 /Users/admin/builder/spi-builder-workspace/.dependencies/checkouts/SpeziViews/Sources/SpeziViews/Views/Text/Label.swift (in target 'SpeziViews' from project 'SpeziViews')
cd /Users/admin/builder/spi-builder-workspace/.swiftpm/xcode
builtin-SwiftPerFileCompile Label.swift
SwiftCompile normal arm64_32 /Users/admin/builder/spi-builder-workspace/.dependencies/checkouts/SpeziViews/Sources/SpeziViews/Views/Text/LazyText.swift (in target 'SpeziViews' from project 'SpeziViews')
cd /Users/admin/builder/spi-builder-workspace/.swiftpm/xcode
builtin-SwiftPerFileCompile LazyText.swift
SwiftCompile normal arm64_32 /Users/admin/builder/spi-builder-workspace/.dependencies/checkouts/SpeziViews/Sources/SpeziViews/Views/Text/MarkdownView+ImageProviders.swift (in target 'SpeziViews' from project 'SpeziViews')
cd /Users/admin/builder/spi-builder-workspace/.swiftpm/xcode
builtin-SwiftPerFileCompile MarkdownView+ImageProviders.swift
SwiftCompile normal arm64_32 /Users/admin/builder/spi-builder-workspace/.dependencies/checkouts/SpeziViews/Sources/SpeziViews/Views/Text/MarkdownView.swift (in target 'SpeziViews' from project 'SpeziViews')
cd /Users/admin/builder/spi-builder-workspace/.swiftpm/xcode
builtin-SwiftPerFileCompile MarkdownView.swift
SwiftCompile normal arm64_32 Compiling\ resource_bundle_accessor.swift,\ DefaultErrorDescription.swift,\ ProcessingDebounceDuration.swift,\ Exports.swift,\ ImageReference.swift,\ OperationState.swift /Users/admin/builder/spi-builder-workspace/.derivedData/Build/Intermediates.noindex/SpeziViews.build/Debug-watchos/SpeziViews-t.build/DerivedSources/resource_bundle_accessor.swift /Users/admin/builder/spi-builder-workspace/.dependencies/checkouts/SpeziViews/Sources/SpeziViews/Environment/DefaultErrorDescription.swift /Users/admin/builder/spi-builder-workspace/.dependencies/checkouts/SpeziViews/Sources/SpeziViews/Environment/ProcessingDebounceDuration.swift /Users/admin/builder/spi-builder-workspace/.dependencies/checkouts/SpeziViews/Sources/SpeziViews/Exports.swift /Users/admin/builder/spi-builder-workspace/.dependencies/checkouts/SpeziViews/Sources/SpeziViews/Model/ImageReference.swift /Users/admin/builder/spi-builder-workspace/.dependencies/checkouts/SpeziViews/Sources/SpeziViews/Model/OperationState.swift (in target 'SpeziViews' from project 'SpeziViews')
SwiftCompile normal arm64_32 /Users/admin/builder/spi-builder-workspace/.derivedData/Build/Intermediates.noindex/SpeziViews.build/Debug-watchos/SpeziViews-t.build/DerivedSources/resource_bundle_accessor.swift (in target 'SpeziViews' from project 'SpeziViews')
cd /Users/admin/builder/spi-builder-workspace/.swiftpm/xcode
builtin-SwiftPerFileCompile resource_bundle_accessor.swift
SwiftCompile normal arm64_32 /Users/admin/builder/spi-builder-workspace/.dependencies/checkouts/SpeziViews/Sources/SpeziViews/Environment/DefaultErrorDescription.swift (in target 'SpeziViews' from project 'SpeziViews')
cd /Users/admin/builder/spi-builder-workspace/.swiftpm/xcode
builtin-SwiftPerFileCompile DefaultErrorDescription.swift
SwiftCompile normal arm64_32 /Users/admin/builder/spi-builder-workspace/.dependencies/checkouts/SpeziViews/Sources/SpeziViews/Environment/ProcessingDebounceDuration.swift (in target 'SpeziViews' from project 'SpeziViews')
cd /Users/admin/builder/spi-builder-workspace/.swiftpm/xcode
builtin-SwiftPerFileCompile ProcessingDebounceDuration.swift
SwiftCompile normal arm64_32 /Users/admin/builder/spi-builder-workspace/.dependencies/checkouts/SpeziViews/Sources/SpeziViews/Exports.swift (in target 'SpeziViews' from project 'SpeziViews')
cd /Users/admin/builder/spi-builder-workspace/.swiftpm/xcode
builtin-SwiftPerFileCompile Exports.swift
SwiftCompile normal arm64_32 /Users/admin/builder/spi-builder-workspace/.dependencies/checkouts/SpeziViews/Sources/SpeziViews/Model/ImageReference.swift (in target 'SpeziViews' from project 'SpeziViews')
cd /Users/admin/builder/spi-builder-workspace/.swiftpm/xcode
builtin-SwiftPerFileCompile ImageReference.swift
SwiftCompile normal arm64_32 /Users/admin/builder/spi-builder-workspace/.dependencies/checkouts/SpeziViews/Sources/SpeziViews/Model/OperationState.swift (in target 'SpeziViews' from project 'SpeziViews')
cd /Users/admin/builder/spi-builder-workspace/.swiftpm/xcode
builtin-SwiftPerFileCompile OperationState.swift
SwiftCompile normal arm64_32 Compiling\ AsyncButtonProcessingStyle.swift,\ DismissButton.swift,\ InfoButton.swift,\ CaseIterablePicker.swift,\ OptionSetPicker.swift,\ PickerValue.swift /Users/admin/builder/spi-builder-workspace/.dependencies/checkouts/SpeziViews/Sources/SpeziViews/Views/Button/AsyncButtonProcessingStyle.swift /Users/admin/builder/spi-builder-workspace/.dependencies/checkouts/SpeziViews/Sources/SpeziViews/Views/Button/DismissButton.swift /Users/admin/builder/spi-builder-workspace/.dependencies/checkouts/SpeziViews/Sources/SpeziViews/Views/Button/InfoButton.swift /Users/admin/builder/spi-builder-workspace/.dependencies/checkouts/SpeziViews/Sources/SpeziViews/Views/Controls/CaseIterablePicker.swift /Users/admin/builder/spi-builder-workspace/.dependencies/checkouts/SpeziViews/Sources/SpeziViews/Views/Controls/OptionSetPicker.swift /Users/admin/builder/spi-builder-workspace/.dependencies/checkouts/SpeziViews/Sources/SpeziViews/Views/Controls/PickerValue.swift (in target 'SpeziViews' from project 'SpeziViews')
SwiftCompile normal arm64_32 /Users/admin/builder/spi-builder-workspace/.dependencies/checkouts/SpeziViews/Sources/SpeziViews/Views/Button/AsyncButtonProcessingStyle.swift (in target 'SpeziViews' from project 'SpeziViews')
cd /Users/admin/builder/spi-builder-workspace/.swiftpm/xcode
builtin-SwiftPerFileCompile AsyncButtonProcessingStyle.swift
SwiftCompile normal arm64_32 /Users/admin/builder/spi-builder-workspace/.dependencies/checkouts/SpeziViews/Sources/SpeziViews/Views/Button/DismissButton.swift (in target 'SpeziViews' from project 'SpeziViews')
cd /Users/admin/builder/spi-builder-workspace/.swiftpm/xcode
builtin-SwiftPerFileCompile DismissButton.swift
SwiftCompile normal arm64_32 /Users/admin/builder/spi-builder-workspace/.dependencies/checkouts/SpeziViews/Sources/SpeziViews/Views/Button/InfoButton.swift (in target 'SpeziViews' from project 'SpeziViews')
cd /Users/admin/builder/spi-builder-workspace/.swiftpm/xcode
builtin-SwiftPerFileCompile InfoButton.swift
SwiftCompile normal arm64_32 /Users/admin/builder/spi-builder-workspace/.dependencies/checkouts/SpeziViews/Sources/SpeziViews/Views/Controls/CaseIterablePicker.swift (in target 'SpeziViews' from project 'SpeziViews')
cd /Users/admin/builder/spi-builder-workspace/.swiftpm/xcode
builtin-SwiftPerFileCompile CaseIterablePicker.swift
SwiftCompile normal arm64_32 /Users/admin/builder/spi-builder-workspace/.dependencies/checkouts/SpeziViews/Sources/SpeziViews/Views/Controls/OptionSetPicker.swift (in target 'SpeziViews' from project 'SpeziViews')
cd /Users/admin/builder/spi-builder-workspace/.swiftpm/xcode
builtin-SwiftPerFileCompile OptionSetPicker.swift
SwiftCompile normal arm64_32 /Users/admin/builder/spi-builder-workspace/.dependencies/checkouts/SpeziViews/Sources/SpeziViews/Views/Controls/PickerValue.swift (in target 'SpeziViews' from project 'SpeziViews')
cd /Users/admin/builder/spi-builder-workspace/.swiftpm/xcode
builtin-SwiftPerFileCompile PickerValue.swift
SwiftCompile normal arm64_32 Compiling\ ViewState.swift,\ ConfigureTipKit.swift,\ ManagedViewUpdate.swift,\ LiquidGlass.swift,\ ReverseLabelStyle.swift,\ AnyLocalizedError.swift /Users/admin/builder/spi-builder-workspace/.dependencies/checkouts/SpeziViews/Sources/SpeziViews/Model/ViewState.swift /Users/admin/builder/spi-builder-workspace/.dependencies/checkouts/SpeziViews/Sources/SpeziViews/Modules/ConfigureTipKit.swift /Users/admin/builder/spi-builder-workspace/.dependencies/checkouts/SpeziViews/Sources/SpeziViews/Properties/ManagedViewUpdate.swift /Users/admin/builder/spi-builder-workspace/.dependencies/checkouts/SpeziViews/Sources/SpeziViews/Styles/LiquidGlass.swift /Users/admin/builder/spi-builder-workspace/.dependencies/checkouts/SpeziViews/Sources/SpeziViews/Styles/ReverseLabelStyle.swift /Users/admin/builder/spi-builder-workspace/.dependencies/checkouts/SpeziViews/Sources/SpeziViews/Utilities/AnyLocalizedError.swift (in target 'SpeziViews' from project 'SpeziViews')
SwiftCompile normal arm64_32 /Users/admin/builder/spi-builder-workspace/.dependencies/checkouts/SpeziViews/Sources/SpeziViews/Model/ViewState.swift (in target 'SpeziViews' from project 'SpeziViews')
cd /Users/admin/builder/spi-builder-workspace/.swiftpm/xcode
builtin-SwiftPerFileCompile ViewState.swift
SwiftCompile normal arm64_32 /Users/admin/builder/spi-builder-workspace/.dependencies/checkouts/SpeziViews/Sources/SpeziViews/Modules/ConfigureTipKit.swift (in target 'SpeziViews' from project 'SpeziViews')
cd /Users/admin/builder/spi-builder-workspace/.swiftpm/xcode
builtin-SwiftPerFileCompile ConfigureTipKit.swift
SwiftCompile normal arm64_32 /Users/admin/builder/spi-builder-workspace/.dependencies/checkouts/SpeziViews/Sources/SpeziViews/Properties/ManagedViewUpdate.swift (in target 'SpeziViews' from project 'SpeziViews')
cd /Users/admin/builder/spi-builder-workspace/.swiftpm/xcode
builtin-SwiftPerFileCompile ManagedViewUpdate.swift
SwiftCompile normal arm64_32 /Users/admin/builder/spi-builder-workspace/.dependencies/checkouts/SpeziViews/Sources/SpeziViews/Styles/LiquidGlass.swift (in target 'SpeziViews' from project 'SpeziViews')
cd /Users/admin/builder/spi-builder-workspace/.swiftpm/xcode
builtin-SwiftPerFileCompile LiquidGlass.swift
SwiftCompile normal arm64_32 /Users/admin/builder/spi-builder-workspace/.dependencies/checkouts/SpeziViews/Sources/SpeziViews/Styles/ReverseLabelStyle.swift (in target 'SpeziViews' from project 'SpeziViews')
cd /Users/admin/builder/spi-builder-workspace/.swiftpm/xcode
builtin-SwiftPerFileCompile ReverseLabelStyle.swift
SwiftCompile normal arm64_32 /Users/admin/builder/spi-builder-workspace/.dependencies/checkouts/SpeziViews/Sources/SpeziViews/Utilities/AnyLocalizedError.swift (in target 'SpeziViews' from project 'SpeziViews')
cd /Users/admin/builder/spi-builder-workspace/.swiftpm/xcode
builtin-SwiftPerFileCompile AnyLocalizedError.swift
SwiftCompile normal arm64_32 Compiling\ TextContent.swift,\ CompletedTileHeader.swift,\ SimpleTile.swift,\ TileHeader.swift,\ GeneratedStringSymbols_Localizable.swift /Users/admin/builder/spi-builder-workspace/.dependencies/checkouts/SpeziViews/Sources/SpeziViews/Views/Text/TextContent.swift /Users/admin/builder/spi-builder-workspace/.dependencies/checkouts/SpeziViews/Sources/SpeziViews/Views/Tiles/CompletedTileHeader.swift /Users/admin/builder/spi-builder-workspace/.dependencies/checkouts/SpeziViews/Sources/SpeziViews/Views/Tiles/SimpleTile.swift /Users/admin/builder/spi-builder-workspace/.dependencies/checkouts/SpeziViews/Sources/SpeziViews/Views/Tiles/TileHeader.swift /Users/admin/builder/spi-builder-workspace/.derivedData/Build/Intermediates.noindex/SpeziViews.build/Debug-watchos/SpeziViews-t.build/DerivedSources/GeneratedStringSymbols_Localizable.swift (in target 'SpeziViews' from project 'SpeziViews')
SwiftCompile normal arm64_32 /Users/admin/builder/spi-builder-workspace/.dependencies/checkouts/SpeziViews/Sources/SpeziViews/Views/Text/TextContent.swift (in target 'SpeziViews' from project 'SpeziViews')
cd /Users/admin/builder/spi-builder-workspace/.swiftpm/xcode
builtin-SwiftPerFileCompile TextContent.swift
SwiftCompile normal arm64_32 /Users/admin/builder/spi-builder-workspace/.dependencies/checkouts/SpeziViews/Sources/SpeziViews/Views/Tiles/CompletedTileHeader.swift (in target 'SpeziViews' from project 'SpeziViews')
cd /Users/admin/builder/spi-builder-workspace/.swiftpm/xcode
builtin-SwiftPerFileCompile CompletedTileHeader.swift
SwiftCompile normal arm64_32 /Users/admin/builder/spi-builder-workspace/.dependencies/checkouts/SpeziViews/Sources/SpeziViews/Views/Tiles/SimpleTile.swift (in target 'SpeziViews' from project 'SpeziViews')
cd /Users/admin/builder/spi-builder-workspace/.swiftpm/xcode
builtin-SwiftPerFileCompile SimpleTile.swift
SwiftCompile normal arm64_32 /Users/admin/builder/spi-builder-workspace/.dependencies/checkouts/SpeziViews/Sources/SpeziViews/Views/Tiles/TileHeader.swift (in target 'SpeziViews' from project 'SpeziViews')
cd /Users/admin/builder/spi-builder-workspace/.swiftpm/xcode
builtin-SwiftPerFileCompile TileHeader.swift
SwiftCompile normal arm64_32 /Users/admin/builder/spi-builder-workspace/.derivedData/Build/Intermediates.noindex/SpeziViews.build/Debug-watchos/SpeziViews-t.build/DerivedSources/GeneratedStringSymbols_Localizable.swift (in target 'SpeziViews' from project 'SpeziViews')
cd /Users/admin/builder/spi-builder-workspace/.swiftpm/xcode
builtin-SwiftPerFileCompile GeneratedStringSymbols_Localizable.swift
SwiftEmitModule normal arm64 Emitting\ module\ for\ SpeziViews (in target 'SpeziViews' from project 'SpeziViews')
SwiftCompile normal arm64 (in target 'SpeziViews' from project 'SpeziViews')
cd /Users/admin/builder/spi-builder-workspace/.swiftpm/xcode
SwiftDriverJobDiscovery normal arm64_32 Compiling Binding+Negate.swift, TextContentType.swift, ConditionalModifier.swift, DeviceOrientationModifier.swift, FocusOnTapModifier.swift, ProcessingOverlay.swift (in target 'SpeziViews' from project 'SpeziViews')
SwiftCompile normal arm64 Compiling\ LabeledContent+Init.swift,\ ListHeader.swift,\ ListRow.swift,\ IllegalNavigationStepView.swift,\ ManagedNavigationStack+Path.swift,\ ManagedNavigationStack.swift /Users/admin/builder/spi-builder-workspace/.dependencies/checkouts/SpeziViews/Sources/SpeziViews/Views/List/LabeledContent+Init.swift /Users/admin/builder/spi-builder-workspace/.dependencies/checkouts/SpeziViews/Sources/SpeziViews/Views/List/ListHeader.swift /Users/admin/builder/spi-builder-workspace/.dependencies/checkouts/SpeziViews/Sources/SpeziViews/Views/List/ListRow.swift /Users/admin/builder/spi-builder-workspace/.dependencies/checkouts/SpeziViews/Sources/SpeziViews/Views/ManagedNavigationStack/IllegalNavigationStepView.swift /Users/admin/builder/spi-builder-workspace/.dependencies/checkouts/SpeziViews/Sources/SpeziViews/Views/ManagedNavigationStack/ManagedNavigationStack+Path.swift /Users/admin/builder/spi-builder-workspace/.dependencies/checkouts/SpeziViews/Sources/SpeziViews/Views/ManagedNavigationStack/ManagedNavigationStack.swift (in target 'SpeziViews' from project 'SpeziViews')
SwiftCompile normal arm64 /Users/admin/builder/spi-builder-workspace/.dependencies/checkouts/SpeziViews/Sources/SpeziViews/Views/List/LabeledContent+Init.swift (in target 'SpeziViews' from project 'SpeziViews')
cd /Users/admin/builder/spi-builder-workspace/.swiftpm/xcode
builtin-SwiftPerFileCompile LabeledContent+Init.swift
SwiftCompile normal arm64 /Users/admin/builder/spi-builder-workspace/.dependencies/checkouts/SpeziViews/Sources/SpeziViews/Views/List/ListHeader.swift (in target 'SpeziViews' from project 'SpeziViews')
cd /Users/admin/builder/spi-builder-workspace/.swiftpm/xcode
builtin-SwiftPerFileCompile ListHeader.swift
SwiftCompile normal arm64 /Users/admin/builder/spi-builder-workspace/.dependencies/checkouts/SpeziViews/Sources/SpeziViews/Views/List/ListRow.swift (in target 'SpeziViews' from project 'SpeziViews')
cd /Users/admin/builder/spi-builder-workspace/.swiftpm/xcode
builtin-SwiftPerFileCompile ListRow.swift
SwiftCompile normal arm64 /Users/admin/builder/spi-builder-workspace/.dependencies/checkouts/SpeziViews/Sources/SpeziViews/Views/ManagedNavigationStack/IllegalNavigationStepView.swift (in target 'SpeziViews' from project 'SpeziViews')
cd /Users/admin/builder/spi-builder-workspace/.swiftpm/xcode
builtin-SwiftPerFileCompile IllegalNavigationStepView.swift
SwiftCompile normal arm64 /Users/admin/builder/spi-builder-workspace/.dependencies/checkouts/SpeziViews/Sources/SpeziViews/Views/ManagedNavigationStack/ManagedNavigationStack+Path.swift (in target 'SpeziViews' from project 'SpeziViews')
cd /Users/admin/builder/spi-builder-workspace/.swiftpm/xcode
builtin-SwiftPerFileCompile ManagedNavigationStack+Path.swift
SwiftCompile normal arm64 /Users/admin/builder/spi-builder-workspace/.dependencies/checkouts/SpeziViews/Sources/SpeziViews/Views/ManagedNavigationStack/ManagedNavigationStack.swift (in target 'SpeziViews' from project 'SpeziViews')
cd /Users/admin/builder/spi-builder-workspace/.swiftpm/xcode
builtin-SwiftPerFileCompile ManagedNavigationStack.swift
SwiftDriverJobDiscovery normal arm64_32 Compiling resource_bundle_accessor.swift, DefaultErrorDescription.swift, ProcessingDebounceDuration.swift, Exports.swift, ImageReference.swift, OperationState.swift (in target 'SpeziViews' from project 'SpeziViews')
SwiftCompile normal arm64 Compiling\ resource_bundle_accessor.swift,\ DefaultErrorDescription.swift,\ ProcessingDebounceDuration.swift,\ Exports.swift,\ ImageReference.swift,\ OperationState.swift /Users/admin/builder/spi-builder-workspace/.derivedData/Build/Intermediates.noindex/SpeziViews.build/Debug-watchos/SpeziViews-t.build/DerivedSources/resource_bundle_accessor.swift /Users/admin/builder/spi-builder-workspace/.dependencies/checkouts/SpeziViews/Sources/SpeziViews/Environment/DefaultErrorDescription.swift /Users/admin/builder/spi-builder-workspace/.dependencies/checkouts/SpeziViews/Sources/SpeziViews/Environment/ProcessingDebounceDuration.swift /Users/admin/builder/spi-builder-workspace/.dependencies/checkouts/SpeziViews/Sources/SpeziViews/Exports.swift /Users/admin/builder/spi-builder-workspace/.dependencies/checkouts/SpeziViews/Sources/SpeziViews/Model/ImageReference.swift /Users/admin/builder/spi-builder-workspace/.dependencies/checkouts/SpeziViews/Sources/SpeziViews/Model/OperationState.swift (in target 'SpeziViews' from project 'SpeziViews')
SwiftCompile normal arm64 /Users/admin/builder/spi-builder-workspace/.derivedData/Build/Intermediates.noindex/SpeziViews.build/Debug-watchos/SpeziViews-t.build/DerivedSources/resource_bundle_accessor.swift (in target 'SpeziViews' from project 'SpeziViews')
cd /Users/admin/builder/spi-builder-workspace/.swiftpm/xcode
builtin-SwiftPerFileCompile resource_bundle_accessor.swift
SwiftCompile normal arm64 /Users/admin/builder/spi-builder-workspace/.dependencies/checkouts/SpeziViews/Sources/SpeziViews/Environment/DefaultErrorDescription.swift (in target 'SpeziViews' from project 'SpeziViews')
cd /Users/admin/builder/spi-builder-workspace/.swiftpm/xcode
builtin-SwiftPerFileCompile DefaultErrorDescription.swift
SwiftCompile normal arm64 /Users/admin/builder/spi-builder-workspace/.dependencies/checkouts/SpeziViews/Sources/SpeziViews/Environment/ProcessingDebounceDuration.swift (in target 'SpeziViews' from project 'SpeziViews')
cd /Users/admin/builder/spi-builder-workspace/.swiftpm/xcode
builtin-SwiftPerFileCompile ProcessingDebounceDuration.swift
SwiftCompile normal arm64 /Users/admin/builder/spi-builder-workspace/.dependencies/checkouts/SpeziViews/Sources/SpeziViews/Exports.swift (in target 'SpeziViews' from project 'SpeziViews')
cd /Users/admin/builder/spi-builder-workspace/.swiftpm/xcode
builtin-SwiftPerFileCompile Exports.swift
SwiftCompile normal arm64 /Users/admin/builder/spi-builder-workspace/.dependencies/checkouts/SpeziViews/Sources/SpeziViews/Model/ImageReference.swift (in target 'SpeziViews' from project 'SpeziViews')
cd /Users/admin/builder/spi-builder-workspace/.swiftpm/xcode
builtin-SwiftPerFileCompile ImageReference.swift
SwiftCompile normal arm64 /Users/admin/builder/spi-builder-workspace/.dependencies/checkouts/SpeziViews/Sources/SpeziViews/Model/OperationState.swift (in target 'SpeziViews' from project 'SpeziViews')
cd /Users/admin/builder/spi-builder-workspace/.swiftpm/xcode
builtin-SwiftPerFileCompile OperationState.swift
SwiftDriverJobDiscovery normal arm64_32 Compiling NavigationStepIdentifier.swift, NavigationStepIdentifying.swift, NavigationStepsBuilder.swift, NavigationStepsCollection.swift, ShareSheet.swift, ShareSheetInput.swift (in target 'SpeziViews' from project 'SpeziViews')
SwiftCompile normal arm64 Compiling\ ViewState.swift,\ ConfigureTipKit.swift,\ ManagedViewUpdate.swift,\ LiquidGlass.swift,\ ReverseLabelStyle.swift,\ AnyLocalizedError.swift /Users/admin/builder/spi-builder-workspace/.dependencies/checkouts/SpeziViews/Sources/SpeziViews/Model/ViewState.swift /Users/admin/builder/spi-builder-workspace/.dependencies/checkouts/SpeziViews/Sources/SpeziViews/Modules/ConfigureTipKit.swift /Users/admin/builder/spi-builder-workspace/.dependencies/checkouts/SpeziViews/Sources/SpeziViews/Properties/ManagedViewUpdate.swift /Users/admin/builder/spi-builder-workspace/.dependencies/checkouts/SpeziViews/Sources/SpeziViews/Styles/LiquidGlass.swift /Users/admin/builder/spi-builder-workspace/.dependencies/checkouts/SpeziViews/Sources/SpeziViews/Styles/ReverseLabelStyle.swift /Users/admin/builder/spi-builder-workspace/.dependencies/checkouts/SpeziViews/Sources/SpeziViews/Utilities/AnyLocalizedError.swift (in target 'SpeziViews' from project 'SpeziViews')
SwiftCompile normal arm64 /Users/admin/builder/spi-builder-workspace/.dependencies/checkouts/SpeziViews/Sources/SpeziViews/Model/ViewState.swift (in target 'SpeziViews' from project 'SpeziViews')
cd /Users/admin/builder/spi-builder-workspace/.swiftpm/xcode
builtin-SwiftPerFileCompile ViewState.swift
SwiftCompile normal arm64 /Users/admin/builder/spi-builder-workspace/.dependencies/checkouts/SpeziViews/Sources/SpeziViews/Modules/ConfigureTipKit.swift (in target 'SpeziViews' from project 'SpeziViews')
cd /Users/admin/builder/spi-builder-workspace/.swiftpm/xcode
builtin-SwiftPerFileCompile ConfigureTipKit.swift
SwiftCompile normal arm64 /Users/admin/builder/spi-builder-workspace/.dependencies/checkouts/SpeziViews/Sources/SpeziViews/Properties/ManagedViewUpdate.swift (in target 'SpeziViews' from project 'SpeziViews')
cd /Users/admin/builder/spi-builder-workspace/.swiftpm/xcode
builtin-SwiftPerFileCompile ManagedViewUpdate.swift
SwiftCompile normal arm64 /Users/admin/builder/spi-builder-workspace/.dependencies/checkouts/SpeziViews/Sources/SpeziViews/Styles/LiquidGlass.swift (in target 'SpeziViews' from project 'SpeziViews')
cd /Users/admin/builder/spi-builder-workspace/.swiftpm/xcode
builtin-SwiftPerFileCompile LiquidGlass.swift
SwiftCompile normal arm64 /Users/admin/builder/spi-builder-workspace/.dependencies/checkouts/SpeziViews/Sources/SpeziViews/Styles/ReverseLabelStyle.swift (in target 'SpeziViews' from project 'SpeziViews')
cd /Users/admin/builder/spi-builder-workspace/.swiftpm/xcode
builtin-SwiftPerFileCompile ReverseLabelStyle.swift
SwiftCompile normal arm64 /Users/admin/builder/spi-builder-workspace/.dependencies/checkouts/SpeziViews/Sources/SpeziViews/Utilities/AnyLocalizedError.swift (in target 'SpeziViews' from project 'SpeziViews')
cd /Users/admin/builder/spi-builder-workspace/.swiftpm/xcode
builtin-SwiftPerFileCompile AnyLocalizedError.swift
SwiftDriverJobDiscovery normal arm64 Compiling resource_bundle_accessor.swift, DefaultErrorDescription.swift, ProcessingDebounceDuration.swift, Exports.swift, ImageReference.swift, OperationState.swift (in target 'SpeziViews' from project 'SpeziViews')
SwiftCompile normal arm64 Compiling\ ShimmerModifier.swift,\ SkeletonLoadingModifier.swift,\ OperationStateAlert.swift,\ ViewStateAlert.swift,\ ViewStateMapper.swift,\ AsyncButton.swift /Users/admin/builder/spi-builder-workspace/.dependencies/checkouts/SpeziViews/Sources/SpeziViews/ViewModifier/ShimmerModifier.swift /Users/admin/builder/spi-builder-workspace/.dependencies/checkouts/SpeziViews/Sources/SpeziViews/ViewModifier/SkeletonLoadingModifier.swift /Users/admin/builder/spi-builder-workspace/.dependencies/checkouts/SpeziViews/Sources/SpeziViews/ViewModifier/ViewState/OperationStateAlert.swift /Users/admin/builder/spi-builder-workspace/.dependencies/checkouts/SpeziViews/Sources/SpeziViews/ViewModifier/ViewState/ViewStateAlert.swift /Users/admin/builder/spi-builder-workspace/.dependencies/checkouts/SpeziViews/Sources/SpeziViews/ViewModifier/ViewState/ViewStateMapper.swift /Users/admin/builder/spi-builder-workspace/.dependencies/checkouts/SpeziViews/Sources/SpeziViews/Views/Button/AsyncButton.swift (in target 'SpeziViews' from project 'SpeziViews')
SwiftCompile normal arm64 /Users/admin/builder/spi-builder-workspace/.dependencies/checkouts/SpeziViews/Sources/SpeziViews/ViewModifier/ShimmerModifier.swift (in target 'SpeziViews' from project 'SpeziViews')
cd /Users/admin/builder/spi-builder-workspace/.swiftpm/xcode
builtin-SwiftPerFileCompile ShimmerModifier.swift
SwiftCompile normal arm64 /Users/admin/builder/spi-builder-workspace/.dependencies/checkouts/SpeziViews/Sources/SpeziViews/ViewModifier/SkeletonLoadingModifier.swift (in target 'SpeziViews' from project 'SpeziViews')
cd /Users/admin/builder/spi-builder-workspace/.swiftpm/xcode
builtin-SwiftPerFileCompile SkeletonLoadingModifier.swift
SwiftCompile normal arm64 /Users/admin/builder/spi-builder-workspace/.dependencies/checkouts/SpeziViews/Sources/SpeziViews/ViewModifier/ViewState/OperationStateAlert.swift (in target 'SpeziViews' from project 'SpeziViews')
cd /Users/admin/builder/spi-builder-workspace/.swiftpm/xcode
builtin-SwiftPerFileCompile OperationStateAlert.swift
SwiftCompile normal arm64 /Users/admin/builder/spi-builder-workspace/.dependencies/checkouts/SpeziViews/Sources/SpeziViews/ViewModifier/ViewState/ViewStateAlert.swift (in target 'SpeziViews' from project 'SpeziViews')
cd /Users/admin/builder/spi-builder-workspace/.swiftpm/xcode
builtin-SwiftPerFileCompile ViewStateAlert.swift
SwiftCompile normal arm64 /Users/admin/builder/spi-builder-workspace/.dependencies/checkouts/SpeziViews/Sources/SpeziViews/ViewModifier/ViewState/ViewStateMapper.swift (in target 'SpeziViews' from project 'SpeziViews')
cd /Users/admin/builder/spi-builder-workspace/.swiftpm/xcode
builtin-SwiftPerFileCompile ViewStateMapper.swift
SwiftCompile normal arm64 /Users/admin/builder/spi-builder-workspace/.dependencies/checkouts/SpeziViews/Sources/SpeziViews/Views/Button/AsyncButton.swift (in target 'SpeziViews' from project 'SpeziViews')
cd /Users/admin/builder/spi-builder-workspace/.swiftpm/xcode
builtin-SwiftPerFileCompile AsyncButton.swift
SwiftDriverJobDiscovery normal arm64_32 Compiling ViewState.swift, ConfigureTipKit.swift, ManagedViewUpdate.swift, LiquidGlass.swift, ReverseLabelStyle.swift, AnyLocalizedError.swift (in target 'SpeziViews' from project 'SpeziViews')
SwiftCompile normal arm64 Compiling\ AsyncButtonProcessingStyle.swift,\ DismissButton.swift,\ InfoButton.swift,\ CaseIterablePicker.swift,\ OptionSetPicker.swift,\ PickerValue.swift /Users/admin/builder/spi-builder-workspace/.dependencies/checkouts/SpeziViews/Sources/SpeziViews/Views/Button/AsyncButtonProcessingStyle.swift /Users/admin/builder/spi-builder-workspace/.dependencies/checkouts/SpeziViews/Sources/SpeziViews/Views/Button/DismissButton.swift /Users/admin/builder/spi-builder-workspace/.dependencies/checkouts/SpeziViews/Sources/SpeziViews/Views/Button/InfoButton.swift /Users/admin/builder/spi-builder-workspace/.dependencies/checkouts/SpeziViews/Sources/SpeziViews/Views/Controls/CaseIterablePicker.swift /Users/admin/builder/spi-builder-workspace/.dependencies/checkouts/SpeziViews/Sources/SpeziViews/Views/Controls/OptionSetPicker.swift /Users/admin/builder/spi-builder-workspace/.dependencies/checkouts/SpeziViews/Sources/SpeziViews/Views/Controls/PickerValue.swift (in target 'SpeziViews' from project 'SpeziViews')
SwiftCompile normal arm64 /Users/admin/builder/spi-builder-workspace/.dependencies/checkouts/SpeziViews/Sources/SpeziViews/Views/Button/AsyncButtonProcessingStyle.swift (in target 'SpeziViews' from project 'SpeziViews')
cd /Users/admin/builder/spi-builder-workspace/.swiftpm/xcode
builtin-SwiftPerFileCompile AsyncButtonProcessingStyle.swift
SwiftCompile normal arm64 /Users/admin/builder/spi-builder-workspace/.dependencies/checkouts/SpeziViews/Sources/SpeziViews/Views/Button/DismissButton.swift (in target 'SpeziViews' from project 'SpeziViews')
cd /Users/admin/builder/spi-builder-workspace/.swiftpm/xcode
builtin-SwiftPerFileCompile DismissButton.swift
SwiftCompile normal arm64 /Users/admin/builder/spi-builder-workspace/.dependencies/checkouts/SpeziViews/Sources/SpeziViews/Views/Button/InfoButton.swift (in target 'SpeziViews' from project 'SpeziViews')
cd /Users/admin/builder/spi-builder-workspace/.swiftpm/xcode
builtin-SwiftPerFileCompile InfoButton.swift
SwiftCompile normal arm64 /Users/admin/builder/spi-builder-workspace/.dependencies/checkouts/SpeziViews/Sources/SpeziViews/Views/Controls/CaseIterablePicker.swift (in target 'SpeziViews' from project 'SpeziViews')
cd /Users/admin/builder/spi-builder-workspace/.swiftpm/xcode
builtin-SwiftPerFileCompile CaseIterablePicker.swift
SwiftCompile normal arm64 /Users/admin/builder/spi-builder-workspace/.dependencies/checkouts/SpeziViews/Sources/SpeziViews/Views/Controls/OptionSetPicker.swift (in target 'SpeziViews' from project 'SpeziViews')
cd /Users/admin/builder/spi-builder-workspace/.swiftpm/xcode
builtin-SwiftPerFileCompile OptionSetPicker.swift
SwiftCompile normal arm64 /Users/admin/builder/spi-builder-workspace/.dependencies/checkouts/SpeziViews/Sources/SpeziViews/Views/Controls/PickerValue.swift (in target 'SpeziViews' from project 'SpeziViews')
cd /Users/admin/builder/spi-builder-workspace/.swiftpm/xcode
builtin-SwiftPerFileCompile PickerValue.swift
SwiftDriverJobDiscovery normal arm64_32 Compiling CanvasView.swift, PencilKit+Utils.swift, DescriptionGridRow.swift, DynamicHStack.swift, HorizontalGeometryReader.swift, ResizeToFit.swift (in target 'SpeziViews' from project 'SpeziViews')
SwiftCompile normal arm64 Compiling\ CanvasView.swift,\ PencilKit+Utils.swift,\ DescriptionGridRow.swift,\ DynamicHStack.swift,\ HorizontalGeometryReader.swift,\ ResizeToFit.swift /Users/admin/builder/spi-builder-workspace/.dependencies/checkouts/SpeziViews/Sources/SpeziViews/Views/Drawing/CanvasView.swift /Users/admin/builder/spi-builder-workspace/.dependencies/checkouts/SpeziViews/Sources/SpeziViews/Views/Drawing/PencilKit+Utils.swift /Users/admin/builder/spi-builder-workspace/.dependencies/checkouts/SpeziViews/Sources/SpeziViews/Views/Layout/DescriptionGridRow.swift /Users/admin/builder/spi-builder-workspace/.dependencies/checkouts/SpeziViews/Sources/SpeziViews/Views/Layout/DynamicHStack.swift /Users/admin/builder/spi-builder-workspace/.dependencies/checkouts/SpeziViews/Sources/SpeziViews/Views/Layout/HorizontalGeometryReader.swift /Users/admin/builder/spi-builder-workspace/.dependencies/checkouts/SpeziViews/Sources/SpeziViews/Views/Layout/ResizeToFit.swift (in target 'SpeziViews' from project 'SpeziViews')
SwiftCompile normal arm64 /Users/admin/builder/spi-builder-workspace/.dependencies/checkouts/SpeziViews/Sources/SpeziViews/Views/Drawing/CanvasView.swift (in target 'SpeziViews' from project 'SpeziViews')
cd /Users/admin/builder/spi-builder-workspace/.swiftpm/xcode
builtin-SwiftPerFileCompile CanvasView.swift
SwiftCompile normal arm64 /Users/admin/builder/spi-builder-workspace/.dependencies/checkouts/SpeziViews/Sources/SpeziViews/Views/Drawing/PencilKit+Utils.swift (in target 'SpeziViews' from project 'SpeziViews')
cd /Users/admin/builder/spi-builder-workspace/.swiftpm/xcode
builtin-SwiftPerFileCompile PencilKit+Utils.swift
SwiftCompile normal arm64 /Users/admin/builder/spi-builder-workspace/.dependencies/checkouts/SpeziViews/Sources/SpeziViews/Views/Layout/DescriptionGridRow.swift (in target 'SpeziViews' from project 'SpeziViews')
cd /Users/admin/builder/spi-builder-workspace/.swiftpm/xcode
builtin-SwiftPerFileCompile DescriptionGridRow.swift
SwiftCompile normal arm64 /Users/admin/builder/spi-builder-workspace/.dependencies/checkouts/SpeziViews/Sources/SpeziViews/Views/Layout/DynamicHStack.swift (in target 'SpeziViews' from project 'SpeziViews')
cd /Users/admin/builder/spi-builder-workspace/.swiftpm/xcode
builtin-SwiftPerFileCompile DynamicHStack.swift
SwiftCompile normal arm64 /Users/admin/builder/spi-builder-workspace/.dependencies/checkouts/SpeziViews/Sources/SpeziViews/Views/Layout/HorizontalGeometryReader.swift (in target 'SpeziViews' from project 'SpeziViews')
cd /Users/admin/builder/spi-builder-workspace/.swiftpm/xcode
builtin-SwiftPerFileCompile HorizontalGeometryReader.swift
SwiftCompile normal arm64 /Users/admin/builder/spi-builder-workspace/.dependencies/checkouts/SpeziViews/Sources/SpeziViews/Views/Layout/ResizeToFit.swift (in target 'SpeziViews' from project 'SpeziViews')
cd /Users/admin/builder/spi-builder-workspace/.swiftpm/xcode
builtin-SwiftPerFileCompile ResizeToFit.swift
SwiftDriverJobDiscovery normal arm64_32 Compiling TextContent.swift, CompletedTileHeader.swift, SimpleTile.swift, TileHeader.swift, GeneratedStringSymbols_Localizable.swift (in target 'SpeziViews' from project 'SpeziViews')
SwiftCompile normal arm64 Compiling\ TextContent.swift,\ CompletedTileHeader.swift,\ SimpleTile.swift,\ TileHeader.swift,\ GeneratedStringSymbols_Localizable.swift /Users/admin/builder/spi-builder-workspace/.dependencies/checkouts/SpeziViews/Sources/SpeziViews/Views/Text/TextContent.swift /Users/admin/builder/spi-builder-workspace/.dependencies/checkouts/SpeziViews/Sources/SpeziViews/Views/Tiles/CompletedTileHeader.swift /Users/admin/builder/spi-builder-workspace/.dependencies/checkouts/SpeziViews/Sources/SpeziViews/Views/Tiles/SimpleTile.swift /Users/admin/builder/spi-builder-workspace/.dependencies/checkouts/SpeziViews/Sources/SpeziViews/Views/Tiles/TileHeader.swift /Users/admin/builder/spi-builder-workspace/.derivedData/Build/Intermediates.noindex/SpeziViews.build/Debug-watchos/SpeziViews-t.build/DerivedSources/GeneratedStringSymbols_Localizable.swift (in target 'SpeziViews' from project 'SpeziViews')
SwiftCompile normal arm64 /Users/admin/builder/spi-builder-workspace/.dependencies/checkouts/SpeziViews/Sources/SpeziViews/Views/Text/TextContent.swift (in target 'SpeziViews' from project 'SpeziViews')
cd /Users/admin/builder/spi-builder-workspace/.swiftpm/xcode
builtin-SwiftPerFileCompile TextContent.swift
SwiftCompile normal arm64 /Users/admin/builder/spi-builder-workspace/.dependencies/checkouts/SpeziViews/Sources/SpeziViews/Views/Tiles/CompletedTileHeader.swift (in target 'SpeziViews' from project 'SpeziViews')
cd /Users/admin/builder/spi-builder-workspace/.swiftpm/xcode
builtin-SwiftPerFileCompile CompletedTileHeader.swift
SwiftCompile normal arm64 /Users/admin/builder/spi-builder-workspace/.dependencies/checkouts/SpeziViews/Sources/SpeziViews/Views/Tiles/SimpleTile.swift (in target 'SpeziViews' from project 'SpeziViews')
cd /Users/admin/builder/spi-builder-workspace/.swiftpm/xcode
builtin-SwiftPerFileCompile SimpleTile.swift
SwiftCompile normal arm64 /Users/admin/builder/spi-builder-workspace/.dependencies/checkouts/SpeziViews/Sources/SpeziViews/Views/Tiles/TileHeader.swift (in target 'SpeziViews' from project 'SpeziViews')
cd /Users/admin/builder/spi-builder-workspace/.swiftpm/xcode
builtin-SwiftPerFileCompile TileHeader.swift
SwiftCompile normal arm64 /Users/admin/builder/spi-builder-workspace/.derivedData/Build/Intermediates.noindex/SpeziViews.build/Debug-watchos/SpeziViews-t.build/DerivedSources/GeneratedStringSymbols_Localizable.swift (in target 'SpeziViews' from project 'SpeziViews')
cd /Users/admin/builder/spi-builder-workspace/.swiftpm/xcode
builtin-SwiftPerFileCompile GeneratedStringSymbols_Localizable.swift
SwiftDriverJobDiscovery normal arm64_32 Compiling ShareableRepresentation.swift, Label.swift, LazyText.swift, MarkdownView+ImageProviders.swift, MarkdownView.swift (in target 'SpeziViews' from project 'SpeziViews')
SwiftCompile normal arm64 Compiling\ Binding+Negate.swift,\ TextContentType.swift,\ ConditionalModifier.swift,\ DeviceOrientationModifier.swift,\ FocusOnTapModifier.swift,\ ProcessingOverlay.swift /Users/admin/builder/spi-builder-workspace/.dependencies/checkouts/SpeziViews/Sources/SpeziViews/Utilities/Binding+Negate.swift /Users/admin/builder/spi-builder-workspace/.dependencies/checkouts/SpeziViews/Sources/SpeziViews/Utilities/TextContentType.swift /Users/admin/builder/spi-builder-workspace/.dependencies/checkouts/SpeziViews/Sources/SpeziViews/ViewModifier/ConditionalModifier.swift /Users/admin/builder/spi-builder-workspace/.dependencies/checkouts/SpeziViews/Sources/SpeziViews/ViewModifier/DeviceOrientationModifier.swift /Users/admin/builder/spi-builder-workspace/.dependencies/checkouts/SpeziViews/Sources/SpeziViews/ViewModifier/FocusOnTapModifier.swift /Users/admin/builder/spi-builder-workspace/.dependencies/checkouts/SpeziViews/Sources/SpeziViews/ViewModifier/ProcessingOverlay.swift (in target 'SpeziViews' from project 'SpeziViews')
SwiftCompile normal arm64 /Users/admin/builder/spi-builder-workspace/.dependencies/checkouts/SpeziViews/Sources/SpeziViews/Utilities/Binding+Negate.swift (in target 'SpeziViews' from project 'SpeziViews')
cd /Users/admin/builder/spi-builder-workspace/.swiftpm/xcode
builtin-SwiftPerFileCompile Binding+Negate.swift
SwiftCompile normal arm64 /Users/admin/builder/spi-builder-workspace/.dependencies/checkouts/SpeziViews/Sources/SpeziViews/Utilities/TextContentType.swift (in target 'SpeziViews' from project 'SpeziViews')
cd /Users/admin/builder/spi-builder-workspace/.swiftpm/xcode
builtin-SwiftPerFileCompile TextContentType.swift
SwiftCompile normal arm64 /Users/admin/builder/spi-builder-workspace/.dependencies/checkouts/SpeziViews/Sources/SpeziViews/ViewModifier/ConditionalModifier.swift (in target 'SpeziViews' from project 'SpeziViews')
cd /Users/admin/builder/spi-builder-workspace/.swiftpm/xcode
builtin-SwiftPerFileCompile ConditionalModifier.swift
SwiftCompile normal arm64 /Users/admin/builder/spi-builder-workspace/.dependencies/checkouts/SpeziViews/Sources/SpeziViews/ViewModifier/DeviceOrientationModifier.swift (in target 'SpeziViews' from project 'SpeziViews')
cd /Users/admin/builder/spi-builder-workspace/.swiftpm/xcode
builtin-SwiftPerFileCompile DeviceOrientationModifier.swift
SwiftCompile normal arm64 /Users/admin/builder/spi-builder-workspace/.dependencies/checkouts/SpeziViews/Sources/SpeziViews/ViewModifier/FocusOnTapModifier.swift (in target 'SpeziViews' from project 'SpeziViews')
cd /Users/admin/builder/spi-builder-workspace/.swiftpm/xcode
builtin-SwiftPerFileCompile FocusOnTapModifier.swift
SwiftCompile normal arm64 /Users/admin/builder/spi-builder-workspace/.dependencies/checkouts/SpeziViews/Sources/SpeziViews/ViewModifier/ProcessingOverlay.swift (in target 'SpeziViews' from project 'SpeziViews')
cd /Users/admin/builder/spi-builder-workspace/.swiftpm/xcode
builtin-SwiftPerFileCompile ProcessingOverlay.swift
SwiftDriverJobDiscovery normal arm64_32 Emitting module for SpeziViews (in target 'SpeziViews' from project 'SpeziViews')
SwiftDriver\ Compilation\ Requirements SpeziViews normal arm64_32 com.apple.xcode.tools.swift.compiler (in target 'SpeziViews' from project 'SpeziViews')
cd /Users/admin/builder/spi-builder-workspace/.swiftpm/xcode
builtin-Swift-Compilation-Requirements -- /Applications/Xcode-27.0.0-Release.Candidate.app/Contents/Developer/Toolchains/XcodeDefault.xctoolchain/usr/bin/swiftc -parse-as-library -module-name SpeziViews -Onone @/Users/admin/builder/spi-builder-workspace/.derivedData/Build/Intermediates.noindex/SpeziViews.build/Debug-watchos/SpeziViews-t.build/Objects-normal/arm64_32/SpeziViews.SwiftFileList -DSWIFT_PACKAGE -DDEBUG -DSWIFT_MODULE_RESOURCE_BUNDLE_AVAILABLE -Xcc -fmodule-map-file\=/Users/admin/builder/spi-builder-workspace/.dependencies/checkouts/zstd/lib/module.modulemap -Xcc -fmodule-map-file\=/Users/admin/builder/spi-builder-workspace/.dependencies/checkouts/swift-atomics/Sources/_AtomicsShims/include/module.modulemap -Xcc -fmodule-map-file\=/Users/admin/builder/spi-builder-workspace/.dependencies/checkouts/swift-numerics/Sources/_NumericsShims/include/module.modulemap -Xcc -fmodule-map-file\=/Users/admin/builder/spi-builder-workspace/.derivedData/Build/Intermediates.noindex/GeneratedModuleMaps-watchos/SpeziFoundationObjC.modulemap -Xcc -fmodule-map-file\=/Users/admin/builder/spi-builder-workspace/.dependencies/checkouts/swift-cmark/src/include/module.modulemap -Xcc -fmodule-map-file\=/Users/admin/builder/spi-builder-workspace/.dependencies/checkouts/swift-cmark/extensions/include/module.modulemap -DXcode -plugin-path /Applications/Xcode-27.0.0-Release.Candidate.app/Contents/Developer/Toolchains/XcodeDefault.xctoolchain/usr/lib/swift/host/plugins/testing -enable-experimental-feature DebugDescriptionMacro -sdk /Applications/Xcode-27.0.0-Release.Candidate.app/Contents/Developer/Platforms/WatchOS.platform/Developer/SDKs/WatchOS27.0.sdk -target arm64_32-apple-watchos10.0 -g -module-cache-path /Users/admin/builder/spi-builder-workspace/.derivedData/ModuleCache.noindex -Xfrontend -serialize-debugging-options -profile-coverage-mapping -profile-generate -enable-testing -suppress-warnings -index-store-path /Users/admin/builder/spi-builder-workspace/.derivedData/Index.noindex/DataStore -Xcc -D_LIBCPP_HARDENING_MODE\=_LIBCPP_HARDENING_MODE_DEBUG -swift-version 6 -I /Users/admin/builder/spi-builder-workspace/.derivedData/Build/Products/Debug-watchos -Isystem /Applications/Xcode-27.0.0-Release.Candidate.app/Contents/Developer/Platforms/WatchOS.platform/Developer/usr/lib -F /Users/admin/builder/spi-builder-workspace/.derivedData/Build/Products/Debug-watchos/PackageFrameworks -F /Users/admin/builder/spi-builder-workspace/.derivedData/Build/Products/Debug-watchos -F /Applications/Xcode-27.0.0-Release.Candidate.app/Contents/Developer/Platforms/WatchOS.platform/Developer/Library/Frameworks -F /Applications/Xcode-27.0.0-Release.Candidate.app/Contents/Developer/Platforms/WatchOS.platform/Developer/SDKs/WatchOS27.0.sdk/Developer/Library/Frameworks -Xfrontend -load-plugin-executable -Xfrontend /Users/admin/builder/spi-builder-workspace/.derivedData/Build/Products/Debug/ThreadLocalMacros\#ThreadLocalMacros -emit-localized-strings -emit-localized-strings-path /Users/admin/builder/spi-builder-workspace/.derivedData/Build/Intermediates.noindex/SpeziViews.build/Debug-watchos/SpeziViews-t.build/Objects-normal/arm64_32 -c -j10 -enable-batch-mode -incremental -Xcc -ivfsstatcache -Xcc /Users/admin/builder/spi-builder-workspace/.derivedData/SDKStatCaches.noindex/watchos27.0-24R360-e829b21a6f8c9b70876ba0858053c04477534ef55a1706bf4c1112bbb242f0a2.sdkstatcache -output-file-map /Users/admin/builder/spi-builder-workspace/.derivedData/Build/Intermediates.noindex/SpeziViews.build/Debug-watchos/SpeziViews-t.build/Objects-normal/arm64_32/SpeziViews-OutputFileMap.json -save-temps -no-color-diagnostics -explicit-module-build -module-cache-path /Users/admin/builder/spi-builder-workspace/.derivedData/Build/Intermediates.noindex/SwiftExplicitPrecompiledModules -clang-scanner-module-cache-path /Users/admin/builder/spi-builder-workspace/.derivedData/ModuleCache.noindex -sdk-module-cache-path /Users/admin/builder/spi-builder-workspace/.derivedData/SDKExplicitPrecompiledModules -emit-dependencies -emit-module -emit-module-path /Users/admin/builder/spi-builder-workspace/.derivedData/Build/Intermediates.noindex/SpeziViews.build/Debug-watchos/SpeziViews-t.build/Objects-normal/arm64_32/SpeziViews.swiftmodule -serialize-diagnostics -dependency-scan-serialize-diagnostics-path /Users/admin/builder/spi-builder-workspace/.derivedData/Build/Intermediates.noindex/SpeziViews.build/Debug-watchos/SpeziViews-t.build/Objects-normal/arm64_32/SpeziViews-dependency-scan.dia -user-module-version 1.12.14 -validate-clang-modules-once -clang-build-session-file /Users/admin/builder/spi-builder-workspace/.derivedData/ModuleCache.noindex/Session.modulevalidation -Xcc -fmodules-prune-interval\=86400 -Xcc -fmodules-prune-after\=345600 -package-name speziviews -emit-const-values -const-gather-protocols-list /Users/admin/builder/spi-builder-workspace/.derivedData/Build/Intermediates.noindex/SpeziViews.build/Debug-watchos/SpeziViews-t.build/Objects-normal/arm64_32/SpeziViews_const_extract_protocols.json -Xcc -I/Users/admin/builder/spi-builder-workspace/.dependencies/checkouts/zstd/lib -Xcc -I/Users/admin/builder/spi-builder-workspace/.dependencies/checkouts/swift-atomics/Sources/_AtomicsShims/include -Xcc -I/Users/admin/builder/spi-builder-workspace/.dependencies/checkouts/swift-numerics/Sources/_NumericsShims/include -Xcc -I/Users/admin/builder/spi-builder-workspace/.dependencies/checkouts/SpeziFoundation/Sources/SpeziFoundationObjC/include -Xcc -I/Users/admin/builder/spi-builder-workspace/.dependencies/checkouts/swift-cmark/src/include -Xcc -I/Users/admin/builder/spi-builder-workspace/.dependencies/checkouts/swift-cmark/extensions/include -Xcc -I/Users/admin/builder/spi-builder-workspace/.derivedData/Build/Products/Debug-watchos/include -Xcc -I/Users/admin/builder/spi-builder-workspace/.derivedData/Build/Intermediates.noindex/SpeziViews.build/Debug-watchos/SpeziViews-t.build/DerivedSources-normal/arm64_32 -Xcc -I/Users/admin/builder/spi-builder-workspace/.derivedData/Build/Intermediates.noindex/SpeziViews.build/Debug-watchos/SpeziViews-t.build/DerivedSources/arm64_32 -Xcc -I/Users/admin/builder/spi-builder-workspace/.derivedData/Build/Intermediates.noindex/SpeziViews.build/Debug-watchos/SpeziViews-t.build/DerivedSources -Xcc -DSWIFT_PACKAGE -Xcc -DDEBUG\=1 -emit-objc-header -emit-objc-header-path /Users/admin/builder/spi-builder-workspace/.derivedData/Build/Intermediates.noindex/SpeziViews.build/Debug-watchos/SpeziViews-t.build/Objects-normal/arm64_32/SpeziViews-Swift.h -working-directory /Users/admin/builder/spi-builder-workspace/.swiftpm/xcode -experimental-emit-module-separately -disable-cmo
SwiftDriverJobDiscovery normal arm64_32 Compiling ShimmerModifier.swift, SkeletonLoadingModifier.swift, OperationStateAlert.swift, ViewStateAlert.swift, ViewStateMapper.swift, AsyncButton.swift (in target 'SpeziViews' from project 'SpeziViews')
SwiftCompile normal arm64 Compiling\ ShareableRepresentation.swift,\ Label.swift,\ LazyText.swift,\ MarkdownView+ImageProviders.swift,\ MarkdownView.swift /Users/admin/builder/spi-builder-workspace/.dependencies/checkouts/SpeziViews/Sources/SpeziViews/Views/Sharing/ShareableRepresentation.swift /Users/admin/builder/spi-builder-workspace/.dependencies/checkouts/SpeziViews/Sources/SpeziViews/Views/Text/Label.swift /Users/admin/builder/spi-builder-workspace/.dependencies/checkouts/SpeziViews/Sources/SpeziViews/Views/Text/LazyText.swift /Users/admin/builder/spi-builder-workspace/.dependencies/checkouts/SpeziViews/Sources/SpeziViews/Views/Text/MarkdownView+ImageProviders.swift /Users/admin/builder/spi-builder-workspace/.dependencies/checkouts/SpeziViews/Sources/SpeziViews/Views/Text/MarkdownView.swift (in target 'SpeziViews' from project 'SpeziViews')
SwiftCompile normal arm64 /Users/admin/builder/spi-builder-workspace/.dependencies/checkouts/SpeziViews/Sources/SpeziViews/Views/Sharing/ShareableRepresentation.swift (in target 'SpeziViews' from project 'SpeziViews')
cd /Users/admin/builder/spi-builder-workspace/.swiftpm/xcode
builtin-SwiftPerFileCompile ShareableRepresentation.swift
SwiftCompile normal arm64 /Users/admin/builder/spi-builder-workspace/.dependencies/checkouts/SpeziViews/Sources/SpeziViews/Views/Text/Label.swift (in target 'SpeziViews' from project 'SpeziViews')
cd /Users/admin/builder/spi-builder-workspace/.swiftpm/xcode
builtin-SwiftPerFileCompile Label.swift
SwiftCompile normal arm64 /Users/admin/builder/spi-builder-workspace/.dependencies/checkouts/SpeziViews/Sources/SpeziViews/Views/Text/LazyText.swift (in target 'SpeziViews' from project 'SpeziViews')
cd /Users/admin/builder/spi-builder-workspace/.swiftpm/xcode
builtin-SwiftPerFileCompile LazyText.swift
SwiftCompile normal arm64 /Users/admin/builder/spi-builder-workspace/.dependencies/checkouts/SpeziViews/Sources/SpeziViews/Views/Text/MarkdownView+ImageProviders.swift (in target 'SpeziViews' from project 'SpeziViews')
cd /Users/admin/builder/spi-builder-workspace/.swiftpm/xcode
builtin-SwiftPerFileCompile MarkdownView+ImageProviders.swift
SwiftCompile normal arm64 /Users/admin/builder/spi-builder-workspace/.dependencies/checkouts/SpeziViews/Sources/SpeziViews/Views/Text/MarkdownView.swift (in target 'SpeziViews' from project 'SpeziViews')
cd /Users/admin/builder/spi-builder-workspace/.swiftpm/xcode
builtin-SwiftPerFileCompile MarkdownView.swift
Copy /Users/admin/builder/spi-builder-workspace/.derivedData/Build/Products/Debug-watchos/SpeziViews.swiftmodule/arm64_32-apple-watchos.swiftmodule /Users/admin/builder/spi-builder-workspace/.derivedData/Build/Intermediates.noindex/SpeziViews.build/Debug-watchos/SpeziViews-t.build/Objects-normal/arm64_32/SpeziViews.swiftmodule (in target 'SpeziViews' from project 'SpeziViews')
cd /Users/admin/builder/spi-builder-workspace/.dependencies/checkouts/SpeziViews
builtin-copy -exclude .DS_Store -exclude CVS -exclude .svn -exclude .git -exclude .hg -resolve-src-symlinks -rename /Users/admin/builder/spi-builder-workspace/.derivedData/Build/Intermediates.noindex/SpeziViews.build/Debug-watchos/SpeziViews-t.build/Objects-normal/arm64_32/SpeziViews.swiftmodule /Users/admin/builder/spi-builder-workspace/.derivedData/Build/Products/Debug-watchos/SpeziViews.swiftmodule/arm64_32-apple-watchos.swiftmodule
SwiftDriverJobDiscovery normal arm64_32 Compiling AsyncButtonProcessingStyle.swift, DismissButton.swift, InfoButton.swift, CaseIterablePicker.swift, OptionSetPicker.swift, PickerValue.swift (in target 'SpeziViews' from project 'SpeziViews')
Copy /Users/admin/builder/spi-builder-workspace/.derivedData/Build/Products/Debug-watchos/SpeziViews.swiftmodule/arm64_32-apple-watchos.swiftdoc /Users/admin/builder/spi-builder-workspace/.derivedData/Build/Intermediates.noindex/SpeziViews.build/Debug-watchos/SpeziViews-t.build/Objects-normal/arm64_32/SpeziViews.swiftdoc (in target 'SpeziViews' from project 'SpeziViews')
cd /Users/admin/builder/spi-builder-workspace/.dependencies/checkouts/SpeziViews
builtin-copy -exclude .DS_Store -exclude CVS -exclude .svn -exclude .git -exclude .hg -resolve-src-symlinks -rename /Users/admin/builder/spi-builder-workspace/.derivedData/Build/Intermediates.noindex/SpeziViews.build/Debug-watchos/SpeziViews-t.build/Objects-normal/arm64_32/SpeziViews.swiftdoc /Users/admin/builder/spi-builder-workspace/.derivedData/Build/Products/Debug-watchos/SpeziViews.swiftmodule/arm64_32-apple-watchos.swiftdoc
Copy /Users/admin/builder/spi-builder-workspace/.derivedData/Build/Products/Debug-watchos/SpeziViews.swiftmodule/arm64_32-apple-watchos.abi.json /Users/admin/builder/spi-builder-workspace/.derivedData/Build/Intermediates.noindex/SpeziViews.build/Debug-watchos/SpeziViews-t.build/Objects-normal/arm64_32/SpeziViews.abi.json (in target 'SpeziViews' from project 'SpeziViews')
cd /Users/admin/builder/spi-builder-workspace/.dependencies/checkouts/SpeziViews
builtin-copy -exclude .DS_Store -exclude CVS -exclude .svn -exclude .git -exclude .hg -resolve-src-symlinks -rename /Users/admin/builder/spi-builder-workspace/.derivedData/Build/Intermediates.noindex/SpeziViews.build/Debug-watchos/SpeziViews-t.build/Objects-normal/arm64_32/SpeziViews.abi.json /Users/admin/builder/spi-builder-workspace/.derivedData/Build/Products/Debug-watchos/SpeziViews.swiftmodule/arm64_32-apple-watchos.abi.json
Copy /Users/admin/builder/spi-builder-workspace/.derivedData/Build/Products/Debug-watchos/SpeziViews.swiftmodule/Project/arm64_32-apple-watchos.swiftsourceinfo /Users/admin/builder/spi-builder-workspace/.derivedData/Build/Intermediates.noindex/SpeziViews.build/Debug-watchos/SpeziViews-t.build/Objects-normal/arm64_32/SpeziViews.swiftsourceinfo (in target 'SpeziViews' from project 'SpeziViews')
cd /Users/admin/builder/spi-builder-workspace/.dependencies/checkouts/SpeziViews
builtin-copy -exclude .DS_Store -exclude CVS -exclude .svn -exclude .git -exclude .hg -resolve-src-symlinks -rename /Users/admin/builder/spi-builder-workspace/.derivedData/Build/Intermediates.noindex/SpeziViews.build/Debug-watchos/SpeziViews-t.build/Objects-normal/arm64_32/SpeziViews.swiftsourceinfo /Users/admin/builder/spi-builder-workspace/.derivedData/Build/Products/Debug-watchos/SpeziViews.swiftmodule/Project/arm64_32-apple-watchos.swiftsourceinfo
SwiftCompile normal arm64_32 Compiling\ LabeledContent+Init.swift,\ ListHeader.swift,\ ListRow.swift,\ IllegalNavigationStepView.swift,\ ManagedNavigationStack+Path.swift,\ ManagedNavigationStack.swift /Users/admin/builder/spi-builder-workspace/.dependencies/checkouts/SpeziViews/Sources/SpeziViews/Views/List/LabeledContent+Init.swift /Users/admin/builder/spi-builder-workspace/.dependencies/checkouts/SpeziViews/Sources/SpeziViews/Views/List/ListHeader.swift /Users/admin/builder/spi-builder-workspace/.dependencies/checkouts/SpeziViews/Sources/SpeziViews/Views/List/ListRow.swift /Users/admin/builder/spi-builder-workspace/.dependencies/checkouts/SpeziViews/Sources/SpeziViews/Views/ManagedNavigationStack/IllegalNavigationStepView.swift /Users/admin/builder/spi-builder-workspace/.dependencies/checkouts/SpeziViews/Sources/SpeziViews/Views/ManagedNavigationStack/ManagedNavigationStack+Path.swift /Users/admin/builder/spi-builder-workspace/.dependencies/checkouts/SpeziViews/Sources/SpeziViews/Views/ManagedNavigationStack/ManagedNavigationStack.swift (in target 'SpeziViews' from project 'SpeziViews')
SwiftCompile normal arm64_32 /Users/admin/builder/spi-builder-workspace/.dependencies/checkouts/SpeziViews/Sources/SpeziViews/Views/List/LabeledContent+Init.swift (in target 'SpeziViews' from project 'SpeziViews')
cd /Users/admin/builder/spi-builder-workspace/.swiftpm/xcode
builtin-SwiftPerFileCompile LabeledContent+Init.swift
SwiftCompile normal arm64_32 /Users/admin/builder/spi-builder-workspace/.dependencies/checkouts/SpeziViews/Sources/SpeziViews/Views/List/ListHeader.swift (in target 'SpeziViews' from project 'SpeziViews')
cd /Users/admin/builder/spi-builder-workspace/.swiftpm/xcode
builtin-SwiftPerFileCompile ListHeader.swift
SwiftCompile normal arm64_32 /Users/admin/builder/spi-builder-workspace/.dependencies/checkouts/SpeziViews/Sources/SpeziViews/Views/List/ListRow.swift (in target 'SpeziViews' from project 'SpeziViews')
cd /Users/admin/builder/spi-builder-workspace/.swiftpm/xcode
builtin-SwiftPerFileCompile ListRow.swift
SwiftCompile normal arm64_32 /Users/admin/builder/spi-builder-workspace/.dependencies/checkouts/SpeziViews/Sources/SpeziViews/Views/ManagedNavigationStack/IllegalNavigationStepView.swift (in target 'SpeziViews' from project 'SpeziViews')
cd /Users/admin/builder/spi-builder-workspace/.swiftpm/xcode
builtin-SwiftPerFileCompile IllegalNavigationStepView.swift
SwiftCompile normal arm64_32 /Users/admin/builder/spi-builder-workspace/.dependencies/checkouts/SpeziViews/Sources/SpeziViews/Views/ManagedNavigationStack/ManagedNavigationStack+Path.swift (in target 'SpeziViews' from project 'SpeziViews')
cd /Users/admin/builder/spi-builder-workspace/.swiftpm/xcode
builtin-SwiftPerFileCompile ManagedNavigationStack+Path.swift
SwiftCompile normal arm64_32 /Users/admin/builder/spi-builder-workspace/.dependencies/checkouts/SpeziViews/Sources/SpeziViews/Views/ManagedNavigationStack/ManagedNavigationStack.swift (in target 'SpeziViews' from project 'SpeziViews')
cd /Users/admin/builder/spi-builder-workspace/.swiftpm/xcode
builtin-SwiftPerFileCompile ManagedNavigationStack.swift
SwiftCompile normal arm64 Compiling\ NavigationStepIdentifier.swift,\ NavigationStepIdentifying.swift,\ NavigationStepsBuilder.swift,\ NavigationStepsCollection.swift,\ ShareSheet.swift,\ ShareSheetInput.swift /Users/admin/builder/spi-builder-workspace/.dependencies/checkouts/SpeziViews/Sources/SpeziViews/Views/ManagedNavigationStack/NavigationStepIdentifier.swift /Users/admin/builder/spi-builder-workspace/.dependencies/checkouts/SpeziViews/Sources/SpeziViews/Views/ManagedNavigationStack/NavigationStepIdentifying.swift /Users/admin/builder/spi-builder-workspace/.dependencies/checkouts/SpeziViews/Sources/SpeziViews/Views/ManagedNavigationStack/NavigationStepsBuilder.swift /Users/admin/builder/spi-builder-workspace/.dependencies/checkouts/SpeziViews/Sources/SpeziViews/Views/ManagedNavigationStack/NavigationStepsCollection.swift /Users/admin/builder/spi-builder-workspace/.dependencies/checkouts/SpeziViews/Sources/SpeziViews/Views/Sharing/ShareSheet.swift /Users/admin/builder/spi-builder-workspace/.dependencies/checkouts/SpeziViews/Sources/SpeziViews/Views/Sharing/ShareSheetInput.swift (in target 'SpeziViews' from project 'SpeziViews')
SwiftCompile normal arm64 /Users/admin/builder/spi-builder-workspace/.dependencies/checkouts/SpeziViews/Sources/SpeziViews/Views/ManagedNavigationStack/NavigationStepIdentifier.swift (in target 'SpeziViews' from project 'SpeziViews')
cd /Users/admin/builder/spi-builder-workspace/.swiftpm/xcode
builtin-SwiftPerFileCompile NavigationStepIdentifier.swift
SwiftCompile normal arm64 /Users/admin/builder/spi-builder-workspace/.dependencies/checkouts/SpeziViews/Sources/SpeziViews/Views/ManagedNavigationStack/NavigationStepIdentifying.swift (in target 'SpeziViews' from project 'SpeziViews')
cd /Users/admin/builder/spi-builder-workspace/.swiftpm/xcode
builtin-SwiftPerFileCompile NavigationStepIdentifying.swift
SwiftCompile normal arm64 /Users/admin/builder/spi-builder-workspace/.dependencies/checkouts/SpeziViews/Sources/SpeziViews/Views/ManagedNavigationStack/NavigationStepsBuilder.swift (in target 'SpeziViews' from project 'SpeziViews')
cd /Users/admin/builder/spi-builder-workspace/.swiftpm/xcode
builtin-SwiftPerFileCompile NavigationStepsBuilder.swift
SwiftCompile normal arm64 /Users/admin/builder/spi-builder-workspace/.dependencies/checkouts/SpeziViews/Sources/SpeziViews/Views/ManagedNavigationStack/NavigationStepsCollection.swift (in target 'SpeziViews' from project 'SpeziViews')
cd /Users/admin/builder/spi-builder-workspace/.swiftpm/xcode
builtin-SwiftPerFileCompile NavigationStepsCollection.swift
SwiftCompile normal arm64 /Users/admin/builder/spi-builder-workspace/.dependencies/checkouts/SpeziViews/Sources/SpeziViews/Views/Sharing/ShareSheet.swift (in target 'SpeziViews' from project 'SpeziViews')
cd /Users/admin/builder/spi-builder-workspace/.swiftpm/xcode
builtin-SwiftPerFileCompile ShareSheet.swift
SwiftCompile normal arm64 /Users/admin/builder/spi-builder-workspace/.dependencies/checkouts/SpeziViews/Sources/SpeziViews/Views/Sharing/ShareSheetInput.swift (in target 'SpeziViews' from project 'SpeziViews')
cd /Users/admin/builder/spi-builder-workspace/.swiftpm/xcode
builtin-SwiftPerFileCompile ShareSheetInput.swift
SwiftDriverJobDiscovery normal arm64 Compiling Binding+Negate.swift, TextContentType.swift, ConditionalModifier.swift, DeviceOrientationModifier.swift, FocusOnTapModifier.swift, ProcessingOverlay.swift (in target 'SpeziViews' from project 'SpeziViews')
SwiftDriverJobDiscovery normal arm64 Emitting module for SpeziViews (in target 'SpeziViews' from project 'SpeziViews')
SwiftDriver\ Compilation\ Requirements SpeziViews normal arm64 com.apple.xcode.tools.swift.compiler (in target 'SpeziViews' from project 'SpeziViews')
cd /Users/admin/builder/spi-builder-workspace/.swiftpm/xcode
builtin-Swift-Compilation-Requirements -- /Applications/Xcode-27.0.0-Release.Candidate.app/Contents/Developer/Toolchains/XcodeDefault.xctoolchain/usr/bin/swiftc -parse-as-library -module-name SpeziViews -Onone @/Users/admin/builder/spi-builder-workspace/.derivedData/Build/Intermediates.noindex/SpeziViews.build/Debug-watchos/SpeziViews-t.build/Objects-normal/arm64/SpeziViews.SwiftFileList -DSWIFT_PACKAGE -DDEBUG -DSWIFT_MODULE_RESOURCE_BUNDLE_AVAILABLE -Xcc -fmodule-map-file\=/Users/admin/builder/spi-builder-workspace/.dependencies/checkouts/zstd/lib/module.modulemap -Xcc -fmodule-map-file\=/Users/admin/builder/spi-builder-workspace/.dependencies/checkouts/swift-atomics/Sources/_AtomicsShims/include/module.modulemap -Xcc -fmodule-map-file\=/Users/admin/builder/spi-builder-workspace/.dependencies/checkouts/swift-numerics/Sources/_NumericsShims/include/module.modulemap -Xcc -fmodule-map-file\=/Users/admin/builder/spi-builder-workspace/.derivedData/Build/Intermediates.noindex/GeneratedModuleMaps-watchos/SpeziFoundationObjC.modulemap -Xcc -fmodule-map-file\=/Users/admin/builder/spi-builder-workspace/.dependencies/checkouts/swift-cmark/src/include/module.modulemap -Xcc -fmodule-map-file\=/Users/admin/builder/spi-builder-workspace/.dependencies/checkouts/swift-cmark/extensions/include/module.modulemap -DXcode -plugin-path /Applications/Xcode-27.0.0-Release.Candidate.app/Contents/Developer/Toolchains/XcodeDefault.xctoolchain/usr/lib/swift/host/plugins/testing -enable-experimental-feature DebugDescriptionMacro -sdk /Applications/Xcode-27.0.0-Release.Candidate.app/Contents/Developer/Platforms/WatchOS.platform/Developer/SDKs/WatchOS27.0.sdk -target arm64-apple-watchos10.0 -g -module-cache-path /Users/admin/builder/spi-builder-workspace/.derivedData/ModuleCache.noindex -Xfrontend -serialize-debugging-options -profile-coverage-mapping -profile-generate -enable-testing -suppress-warnings -index-store-path /Users/admin/builder/spi-builder-workspace/.derivedData/Index.noindex/DataStore -Xcc -D_LIBCPP_HARDENING_MODE\=_LIBCPP_HARDENING_MODE_DEBUG -swift-version 6 -I /Users/admin/builder/spi-builder-workspace/.derivedData/Build/Products/Debug-watchos -Isystem /Applications/Xcode-27.0.0-Release.Candidate.app/Contents/Developer/Platforms/WatchOS.platform/Developer/usr/lib -F /Users/admin/builder/spi-builder-workspace/.derivedData/Build/Products/Debug-watchos/PackageFrameworks -F /Users/admin/builder/spi-builder-workspace/.derivedData/Build/Products/Debug-watchos -F /Applications/Xcode-27.0.0-Release.Candidate.app/Contents/Developer/Platforms/WatchOS.platform/Developer/Library/Frameworks -F /Applications/Xcode-27.0.0-Release.Candidate.app/Contents/Developer/Platforms/WatchOS.platform/Developer/SDKs/WatchOS27.0.sdk/Developer/Library/Frameworks -Xfrontend -load-plugin-executable -Xfrontend /Users/admin/builder/spi-builder-workspace/.derivedData/Build/Products/Debug/ThreadLocalMacros\#ThreadLocalMacros -emit-localized-strings -emit-localized-strings-path /Users/admin/builder/spi-builder-workspace/.derivedData/Build/Intermediates.noindex/SpeziViews.build/Debug-watchos/SpeziViews-t.build/Objects-normal/arm64 -c -j10 -enable-batch-mode -incremental -Xcc -ivfsstatcache -Xcc /Users/admin/builder/spi-builder-workspace/.derivedData/SDKStatCaches.noindex/watchos27.0-24R360-e829b21a6f8c9b70876ba0858053c04477534ef55a1706bf4c1112bbb242f0a2.sdkstatcache -output-file-map /Users/admin/builder/spi-builder-workspace/.derivedData/Build/Intermediates.noindex/SpeziViews.build/Debug-watchos/SpeziViews-t.build/Objects-normal/arm64/SpeziViews-OutputFileMap.json -save-temps -no-color-diagnostics -explicit-module-build -module-cache-path /Users/admin/builder/spi-builder-workspace/.derivedData/Build/Intermediates.noindex/SwiftExplicitPrecompiledModules -clang-scanner-module-cache-path /Users/admin/builder/spi-builder-workspace/.derivedData/ModuleCache.noindex -sdk-module-cache-path /Users/admin/builder/spi-builder-workspace/.derivedData/SDKExplicitPrecompiledModules -emit-dependencies -emit-module -emit-module-path /Users/admin/builder/spi-builder-workspace/.derivedData/Build/Intermediates.noindex/SpeziViews.build/Debug-watchos/SpeziViews-t.build/Objects-normal/arm64/SpeziViews.swiftmodule -serialize-diagnostics -dependency-scan-serialize-diagnostics-path /Users/admin/builder/spi-builder-workspace/.derivedData/Build/Intermediates.noindex/SpeziViews.build/Debug-watchos/SpeziViews-t.build/Objects-normal/arm64/SpeziViews-dependency-scan.dia -user-module-version 1.12.14 -validate-clang-modules-once -clang-build-session-file /Users/admin/builder/spi-builder-workspace/.derivedData/ModuleCache.noindex/Session.modulevalidation -Xcc -fmodules-prune-interval\=86400 -Xcc -fmodules-prune-after\=345600 -package-name speziviews -emit-const-values -const-gather-protocols-list /Users/admin/builder/spi-builder-workspace/.derivedData/Build/Intermediates.noindex/SpeziViews.build/Debug-watchos/SpeziViews-t.build/Objects-normal/arm64/SpeziViews_const_extract_protocols.json -Xcc -I/Users/admin/builder/spi-builder-workspace/.dependencies/checkouts/zstd/lib -Xcc -I/Users/admin/builder/spi-builder-workspace/.dependencies/checkouts/swift-atomics/Sources/_AtomicsShims/include -Xcc -I/Users/admin/builder/spi-builder-workspace/.dependencies/checkouts/swift-numerics/Sources/_NumericsShims/include -Xcc -I/Users/admin/builder/spi-builder-workspace/.dependencies/checkouts/SpeziFoundation/Sources/SpeziFoundationObjC/include -Xcc -I/Users/admin/builder/spi-builder-workspace/.dependencies/checkouts/swift-cmark/src/include -Xcc -I/Users/admin/builder/spi-builder-workspace/.dependencies/checkouts/swift-cmark/extensions/include -Xcc -I/Users/admin/builder/spi-builder-workspace/.derivedData/Build/Products/Debug-watchos/include -Xcc -I/Users/admin/builder/spi-builder-workspace/.derivedData/Build/Intermediates.noindex/SpeziViews.build/Debug-watchos/SpeziViews-t.build/DerivedSources-normal/arm64 -Xcc -I/Users/admin/builder/spi-builder-workspace/.derivedData/Build/Intermediates.noindex/SpeziViews.build/Debug-watchos/SpeziViews-t.build/DerivedSources/arm64 -Xcc -I/Users/admin/builder/spi-builder-workspace/.derivedData/Build/Intermediates.noindex/SpeziViews.build/Debug-watchos/SpeziViews-t.build/DerivedSources -Xcc -DSWIFT_PACKAGE -Xcc -DDEBUG\=1 -emit-objc-header -emit-objc-header-path /Users/admin/builder/spi-builder-workspace/.derivedData/Build/Intermediates.noindex/SpeziViews.build/Debug-watchos/SpeziViews-t.build/Objects-normal/arm64/SpeziViews-Swift.h -working-directory /Users/admin/builder/spi-builder-workspace/.swiftpm/xcode -experimental-emit-module-separately -disable-cmo
SwiftMergeGeneratedHeaders /Users/admin/builder/spi-builder-workspace/.derivedData/Build/Intermediates.noindex/GeneratedModuleMaps-watchos/SpeziViews-Swift.h /Users/admin/builder/spi-builder-workspace/.derivedData/Build/Intermediates.noindex/SpeziViews.build/Debug-watchos/SpeziViews-t.build/Objects-normal/arm64/SpeziViews-Swift.h /Users/admin/builder/spi-builder-workspace/.derivedData/Build/Intermediates.noindex/SpeziViews.build/Debug-watchos/SpeziViews-t.build/Objects-normal/arm64_32/SpeziViews-Swift.h (in target 'SpeziViews' from project 'SpeziViews')
cd /Users/admin/builder/spi-builder-workspace/.dependencies/checkouts/SpeziViews
builtin-swiftHeaderTool -arch arm64 /Users/admin/builder/spi-builder-workspace/.derivedData/Build/Intermediates.noindex/SpeziViews.build/Debug-watchos/SpeziViews-t.build/Objects-normal/arm64/SpeziViews-Swift.h -arch arm64_32 /Users/admin/builder/spi-builder-workspace/.derivedData/Build/Intermediates.noindex/SpeziViews.build/Debug-watchos/SpeziViews-t.build/Objects-normal/arm64_32/SpeziViews-Swift.h -o /Users/admin/builder/spi-builder-workspace/.derivedData/Build/Intermediates.noindex/GeneratedModuleMaps-watchos/SpeziViews-Swift.h
Copy /Users/admin/builder/spi-builder-workspace/.derivedData/Build/Products/Debug-watchos/SpeziViews.swiftmodule/arm64-apple-watchos.swiftmodule /Users/admin/builder/spi-builder-workspace/.derivedData/Build/Intermediates.noindex/SpeziViews.build/Debug-watchos/SpeziViews-t.build/Objects-normal/arm64/SpeziViews.swiftmodule (in target 'SpeziViews' from project 'SpeziViews')
cd /Users/admin/builder/spi-builder-workspace/.dependencies/checkouts/SpeziViews
builtin-copy -exclude .DS_Store -exclude CVS -exclude .svn -exclude .git -exclude .hg -resolve-src-symlinks -rename /Users/admin/builder/spi-builder-workspace/.derivedData/Build/Intermediates.noindex/SpeziViews.build/Debug-watchos/SpeziViews-t.build/Objects-normal/arm64/SpeziViews.swiftmodule /Users/admin/builder/spi-builder-workspace/.derivedData/Build/Products/Debug-watchos/SpeziViews.swiftmodule/arm64-apple-watchos.swiftmodule
Copy /Users/admin/builder/spi-builder-workspace/.derivedData/Build/Products/Debug-watchos/SpeziViews.swiftmodule/arm64-apple-watchos.swiftdoc /Users/admin/builder/spi-builder-workspace/.derivedData/Build/Intermediates.noindex/SpeziViews.build/Debug-watchos/SpeziViews-t.build/Objects-normal/arm64/SpeziViews.swiftdoc (in target 'SpeziViews' from project 'SpeziViews')
cd /Users/admin/builder/spi-builder-workspace/.dependencies/checkouts/SpeziViews
builtin-copy -exclude .DS_Store -exclude CVS -exclude .svn -exclude .git -exclude .hg -resolve-src-symlinks -rename /Users/admin/builder/spi-builder-workspace/.derivedData/Build/Intermediates.noindex/SpeziViews.build/Debug-watchos/SpeziViews-t.build/Objects-normal/arm64/SpeziViews.swiftdoc /Users/admin/builder/spi-builder-workspace/.derivedData/Build/Products/Debug-watchos/SpeziViews.swiftmodule/arm64-apple-watchos.swiftdoc
Copy /Users/admin/builder/spi-builder-workspace/.derivedData/Build/Products/Debug-watchos/SpeziViews.swiftmodule/arm64-apple-watchos.abi.json /Users/admin/builder/spi-builder-workspace/.derivedData/Build/Intermediates.noindex/SpeziViews.build/Debug-watchos/SpeziViews-t.build/Objects-normal/arm64/SpeziViews.abi.json (in target 'SpeziViews' from project 'SpeziViews')
cd /Users/admin/builder/spi-builder-workspace/.dependencies/checkouts/SpeziViews
builtin-copy -exclude .DS_Store -exclude CVS -exclude .svn -exclude .git -exclude .hg -resolve-src-symlinks -rename /Users/admin/builder/spi-builder-workspace/.derivedData/Build/Intermediates.noindex/SpeziViews.build/Debug-watchos/SpeziViews-t.build/Objects-normal/arm64/SpeziViews.abi.json /Users/admin/builder/spi-builder-workspace/.derivedData/Build/Products/Debug-watchos/SpeziViews.swiftmodule/arm64-apple-watchos.abi.json
Copy /Users/admin/builder/spi-builder-workspace/.derivedData/Build/Products/Debug-watchos/SpeziViews.swiftmodule/Project/arm64-apple-watchos.swiftsourceinfo /Users/admin/builder/spi-builder-workspace/.derivedData/Build/Intermediates.noindex/SpeziViews.build/Debug-watchos/SpeziViews-t.build/Objects-normal/arm64/SpeziViews.swiftsourceinfo (in target 'SpeziViews' from project 'SpeziViews')
cd /Users/admin/builder/spi-builder-workspace/.dependencies/checkouts/SpeziViews
builtin-copy -exclude .DS_Store -exclude CVS -exclude .svn -exclude .git -exclude .hg -resolve-src-symlinks -rename /Users/admin/builder/spi-builder-workspace/.derivedData/Build/Intermediates.noindex/SpeziViews.build/Debug-watchos/SpeziViews-t.build/Objects-normal/arm64/SpeziViews.swiftsourceinfo /Users/admin/builder/spi-builder-workspace/.derivedData/Build/Products/Debug-watchos/SpeziViews.swiftmodule/Project/arm64-apple-watchos.swiftsourceinfo
GenerateStringSymbols /Users/admin/builder/spi-builder-workspace/.derivedData/Build/Intermediates.noindex/SpeziOnboarding.build/Debug-watchos/SpeziOnboarding-t.build/DerivedSources/GeneratedStringSymbols_Localizable.swift /Users/admin/builder/spi-builder-workspace/Sources/SpeziOnboarding/Resources/Localizable.xcstrings (in target 'SpeziOnboarding' from project 'SpeziOnboarding')
cd /Users/admin/builder/spi-builder-workspace
/Applications/Xcode-27.0.0-Release.Candidate.app/Contents/Developer/usr/bin/xcstringstool generate-symbols --language swift --output-directory /Users/admin/builder/spi-builder-workspace/.derivedData/Build/Intermediates.noindex/SpeziOnboarding.build/Debug-watchos/SpeziOnboarding-t.build/DerivedSources /Users/admin/builder/spi-builder-workspace/Sources/SpeziOnboarding/Resources/Localizable.xcstrings
SwiftDriver SpeziOnboarding normal arm64_32 com.apple.xcode.tools.swift.compiler (in target 'SpeziOnboarding' from project 'SpeziOnboarding')
cd /Users/admin/builder/spi-builder-workspace/.swiftpm/xcode
builtin-SwiftDriver -- /Applications/Xcode-27.0.0-Release.Candidate.app/Contents/Developer/Toolchains/XcodeDefault.xctoolchain/usr/bin/swiftc -parse-as-library -module-name SpeziOnboarding -Onone @/Users/admin/builder/spi-builder-workspace/.derivedData/Build/Intermediates.noindex/SpeziOnboarding.build/Debug-watchos/SpeziOnboarding-t.build/Objects-normal/arm64_32/SpeziOnboarding.SwiftFileList -DSWIFT_PACKAGE -DDEBUG -DSWIFT_MODULE_RESOURCE_BUNDLE_AVAILABLE -Xcc -fmodule-map-file\=/Users/admin/builder/spi-builder-workspace/.dependencies/checkouts/zstd/lib/module.modulemap -Xcc -fmodule-map-file\=/Users/admin/builder/spi-builder-workspace/.dependencies/checkouts/swift-atomics/Sources/_AtomicsShims/include/module.modulemap -Xcc -fmodule-map-file\=/Users/admin/builder/spi-builder-workspace/.dependencies/checkouts/swift-numerics/Sources/_NumericsShims/include/module.modulemap -Xcc -fmodule-map-file\=/Users/admin/builder/spi-builder-workspace/.derivedData/Build/Intermediates.noindex/GeneratedModuleMaps-watchos/SpeziFoundationObjC.modulemap -Xcc -fmodule-map-file\=/Users/admin/builder/spi-builder-workspace/.dependencies/checkouts/swift-cmark/src/include/module.modulemap -Xcc -fmodule-map-file\=/Users/admin/builder/spi-builder-workspace/.dependencies/checkouts/swift-cmark/extensions/include/module.modulemap -DXcode -enable-upcoming-feature ExistentialAny -plugin-path /Applications/Xcode-27.0.0-Release.Candidate.app/Contents/Developer/Toolchains/XcodeDefault.xctoolchain/usr/lib/swift/host/plugins/testing -enable-experimental-feature DebugDescriptionMacro -sdk /Applications/Xcode-27.0.0-Release.Candidate.app/Contents/Developer/Platforms/WatchOS.platform/Developer/SDKs/WatchOS27.0.sdk -target arm64_32-apple-watchos10.0 -g -module-cache-path /Users/admin/builder/spi-builder-workspace/.derivedData/ModuleCache.noindex -Xfrontend -serialize-debugging-options -profile-coverage-mapping -profile-generate -enable-testing -index-store-path /Users/admin/builder/spi-builder-workspace/.derivedData/Index.noindex/DataStore -Xcc -D_LIBCPP_HARDENING_MODE\=_LIBCPP_HARDENING_MODE_DEBUG -swift-version 6 -I /Users/admin/builder/spi-builder-workspace/.derivedData/Build/Products/Debug-watchos -Isystem /Applications/Xcode-27.0.0-Release.Candidate.app/Contents/Developer/Platforms/WatchOS.platform/Developer/usr/lib -F /Users/admin/builder/spi-builder-workspace/.derivedData/Build/Products/Debug-watchos/PackageFrameworks -F /Users/admin/builder/spi-builder-workspace/.derivedData/Build/Products/Debug-watchos -F /Applications/Xcode-27.0.0-Release.Candidate.app/Contents/Developer/Platforms/WatchOS.platform/Developer/Library/Frameworks -F /Applications/Xcode-27.0.0-Release.Candidate.app/Contents/Developer/Platforms/WatchOS.platform/Developer/SDKs/WatchOS27.0.sdk/Developer/Library/Frameworks -Xfrontend -load-plugin-executable -Xfrontend /Users/admin/builder/spi-builder-workspace/.derivedData/Build/Products/Debug/ThreadLocalMacros\#ThreadLocalMacros -emit-localized-strings -emit-localized-strings-path /Users/admin/builder/spi-builder-workspace/.derivedData/Build/Intermediates.noindex/SpeziOnboarding.build/Debug-watchos/SpeziOnboarding-t.build/Objects-normal/arm64_32 -c -j10 -enable-batch-mode -incremental -Xcc -ivfsstatcache -Xcc /Users/admin/builder/spi-builder-workspace/.derivedData/SDKStatCaches.noindex/watchos27.0-24R360-e829b21a6f8c9b70876ba0858053c04477534ef55a1706bf4c1112bbb242f0a2.sdkstatcache -output-file-map /Users/admin/builder/spi-builder-workspace/.derivedData/Build/Intermediates.noindex/SpeziOnboarding.build/Debug-watchos/SpeziOnboarding-t.build/Objects-normal/arm64_32/SpeziOnboarding-OutputFileMap.json -save-temps -no-color-diagnostics -explicit-module-build -module-cache-path /Users/admin/builder/spi-builder-workspace/.derivedData/Build/Intermediates.noindex/SwiftExplicitPrecompiledModules -clang-scanner-module-cache-path /Users/admin/builder/spi-builder-workspace/.derivedData/ModuleCache.noindex -sdk-module-cache-path /Users/admin/builder/spi-builder-workspace/.derivedData/SDKExplicitPrecompiledModules -emit-dependencies -emit-module -emit-module-path /Users/admin/builder/spi-builder-workspace/.derivedData/Build/Intermediates.noindex/SpeziOnboarding.build/Debug-watchos/SpeziOnboarding-t.build/Objects-normal/arm64_32/SpeziOnboarding.swiftmodule -serialize-diagnostics -dependency-scan-serialize-diagnostics-path /Users/admin/builder/spi-builder-workspace/.derivedData/Build/Intermediates.noindex/SpeziOnboarding.build/Debug-watchos/SpeziOnboarding-t.build/Objects-normal/arm64_32/SpeziOnboarding-dependency-scan.dia -validate-clang-modules-once -clang-build-session-file /Users/admin/builder/spi-builder-workspace/.derivedData/ModuleCache.noindex/Session.modulevalidation -Xcc -fmodules-prune-interval\=86400 -Xcc -fmodules-prune-after\=345600 -package-name spi_builder_workspace -emit-const-values -const-gather-protocols-list /Users/admin/builder/spi-builder-workspace/.derivedData/Build/Intermediates.noindex/SpeziOnboarding.build/Debug-watchos/SpeziOnboarding-t.build/Objects-normal/arm64_32/SpeziOnboarding_const_extract_protocols.json -Xcc -I/Users/admin/builder/spi-builder-workspace/.dependencies/checkouts/zstd/lib -Xcc -I/Users/admin/builder/spi-builder-workspace/.dependencies/checkouts/swift-atomics/Sources/_AtomicsShims/include -Xcc -I/Users/admin/builder/spi-builder-workspace/.dependencies/checkouts/swift-numerics/Sources/_NumericsShims/include -Xcc -I/Users/admin/builder/spi-builder-workspace/.dependencies/checkouts/SpeziFoundation/Sources/SpeziFoundationObjC/include -Xcc -I/Users/admin/builder/spi-builder-workspace/.dependencies/checkouts/swift-cmark/src/include -Xcc -I/Users/admin/builder/spi-builder-workspace/.dependencies/checkouts/swift-cmark/extensions/include -Xcc -I/Users/admin/builder/spi-builder-workspace/.derivedData/Build/Products/Debug-watchos/include -Xcc -I/Users/admin/builder/spi-builder-workspace/.derivedData/Build/Intermediates.noindex/SpeziOnboarding.build/Debug-watchos/SpeziOnboarding-t.build/DerivedSources-normal/arm64_32 -Xcc -I/Users/admin/builder/spi-builder-workspace/.derivedData/Build/Intermediates.noindex/SpeziOnboarding.build/Debug-watchos/SpeziOnboarding-t.build/DerivedSources/arm64_32 -Xcc -I/Users/admin/builder/spi-builder-workspace/.derivedData/Build/Intermediates.noindex/SpeziOnboarding.build/Debug-watchos/SpeziOnboarding-t.build/DerivedSources -Xcc -DSWIFT_PACKAGE -Xcc -DDEBUG\=1 -emit-objc-header -emit-objc-header-path /Users/admin/builder/spi-builder-workspace/.derivedData/Build/Intermediates.noindex/SpeziOnboarding.build/Debug-watchos/SpeziOnboarding-t.build/Objects-normal/arm64_32/SpeziOnboarding-Swift.h -working-directory /Users/admin/builder/spi-builder-workspace/.swiftpm/xcode -experimental-emit-module-separately -disable-cmo
SwiftDriver SpeziOnboarding normal arm64 com.apple.xcode.tools.swift.compiler (in target 'SpeziOnboarding' from project 'SpeziOnboarding')
cd /Users/admin/builder/spi-builder-workspace/.swiftpm/xcode
builtin-SwiftDriver -- /Applications/Xcode-27.0.0-Release.Candidate.app/Contents/Developer/Toolchains/XcodeDefault.xctoolchain/usr/bin/swiftc -parse-as-library -module-name SpeziOnboarding -Onone @/Users/admin/builder/spi-builder-workspace/.derivedData/Build/Intermediates.noindex/SpeziOnboarding.build/Debug-watchos/SpeziOnboarding-t.build/Objects-normal/arm64/SpeziOnboarding.SwiftFileList -DSWIFT_PACKAGE -DDEBUG -DSWIFT_MODULE_RESOURCE_BUNDLE_AVAILABLE -Xcc -fmodule-map-file\=/Users/admin/builder/spi-builder-workspace/.dependencies/checkouts/zstd/lib/module.modulemap -Xcc -fmodule-map-file\=/Users/admin/builder/spi-builder-workspace/.dependencies/checkouts/swift-atomics/Sources/_AtomicsShims/include/module.modulemap -Xcc -fmodule-map-file\=/Users/admin/builder/spi-builder-workspace/.dependencies/checkouts/swift-numerics/Sources/_NumericsShims/include/module.modulemap -Xcc -fmodule-map-file\=/Users/admin/builder/spi-builder-workspace/.derivedData/Build/Intermediates.noindex/GeneratedModuleMaps-watchos/SpeziFoundationObjC.modulemap -Xcc -fmodule-map-file\=/Users/admin/builder/spi-builder-workspace/.dependencies/checkouts/swift-cmark/src/include/module.modulemap -Xcc -fmodule-map-file\=/Users/admin/builder/spi-builder-workspace/.dependencies/checkouts/swift-cmark/extensions/include/module.modulemap -DXcode -enable-upcoming-feature ExistentialAny -plugin-path /Applications/Xcode-27.0.0-Release.Candidate.app/Contents/Developer/Toolchains/XcodeDefault.xctoolchain/usr/lib/swift/host/plugins/testing -enable-experimental-feature DebugDescriptionMacro -sdk /Applications/Xcode-27.0.0-Release.Candidate.app/Contents/Developer/Platforms/WatchOS.platform/Developer/SDKs/WatchOS27.0.sdk -target arm64-apple-watchos10.0 -g -module-cache-path /Users/admin/builder/spi-builder-workspace/.derivedData/ModuleCache.noindex -Xfrontend -serialize-debugging-options -profile-coverage-mapping -profile-generate -enable-testing -index-store-path /Users/admin/builder/spi-builder-workspace/.derivedData/Index.noindex/DataStore -Xcc -D_LIBCPP_HARDENING_MODE\=_LIBCPP_HARDENING_MODE_DEBUG -swift-version 6 -I /Users/admin/builder/spi-builder-workspace/.derivedData/Build/Products/Debug-watchos -Isystem /Applications/Xcode-27.0.0-Release.Candidate.app/Contents/Developer/Platforms/WatchOS.platform/Developer/usr/lib -F /Users/admin/builder/spi-builder-workspace/.derivedData/Build/Products/Debug-watchos/PackageFrameworks -F /Users/admin/builder/spi-builder-workspace/.derivedData/Build/Products/Debug-watchos -F /Applications/Xcode-27.0.0-Release.Candidate.app/Contents/Developer/Platforms/WatchOS.platform/Developer/Library/Frameworks -F /Applications/Xcode-27.0.0-Release.Candidate.app/Contents/Developer/Platforms/WatchOS.platform/Developer/SDKs/WatchOS27.0.sdk/Developer/Library/Frameworks -Xfrontend -load-plugin-executable -Xfrontend /Users/admin/builder/spi-builder-workspace/.derivedData/Build/Products/Debug/ThreadLocalMacros\#ThreadLocalMacros -emit-localized-strings -emit-localized-strings-path /Users/admin/builder/spi-builder-workspace/.derivedData/Build/Intermediates.noindex/SpeziOnboarding.build/Debug-watchos/SpeziOnboarding-t.build/Objects-normal/arm64 -c -j10 -enable-batch-mode -incremental -Xcc -ivfsstatcache -Xcc /Users/admin/builder/spi-builder-workspace/.derivedData/SDKStatCaches.noindex/watchos27.0-24R360-e829b21a6f8c9b70876ba0858053c04477534ef55a1706bf4c1112bbb242f0a2.sdkstatcache -output-file-map /Users/admin/builder/spi-builder-workspace/.derivedData/Build/Intermediates.noindex/SpeziOnboarding.build/Debug-watchos/SpeziOnboarding-t.build/Objects-normal/arm64/SpeziOnboarding-OutputFileMap.json -save-temps -no-color-diagnostics -explicit-module-build -module-cache-path /Users/admin/builder/spi-builder-workspace/.derivedData/Build/Intermediates.noindex/SwiftExplicitPrecompiledModules -clang-scanner-module-cache-path /Users/admin/builder/spi-builder-workspace/.derivedData/ModuleCache.noindex -sdk-module-cache-path /Users/admin/builder/spi-builder-workspace/.derivedData/SDKExplicitPrecompiledModules -emit-dependencies -emit-module -emit-module-path /Users/admin/builder/spi-builder-workspace/.derivedData/Build/Intermediates.noindex/SpeziOnboarding.build/Debug-watchos/SpeziOnboarding-t.build/Objects-normal/arm64/SpeziOnboarding.swiftmodule -serialize-diagnostics -dependency-scan-serialize-diagnostics-path /Users/admin/builder/spi-builder-workspace/.derivedData/Build/Intermediates.noindex/SpeziOnboarding.build/Debug-watchos/SpeziOnboarding-t.build/Objects-normal/arm64/SpeziOnboarding-dependency-scan.dia -validate-clang-modules-once -clang-build-session-file /Users/admin/builder/spi-builder-workspace/.derivedData/ModuleCache.noindex/Session.modulevalidation -Xcc -fmodules-prune-interval\=86400 -Xcc -fmodules-prune-after\=345600 -package-name spi_builder_workspace -emit-const-values -const-gather-protocols-list /Users/admin/builder/spi-builder-workspace/.derivedData/Build/Intermediates.noindex/SpeziOnboarding.build/Debug-watchos/SpeziOnboarding-t.build/Objects-normal/arm64/SpeziOnboarding_const_extract_protocols.json -Xcc -I/Users/admin/builder/spi-builder-workspace/.dependencies/checkouts/zstd/lib -Xcc -I/Users/admin/builder/spi-builder-workspace/.dependencies/checkouts/swift-atomics/Sources/_AtomicsShims/include -Xcc -I/Users/admin/builder/spi-builder-workspace/.dependencies/checkouts/swift-numerics/Sources/_NumericsShims/include -Xcc -I/Users/admin/builder/spi-builder-workspace/.dependencies/checkouts/SpeziFoundation/Sources/SpeziFoundationObjC/include -Xcc -I/Users/admin/builder/spi-builder-workspace/.dependencies/checkouts/swift-cmark/src/include -Xcc -I/Users/admin/builder/spi-builder-workspace/.dependencies/checkouts/swift-cmark/extensions/include -Xcc -I/Users/admin/builder/spi-builder-workspace/.derivedData/Build/Products/Debug-watchos/include -Xcc -I/Users/admin/builder/spi-builder-workspace/.derivedData/Build/Intermediates.noindex/SpeziOnboarding.build/Debug-watchos/SpeziOnboarding-t.build/DerivedSources-normal/arm64 -Xcc -I/Users/admin/builder/spi-builder-workspace/.derivedData/Build/Intermediates.noindex/SpeziOnboarding.build/Debug-watchos/SpeziOnboarding-t.build/DerivedSources/arm64 -Xcc -I/Users/admin/builder/spi-builder-workspace/.derivedData/Build/Intermediates.noindex/SpeziOnboarding.build/Debug-watchos/SpeziOnboarding-t.build/DerivedSources -Xcc -DSWIFT_PACKAGE -Xcc -DDEBUG\=1 -emit-objc-header -emit-objc-header-path /Users/admin/builder/spi-builder-workspace/.derivedData/Build/Intermediates.noindex/SpeziOnboarding.build/Debug-watchos/SpeziOnboarding-t.build/Objects-normal/arm64/SpeziOnboarding-Swift.h -working-directory /Users/admin/builder/spi-builder-workspace/.swiftpm/xcode -experimental-emit-module-separately -disable-cmo
SwiftDriverJobDiscovery normal arm64 Compiling LabeledContent+Init.swift, ListHeader.swift, ListRow.swift, IllegalNavigationStepView.swift, ManagedNavigationStack+Path.swift, ManagedNavigationStack.swift (in target 'SpeziViews' from project 'SpeziViews')
SwiftDriverJobDiscovery normal arm64 Compiling ViewState.swift, ConfigureTipKit.swift, ManagedViewUpdate.swift, LiquidGlass.swift, ReverseLabelStyle.swift, AnyLocalizedError.swift (in target 'SpeziViews' from project 'SpeziViews')
SwiftDriverJobDiscovery normal arm64 Compiling NavigationStepIdentifier.swift, NavigationStepIdentifying.swift, NavigationStepsBuilder.swift, NavigationStepsCollection.swift, ShareSheet.swift, ShareSheetInput.swift (in target 'SpeziViews' from project 'SpeziViews')
SwiftCompile normal arm64_32 Compiling\ resource_bundle_accessor.swift /Users/admin/builder/spi-builder-workspace/.derivedData/Build/Intermediates.noindex/SpeziOnboarding.build/Debug-watchos/SpeziOnboarding-t.build/DerivedSources/resource_bundle_accessor.swift (in target 'SpeziOnboarding' from project 'SpeziOnboarding')
SwiftCompile normal arm64_32 /Users/admin/builder/spi-builder-workspace/.derivedData/Build/Intermediates.noindex/SpeziOnboarding.build/Debug-watchos/SpeziOnboarding-t.build/DerivedSources/resource_bundle_accessor.swift (in target 'SpeziOnboarding' from project 'SpeziOnboarding')
cd /Users/admin/builder/spi-builder-workspace/.swiftpm/xcode
builtin-SwiftPerFileCompile resource_bundle_accessor.swift
SwiftEmitModule normal arm64_32 Emitting\ module\ for\ SpeziOnboarding (in target 'SpeziOnboarding' from project 'SpeziOnboarding')
SwiftCompile normal arm64_32 (in target 'SpeziOnboarding' from project 'SpeziOnboarding')
cd /Users/admin/builder/spi-builder-workspace/.swiftpm/xcode
SwiftCompile normal arm64_32 Compiling\ OnboardingInformationView.swift /Users/admin/builder/spi-builder-workspace/Sources/SpeziOnboarding/OnboardingInformationView.swift (in target 'SpeziOnboarding' from project 'SpeziOnboarding')
SwiftCompile normal arm64_32 /Users/admin/builder/spi-builder-workspace/Sources/SpeziOnboarding/OnboardingInformationView.swift (in target 'SpeziOnboarding' from project 'SpeziOnboarding')
cd /Users/admin/builder/spi-builder-workspace/.swiftpm/xcode
builtin-SwiftPerFileCompile OnboardingInformationView.swift
SwiftCompile normal arm64_32 Compiling\ GeneratedStringSymbols_Localizable.swift /Users/admin/builder/spi-builder-workspace/.derivedData/Build/Intermediates.noindex/SpeziOnboarding.build/Debug-watchos/SpeziOnboarding-t.build/DerivedSources/GeneratedStringSymbols_Localizable.swift (in target 'SpeziOnboarding' from project 'SpeziOnboarding')
SwiftCompile normal arm64_32 /Users/admin/builder/spi-builder-workspace/.derivedData/Build/Intermediates.noindex/SpeziOnboarding.build/Debug-watchos/SpeziOnboarding-t.build/DerivedSources/GeneratedStringSymbols_Localizable.swift (in target 'SpeziOnboarding' from project 'SpeziOnboarding')
cd /Users/admin/builder/spi-builder-workspace/.swiftpm/xcode
builtin-SwiftPerFileCompile GeneratedStringSymbols_Localizable.swift
SwiftDriverJobDiscovery normal arm64 Compiling CanvasView.swift, PencilKit+Utils.swift, DescriptionGridRow.swift, DynamicHStack.swift, HorizontalGeometryReader.swift, ResizeToFit.swift (in target 'SpeziViews' from project 'SpeziViews')
SwiftCompile normal arm64_32 Compiling\ OnboardingTitleView.swift /Users/admin/builder/spi-builder-workspace/Sources/SpeziOnboarding/OnboardingTitleView.swift (in target 'SpeziOnboarding' from project 'SpeziOnboarding')
SwiftCompile normal arm64_32 /Users/admin/builder/spi-builder-workspace/Sources/SpeziOnboarding/OnboardingTitleView.swift (in target 'SpeziOnboarding' from project 'SpeziOnboarding')
cd /Users/admin/builder/spi-builder-workspace/.swiftpm/xcode
builtin-SwiftPerFileCompile OnboardingTitleView.swift
SwiftDriverJobDiscovery normal arm64 Compiling TextContent.swift, CompletedTileHeader.swift, SimpleTile.swift, TileHeader.swift, GeneratedStringSymbols_Localizable.swift (in target 'SpeziViews' from project 'SpeziViews')
SwiftCompile normal arm64_32 Compiling\ SequentialOnboardingView.swift /Users/admin/builder/spi-builder-workspace/Sources/SpeziOnboarding/SequentialOnboardingView.swift (in target 'SpeziOnboarding' from project 'SpeziOnboarding')
/Users/admin/builder/spi-builder-workspace/Sources/SpeziOnboarding/SequentialOnboardingView.swift:164:38: error: 'systemGroupedBackground' is unavailable in watchOS
162 | RoundedRectangle(cornerRadius: 16)
163 | #if !os(macOS)
164 | .fill(Color(.systemGroupedBackground))
| `- error: 'systemGroupedBackground' is unavailable in watchOS
165 | #else
166 | .fill(Color(.windowBackgroundColor))
/Applications/Xcode-27.0.0-Release.Candidate.app/Contents/Developer/Platforms/WatchOS.platform/Developer/SDKs/WatchOS27.0.sdk/System/Library/Frameworks/UIKit.framework/Headers/UIInterface.h:217:49: note: 'systemGroupedBackground' has been explicitly marked unavailable here
215 | * colors in places where a table view wouldn't make sense.
216 | */
217 | @property (class, nonatomic, readonly) UIColor *systemGroupedBackgroundColor API_AVAILABLE(ios(13.0)) API_UNAVAILABLE(tvos, watchos);
| `- note: 'systemGroupedBackground' has been explicitly marked unavailable here
218 | @property (class, nonatomic, readonly) UIColor *secondarySystemGroupedBackgroundColor API_AVAILABLE(ios(13.0)) API_UNAVAILABLE(tvos, watchos);
219 | @property (class, nonatomic, readonly) UIColor *tertiarySystemGroupedBackgroundColor API_AVAILABLE(ios(13.0)) API_UNAVAILABLE(tvos, watchos);
Failed frontend command:
/Applications/Xcode-27.0.0-Release.Candidate.app/Contents/Developer/Toolchains/XcodeDefault.xctoolchain/usr/bin/swift-frontend -frontend -c /Users/admin/builder/spi-builder-workspace/.derivedData/Build/Intermediates.noindex/SpeziOnboarding.build/Debug-watchos/SpeziOnboarding-t.build/DerivedSources/resource_bundle_accessor.swift /Users/admin/builder/spi-builder-workspace/Sources/SpeziOnboarding/OnboardingActionsView.swift /Users/admin/builder/spi-builder-workspace/Sources/SpeziOnboarding/OnboardingInformationView+Area.swift /Users/admin/builder/spi-builder-workspace/Sources/SpeziOnboarding/OnboardingInformationView.swift /Users/admin/builder/spi-builder-workspace/Sources/SpeziOnboarding/OnboardingTitleView.swift /Users/admin/builder/spi-builder-workspace/Sources/SpeziOnboarding/OnboardingView.swift -primary-file /Users/admin/builder/spi-builder-workspace/Sources/SpeziOnboarding/SequentialOnboardingView.swift /Users/admin/builder/spi-builder-workspace/Sources/SpeziOnboarding/Utils.swift /Users/admin/builder/spi-builder-workspace/.derivedData/Build/Intermediates.noindex/SpeziOnboarding.build/Debug-watchos/SpeziOnboarding-t.build/DerivedSources/GeneratedStringSymbols_Localizable.swift -emit-dependencies-path /Users/admin/builder/spi-builder-workspace/.derivedData/Build/Intermediates.noindex/SpeziOnboarding.build/Debug-watchos/SpeziOnboarding-t.build/Objects-normal/arm64_32/SequentialOnboardingView.d -emit-const-values-path /Users/admin/builder/spi-builder-workspace/.derivedData/Build/Intermediates.noindex/SpeziOnboarding.build/Debug-watchos/SpeziOnboarding-t.build/Objects-normal/arm64_32/SequentialOnboardingView.swiftconstvalues -emit-reference-dependencies-path /Users/admin/builder/spi-builder-workspace/.derivedData/Build/Intermediates.noindex/SpeziOnboarding.build/Debug-watchos/SpeziOnboarding-t.build/Objects-normal/arm64_32/SequentialOnboardingView.swiftdeps -serialize-diagnostics-path /Users/admin/builder/spi-builder-workspace/.derivedData/Build/Intermediates.noindex/SpeziOnboarding.build/Debug-watchos/SpeziOnboarding-t.build/Objects-normal/arm64_32/SequentialOnboardingView.dia -emit-localized-strings -emit-localized-strings-path /Users/admin/builder/spi-builder-workspace/.derivedData/Build/Intermediates.noindex/SpeziOnboarding.build/Debug-watchos/SpeziOnboarding-t.build/Objects-normal/arm64_32 -target arm64_32-apple-watchos10.0 -disable-cross-import-overlay-search -load-resolved-plugin /Applications/Xcode-27.0.0-Release.Candidate.app/Contents/Developer/Platforms/WatchOS.platform/Developer/usr/lib/swift/host/plugins/libFoundationMacros.dylib\#/Applications/Xcode-27.0.0-Release.Candidate.app/Contents/Developer/Platforms/WatchOS.platform/Developer/usr/bin/swift-plugin-server\#FoundationMacros -load-resolved-plugin /Applications/Xcode-27.0.0-Release.Candidate.app/Contents/Developer/Platforms/WatchOS.platform/Developer/usr/lib/swift/host/plugins/libObservationMacros.dylib\#/Applications/Xcode-27.0.0-Release.Candidate.app/Contents/Developer/Platforms/WatchOS.platform/Developer/usr/bin/swift-plugin-server\#ObservationMacros -load-resolved-plugin /Applications/Xcode-27.0.0-Release.Candidate.app/Contents/Developer/Platforms/WatchOS.platform/Developer/usr/lib/swift/host/plugins/libPreviewsMacros.dylib\#/Applications/Xcode-27.0.0-Release.Candidate.app/Contents/Developer/Platforms/WatchOS.platform/Developer/usr/bin/swift-plugin-server\#PreviewsMacros -load-resolved-plugin /Applications/Xcode-27.0.0-Release.Candidate.app/Contents/Developer/Platforms/WatchOS.platform/Developer/usr/lib/swift/host/plugins/libSwiftMacros.dylib\#/Applications/Xcode-27.0.0-Release.Candidate.app/Contents/Developer/Platforms/WatchOS.platform/Developer/usr/bin/swift-plugin-server\#SwiftMacros -load-resolved-plugin /Applications/Xcode-27.0.0-Release.Candidate.app/Contents/Developer/Platforms/WatchOS.platform/Developer/usr/lib/swift/host/plugins/libSwiftUIMacros.dylib\#/Applications/Xcode-27.0.0-Release.Candidate.app/Contents/Developer/Platforms/WatchOS.platform/Developer/usr/bin/swift-plugin-server\#SwiftUIMacros -load-resolved-plugin \#/Users/admin/builder/spi-builder-workspace/.derivedData/Build/Products/Debug/ThreadLocalMacros\#ThreadLocalMacros -load-resolved-plugin /Applications/Xcode-27.0.0-Release.Candidate.app/Contents/Developer/Platforms/WatchOS.platform/Developer/usr/lib/swift/host/plugins/libTipKitMacros.dylib\#/Applications/Xcode-27.0.0-Release.Candidate.app/Contents/Developer/Platforms/WatchOS.platform/Developer/usr/bin/swift-plugin-server\#TipKitMacros -disable-implicit-swift-modules -Xcc -fno-implicit-modules -Xcc -fno-implicit-module-maps -explicit-swift-module-map-file /Users/admin/builder/spi-builder-workspace/.derivedData/Build/Intermediates.noindex/SpeziOnboarding.build/Debug-watchos/SpeziOnboarding-t.build/Objects-normal/arm64_32/SpeziOnboarding-dependencies-1.json -enable-objc-interop -sdk /Applications/Xcode-27.0.0-Release.Candidate.app/Contents/Developer/Platforms/WatchOS.platform/Developer/SDKs/WatchOS27.0.sdk -I /Users/admin/builder/spi-builder-workspace/.derivedData/Build/Products/Debug-watchos -Isystem /Applications/Xcode-27.0.0-Release.Candidate.app/Contents/Developer/Platforms/WatchOS.platform/Developer/usr/lib -F /Users/admin/builder/spi-builder-workspace/.derivedData/Build/Products/Debug-watchos/PackageFrameworks -F /Users/admin/builder/spi-builder-workspace/.derivedData/Build/Products/Debug-watchos -F /Applications/Xcode-27.0.0-Release.Candidate.app/Contents/Developer/Platforms/WatchOS.platform/Developer/Library/Frameworks -F /Applications/Xcode-27.0.0-Release.Candidate.app/Contents/Developer/Platforms/WatchOS.platform/Developer/SDKs/WatchOS27.0.sdk/Developer/Library/Frameworks -module-cache-path /Users/admin/builder/spi-builder-workspace/.derivedData/Build/Intermediates.noindex/SwiftExplicitPrecompiledModules -no-color-diagnostics -Xcc -fno-color-diagnostics -enable-testing -g -debug-info-format\=dwarf -dwarf-version\=4 -profile-generate -profile-coverage-mapping -swift-version 6 -Onone -D SWIFT_PACKAGE -D DEBUG -D SWIFT_MODULE_RESOURCE_BUNDLE_AVAILABLE -D Xcode -serialize-debugging-options -load-plugin-executable /Users/admin/builder/spi-builder-workspace/.derivedData/Build/Products/Debug/ThreadLocalMacros\#ThreadLocalMacros -enable-upcoming-feature ExistentialAny -enable-experimental-feature DebugDescriptionMacro -empty-abi-descriptor -validate-clang-modules-once -clang-build-session-file /Users/admin/builder/spi-builder-workspace/.derivedData/ModuleCache.noindex/Session.modulevalidation -Xcc -working-directory -Xcc /Users/admin/builder/spi-builder-workspace/.swiftpm/xcode -enable-anonymous-context-mangled-names -file-compilation-dir /Users/admin/builder/spi-builder-workspace/.swiftpm/xcode -Xcc -fmodule-map-file\=/Users/admin/builder/spi-builder-workspace/.dependencies/checkouts/zstd/lib/module.modulemap -Xcc -fmodule-map-file\=/Users/admin/builder/spi-builder-workspace/.dependencies/checkouts/swift-atomics/Sources/_AtomicsShims/include/module.modulemap -Xcc -fmodule-map-file\=/Users/admin/builder/spi-builder-workspace/.dependencies/checkouts/swift-numerics/Sources/_NumericsShims/include/module.modulemap -Xcc -fmodule-map-file\=/Users/admin/builder/spi-builder-workspace/.derivedData/Build/Intermediates.noindex/GeneratedModuleMaps-watchos/SpeziFoundationObjC.modulemap -Xcc -fmodule-map-file\=/Users/admin/builder/spi-builder-workspace/.dependencies/checkouts/swift-cmark/src/include/module.modulemap -Xcc -fmodule-map-file\=/Users/admin/builder/spi-builder-workspace/.dependencies/checkouts/swift-cmark/extensions/include/module.modulemap -Xcc -D_LIBCPP_HARDENING_MODE\=_LIBCPP_HARDENING_MODE_DEBUG -Xcc -ivfsstatcache -Xcc /Users/admin/builder/spi-builder-workspace/.derivedData/SDKStatCaches.noindex/watchos27.0-24R360-e829b21a6f8c9b70876ba0858053c04477534ef55a1706bf4c1112bbb242f0a2.sdkstatcache -Xcc -fmodules-prune-interval\=86400 -Xcc -fmodules-prune-after\=345600 -Xcc -I/Users/admin/builder/spi-builder-workspace/.dependencies/checkouts/zstd/lib -Xcc -I/Users/admin/builder/spi-builder-workspace/.dependencies/checkouts/swift-atomics/Sources/_AtomicsShims/include -Xcc -I/Users/admin/builder/spi-builder-workspace/.dependencies/checkouts/swift-numerics/Sources/_NumericsShims/include -Xcc -I/Users/admin/builder/spi-builder-workspace/.dependencies/checkouts/SpeziFoundation/Sources/SpeziFoundationObjC/include -Xcc -I/Users/admin/builder/spi-builder-workspace/.dependencies/checkouts/swift-cmark/src/include -Xcc -I/Users/admin/builder/spi-builder-workspace/.dependencies/checkouts/swift-cmark/extensions/include -Xcc -I/Users/admin/builder/spi-builder-workspace/.derivedData/Build/Products/Debug-watchos/include -Xcc -I/Users/admin/builder/spi-builder-workspace/.derivedData/Build/Intermediates.noindex/SpeziOnboarding.build/Debug-watchos/SpeziOnboarding-t.build/DerivedSources-normal/arm64_32 -Xcc -I/Users/admin/builder/spi-builder-workspace/.derivedData/Build/Intermediates.noindex/SpeziOnboarding.build/Debug-watchos/SpeziOnboarding-t.build/DerivedSources/arm64_32 -Xcc -I/Users/admin/builder/spi-builder-workspace/.derivedData/Build/Intermediates.noindex/SpeziOnboarding.build/Debug-watchos/SpeziOnboarding-t.build/DerivedSources -Xcc -DSWIFT_PACKAGE -Xcc -DDEBUG\=1 -no-auto-bridging-header-chaining -module-name SpeziOnboarding -package-name spi_builder_workspace -const-gather-protocols-file /Users/admin/builder/spi-builder-workspace/.derivedData/Build/Intermediates.noindex/SpeziOnboarding.build/Debug-watchos/SpeziOnboarding-t.build/Objects-normal/arm64_32/SpeziOnboarding_const_extract_protocols.json -disable-clang-spi -clang-target arm64_32-apple-watchos27.0 -target-sdk-version 27.0 -target-sdk-name watchos27.0 -in-process-plugin-server-path /Applications/Xcode-27.0.0-Release.Candidate.app/Contents/Developer/Toolchains/XcodeDefault.xctoolchain/usr/lib/swift/host/libSwiftInProcPluginServer.dylib -parse-as-library -o /Users/admin/builder/spi-builder-workspace/.derivedData/Build/Intermediates.noindex/SpeziOnboarding.build/Debug-watchos/SpeziOnboarding-t.build/Objects-normal/arm64_32/SequentialOnboardingView.o -debug-module-path /Users/admin/builder/spi-builder-workspace/.derivedData/Build/Intermediates.noindex/SpeziOnboarding.build/Debug-watchos/SpeziOnboarding-t.build/Objects-normal/arm64_32/SpeziOnboarding.swiftmodule -index-unit-output-path /SpeziOnboarding.build/Debug-watchos/SpeziOnboarding-t.build/Objects-normal/arm64_32/SequentialOnboardingView.o -index-store-path /Users/admin/builder/spi-builder-workspace/.derivedData/Index.noindex/DataStore -index-system-modules
SwiftCompile normal arm64_32 /Users/admin/builder/spi-builder-workspace/Sources/SpeziOnboarding/SequentialOnboardingView.swift (in target 'SpeziOnboarding' from project 'SpeziOnboarding')
cd /Users/admin/builder/spi-builder-workspace/.swiftpm/xcode
builtin-SwiftPerFileCompile SequentialOnboardingView.swift
SwiftDriverJobDiscovery normal arm64_32 Compiling GeneratedStringSymbols_Localizable.swift (in target 'SpeziOnboarding' from project 'SpeziOnboarding')
SwiftCompile normal arm64_32 Compiling\ OnboardingInformationView+Area.swift /Users/admin/builder/spi-builder-workspace/Sources/SpeziOnboarding/OnboardingInformationView+Area.swift (in target 'SpeziOnboarding' from project 'SpeziOnboarding')
SwiftCompile normal arm64_32 /Users/admin/builder/spi-builder-workspace/Sources/SpeziOnboarding/OnboardingInformationView+Area.swift (in target 'SpeziOnboarding' from project 'SpeziOnboarding')
cd /Users/admin/builder/spi-builder-workspace/.swiftpm/xcode
builtin-SwiftPerFileCompile OnboardingInformationView+Area.swift
SwiftDriverJobDiscovery normal arm64_32 Compiling resource_bundle_accessor.swift (in target 'SpeziOnboarding' from project 'SpeziOnboarding')
SwiftCompile normal arm64_32 Compiling\ OnboardingActionsView.swift /Users/admin/builder/spi-builder-workspace/Sources/SpeziOnboarding/OnboardingActionsView.swift (in target 'SpeziOnboarding' from project 'SpeziOnboarding')
SwiftCompile normal arm64_32 /Users/admin/builder/spi-builder-workspace/Sources/SpeziOnboarding/OnboardingActionsView.swift (in target 'SpeziOnboarding' from project 'SpeziOnboarding')
cd /Users/admin/builder/spi-builder-workspace/.swiftpm/xcode
builtin-SwiftPerFileCompile OnboardingActionsView.swift
SwiftCompile normal arm64_32 Compiling\ OnboardingView.swift /Users/admin/builder/spi-builder-workspace/Sources/SpeziOnboarding/OnboardingView.swift (in target 'SpeziOnboarding' from project 'SpeziOnboarding')
SwiftCompile normal arm64_32 /Users/admin/builder/spi-builder-workspace/Sources/SpeziOnboarding/OnboardingView.swift (in target 'SpeziOnboarding' from project 'SpeziOnboarding')
cd /Users/admin/builder/spi-builder-workspace/.swiftpm/xcode
builtin-SwiftPerFileCompile OnboardingView.swift
SwiftDriverJobDiscovery normal arm64 Compiling ShimmerModifier.swift, SkeletonLoadingModifier.swift, OperationStateAlert.swift, ViewStateAlert.swift, ViewStateMapper.swift, AsyncButton.swift (in target 'SpeziViews' from project 'SpeziViews')
SwiftCompile normal arm64_32 Compiling\ Utils.swift /Users/admin/builder/spi-builder-workspace/Sources/SpeziOnboarding/Utils.swift (in target 'SpeziOnboarding' from project 'SpeziOnboarding')
SwiftCompile normal arm64_32 /Users/admin/builder/spi-builder-workspace/Sources/SpeziOnboarding/Utils.swift (in target 'SpeziOnboarding' from project 'SpeziOnboarding')
cd /Users/admin/builder/spi-builder-workspace/.swiftpm/xcode
builtin-SwiftPerFileCompile Utils.swift
SwiftDriverJobDiscovery normal arm64 Compiling ShareableRepresentation.swift, Label.swift, LazyText.swift, MarkdownView+ImageProviders.swift, MarkdownView.swift (in target 'SpeziViews' from project 'SpeziViews')
SwiftEmitModule normal arm64 Emitting\ module\ for\ SpeziOnboarding (in target 'SpeziOnboarding' from project 'SpeziOnboarding')
SwiftCompile normal arm64 (in target 'SpeziOnboarding' from project 'SpeziOnboarding')
cd /Users/admin/builder/spi-builder-workspace/.swiftpm/xcode
SwiftDriverJobDiscovery normal arm64_32 Compiling OnboardingInformationView+Area.swift (in target 'SpeziOnboarding' from project 'SpeziOnboarding')
SwiftCompile normal arm64 Compiling\ OnboardingView.swift /Users/admin/builder/spi-builder-workspace/Sources/SpeziOnboarding/OnboardingView.swift (in target 'SpeziOnboarding' from project 'SpeziOnboarding')
SwiftCompile normal arm64 /Users/admin/builder/spi-builder-workspace/Sources/SpeziOnboarding/OnboardingView.swift (in target 'SpeziOnboarding' from project 'SpeziOnboarding')
cd /Users/admin/builder/spi-builder-workspace/.swiftpm/xcode
builtin-SwiftPerFileCompile OnboardingView.swift
SwiftDriverJobDiscovery normal arm64_32 Compiling OnboardingInformationView.swift (in target 'SpeziOnboarding' from project 'SpeziOnboarding')
SwiftCompile normal arm64 Compiling\ SequentialOnboardingView.swift /Users/admin/builder/spi-builder-workspace/Sources/SpeziOnboarding/SequentialOnboardingView.swift (in target 'SpeziOnboarding' from project 'SpeziOnboarding')
SwiftCompile normal arm64 /Users/admin/builder/spi-builder-workspace/Sources/SpeziOnboarding/SequentialOnboardingView.swift (in target 'SpeziOnboarding' from project 'SpeziOnboarding')
cd /Users/admin/builder/spi-builder-workspace/.swiftpm/xcode
builtin-SwiftPerFileCompile SequentialOnboardingView.swift
SwiftDriverJobDiscovery normal arm64_32 Emitting module for SpeziOnboarding (in target 'SpeziOnboarding' from project 'SpeziOnboarding')
SwiftDriver\ Compilation\ Requirements SpeziOnboarding normal arm64_32 com.apple.xcode.tools.swift.compiler (in target 'SpeziOnboarding' from project 'SpeziOnboarding')
cd /Users/admin/builder/spi-builder-workspace/.swiftpm/xcode
builtin-Swift-Compilation-Requirements -- /Applications/Xcode-27.0.0-Release.Candidate.app/Contents/Developer/Toolchains/XcodeDefault.xctoolchain/usr/bin/swiftc -parse-as-library -module-name SpeziOnboarding -Onone @/Users/admin/builder/spi-builder-workspace/.derivedData/Build/Intermediates.noindex/SpeziOnboarding.build/Debug-watchos/SpeziOnboarding-t.build/Objects-normal/arm64_32/SpeziOnboarding.SwiftFileList -DSWIFT_PACKAGE -DDEBUG -DSWIFT_MODULE_RESOURCE_BUNDLE_AVAILABLE -Xcc -fmodule-map-file\=/Users/admin/builder/spi-builder-workspace/.dependencies/checkouts/zstd/lib/module.modulemap -Xcc -fmodule-map-file\=/Users/admin/builder/spi-builder-workspace/.dependencies/checkouts/swift-atomics/Sources/_AtomicsShims/include/module.modulemap -Xcc -fmodule-map-file\=/Users/admin/builder/spi-builder-workspace/.dependencies/checkouts/swift-numerics/Sources/_NumericsShims/include/module.modulemap -Xcc -fmodule-map-file\=/Users/admin/builder/spi-builder-workspace/.derivedData/Build/Intermediates.noindex/GeneratedModuleMaps-watchos/SpeziFoundationObjC.modulemap -Xcc -fmodule-map-file\=/Users/admin/builder/spi-builder-workspace/.dependencies/checkouts/swift-cmark/src/include/module.modulemap -Xcc -fmodule-map-file\=/Users/admin/builder/spi-builder-workspace/.dependencies/checkouts/swift-cmark/extensions/include/module.modulemap -DXcode -enable-upcoming-feature ExistentialAny -plugin-path /Applications/Xcode-27.0.0-Release.Candidate.app/Contents/Developer/Toolchains/XcodeDefault.xctoolchain/usr/lib/swift/host/plugins/testing -enable-experimental-feature DebugDescriptionMacro -sdk /Applications/Xcode-27.0.0-Release.Candidate.app/Contents/Developer/Platforms/WatchOS.platform/Developer/SDKs/WatchOS27.0.sdk -target arm64_32-apple-watchos10.0 -g -module-cache-path /Users/admin/builder/spi-builder-workspace/.derivedData/ModuleCache.noindex -Xfrontend -serialize-debugging-options -profile-coverage-mapping -profile-generate -enable-testing -index-store-path /Users/admin/builder/spi-builder-workspace/.derivedData/Index.noindex/DataStore -Xcc -D_LIBCPP_HARDENING_MODE\=_LIBCPP_HARDENING_MODE_DEBUG -swift-version 6 -I /Users/admin/builder/spi-builder-workspace/.derivedData/Build/Products/Debug-watchos -Isystem /Applications/Xcode-27.0.0-Release.Candidate.app/Contents/Developer/Platforms/WatchOS.platform/Developer/usr/lib -F /Users/admin/builder/spi-builder-workspace/.derivedData/Build/Products/Debug-watchos/PackageFrameworks -F /Users/admin/builder/spi-builder-workspace/.derivedData/Build/Products/Debug-watchos -F /Applications/Xcode-27.0.0-Release.Candidate.app/Contents/Developer/Platforms/WatchOS.platform/Developer/Library/Frameworks -F /Applications/Xcode-27.0.0-Release.Candidate.app/Contents/Developer/Platforms/WatchOS.platform/Developer/SDKs/WatchOS27.0.sdk/Developer/Library/Frameworks -Xfrontend -load-plugin-executable -Xfrontend /Users/admin/builder/spi-builder-workspace/.derivedData/Build/Products/Debug/ThreadLocalMacros\#ThreadLocalMacros -emit-localized-strings -emit-localized-strings-path /Users/admin/builder/spi-builder-workspace/.derivedData/Build/Intermediates.noindex/SpeziOnboarding.build/Debug-watchos/SpeziOnboarding-t.build/Objects-normal/arm64_32 -c -j10 -enable-batch-mode -incremental -Xcc -ivfsstatcache -Xcc /Users/admin/builder/spi-builder-workspace/.derivedData/SDKStatCaches.noindex/watchos27.0-24R360-e829b21a6f8c9b70876ba0858053c04477534ef55a1706bf4c1112bbb242f0a2.sdkstatcache -output-file-map /Users/admin/builder/spi-builder-workspace/.derivedData/Build/Intermediates.noindex/SpeziOnboarding.build/Debug-watchos/SpeziOnboarding-t.build/Objects-normal/arm64_32/SpeziOnboarding-OutputFileMap.json -save-temps -no-color-diagnostics -explicit-module-build -module-cache-path /Users/admin/builder/spi-builder-workspace/.derivedData/Build/Intermediates.noindex/SwiftExplicitPrecompiledModules -clang-scanner-module-cache-path /Users/admin/builder/spi-builder-workspace/.derivedData/ModuleCache.noindex -sdk-module-cache-path /Users/admin/builder/spi-builder-workspace/.derivedData/SDKExplicitPrecompiledModules -emit-dependencies -emit-module -emit-module-path /Users/admin/builder/spi-builder-workspace/.derivedData/Build/Intermediates.noindex/SpeziOnboarding.build/Debug-watchos/SpeziOnboarding-t.build/Objects-normal/arm64_32/SpeziOnboarding.swiftmodule -serialize-diagnostics -dependency-scan-serialize-diagnostics-path /Users/admin/builder/spi-builder-workspace/.derivedData/Build/Intermediates.noindex/SpeziOnboarding.build/Debug-watchos/SpeziOnboarding-t.build/Objects-normal/arm64_32/SpeziOnboarding-dependency-scan.dia -validate-clang-modules-once -clang-build-session-file /Users/admin/builder/spi-builder-workspace/.derivedData/ModuleCache.noindex/Session.modulevalidation -Xcc -fmodules-prune-interval\=86400 -Xcc -fmodules-prune-after\=345600 -package-name spi_builder_workspace -emit-const-values -const-gather-protocols-list /Users/admin/builder/spi-builder-workspace/.derivedData/Build/Intermediates.noindex/SpeziOnboarding.build/Debug-watchos/SpeziOnboarding-t.build/Objects-normal/arm64_32/SpeziOnboarding_const_extract_protocols.json -Xcc -I/Users/admin/builder/spi-builder-workspace/.dependencies/checkouts/zstd/lib -Xcc -I/Users/admin/builder/spi-builder-workspace/.dependencies/checkouts/swift-atomics/Sources/_AtomicsShims/include -Xcc -I/Users/admin/builder/spi-builder-workspace/.dependencies/checkouts/swift-numerics/Sources/_NumericsShims/include -Xcc -I/Users/admin/builder/spi-builder-workspace/.dependencies/checkouts/SpeziFoundation/Sources/SpeziFoundationObjC/include -Xcc -I/Users/admin/builder/spi-builder-workspace/.dependencies/checkouts/swift-cmark/src/include -Xcc -I/Users/admin/builder/spi-builder-workspace/.dependencies/checkouts/swift-cmark/extensions/include -Xcc -I/Users/admin/builder/spi-builder-workspace/.derivedData/Build/Products/Debug-watchos/include -Xcc -I/Users/admin/builder/spi-builder-workspace/.derivedData/Build/Intermediates.noindex/SpeziOnboarding.build/Debug-watchos/SpeziOnboarding-t.build/DerivedSources-normal/arm64_32 -Xcc -I/Users/admin/builder/spi-builder-workspace/.derivedData/Build/Intermediates.noindex/SpeziOnboarding.build/Debug-watchos/SpeziOnboarding-t.build/DerivedSources/arm64_32 -Xcc -I/Users/admin/builder/spi-builder-workspace/.derivedData/Build/Intermediates.noindex/SpeziOnboarding.build/Debug-watchos/SpeziOnboarding-t.build/DerivedSources -Xcc -DSWIFT_PACKAGE -Xcc -DDEBUG\=1 -emit-objc-header -emit-objc-header-path /Users/admin/builder/spi-builder-workspace/.derivedData/Build/Intermediates.noindex/SpeziOnboarding.build/Debug-watchos/SpeziOnboarding-t.build/Objects-normal/arm64_32/SpeziOnboarding-Swift.h -working-directory /Users/admin/builder/spi-builder-workspace/.swiftpm/xcode -experimental-emit-module-separately -disable-cmo
SwiftDriverJobDiscovery normal arm64 Compiling AsyncButtonProcessingStyle.swift, DismissButton.swift, InfoButton.swift, CaseIterablePicker.swift, OptionSetPicker.swift, PickerValue.swift (in target 'SpeziViews' from project 'SpeziViews')
SwiftCompile normal arm64 Compiling\ resource_bundle_accessor.swift /Users/admin/builder/spi-builder-workspace/.derivedData/Build/Intermediates.noindex/SpeziOnboarding.build/Debug-watchos/SpeziOnboarding-t.build/DerivedSources/resource_bundle_accessor.swift (in target 'SpeziOnboarding' from project 'SpeziOnboarding')
SwiftCompile normal arm64 /Users/admin/builder/spi-builder-workspace/.derivedData/Build/Intermediates.noindex/SpeziOnboarding.build/Debug-watchos/SpeziOnboarding-t.build/DerivedSources/resource_bundle_accessor.swift (in target 'SpeziOnboarding' from project 'SpeziOnboarding')
cd /Users/admin/builder/spi-builder-workspace/.swiftpm/xcode
builtin-SwiftPerFileCompile resource_bundle_accessor.swift
SwiftCompile normal arm64 Compiling\ OnboardingInformationView.swift /Users/admin/builder/spi-builder-workspace/Sources/SpeziOnboarding/OnboardingInformationView.swift (in target 'SpeziOnboarding' from project 'SpeziOnboarding')
SwiftCompile normal arm64 /Users/admin/builder/spi-builder-workspace/Sources/SpeziOnboarding/OnboardingInformationView.swift (in target 'SpeziOnboarding' from project 'SpeziOnboarding')
cd /Users/admin/builder/spi-builder-workspace/.swiftpm/xcode
builtin-SwiftPerFileCompile OnboardingInformationView.swift
SwiftDriverJobDiscovery normal arm64_32 Compiling OnboardingTitleView.swift (in target 'SpeziOnboarding' from project 'SpeziOnboarding')
Copy /Users/admin/builder/spi-builder-workspace/.derivedData/Build/Products/Debug-watchos/SpeziOnboarding.swiftmodule/arm64_32-apple-watchos.swiftmodule /Users/admin/builder/spi-builder-workspace/.derivedData/Build/Intermediates.noindex/SpeziOnboarding.build/Debug-watchos/SpeziOnboarding-t.build/Objects-normal/arm64_32/SpeziOnboarding.swiftmodule (in target 'SpeziOnboarding' from project 'SpeziOnboarding')
cd /Users/admin/builder/spi-builder-workspace
builtin-copy -exclude .DS_Store -exclude CVS -exclude .svn -exclude .git -exclude .hg -resolve-src-symlinks -rename /Users/admin/builder/spi-builder-workspace/.derivedData/Build/Intermediates.noindex/SpeziOnboarding.build/Debug-watchos/SpeziOnboarding-t.build/Objects-normal/arm64_32/SpeziOnboarding.swiftmodule /Users/admin/builder/spi-builder-workspace/.derivedData/Build/Products/Debug-watchos/SpeziOnboarding.swiftmodule/arm64_32-apple-watchos.swiftmodule
PruneExplicitPrecompiledModules /Users/admin/builder/spi-builder-workspace/.derivedData/Build/Intermediates.noindex/SwiftExplicitPrecompiledModules
PruneExplicitPrecompiledModules /Users/admin/builder/spi-builder-workspace/.derivedData/SDKExplicitPrecompiledModules
PruneExplicitPrecompiledModules /Users/admin/builder/spi-builder-workspace/.derivedData/Build/Intermediates.noindex/ExplicitPrecompiledModules
2026-09-23 10:18:18.098 xcodebuild[1286:6849] [MT] IDERunDestination: Supported platforms for the buildables in the current scheme is empty.
** BUILD FAILED **
The following build commands failed:
SwiftCompile normal arm64_32 Compiling\ SequentialOnboardingView.swift /Users/admin/builder/spi-builder-workspace/Sources/SpeziOnboarding/SequentialOnboardingView.swift (in target 'SpeziOnboarding' from project 'SpeziOnboarding')
SwiftCompile normal arm64_32 /Users/admin/builder/spi-builder-workspace/Sources/SpeziOnboarding/SequentialOnboardingView.swift (in target 'SpeziOnboarding' from project 'SpeziOnboarding')
Building workspace SpeziOnboarding with scheme SpeziOnboarding
(3 failures)
Command line invocation:
/Applications/Xcode-27.0.0-Release.Candidate.app/Contents/Developer/usr/bin/xcodebuild -IDEClonedSourcePackagesDirPathOverride=/Users/admin/builder/spi-builder-workspace/.dependencies -resolvePackageDependencies
Resolve Package Graph
failed to retrieve search paths with pkg-config; maybe pkg-config is not installedcouldn't find pc file for zlib
Resolved source packages:
swift-syntax: https://github.com/swiftlang/swift-syntax.git @ 603.0.2
ThreadLocal: https://github.com/StanfordBDHG/ThreadLocal.git @ 0.1.3
cmark-gfm: https://github.com/swiftlang/swift-cmark @ 0.9.0
swift-log: https://github.com/apple/swift-log @ 1.15.1
swift-atomics: https://github.com/apple/swift-atomics.git @ 1.3.1
zstd: https://github.com/StanfordBDHG/zstd.git @ 1.5.8-beta.1
SpeziOnboarding: /Users/admin/builder/spi-builder-workspace
swift-algorithms: https://github.com/apple/swift-algorithms.git @ 1.2.1
SpeziViews: https://github.com/StanfordSpezi/SpeziViews.git @ 1.12.14
SpeziFoundation: https://github.com/StanfordSpezi/SpeziFoundation.git @ 2.7.7
swift-markdown-ui: https://github.com/gonzalezreal/swift-markdown-ui.git @ 2.4.1
RuntimeAssertions: https://github.com/StanfordBDHG/XCTRuntimeAssertions.git @ 2.2.0
NetworkImage: https://github.com/gonzalezreal/NetworkImage @ 6.0.1
swift-numerics: https://github.com/apple/swift-numerics.git @ 1.1.1
swift-collections: https://github.com/apple/swift-collections.git @ 1.7.0
Spezi: https://github.com/StanfordSpezi/Spezi.git @ 1.10.2
resolved source packages: swift-syntax, ThreadLocal, cmark-gfm, swift-log, swift-atomics, zstd, SpeziOnboarding, swift-algorithms, SpeziViews, SpeziFoundation, swift-markdown-ui, RuntimeAssertions, NetworkImage, swift-numerics, swift-collections, Spezi
2026-09-23 10:18:49.493 xcodebuild[2501:12623] [MT] IDERunDestination: Supported platforms for the buildables in the current scheme is empty.
{
"default_localization" : "en",
"dependencies" : [
{
"identity" : "spezi",
"requirement" : {
"range" : [
{
"lower_bound" : "1.8.0",
"upper_bound" : "2.0.0"
}
]
},
"type" : "sourceControl",
"url" : "https://github.com/StanfordSpezi/Spezi.git"
},
{
"identity" : "speziviews",
"requirement" : {
"range" : [
{
"lower_bound" : "1.12.1",
"upper_bound" : "2.0.0"
}
]
},
"type" : "sourceControl",
"url" : "https://github.com/StanfordSpezi/SpeziViews.git"
}
],
"manifest_display_name" : "SpeziOnboarding",
"name" : "SpeziOnboarding",
"path" : "/Users/admin/builder/spi-builder-workspace",
"platforms" : [
{
"name" : "ios",
"version" : "17.0"
},
{
"name" : "visionos",
"version" : "1.0"
},
{
"name" : "macos",
"version" : "14.0"
}
],
"products" : [
{
"name" : "SpeziOnboarding",
"targets" : [
"SpeziOnboarding"
],
"type" : {
"library" : [
"automatic"
]
}
}
],
"targets" : [
{
"c99name" : "SpeziOnboardingTests",
"module_type" : "SwiftTarget",
"name" : "SpeziOnboardingTests",
"path" : "Tests/SpeziOnboardingTests",
"sources" : [
"SpeziOnboardingTests.swift"
],
"target_dependencies" : [
"SpeziOnboarding"
],
"type" : "test"
},
{
"c99name" : "SpeziOnboarding",
"module_type" : "SwiftTarget",
"name" : "SpeziOnboarding",
"path" : "Sources/SpeziOnboarding",
"product_dependencies" : [
"Spezi",
"SpeziViews"
],
"product_memberships" : [
"SpeziOnboarding"
],
"resources" : [
{
"path" : "/Users/admin/builder/spi-builder-workspace/Sources/SpeziOnboarding/Resources/Localizable.xcstrings",
"rule" : {
"process" : {
}
}
},
{
"path" : "/Users/admin/builder/spi-builder-workspace/Sources/SpeziOnboarding/Resources/Localizable.xcstrings.license",
"rule" : {
"process" : {
}
}
}
],
"sources" : [
"OnboardingActionsView.swift",
"OnboardingInformationView+Area.swift",
"OnboardingInformationView.swift",
"OnboardingTitleView.swift",
"OnboardingView.swift",
"SequentialOnboardingView.swift",
"Utils.swift"
],
"type" : "library"
}
],
"tools_version" : "6.0"
}
{
"workspace" : {
"name" : "SpeziOnboarding",
"schemes" : [
"MarkdownUI",
"SpeziOnboarding"
]
}
}
2026-09-23 10:18:51.968 xcodebuild[2517:12704] [MT] IDERunDestination: Supported platforms for the buildables in the current scheme is empty.
{
"workspace" : {
"name" : "SpeziOnboarding",
"schemes" : [
"MarkdownUI",
"SpeziOnboarding"
]
}
}
2026-09-23 10:18:54.258 xcodebuild[2527:12756] [MT] IDERunDestination: Supported platforms for the buildables in the current scheme is empty.
Running build ...
env DEVELOPER_DIR=/Applications/Xcode-27.0.0-Release.Candidate.app xcrun xcodebuild -IDEClonedSourcePackagesDirPathOverride=$PWD/.dependencies -skipMacroValidation -skipPackagePluginValidation -derivedDataPath $PWD/.derivedData build -scheme SpeziOnboarding -destination generic/platform=watchOS
Command line invocation:
/Applications/Xcode-27.0.0-Release.Candidate.app/Contents/Developer/usr/bin/xcodebuild -IDEClonedSourcePackagesDirPathOverride=/Users/admin/builder/spi-builder-workspace/.dependencies -skipMacroValidation -skipPackagePluginValidation -derivedDataPath /Users/admin/builder/spi-builder-workspace/.derivedData build -scheme SpeziOnboarding -destination generic/platform=watchOS
Resolve Package Graph
failed to retrieve search paths with pkg-config; maybe pkg-config is not installedcouldn't find pc file for zlib
Resolved source packages:
swift-algorithms: https://github.com/apple/swift-algorithms.git @ 1.2.1
Spezi: https://github.com/StanfordSpezi/Spezi.git @ 1.10.2
swift-log: https://github.com/apple/swift-log @ 1.15.1
SpeziOnboarding: /Users/admin/builder/spi-builder-workspace
cmark-gfm: https://github.com/swiftlang/swift-cmark @ 0.9.0
RuntimeAssertions: https://github.com/StanfordBDHG/XCTRuntimeAssertions.git @ 2.2.0
SpeziViews: https://github.com/StanfordSpezi/SpeziViews.git @ 1.12.14
swift-syntax: https://github.com/swiftlang/swift-syntax.git @ 603.0.2
SpeziFoundation: https://github.com/StanfordSpezi/SpeziFoundation.git @ 2.7.7
swift-atomics: https://github.com/apple/swift-atomics.git @ 1.3.1
NetworkImage: https://github.com/gonzalezreal/NetworkImage @ 6.0.1
zstd: https://github.com/StanfordBDHG/zstd.git @ 1.5.8-beta.1
swift-markdown-ui: https://github.com/gonzalezreal/swift-markdown-ui.git @ 2.4.1
ThreadLocal: https://github.com/StanfordBDHG/ThreadLocal.git @ 0.1.3
swift-collections: https://github.com/apple/swift-collections.git @ 1.7.0
swift-numerics: https://github.com/apple/swift-numerics.git @ 1.1.1
ComputePackagePrebuildTargetDependencyGraph
Prepare packages
CreateBuildRequest
SendProjectDescription
CreateBuildOperation
ComputeTargetDependencyGraph
note: Building targets in dependency order
note: Target dependency graph (42 targets)
Target 'SpeziOnboarding-product' in project 'SpeziOnboarding'
➜ Explicit dependency on target 'SpeziOnboarding' in project 'SpeziOnboarding'
➜ Explicit dependency on target 'SpeziOnboarding_SpeziOnboarding' in project 'SpeziOnboarding'
➜ Explicit dependency on target 'Spezi-product' in project 'Spezi'
➜ Explicit dependency on target 'SpeziViews-product' in project 'SpeziViews'
Target 'SpeziOnboarding' in project 'SpeziOnboarding'
➜ Explicit dependency on target 'SpeziOnboarding_SpeziOnboarding' in project 'SpeziOnboarding'
➜ Explicit dependency on target 'Spezi-product' in project 'Spezi'
➜ Explicit dependency on target 'SpeziViews-product' in project 'SpeziViews'
Target 'SpeziViews-product' in project 'SpeziViews'
➜ Explicit dependency on target 'SpeziViews' in project 'SpeziViews'
➜ Explicit dependency on target 'SpeziViews_SpeziViews' in project 'SpeziViews'
➜ Explicit dependency on target 'Spezi-product' in project 'Spezi'
➜ Explicit dependency on target 'SpeziFoundation-product' in project 'SpeziFoundation'
➜ Explicit dependency on target 'SpeziLocalization-product' in project 'SpeziFoundation'
➜ Explicit dependency on target 'MarkdownUI-product' in project 'swift-markdown-ui'
Target 'SpeziViews' in project 'SpeziViews'
➜ Explicit dependency on target 'SpeziViews_SpeziViews' in project 'SpeziViews'
➜ Explicit dependency on target 'Spezi-product' in project 'Spezi'
➜ Explicit dependency on target 'SpeziFoundation-product' in project 'SpeziFoundation'
➜ Explicit dependency on target 'SpeziLocalization-product' in project 'SpeziFoundation'
➜ Explicit dependency on target 'MarkdownUI-product' in project 'swift-markdown-ui'
Target 'MarkdownUI-product' in project 'swift-markdown-ui'
➜ Explicit dependency on target 'MarkdownUI' in project 'swift-markdown-ui'
➜ Explicit dependency on target 'cmark-gfm-product' in project 'cmark-gfm'
➜ Explicit dependency on target 'cmark-gfm-extensions-product' in project 'cmark-gfm'
➜ Explicit dependency on target 'NetworkImage-product' in project 'NetworkImage'
Target 'MarkdownUI' in project 'swift-markdown-ui'
➜ Explicit dependency on target 'cmark-gfm-product' in project 'cmark-gfm'
➜ Explicit dependency on target 'cmark-gfm-extensions-product' in project 'cmark-gfm'
➜ Explicit dependency on target 'NetworkImage-product' in project 'NetworkImage'
Target 'NetworkImage-product' in project 'NetworkImage'
➜ Explicit dependency on target 'NetworkImage' in project 'NetworkImage'
Target 'NetworkImage' in project 'NetworkImage' (no dependencies)
Target 'cmark-gfm-extensions-product' in project 'cmark-gfm'
➜ Explicit dependency on target 'cmark-gfm-extensions' in project 'cmark-gfm'
➜ Explicit dependency on target 'cmark-gfm' in project 'cmark-gfm'
Target 'cmark-gfm-extensions' in project 'cmark-gfm'
➜ Explicit dependency on target 'cmark-gfm' in project 'cmark-gfm'
Target 'cmark-gfm-product' in project 'cmark-gfm'
➜ Explicit dependency on target 'cmark-gfm' in project 'cmark-gfm'
Target 'cmark-gfm' in project 'cmark-gfm' (no dependencies)
Target 'SpeziLocalization-product' in project 'SpeziFoundation'
➜ Explicit dependency on target 'SpeziLocalization' in project 'SpeziFoundation'
➜ Explicit dependency on target 'SpeziFoundationObjC' in project 'SpeziFoundation'
➜ Explicit dependency on target 'SpeziFoundation' in project 'SpeziFoundation'
➜ Explicit dependency on target 'libzstd-product' in project 'zstd'
➜ Explicit dependency on target 'Atomics-product' in project 'swift-atomics'
➜ Explicit dependency on target 'Algorithms-product' in project 'swift-algorithms'
➜ Explicit dependency on target 'RuntimeAssertions-product' in project 'RuntimeAssertions'
➜ Explicit dependency on target 'Logging-product' in project 'swift-log'
➜ Explicit dependency on target 'ThreadLocal-product' in project 'ThreadLocal'
Target 'SpeziLocalization' in project 'SpeziFoundation'
➜ Explicit dependency on target 'SpeziFoundationObjC' in project 'SpeziFoundation'
➜ Explicit dependency on target 'SpeziFoundation' in project 'SpeziFoundation'
➜ Explicit dependency on target 'libzstd-product' in project 'zstd'
➜ Explicit dependency on target 'Atomics-product' in project 'swift-atomics'
➜ Explicit dependency on target 'Algorithms-product' in project 'swift-algorithms'
➜ Explicit dependency on target 'RuntimeAssertions-product' in project 'RuntimeAssertions'
➜ Explicit dependency on target 'Logging-product' in project 'swift-log'
➜ Explicit dependency on target 'ThreadLocal-product' in project 'ThreadLocal'
Target 'SpeziViews_SpeziViews' in project 'SpeziViews' (no dependencies)
Target 'Spezi-product' in project 'Spezi'
➜ Explicit dependency on target 'Spezi' in project 'Spezi'
➜ Explicit dependency on target 'SpeziFoundation-product' in project 'SpeziFoundation'
➜ Explicit dependency on target 'RuntimeAssertions-product' in project 'RuntimeAssertions'
➜ Explicit dependency on target 'OrderedCollections-product' in project 'swift-collections'
Target 'Spezi' in project 'Spezi'
➜ Explicit dependency on target 'SpeziFoundation-product' in project 'SpeziFoundation'
➜ Explicit dependency on target 'RuntimeAssertions-product' in project 'RuntimeAssertions'
➜ Explicit dependency on target 'OrderedCollections-product' in project 'swift-collections'
Target 'OrderedCollections-product' in project 'swift-collections'
➜ Explicit dependency on target 'OrderedCollections' in project 'swift-collections'
➜ Explicit dependency on target 'InternalCollectionsUtilities' in project 'swift-collections'
Target 'OrderedCollections' in project 'swift-collections'
➜ Explicit dependency on target 'InternalCollectionsUtilities' in project 'swift-collections'
Target 'InternalCollectionsUtilities' in project 'swift-collections' (no dependencies)
Target 'SpeziFoundation-product' in project 'SpeziFoundation'
➜ Explicit dependency on target 'SpeziFoundation' in project 'SpeziFoundation'
➜ Explicit dependency on target 'SpeziFoundation_SpeziFoundation' in project 'SpeziFoundation'
➜ Explicit dependency on target 'SpeziFoundationObjC' in project 'SpeziFoundation'
➜ Explicit dependency on target 'libzstd-product' in project 'zstd'
➜ Explicit dependency on target 'Atomics-product' in project 'swift-atomics'
➜ Explicit dependency on target 'Algorithms-product' in project 'swift-algorithms'
➜ Explicit dependency on target 'RuntimeAssertions-product' in project 'RuntimeAssertions'
➜ Explicit dependency on target 'Logging-product' in project 'swift-log'
➜ Explicit dependency on target 'ThreadLocal-product' in project 'ThreadLocal'
Target 'SpeziFoundation' in project 'SpeziFoundation'
➜ Explicit dependency on target 'SpeziFoundation_SpeziFoundation' in project 'SpeziFoundation'
➜ Explicit dependency on target 'SpeziFoundationObjC' in project 'SpeziFoundation'
➜ Explicit dependency on target 'libzstd-product' in project 'zstd'
➜ Explicit dependency on target 'Atomics-product' in project 'swift-atomics'
➜ Explicit dependency on target 'Algorithms-product' in project 'swift-algorithms'
➜ Explicit dependency on target 'RuntimeAssertions-product' in project 'RuntimeAssertions'
➜ Explicit dependency on target 'Logging-product' in project 'swift-log'
➜ Explicit dependency on target 'ThreadLocal-product' in project 'ThreadLocal'
Target 'ThreadLocal-product' in project 'ThreadLocal'
➜ Explicit dependency on target 'ThreadLocal' in project 'ThreadLocal'
➜ Explicit dependency on target 'ThreadLocalMacros' in project 'ThreadLocal'
Target 'ThreadLocal' in project 'ThreadLocal'
➜ Explicit dependency on target 'ThreadLocalMacros' in project 'ThreadLocal'
Target 'ThreadLocalMacros' in project 'ThreadLocal' (no dependencies)
Target 'Logging-product' in project 'swift-log'
➜ Explicit dependency on target 'Logging' in project 'swift-log'
Target 'Logging' in project 'swift-log' (no dependencies)
Target 'RuntimeAssertions-product' in project 'RuntimeAssertions'
➜ Explicit dependency on target 'RuntimeAssertions' in project 'RuntimeAssertions'
Target 'RuntimeAssertions' in project 'RuntimeAssertions' (no dependencies)
Target 'Algorithms-product' in project 'swift-algorithms'
➜ Explicit dependency on target 'Algorithms' in project 'swift-algorithms'
➜ Explicit dependency on target 'RealModule-product' in project 'swift-numerics'
Target 'Algorithms' in project 'swift-algorithms'
➜ Explicit dependency on target 'RealModule-product' in project 'swift-numerics'
Target 'RealModule-product' in project 'swift-numerics'
➜ Explicit dependency on target 'RealModule' in project 'swift-numerics'
➜ Explicit dependency on target '_NumericsShims' in project 'swift-numerics'
Target 'RealModule' in project 'swift-numerics'
➜ Explicit dependency on target '_NumericsShims' in project 'swift-numerics'
Target '_NumericsShims' in project 'swift-numerics' (no dependencies)
Target 'Atomics-product' in project 'swift-atomics'
➜ Explicit dependency on target 'Atomics' in project 'swift-atomics'
➜ Explicit dependency on target '_AtomicsShims' in project 'swift-atomics'
Target 'Atomics' in project 'swift-atomics'
➜ Explicit dependency on target '_AtomicsShims' in project 'swift-atomics'
Target '_AtomicsShims' in project 'swift-atomics' (no dependencies)
Target 'libzstd-product' in project 'zstd'
➜ Explicit dependency on target 'libzstd' in project 'zstd'
Target 'libzstd' in project 'zstd' (no dependencies)
Target 'SpeziFoundationObjC' in project 'SpeziFoundation' (no dependencies)
Target 'SpeziFoundation_SpeziFoundation' in project 'SpeziFoundation' (no dependencies)
Target 'SpeziOnboarding_SpeziOnboarding' in project 'SpeziOnboarding' (no dependencies)
GatherProvisioningInputs
CreateBuildDescription
ClangStatCache /Applications/Xcode-27.0.0-Release.Candidate.app/Contents/Developer/Toolchains/XcodeDefault.xctoolchain/usr/bin/clang-stat-cache /Applications/Xcode-27.0.0-Release.Candidate.app/Contents/Developer/Platforms/WatchOS.platform/Developer/SDKs/WatchOS27.0.sdk /Users/admin/builder/spi-builder-workspace/.derivedData/SDKStatCaches.noindex/watchos27.0-24R360-e829b21a6f8c9b70876ba0858053c04477534ef55a1706bf4c1112bbb242f0a2.sdkstatcache
cd /Users/admin/builder/spi-builder-workspace/.swiftpm/xcode
/Applications/Xcode-27.0.0-Release.Candidate.app/Contents/Developer/Toolchains/XcodeDefault.xctoolchain/usr/bin/clang-stat-cache /Applications/Xcode-27.0.0-Release.Candidate.app/Contents/Developer/Platforms/WatchOS.platform/Developer/SDKs/WatchOS27.0.sdk -o /Users/admin/builder/spi-builder-workspace/.derivedData/SDKStatCaches.noindex/watchos27.0-24R360-e829b21a6f8c9b70876ba0858053c04477534ef55a1706bf4c1112bbb242f0a2.sdkstatcache
ClangStatCache /Applications/Xcode-27.0.0-Release.Candidate.app/Contents/Developer/Toolchains/XcodeDefault.xctoolchain/usr/bin/clang-stat-cache /Applications/Xcode-27.0.0-Release.Candidate.app/Contents/Developer/Platforms/MacOSX.platform/Developer/SDKs/MacOSX27.0.sdk /Users/admin/builder/spi-builder-workspace/.derivedData/SDKStatCaches.noindex/macosx27.0-26A425-e829b21a6f8c9b70876ba0858053c0446a22442a12e9d48fe1a705f55a1adfc4.sdkstatcache
cd /Users/admin/builder/spi-builder-workspace/.swiftpm/xcode
/Applications/Xcode-27.0.0-Release.Candidate.app/Contents/Developer/Toolchains/XcodeDefault.xctoolchain/usr/bin/clang-stat-cache /Applications/Xcode-27.0.0-Release.Candidate.app/Contents/Developer/Platforms/MacOSX.platform/Developer/SDKs/MacOSX27.0.sdk -o /Users/admin/builder/spi-builder-workspace/.derivedData/SDKStatCaches.noindex/macosx27.0-26A425-e829b21a6f8c9b70876ba0858053c0446a22442a12e9d48fe1a705f55a1adfc4.sdkstatcache
Copy /Users/admin/builder/spi-builder-workspace/.derivedData/Build/Products/Debug-watchos/SpeziOnboarding.swiftmodule/arm64_32-apple-watchos.swiftdoc /Users/admin/builder/spi-builder-workspace/.derivedData/Build/Intermediates.noindex/SpeziOnboarding.build/Debug-watchos/SpeziOnboarding-t.build/Objects-normal/arm64_32/SpeziOnboarding.swiftdoc (in target 'SpeziOnboarding' from project 'SpeziOnboarding')
cd /Users/admin/builder/spi-builder-workspace
builtin-copy -exclude .DS_Store -exclude CVS -exclude .svn -exclude .git -exclude .hg -resolve-src-symlinks -rename /Users/admin/builder/spi-builder-workspace/.derivedData/Build/Intermediates.noindex/SpeziOnboarding.build/Debug-watchos/SpeziOnboarding-t.build/Objects-normal/arm64_32/SpeziOnboarding.swiftdoc /Users/admin/builder/spi-builder-workspace/.derivedData/Build/Products/Debug-watchos/SpeziOnboarding.swiftmodule/arm64_32-apple-watchos.swiftdoc
Copy /Users/admin/builder/spi-builder-workspace/.derivedData/Build/Products/Debug-watchos/SpeziOnboarding.swiftmodule/arm64_32-apple-watchos.abi.json /Users/admin/builder/spi-builder-workspace/.derivedData/Build/Intermediates.noindex/SpeziOnboarding.build/Debug-watchos/SpeziOnboarding-t.build/Objects-normal/arm64_32/SpeziOnboarding.abi.json (in target 'SpeziOnboarding' from project 'SpeziOnboarding')
cd /Users/admin/builder/spi-builder-workspace
builtin-copy -exclude .DS_Store -exclude CVS -exclude .svn -exclude .git -exclude .hg -resolve-src-symlinks -rename /Users/admin/builder/spi-builder-workspace/.derivedData/Build/Intermediates.noindex/SpeziOnboarding.build/Debug-watchos/SpeziOnboarding-t.build/Objects-normal/arm64_32/SpeziOnboarding.abi.json /Users/admin/builder/spi-builder-workspace/.derivedData/Build/Products/Debug-watchos/SpeziOnboarding.swiftmodule/arm64_32-apple-watchos.abi.json
Copy /Users/admin/builder/spi-builder-workspace/.derivedData/Build/Products/Debug-watchos/SpeziOnboarding.swiftmodule/arm64_32-apple-watchos.swiftmodule /Users/admin/builder/spi-builder-workspace/.derivedData/Build/Intermediates.noindex/SpeziOnboarding.build/Debug-watchos/SpeziOnboarding-t.build/Objects-normal/arm64_32/SpeziOnboarding.swiftmodule (in target 'SpeziOnboarding' from project 'SpeziOnboarding')
cd /Users/admin/builder/spi-builder-workspace
builtin-copy -exclude .DS_Store -exclude CVS -exclude .svn -exclude .git -exclude .hg -resolve-src-symlinks -rename /Users/admin/builder/spi-builder-workspace/.derivedData/Build/Intermediates.noindex/SpeziOnboarding.build/Debug-watchos/SpeziOnboarding-t.build/Objects-normal/arm64_32/SpeziOnboarding.swiftmodule /Users/admin/builder/spi-builder-workspace/.derivedData/Build/Products/Debug-watchos/SpeziOnboarding.swiftmodule/arm64_32-apple-watchos.swiftmodule
SwiftDriver SpeziViews normal arm64_32 com.apple.xcode.tools.swift.compiler (in target 'SpeziViews' from project 'SpeziViews')
cd /Users/admin/builder/spi-builder-workspace/.swiftpm/xcode
builtin-SwiftDriver -- /Applications/Xcode-27.0.0-Release.Candidate.app/Contents/Developer/Toolchains/XcodeDefault.xctoolchain/usr/bin/swiftc -parse-as-library -module-name SpeziViews -Onone @/Users/admin/builder/spi-builder-workspace/.derivedData/Build/Intermediates.noindex/SpeziViews.build/Debug-watchos/SpeziViews-t.build/Objects-normal/arm64_32/SpeziViews.SwiftFileList -DSWIFT_PACKAGE -DDEBUG -DSWIFT_MODULE_RESOURCE_BUNDLE_AVAILABLE -Xcc -fmodule-map-file\=/Users/admin/builder/spi-builder-workspace/.dependencies/checkouts/zstd/lib/module.modulemap -Xcc -fmodule-map-file\=/Users/admin/builder/spi-builder-workspace/.dependencies/checkouts/swift-atomics/Sources/_AtomicsShims/include/module.modulemap -Xcc -fmodule-map-file\=/Users/admin/builder/spi-builder-workspace/.dependencies/checkouts/swift-numerics/Sources/_NumericsShims/include/module.modulemap -Xcc -fmodule-map-file\=/Users/admin/builder/spi-builder-workspace/.derivedData/Build/Intermediates.noindex/GeneratedModuleMaps-watchos/SpeziFoundationObjC.modulemap -Xcc -fmodule-map-file\=/Users/admin/builder/spi-builder-workspace/.dependencies/checkouts/swift-cmark/src/include/module.modulemap -Xcc -fmodule-map-file\=/Users/admin/builder/spi-builder-workspace/.dependencies/checkouts/swift-cmark/extensions/include/module.modulemap -DXcode -plugin-path /Applications/Xcode-27.0.0-Release.Candidate.app/Contents/Developer/Toolchains/XcodeDefault.xctoolchain/usr/lib/swift/host/plugins/testing -enable-experimental-feature DebugDescriptionMacro -sdk /Applications/Xcode-27.0.0-Release.Candidate.app/Contents/Developer/Platforms/WatchOS.platform/Developer/SDKs/WatchOS27.0.sdk -target arm64_32-apple-watchos10.0 -g -module-cache-path /Users/admin/builder/spi-builder-workspace/.derivedData/ModuleCache.noindex -Xfrontend -serialize-debugging-options -profile-coverage-mapping -profile-generate -enable-testing -suppress-warnings -index-store-path /Users/admin/builder/spi-builder-workspace/.derivedData/Index.noindex/DataStore -Xcc -D_LIBCPP_HARDENING_MODE\=_LIBCPP_HARDENING_MODE_DEBUG -swift-version 6 -I /Users/admin/builder/spi-builder-workspace/.derivedData/Build/Products/Debug-watchos -Isystem /Applications/Xcode-27.0.0-Release.Candidate.app/Contents/Developer/Platforms/WatchOS.platform/Developer/usr/lib -F /Users/admin/builder/spi-builder-workspace/.derivedData/Build/Products/Debug-watchos/PackageFrameworks -F /Users/admin/builder/spi-builder-workspace/.derivedData/Build/Products/Debug-watchos -F /Applications/Xcode-27.0.0-Release.Candidate.app/Contents/Developer/Platforms/WatchOS.platform/Developer/Library/Frameworks -F /Applications/Xcode-27.0.0-Release.Candidate.app/Contents/Developer/Platforms/WatchOS.platform/Developer/SDKs/WatchOS27.0.sdk/Developer/Library/Frameworks -Xfrontend -load-plugin-executable -Xfrontend /Users/admin/builder/spi-builder-workspace/.derivedData/Build/Products/Debug/ThreadLocalMacros\#ThreadLocalMacros -emit-localized-strings -emit-localized-strings-path /Users/admin/builder/spi-builder-workspace/.derivedData/Build/Intermediates.noindex/SpeziViews.build/Debug-watchos/SpeziViews-t.build/Objects-normal/arm64_32 -c -j10 -enable-batch-mode -incremental -Xcc -ivfsstatcache -Xcc /Users/admin/builder/spi-builder-workspace/.derivedData/SDKStatCaches.noindex/watchos27.0-24R360-e829b21a6f8c9b70876ba0858053c04477534ef55a1706bf4c1112bbb242f0a2.sdkstatcache -output-file-map /Users/admin/builder/spi-builder-workspace/.derivedData/Build/Intermediates.noindex/SpeziViews.build/Debug-watchos/SpeziViews-t.build/Objects-normal/arm64_32/SpeziViews-OutputFileMap.json -save-temps -no-color-diagnostics -explicit-module-build -module-cache-path /Users/admin/builder/spi-builder-workspace/.derivedData/Build/Intermediates.noindex/SwiftExplicitPrecompiledModules -clang-scanner-module-cache-path /Users/admin/builder/spi-builder-workspace/.derivedData/ModuleCache.noindex -sdk-module-cache-path /Users/admin/builder/spi-builder-workspace/.derivedData/SDKExplicitPrecompiledModules -emit-dependencies -emit-module -emit-module-path /Users/admin/builder/spi-builder-workspace/.derivedData/Build/Intermediates.noindex/SpeziViews.build/Debug-watchos/SpeziViews-t.build/Objects-normal/arm64_32/SpeziViews.swiftmodule -serialize-diagnostics -dependency-scan-serialize-diagnostics-path /Users/admin/builder/spi-builder-workspace/.derivedData/Build/Intermediates.noindex/SpeziViews.build/Debug-watchos/SpeziViews-t.build/Objects-normal/arm64_32/SpeziViews-dependency-scan.dia -user-module-version 1.12.14 -validate-clang-modules-once -clang-build-session-file /Users/admin/builder/spi-builder-workspace/.derivedData/ModuleCache.noindex/Session.modulevalidation -Xcc -fmodules-prune-interval\=86400 -Xcc -fmodules-prune-after\=345600 -package-name speziviews -emit-const-values -const-gather-protocols-list /Users/admin/builder/spi-builder-workspace/.derivedData/Build/Intermediates.noindex/SpeziViews.build/Debug-watchos/SpeziViews-t.build/Objects-normal/arm64_32/SpeziViews_const_extract_protocols.json -Xcc -I/Users/admin/builder/spi-builder-workspace/.dependencies/checkouts/zstd/lib -Xcc -I/Users/admin/builder/spi-builder-workspace/.dependencies/checkouts/swift-atomics/Sources/_AtomicsShims/include -Xcc -I/Users/admin/builder/spi-builder-workspace/.dependencies/checkouts/swift-numerics/Sources/_NumericsShims/include -Xcc -I/Users/admin/builder/spi-builder-workspace/.dependencies/checkouts/SpeziFoundation/Sources/SpeziFoundationObjC/include -Xcc -I/Users/admin/builder/spi-builder-workspace/.dependencies/checkouts/swift-cmark/src/include -Xcc -I/Users/admin/builder/spi-builder-workspace/.dependencies/checkouts/swift-cmark/extensions/include -Xcc -I/Users/admin/builder/spi-builder-workspace/.derivedData/Build/Products/Debug-watchos/include -Xcc -I/Users/admin/builder/spi-builder-workspace/.derivedData/Build/Intermediates.noindex/SpeziViews.build/Debug-watchos/SpeziViews-t.build/DerivedSources-normal/arm64_32 -Xcc -I/Users/admin/builder/spi-builder-workspace/.derivedData/Build/Intermediates.noindex/SpeziViews.build/Debug-watchos/SpeziViews-t.build/DerivedSources/arm64_32 -Xcc -I/Users/admin/builder/spi-builder-workspace/.derivedData/Build/Intermediates.noindex/SpeziViews.build/Debug-watchos/SpeziViews-t.build/DerivedSources -Xcc -DSWIFT_PACKAGE -Xcc -DDEBUG\=1 -emit-objc-header -emit-objc-header-path /Users/admin/builder/spi-builder-workspace/.derivedData/Build/Intermediates.noindex/SpeziViews.build/Debug-watchos/SpeziViews-t.build/Objects-normal/arm64_32/SpeziViews-Swift.h -working-directory /Users/admin/builder/spi-builder-workspace/.swiftpm/xcode -experimental-emit-module-separately -disable-cmo
SwiftDriver SpeziViews normal arm64 com.apple.xcode.tools.swift.compiler (in target 'SpeziViews' from project 'SpeziViews')
cd /Users/admin/builder/spi-builder-workspace/.swiftpm/xcode
builtin-SwiftDriver -- /Applications/Xcode-27.0.0-Release.Candidate.app/Contents/Developer/Toolchains/XcodeDefault.xctoolchain/usr/bin/swiftc -parse-as-library -module-name SpeziViews -Onone @/Users/admin/builder/spi-builder-workspace/.derivedData/Build/Intermediates.noindex/SpeziViews.build/Debug-watchos/SpeziViews-t.build/Objects-normal/arm64/SpeziViews.SwiftFileList -DSWIFT_PACKAGE -DDEBUG -DSWIFT_MODULE_RESOURCE_BUNDLE_AVAILABLE -Xcc -fmodule-map-file\=/Users/admin/builder/spi-builder-workspace/.dependencies/checkouts/zstd/lib/module.modulemap -Xcc -fmodule-map-file\=/Users/admin/builder/spi-builder-workspace/.dependencies/checkouts/swift-atomics/Sources/_AtomicsShims/include/module.modulemap -Xcc -fmodule-map-file\=/Users/admin/builder/spi-builder-workspace/.dependencies/checkouts/swift-numerics/Sources/_NumericsShims/include/module.modulemap -Xcc -fmodule-map-file\=/Users/admin/builder/spi-builder-workspace/.derivedData/Build/Intermediates.noindex/GeneratedModuleMaps-watchos/SpeziFoundationObjC.modulemap -Xcc -fmodule-map-file\=/Users/admin/builder/spi-builder-workspace/.dependencies/checkouts/swift-cmark/src/include/module.modulemap -Xcc -fmodule-map-file\=/Users/admin/builder/spi-builder-workspace/.dependencies/checkouts/swift-cmark/extensions/include/module.modulemap -DXcode -plugin-path /Applications/Xcode-27.0.0-Release.Candidate.app/Contents/Developer/Toolchains/XcodeDefault.xctoolchain/usr/lib/swift/host/plugins/testing -enable-experimental-feature DebugDescriptionMacro -sdk /Applications/Xcode-27.0.0-Release.Candidate.app/Contents/Developer/Platforms/WatchOS.platform/Developer/SDKs/WatchOS27.0.sdk -target arm64-apple-watchos10.0 -g -module-cache-path /Users/admin/builder/spi-builder-workspace/.derivedData/ModuleCache.noindex -Xfrontend -serialize-debugging-options -profile-coverage-mapping -profile-generate -enable-testing -suppress-warnings -index-store-path /Users/admin/builder/spi-builder-workspace/.derivedData/Index.noindex/DataStore -Xcc -D_LIBCPP_HARDENING_MODE\=_LIBCPP_HARDENING_MODE_DEBUG -swift-version 6 -I /Users/admin/builder/spi-builder-workspace/.derivedData/Build/Products/Debug-watchos -Isystem /Applications/Xcode-27.0.0-Release.Candidate.app/Contents/Developer/Platforms/WatchOS.platform/Developer/usr/lib -F /Users/admin/builder/spi-builder-workspace/.derivedData/Build/Products/Debug-watchos/PackageFrameworks -F /Users/admin/builder/spi-builder-workspace/.derivedData/Build/Products/Debug-watchos -F /Applications/Xcode-27.0.0-Release.Candidate.app/Contents/Developer/Platforms/WatchOS.platform/Developer/Library/Frameworks -F /Applications/Xcode-27.0.0-Release.Candidate.app/Contents/Developer/Platforms/WatchOS.platform/Developer/SDKs/WatchOS27.0.sdk/Developer/Library/Frameworks -Xfrontend -load-plugin-executable -Xfrontend /Users/admin/builder/spi-builder-workspace/.derivedData/Build/Products/Debug/ThreadLocalMacros\#ThreadLocalMacros -emit-localized-strings -emit-localized-strings-path /Users/admin/builder/spi-builder-workspace/.derivedData/Build/Intermediates.noindex/SpeziViews.build/Debug-watchos/SpeziViews-t.build/Objects-normal/arm64 -c -j10 -enable-batch-mode -incremental -Xcc -ivfsstatcache -Xcc /Users/admin/builder/spi-builder-workspace/.derivedData/SDKStatCaches.noindex/watchos27.0-24R360-e829b21a6f8c9b70876ba0858053c04477534ef55a1706bf4c1112bbb242f0a2.sdkstatcache -output-file-map /Users/admin/builder/spi-builder-workspace/.derivedData/Build/Intermediates.noindex/SpeziViews.build/Debug-watchos/SpeziViews-t.build/Objects-normal/arm64/SpeziViews-OutputFileMap.json -save-temps -no-color-diagnostics -explicit-module-build -module-cache-path /Users/admin/builder/spi-builder-workspace/.derivedData/Build/Intermediates.noindex/SwiftExplicitPrecompiledModules -clang-scanner-module-cache-path /Users/admin/builder/spi-builder-workspace/.derivedData/ModuleCache.noindex -sdk-module-cache-path /Users/admin/builder/spi-builder-workspace/.derivedData/SDKExplicitPrecompiledModules -emit-dependencies -emit-module -emit-module-path /Users/admin/builder/spi-builder-workspace/.derivedData/Build/Intermediates.noindex/SpeziViews.build/Debug-watchos/SpeziViews-t.build/Objects-normal/arm64/SpeziViews.swiftmodule -serialize-diagnostics -dependency-scan-serialize-diagnostics-path /Users/admin/builder/spi-builder-workspace/.derivedData/Build/Intermediates.noindex/SpeziViews.build/Debug-watchos/SpeziViews-t.build/Objects-normal/arm64/SpeziViews-dependency-scan.dia -user-module-version 1.12.14 -validate-clang-modules-once -clang-build-session-file /Users/admin/builder/spi-builder-workspace/.derivedData/ModuleCache.noindex/Session.modulevalidation -Xcc -fmodules-prune-interval\=86400 -Xcc -fmodules-prune-after\=345600 -package-name speziviews -emit-const-values -const-gather-protocols-list /Users/admin/builder/spi-builder-workspace/.derivedData/Build/Intermediates.noindex/SpeziViews.build/Debug-watchos/SpeziViews-t.build/Objects-normal/arm64/SpeziViews_const_extract_protocols.json -Xcc -I/Users/admin/builder/spi-builder-workspace/.dependencies/checkouts/zstd/lib -Xcc -I/Users/admin/builder/spi-builder-workspace/.dependencies/checkouts/swift-atomics/Sources/_AtomicsShims/include -Xcc -I/Users/admin/builder/spi-builder-workspace/.dependencies/checkouts/swift-numerics/Sources/_NumericsShims/include -Xcc -I/Users/admin/builder/spi-builder-workspace/.dependencies/checkouts/SpeziFoundation/Sources/SpeziFoundationObjC/include -Xcc -I/Users/admin/builder/spi-builder-workspace/.dependencies/checkouts/swift-cmark/src/include -Xcc -I/Users/admin/builder/spi-builder-workspace/.dependencies/checkouts/swift-cmark/extensions/include -Xcc -I/Users/admin/builder/spi-builder-workspace/.derivedData/Build/Products/Debug-watchos/include -Xcc -I/Users/admin/builder/spi-builder-workspace/.derivedData/Build/Intermediates.noindex/SpeziViews.build/Debug-watchos/SpeziViews-t.build/DerivedSources-normal/arm64 -Xcc -I/Users/admin/builder/spi-builder-workspace/.derivedData/Build/Intermediates.noindex/SpeziViews.build/Debug-watchos/SpeziViews-t.build/DerivedSources/arm64 -Xcc -I/Users/admin/builder/spi-builder-workspace/.derivedData/Build/Intermediates.noindex/SpeziViews.build/Debug-watchos/SpeziViews-t.build/DerivedSources -Xcc -DSWIFT_PACKAGE -Xcc -DDEBUG\=1 -emit-objc-header -emit-objc-header-path /Users/admin/builder/spi-builder-workspace/.derivedData/Build/Intermediates.noindex/SpeziViews.build/Debug-watchos/SpeziViews-t.build/Objects-normal/arm64/SpeziViews-Swift.h -working-directory /Users/admin/builder/spi-builder-workspace/.swiftpm/xcode -experimental-emit-module-separately -disable-cmo
SwiftDriver SpeziOnboarding normal arm64_32 com.apple.xcode.tools.swift.compiler (in target 'SpeziOnboarding' from project 'SpeziOnboarding')
cd /Users/admin/builder/spi-builder-workspace/.swiftpm/xcode
builtin-SwiftDriver -- /Applications/Xcode-27.0.0-Release.Candidate.app/Contents/Developer/Toolchains/XcodeDefault.xctoolchain/usr/bin/swiftc -parse-as-library -module-name SpeziOnboarding -Onone @/Users/admin/builder/spi-builder-workspace/.derivedData/Build/Intermediates.noindex/SpeziOnboarding.build/Debug-watchos/SpeziOnboarding-t.build/Objects-normal/arm64_32/SpeziOnboarding.SwiftFileList -DSWIFT_PACKAGE -DDEBUG -DSWIFT_MODULE_RESOURCE_BUNDLE_AVAILABLE -Xcc -fmodule-map-file\=/Users/admin/builder/spi-builder-workspace/.dependencies/checkouts/zstd/lib/module.modulemap -Xcc -fmodule-map-file\=/Users/admin/builder/spi-builder-workspace/.dependencies/checkouts/swift-atomics/Sources/_AtomicsShims/include/module.modulemap -Xcc -fmodule-map-file\=/Users/admin/builder/spi-builder-workspace/.dependencies/checkouts/swift-numerics/Sources/_NumericsShims/include/module.modulemap -Xcc -fmodule-map-file\=/Users/admin/builder/spi-builder-workspace/.derivedData/Build/Intermediates.noindex/GeneratedModuleMaps-watchos/SpeziFoundationObjC.modulemap -Xcc -fmodule-map-file\=/Users/admin/builder/spi-builder-workspace/.dependencies/checkouts/swift-cmark/src/include/module.modulemap -Xcc -fmodule-map-file\=/Users/admin/builder/spi-builder-workspace/.dependencies/checkouts/swift-cmark/extensions/include/module.modulemap -DXcode -enable-upcoming-feature ExistentialAny -plugin-path /Applications/Xcode-27.0.0-Release.Candidate.app/Contents/Developer/Toolchains/XcodeDefault.xctoolchain/usr/lib/swift/host/plugins/testing -enable-experimental-feature DebugDescriptionMacro -sdk /Applications/Xcode-27.0.0-Release.Candidate.app/Contents/Developer/Platforms/WatchOS.platform/Developer/SDKs/WatchOS27.0.sdk -target arm64_32-apple-watchos10.0 -g -module-cache-path /Users/admin/builder/spi-builder-workspace/.derivedData/ModuleCache.noindex -Xfrontend -serialize-debugging-options -profile-coverage-mapping -profile-generate -enable-testing -index-store-path /Users/admin/builder/spi-builder-workspace/.derivedData/Index.noindex/DataStore -Xcc -D_LIBCPP_HARDENING_MODE\=_LIBCPP_HARDENING_MODE_DEBUG -swift-version 6 -I /Users/admin/builder/spi-builder-workspace/.derivedData/Build/Products/Debug-watchos -Isystem /Applications/Xcode-27.0.0-Release.Candidate.app/Contents/Developer/Platforms/WatchOS.platform/Developer/usr/lib -F /Users/admin/builder/spi-builder-workspace/.derivedData/Build/Products/Debug-watchos/PackageFrameworks -F /Users/admin/builder/spi-builder-workspace/.derivedData/Build/Products/Debug-watchos -F /Applications/Xcode-27.0.0-Release.Candidate.app/Contents/Developer/Platforms/WatchOS.platform/Developer/Library/Frameworks -F /Applications/Xcode-27.0.0-Release.Candidate.app/Contents/Developer/Platforms/WatchOS.platform/Developer/SDKs/WatchOS27.0.sdk/Developer/Library/Frameworks -Xfrontend -load-plugin-executable -Xfrontend /Users/admin/builder/spi-builder-workspace/.derivedData/Build/Products/Debug/ThreadLocalMacros\#ThreadLocalMacros -emit-localized-strings -emit-localized-strings-path /Users/admin/builder/spi-builder-workspace/.derivedData/Build/Intermediates.noindex/SpeziOnboarding.build/Debug-watchos/SpeziOnboarding-t.build/Objects-normal/arm64_32 -c -j10 -enable-batch-mode -incremental -Xcc -ivfsstatcache -Xcc /Users/admin/builder/spi-builder-workspace/.derivedData/SDKStatCaches.noindex/watchos27.0-24R360-e829b21a6f8c9b70876ba0858053c04477534ef55a1706bf4c1112bbb242f0a2.sdkstatcache -output-file-map /Users/admin/builder/spi-builder-workspace/.derivedData/Build/Intermediates.noindex/SpeziOnboarding.build/Debug-watchos/SpeziOnboarding-t.build/Objects-normal/arm64_32/SpeziOnboarding-OutputFileMap.json -save-temps -no-color-diagnostics -explicit-module-build -module-cache-path /Users/admin/builder/spi-builder-workspace/.derivedData/Build/Intermediates.noindex/SwiftExplicitPrecompiledModules -clang-scanner-module-cache-path /Users/admin/builder/spi-builder-workspace/.derivedData/ModuleCache.noindex -sdk-module-cache-path /Users/admin/builder/spi-builder-workspace/.derivedData/SDKExplicitPrecompiledModules -emit-dependencies -emit-module -emit-module-path /Users/admin/builder/spi-builder-workspace/.derivedData/Build/Intermediates.noindex/SpeziOnboarding.build/Debug-watchos/SpeziOnboarding-t.build/Objects-normal/arm64_32/SpeziOnboarding.swiftmodule -serialize-diagnostics -dependency-scan-serialize-diagnostics-path /Users/admin/builder/spi-builder-workspace/.derivedData/Build/Intermediates.noindex/SpeziOnboarding.build/Debug-watchos/SpeziOnboarding-t.build/Objects-normal/arm64_32/SpeziOnboarding-dependency-scan.dia -validate-clang-modules-once -clang-build-session-file /Users/admin/builder/spi-builder-workspace/.derivedData/ModuleCache.noindex/Session.modulevalidation -Xcc -fmodules-prune-interval\=86400 -Xcc -fmodules-prune-after\=345600 -package-name spi_builder_workspace -emit-const-values -const-gather-protocols-list /Users/admin/builder/spi-builder-workspace/.derivedData/Build/Intermediates.noindex/SpeziOnboarding.build/Debug-watchos/SpeziOnboarding-t.build/Objects-normal/arm64_32/SpeziOnboarding_const_extract_protocols.json -Xcc -I/Users/admin/builder/spi-builder-workspace/.dependencies/checkouts/zstd/lib -Xcc -I/Users/admin/builder/spi-builder-workspace/.dependencies/checkouts/swift-atomics/Sources/_AtomicsShims/include -Xcc -I/Users/admin/builder/spi-builder-workspace/.dependencies/checkouts/swift-numerics/Sources/_NumericsShims/include -Xcc -I/Users/admin/builder/spi-builder-workspace/.dependencies/checkouts/SpeziFoundation/Sources/SpeziFoundationObjC/include -Xcc -I/Users/admin/builder/spi-builder-workspace/.dependencies/checkouts/swift-cmark/src/include -Xcc -I/Users/admin/builder/spi-builder-workspace/.dependencies/checkouts/swift-cmark/extensions/include -Xcc -I/Users/admin/builder/spi-builder-workspace/.derivedData/Build/Products/Debug-watchos/include -Xcc -I/Users/admin/builder/spi-builder-workspace/.derivedData/Build/Intermediates.noindex/SpeziOnboarding.build/Debug-watchos/SpeziOnboarding-t.build/DerivedSources-normal/arm64_32 -Xcc -I/Users/admin/builder/spi-builder-workspace/.derivedData/Build/Intermediates.noindex/SpeziOnboarding.build/Debug-watchos/SpeziOnboarding-t.build/DerivedSources/arm64_32 -Xcc -I/Users/admin/builder/spi-builder-workspace/.derivedData/Build/Intermediates.noindex/SpeziOnboarding.build/Debug-watchos/SpeziOnboarding-t.build/DerivedSources -Xcc -DSWIFT_PACKAGE -Xcc -DDEBUG\=1 -emit-objc-header -emit-objc-header-path /Users/admin/builder/spi-builder-workspace/.derivedData/Build/Intermediates.noindex/SpeziOnboarding.build/Debug-watchos/SpeziOnboarding-t.build/Objects-normal/arm64_32/SpeziOnboarding-Swift.h -working-directory /Users/admin/builder/spi-builder-workspace/.swiftpm/xcode -experimental-emit-module-separately -disable-cmo
SwiftDriver SpeziOnboarding normal arm64 com.apple.xcode.tools.swift.compiler (in target 'SpeziOnboarding' from project 'SpeziOnboarding')
cd /Users/admin/builder/spi-builder-workspace/.swiftpm/xcode
builtin-SwiftDriver -- /Applications/Xcode-27.0.0-Release.Candidate.app/Contents/Developer/Toolchains/XcodeDefault.xctoolchain/usr/bin/swiftc -parse-as-library -module-name SpeziOnboarding -Onone @/Users/admin/builder/spi-builder-workspace/.derivedData/Build/Intermediates.noindex/SpeziOnboarding.build/Debug-watchos/SpeziOnboarding-t.build/Objects-normal/arm64/SpeziOnboarding.SwiftFileList -DSWIFT_PACKAGE -DDEBUG -DSWIFT_MODULE_RESOURCE_BUNDLE_AVAILABLE -Xcc -fmodule-map-file\=/Users/admin/builder/spi-builder-workspace/.dependencies/checkouts/zstd/lib/module.modulemap -Xcc -fmodule-map-file\=/Users/admin/builder/spi-builder-workspace/.dependencies/checkouts/swift-atomics/Sources/_AtomicsShims/include/module.modulemap -Xcc -fmodule-map-file\=/Users/admin/builder/spi-builder-workspace/.dependencies/checkouts/swift-numerics/Sources/_NumericsShims/include/module.modulemap -Xcc -fmodule-map-file\=/Users/admin/builder/spi-builder-workspace/.derivedData/Build/Intermediates.noindex/GeneratedModuleMaps-watchos/SpeziFoundationObjC.modulemap -Xcc -fmodule-map-file\=/Users/admin/builder/spi-builder-workspace/.dependencies/checkouts/swift-cmark/src/include/module.modulemap -Xcc -fmodule-map-file\=/Users/admin/builder/spi-builder-workspace/.dependencies/checkouts/swift-cmark/extensions/include/module.modulemap -DXcode -enable-upcoming-feature ExistentialAny -plugin-path /Applications/Xcode-27.0.0-Release.Candidate.app/Contents/Developer/Toolchains/XcodeDefault.xctoolchain/usr/lib/swift/host/plugins/testing -enable-experimental-feature DebugDescriptionMacro -sdk /Applications/Xcode-27.0.0-Release.Candidate.app/Contents/Developer/Platforms/WatchOS.platform/Developer/SDKs/WatchOS27.0.sdk -target arm64-apple-watchos10.0 -g -module-cache-path /Users/admin/builder/spi-builder-workspace/.derivedData/ModuleCache.noindex -Xfrontend -serialize-debugging-options -profile-coverage-mapping -profile-generate -enable-testing -index-store-path /Users/admin/builder/spi-builder-workspace/.derivedData/Index.noindex/DataStore -Xcc -D_LIBCPP_HARDENING_MODE\=_LIBCPP_HARDENING_MODE_DEBUG -swift-version 6 -I /Users/admin/builder/spi-builder-workspace/.derivedData/Build/Products/Debug-watchos -Isystem /Applications/Xcode-27.0.0-Release.Candidate.app/Contents/Developer/Platforms/WatchOS.platform/Developer/usr/lib -F /Users/admin/builder/spi-builder-workspace/.derivedData/Build/Products/Debug-watchos/PackageFrameworks -F /Users/admin/builder/spi-builder-workspace/.derivedData/Build/Products/Debug-watchos -F /Applications/Xcode-27.0.0-Release.Candidate.app/Contents/Developer/Platforms/WatchOS.platform/Developer/Library/Frameworks -F /Applications/Xcode-27.0.0-Release.Candidate.app/Contents/Developer/Platforms/WatchOS.platform/Developer/SDKs/WatchOS27.0.sdk/Developer/Library/Frameworks -Xfrontend -load-plugin-executable -Xfrontend /Users/admin/builder/spi-builder-workspace/.derivedData/Build/Products/Debug/ThreadLocalMacros\#ThreadLocalMacros -emit-localized-strings -emit-localized-strings-path /Users/admin/builder/spi-builder-workspace/.derivedData/Build/Intermediates.noindex/SpeziOnboarding.build/Debug-watchos/SpeziOnboarding-t.build/Objects-normal/arm64 -c -j10 -enable-batch-mode -incremental -Xcc -ivfsstatcache -Xcc /Users/admin/builder/spi-builder-workspace/.derivedData/SDKStatCaches.noindex/watchos27.0-24R360-e829b21a6f8c9b70876ba0858053c04477534ef55a1706bf4c1112bbb242f0a2.sdkstatcache -output-file-map /Users/admin/builder/spi-builder-workspace/.derivedData/Build/Intermediates.noindex/SpeziOnboarding.build/Debug-watchos/SpeziOnboarding-t.build/Objects-normal/arm64/SpeziOnboarding-OutputFileMap.json -save-temps -no-color-diagnostics -explicit-module-build -module-cache-path /Users/admin/builder/spi-builder-workspace/.derivedData/Build/Intermediates.noindex/SwiftExplicitPrecompiledModules -clang-scanner-module-cache-path /Users/admin/builder/spi-builder-workspace/.derivedData/ModuleCache.noindex -sdk-module-cache-path /Users/admin/builder/spi-builder-workspace/.derivedData/SDKExplicitPrecompiledModules -emit-dependencies -emit-module -emit-module-path /Users/admin/builder/spi-builder-workspace/.derivedData/Build/Intermediates.noindex/SpeziOnboarding.build/Debug-watchos/SpeziOnboarding-t.build/Objects-normal/arm64/SpeziOnboarding.swiftmodule -serialize-diagnostics -dependency-scan-serialize-diagnostics-path /Users/admin/builder/spi-builder-workspace/.derivedData/Build/Intermediates.noindex/SpeziOnboarding.build/Debug-watchos/SpeziOnboarding-t.build/Objects-normal/arm64/SpeziOnboarding-dependency-scan.dia -validate-clang-modules-once -clang-build-session-file /Users/admin/builder/spi-builder-workspace/.derivedData/ModuleCache.noindex/Session.modulevalidation -Xcc -fmodules-prune-interval\=86400 -Xcc -fmodules-prune-after\=345600 -package-name spi_builder_workspace -emit-const-values -const-gather-protocols-list /Users/admin/builder/spi-builder-workspace/.derivedData/Build/Intermediates.noindex/SpeziOnboarding.build/Debug-watchos/SpeziOnboarding-t.build/Objects-normal/arm64/SpeziOnboarding_const_extract_protocols.json -Xcc -I/Users/admin/builder/spi-builder-workspace/.dependencies/checkouts/zstd/lib -Xcc -I/Users/admin/builder/spi-builder-workspace/.dependencies/checkouts/swift-atomics/Sources/_AtomicsShims/include -Xcc -I/Users/admin/builder/spi-builder-workspace/.dependencies/checkouts/swift-numerics/Sources/_NumericsShims/include -Xcc -I/Users/admin/builder/spi-builder-workspace/.dependencies/checkouts/SpeziFoundation/Sources/SpeziFoundationObjC/include -Xcc -I/Users/admin/builder/spi-builder-workspace/.dependencies/checkouts/swift-cmark/src/include -Xcc -I/Users/admin/builder/spi-builder-workspace/.dependencies/checkouts/swift-cmark/extensions/include -Xcc -I/Users/admin/builder/spi-builder-workspace/.derivedData/Build/Products/Debug-watchos/include -Xcc -I/Users/admin/builder/spi-builder-workspace/.derivedData/Build/Intermediates.noindex/SpeziOnboarding.build/Debug-watchos/SpeziOnboarding-t.build/DerivedSources-normal/arm64 -Xcc -I/Users/admin/builder/spi-builder-workspace/.derivedData/Build/Intermediates.noindex/SpeziOnboarding.build/Debug-watchos/SpeziOnboarding-t.build/DerivedSources/arm64 -Xcc -I/Users/admin/builder/spi-builder-workspace/.derivedData/Build/Intermediates.noindex/SpeziOnboarding.build/Debug-watchos/SpeziOnboarding-t.build/DerivedSources -Xcc -DSWIFT_PACKAGE -Xcc -DDEBUG\=1 -emit-objc-header -emit-objc-header-path /Users/admin/builder/spi-builder-workspace/.derivedData/Build/Intermediates.noindex/SpeziOnboarding.build/Debug-watchos/SpeziOnboarding-t.build/Objects-normal/arm64/SpeziOnboarding-Swift.h -working-directory /Users/admin/builder/spi-builder-workspace/.swiftpm/xcode -experimental-emit-module-separately -disable-cmo
Copy /Users/admin/builder/spi-builder-workspace/.derivedData/Build/Products/Debug-watchos/SpeziOnboarding.swiftmodule/Project/arm64_32-apple-watchos.swiftsourceinfo /Users/admin/builder/spi-builder-workspace/.derivedData/Build/Intermediates.noindex/SpeziOnboarding.build/Debug-watchos/SpeziOnboarding-t.build/Objects-normal/arm64_32/SpeziOnboarding.swiftsourceinfo (in target 'SpeziOnboarding' from project 'SpeziOnboarding')
cd /Users/admin/builder/spi-builder-workspace
builtin-copy -exclude .DS_Store -exclude CVS -exclude .svn -exclude .git -exclude .hg -resolve-src-symlinks -rename /Users/admin/builder/spi-builder-workspace/.derivedData/Build/Intermediates.noindex/SpeziOnboarding.build/Debug-watchos/SpeziOnboarding-t.build/Objects-normal/arm64_32/SpeziOnboarding.swiftsourceinfo /Users/admin/builder/spi-builder-workspace/.derivedData/Build/Products/Debug-watchos/SpeziOnboarding.swiftmodule/Project/arm64_32-apple-watchos.swiftsourceinfo
SwiftCompile normal arm64 Compiling\ resource_bundle_accessor.swift /Users/admin/builder/spi-builder-workspace/.derivedData/Build/Intermediates.noindex/SpeziOnboarding.build/Debug-watchos/SpeziOnboarding-t.build/DerivedSources/resource_bundle_accessor.swift (in target 'SpeziOnboarding' from project 'SpeziOnboarding')
SwiftCompile normal arm64 /Users/admin/builder/spi-builder-workspace/.derivedData/Build/Intermediates.noindex/SpeziOnboarding.build/Debug-watchos/SpeziOnboarding-t.build/DerivedSources/resource_bundle_accessor.swift (in target 'SpeziOnboarding' from project 'SpeziOnboarding')
cd /Users/admin/builder/spi-builder-workspace/.swiftpm/xcode
builtin-SwiftPerFileCompile resource_bundle_accessor.swift
SwiftCompile normal arm64 Compiling\ OnboardingInformationView.swift /Users/admin/builder/spi-builder-workspace/Sources/SpeziOnboarding/OnboardingInformationView.swift (in target 'SpeziOnboarding' from project 'SpeziOnboarding')
SwiftCompile normal arm64 /Users/admin/builder/spi-builder-workspace/Sources/SpeziOnboarding/OnboardingInformationView.swift (in target 'SpeziOnboarding' from project 'SpeziOnboarding')
cd /Users/admin/builder/spi-builder-workspace/.swiftpm/xcode
builtin-SwiftPerFileCompile OnboardingInformationView.swift
SwiftCompile normal arm64 Compiling\ OnboardingView.swift /Users/admin/builder/spi-builder-workspace/Sources/SpeziOnboarding/OnboardingView.swift (in target 'SpeziOnboarding' from project 'SpeziOnboarding')
SwiftCompile normal arm64 /Users/admin/builder/spi-builder-workspace/Sources/SpeziOnboarding/OnboardingView.swift (in target 'SpeziOnboarding' from project 'SpeziOnboarding')
cd /Users/admin/builder/spi-builder-workspace/.swiftpm/xcode
builtin-SwiftPerFileCompile OnboardingView.swift
SwiftCompile normal arm64 Compiling\ SequentialOnboardingView.swift /Users/admin/builder/spi-builder-workspace/Sources/SpeziOnboarding/SequentialOnboardingView.swift (in target 'SpeziOnboarding' from project 'SpeziOnboarding')
/Users/admin/builder/spi-builder-workspace/Sources/SpeziOnboarding/SequentialOnboardingView.swift:164:38: error: 'systemGroupedBackground' is unavailable in watchOS
162 | RoundedRectangle(cornerRadius: 16)
163 | #if !os(macOS)
164 | .fill(Color(.systemGroupedBackground))
| `- error: 'systemGroupedBackground' is unavailable in watchOS
165 | #else
166 | .fill(Color(.windowBackgroundColor))
/Applications/Xcode-27.0.0-Release.Candidate.app/Contents/Developer/Platforms/WatchOS.platform/Developer/SDKs/WatchOS27.0.sdk/System/Library/Frameworks/UIKit.framework/Headers/UIInterface.h:217:49: note: 'systemGroupedBackground' has been explicitly marked unavailable here
215 | * colors in places where a table view wouldn't make sense.
216 | */
217 | @property (class, nonatomic, readonly) UIColor *systemGroupedBackgroundColor API_AVAILABLE(ios(13.0)) API_UNAVAILABLE(tvos, watchos);
| `- note: 'systemGroupedBackground' has been explicitly marked unavailable here
218 | @property (class, nonatomic, readonly) UIColor *secondarySystemGroupedBackgroundColor API_AVAILABLE(ios(13.0)) API_UNAVAILABLE(tvos, watchos);
219 | @property (class, nonatomic, readonly) UIColor *tertiarySystemGroupedBackgroundColor API_AVAILABLE(ios(13.0)) API_UNAVAILABLE(tvos, watchos);
Failed frontend command:
/Applications/Xcode-27.0.0-Release.Candidate.app/Contents/Developer/Toolchains/XcodeDefault.xctoolchain/usr/bin/swift-frontend -frontend -c /Users/admin/builder/spi-builder-workspace/.derivedData/Build/Intermediates.noindex/SpeziOnboarding.build/Debug-watchos/SpeziOnboarding-t.build/DerivedSources/resource_bundle_accessor.swift /Users/admin/builder/spi-builder-workspace/Sources/SpeziOnboarding/OnboardingActionsView.swift /Users/admin/builder/spi-builder-workspace/Sources/SpeziOnboarding/OnboardingInformationView+Area.swift /Users/admin/builder/spi-builder-workspace/Sources/SpeziOnboarding/OnboardingInformationView.swift /Users/admin/builder/spi-builder-workspace/Sources/SpeziOnboarding/OnboardingTitleView.swift /Users/admin/builder/spi-builder-workspace/Sources/SpeziOnboarding/OnboardingView.swift -primary-file /Users/admin/builder/spi-builder-workspace/Sources/SpeziOnboarding/SequentialOnboardingView.swift /Users/admin/builder/spi-builder-workspace/Sources/SpeziOnboarding/Utils.swift /Users/admin/builder/spi-builder-workspace/.derivedData/Build/Intermediates.noindex/SpeziOnboarding.build/Debug-watchos/SpeziOnboarding-t.build/DerivedSources/GeneratedStringSymbols_Localizable.swift -emit-dependencies-path /Users/admin/builder/spi-builder-workspace/.derivedData/Build/Intermediates.noindex/SpeziOnboarding.build/Debug-watchos/SpeziOnboarding-t.build/Objects-normal/arm64/SequentialOnboardingView.d -emit-const-values-path /Users/admin/builder/spi-builder-workspace/.derivedData/Build/Intermediates.noindex/SpeziOnboarding.build/Debug-watchos/SpeziOnboarding-t.build/Objects-normal/arm64/SequentialOnboardingView.swiftconstvalues -emit-reference-dependencies-path /Users/admin/builder/spi-builder-workspace/.derivedData/Build/Intermediates.noindex/SpeziOnboarding.build/Debug-watchos/SpeziOnboarding-t.build/Objects-normal/arm64/SequentialOnboardingView.swiftdeps -serialize-diagnostics-path /Users/admin/builder/spi-builder-workspace/.derivedData/Build/Intermediates.noindex/SpeziOnboarding.build/Debug-watchos/SpeziOnboarding-t.build/Objects-normal/arm64/SequentialOnboardingView.dia -emit-localized-strings -emit-localized-strings-path /Users/admin/builder/spi-builder-workspace/.derivedData/Build/Intermediates.noindex/SpeziOnboarding.build/Debug-watchos/SpeziOnboarding-t.build/Objects-normal/arm64 -target arm64-apple-watchos10.0 -disable-cross-import-overlay-search -load-resolved-plugin /Applications/Xcode-27.0.0-Release.Candidate.app/Contents/Developer/Platforms/WatchOS.platform/Developer/usr/lib/swift/host/plugins/libFoundationMacros.dylib\#/Applications/Xcode-27.0.0-Release.Candidate.app/Contents/Developer/Platforms/WatchOS.platform/Developer/usr/bin/swift-plugin-server\#FoundationMacros -load-resolved-plugin /Applications/Xcode-27.0.0-Release.Candidate.app/Contents/Developer/Platforms/WatchOS.platform/Developer/usr/lib/swift/host/plugins/libObservationMacros.dylib\#/Applications/Xcode-27.0.0-Release.Candidate.app/Contents/Developer/Platforms/WatchOS.platform/Developer/usr/bin/swift-plugin-server\#ObservationMacros -load-resolved-plugin /Applications/Xcode-27.0.0-Release.Candidate.app/Contents/Developer/Platforms/WatchOS.platform/Developer/usr/lib/swift/host/plugins/libPreviewsMacros.dylib\#/Applications/Xcode-27.0.0-Release.Candidate.app/Contents/Developer/Platforms/WatchOS.platform/Developer/usr/bin/swift-plugin-server\#PreviewsMacros -load-resolved-plugin /Applications/Xcode-27.0.0-Release.Candidate.app/Contents/Developer/Platforms/WatchOS.platform/Developer/usr/lib/swift/host/plugins/libSwiftMacros.dylib\#/Applications/Xcode-27.0.0-Release.Candidate.app/Contents/Developer/Platforms/WatchOS.platform/Developer/usr/bin/swift-plugin-server\#SwiftMacros -load-resolved-plugin /Applications/Xcode-27.0.0-Release.Candidate.app/Contents/Developer/Platforms/WatchOS.platform/Developer/usr/lib/swift/host/plugins/libSwiftUIMacros.dylib\#/Applications/Xcode-27.0.0-Release.Candidate.app/Contents/Developer/Platforms/WatchOS.platform/Developer/usr/bin/swift-plugin-server\#SwiftUIMacros -load-resolved-plugin \#/Users/admin/builder/spi-builder-workspace/.derivedData/Build/Products/Debug/ThreadLocalMacros\#ThreadLocalMacros -load-resolved-plugin /Applications/Xcode-27.0.0-Release.Candidate.app/Contents/Developer/Platforms/WatchOS.platform/Developer/usr/lib/swift/host/plugins/libTipKitMacros.dylib\#/Applications/Xcode-27.0.0-Release.Candidate.app/Contents/Developer/Platforms/WatchOS.platform/Developer/usr/bin/swift-plugin-server\#TipKitMacros -disable-implicit-swift-modules -Xcc -fno-implicit-modules -Xcc -fno-implicit-module-maps -explicit-swift-module-map-file /Users/admin/builder/spi-builder-workspace/.derivedData/Build/Intermediates.noindex/SpeziOnboarding.build/Debug-watchos/SpeziOnboarding-t.build/Objects-normal/arm64/SpeziOnboarding-dependencies-1.json -Xllvm -aarch64-use-tbi -enable-objc-interop -stack-check -sdk /Applications/Xcode-27.0.0-Release.Candidate.app/Contents/Developer/Platforms/WatchOS.platform/Developer/SDKs/WatchOS27.0.sdk -I /Users/admin/builder/spi-builder-workspace/.derivedData/Build/Products/Debug-watchos -Isystem /Applications/Xcode-27.0.0-Release.Candidate.app/Contents/Developer/Platforms/WatchOS.platform/Developer/usr/lib -F /Users/admin/builder/spi-builder-workspace/.derivedData/Build/Products/Debug-watchos/PackageFrameworks -F /Users/admin/builder/spi-builder-workspace/.derivedData/Build/Products/Debug-watchos -F /Applications/Xcode-27.0.0-Release.Candidate.app/Contents/Developer/Platforms/WatchOS.platform/Developer/Library/Frameworks -F /Applications/Xcode-27.0.0-Release.Candidate.app/Contents/Developer/Platforms/WatchOS.platform/Developer/SDKs/WatchOS27.0.sdk/Developer/Library/Frameworks -module-cache-path /Users/admin/builder/spi-builder-workspace/.derivedData/Build/Intermediates.noindex/SwiftExplicitPrecompiledModules -no-color-diagnostics -Xcc -fno-color-diagnostics -enable-testing -g -debug-info-format\=dwarf -dwarf-version\=4 -profile-generate -profile-coverage-mapping -swift-version 6 -Onone -D SWIFT_PACKAGE -D DEBUG -D SWIFT_MODULE_RESOURCE_BUNDLE_AVAILABLE -D Xcode -serialize-debugging-options -load-plugin-executable /Users/admin/builder/spi-builder-workspace/.derivedData/Build/Products/Debug/ThreadLocalMacros\#ThreadLocalMacros -enable-upcoming-feature ExistentialAny -enable-experimental-feature DebugDescriptionMacro -empty-abi-descriptor -validate-clang-modules-once -clang-build-session-file /Users/admin/builder/spi-builder-workspace/.derivedData/ModuleCache.noindex/Session.modulevalidation -Xcc -working-directory -Xcc /Users/admin/builder/spi-builder-workspace/.swiftpm/xcode -enable-anonymous-context-mangled-names -file-compilation-dir /Users/admin/builder/spi-builder-workspace/.swiftpm/xcode -Xcc -fmodule-map-file\=/Users/admin/builder/spi-builder-workspace/.dependencies/checkouts/zstd/lib/module.modulemap -Xcc -fmodule-map-file\=/Users/admin/builder/spi-builder-workspace/.dependencies/checkouts/swift-atomics/Sources/_AtomicsShims/include/module.modulemap -Xcc -fmodule-map-file\=/Users/admin/builder/spi-builder-workspace/.dependencies/checkouts/swift-numerics/Sources/_NumericsShims/include/module.modulemap -Xcc -fmodule-map-file\=/Users/admin/builder/spi-builder-workspace/.derivedData/Build/Intermediates.noindex/GeneratedModuleMaps-watchos/SpeziFoundationObjC.modulemap -Xcc -fmodule-map-file\=/Users/admin/builder/spi-builder-workspace/.dependencies/checkouts/swift-cmark/src/include/module.modulemap -Xcc -fmodule-map-file\=/Users/admin/builder/spi-builder-workspace/.dependencies/checkouts/swift-cmark/extensions/include/module.modulemap -Xcc -D_LIBCPP_HARDENING_MODE\=_LIBCPP_HARDENING_MODE_DEBUG -Xcc -ivfsstatcache -Xcc /Users/admin/builder/spi-builder-workspace/.derivedData/SDKStatCaches.noindex/watchos27.0-24R360-e829b21a6f8c9b70876ba0858053c04477534ef55a1706bf4c1112bbb242f0a2.sdkstatcache -Xcc -fmodules-prune-interval\=86400 -Xcc -fmodules-prune-after\=345600 -Xcc -I/Users/admin/builder/spi-builder-workspace/.dependencies/checkouts/zstd/lib -Xcc -I/Users/admin/builder/spi-builder-workspace/.dependencies/checkouts/swift-atomics/Sources/_AtomicsShims/include -Xcc -I/Users/admin/builder/spi-builder-workspace/.dependencies/checkouts/swift-numerics/Sources/_NumericsShims/include -Xcc -I/Users/admin/builder/spi-builder-workspace/.dependencies/checkouts/SpeziFoundation/Sources/SpeziFoundationObjC/include -Xcc -I/Users/admin/builder/spi-builder-workspace/.dependencies/checkouts/swift-cmark/src/include -Xcc -I/Users/admin/builder/spi-builder-workspace/.dependencies/checkouts/swift-cmark/extensions/include -Xcc -I/Users/admin/builder/spi-builder-workspace/.derivedData/Build/Products/Debug-watchos/include -Xcc -I/Users/admin/builder/spi-builder-workspace/.derivedData/Build/Intermediates.noindex/SpeziOnboarding.build/Debug-watchos/SpeziOnboarding-t.build/DerivedSources-normal/arm64 -Xcc -I/Users/admin/builder/spi-builder-workspace/.derivedData/Build/Intermediates.noindex/SpeziOnboarding.build/Debug-watchos/SpeziOnboarding-t.build/DerivedSources/arm64 -Xcc -I/Users/admin/builder/spi-builder-workspace/.derivedData/Build/Intermediates.noindex/SpeziOnboarding.build/Debug-watchos/SpeziOnboarding-t.build/DerivedSources -Xcc -DSWIFT_PACKAGE -Xcc -DDEBUG\=1 -no-auto-bridging-header-chaining -module-name SpeziOnboarding -package-name spi_builder_workspace -const-gather-protocols-file /Users/admin/builder/spi-builder-workspace/.derivedData/Build/Intermediates.noindex/SpeziOnboarding.build/Debug-watchos/SpeziOnboarding-t.build/Objects-normal/arm64/SpeziOnboarding_const_extract_protocols.json -disable-clang-spi -clang-target arm64-apple-watchos27.0 -target-sdk-version 27.0 -target-sdk-name watchos27.0 -in-process-plugin-server-path /Applications/Xcode-27.0.0-Release.Candidate.app/Contents/Developer/Toolchains/XcodeDefault.xctoolchain/usr/lib/swift/host/libSwiftInProcPluginServer.dylib -parse-as-library -o /Users/admin/builder/spi-builder-workspace/.derivedData/Build/Intermediates.noindex/SpeziOnboarding.build/Debug-watchos/SpeziOnboarding-t.build/Objects-normal/arm64/SequentialOnboardingView.o -debug-module-path /Users/admin/builder/spi-builder-workspace/.derivedData/Build/Intermediates.noindex/SpeziOnboarding.build/Debug-watchos/SpeziOnboarding-t.build/Objects-normal/arm64/SpeziOnboarding.swiftmodule -index-unit-output-path /SpeziOnboarding.build/Debug-watchos/SpeziOnboarding-t.build/Objects-normal/arm64/SequentialOnboardingView.o -index-store-path /Users/admin/builder/spi-builder-workspace/.derivedData/Index.noindex/DataStore -index-system-modules
SwiftCompile normal arm64 /Users/admin/builder/spi-builder-workspace/Sources/SpeziOnboarding/SequentialOnboardingView.swift (in target 'SpeziOnboarding' from project 'SpeziOnboarding')
cd /Users/admin/builder/spi-builder-workspace/.swiftpm/xcode
builtin-SwiftPerFileCompile SequentialOnboardingView.swift
SwiftEmitModule normal arm64 Emitting\ module\ for\ SpeziOnboarding (in target 'SpeziOnboarding' from project 'SpeziOnboarding')
SwiftCompile normal arm64 (in target 'SpeziOnboarding' from project 'SpeziOnboarding')
cd /Users/admin/builder/spi-builder-workspace/.swiftpm/xcode
SwiftCompile normal arm64 Compiling\ GeneratedStringSymbols_Localizable.swift /Users/admin/builder/spi-builder-workspace/.derivedData/Build/Intermediates.noindex/SpeziOnboarding.build/Debug-watchos/SpeziOnboarding-t.build/DerivedSources/GeneratedStringSymbols_Localizable.swift (in target 'SpeziOnboarding' from project 'SpeziOnboarding')
SwiftCompile normal arm64 /Users/admin/builder/spi-builder-workspace/.derivedData/Build/Intermediates.noindex/SpeziOnboarding.build/Debug-watchos/SpeziOnboarding-t.build/DerivedSources/GeneratedStringSymbols_Localizable.swift (in target 'SpeziOnboarding' from project 'SpeziOnboarding')
cd /Users/admin/builder/spi-builder-workspace/.swiftpm/xcode
builtin-SwiftPerFileCompile GeneratedStringSymbols_Localizable.swift
SwiftCompile normal arm64 Compiling\ OnboardingActionsView.swift /Users/admin/builder/spi-builder-workspace/Sources/SpeziOnboarding/OnboardingActionsView.swift (in target 'SpeziOnboarding' from project 'SpeziOnboarding')
SwiftCompile normal arm64 /Users/admin/builder/spi-builder-workspace/Sources/SpeziOnboarding/OnboardingActionsView.swift (in target 'SpeziOnboarding' from project 'SpeziOnboarding')
cd /Users/admin/builder/spi-builder-workspace/.swiftpm/xcode
builtin-SwiftPerFileCompile OnboardingActionsView.swift
SwiftCompile normal arm64 Compiling\ OnboardingInformationView+Area.swift /Users/admin/builder/spi-builder-workspace/Sources/SpeziOnboarding/OnboardingInformationView+Area.swift (in target 'SpeziOnboarding' from project 'SpeziOnboarding')
SwiftCompile normal arm64 /Users/admin/builder/spi-builder-workspace/Sources/SpeziOnboarding/OnboardingInformationView+Area.swift (in target 'SpeziOnboarding' from project 'SpeziOnboarding')
cd /Users/admin/builder/spi-builder-workspace/.swiftpm/xcode
builtin-SwiftPerFileCompile OnboardingInformationView+Area.swift
SwiftDriverJobDiscovery normal arm64 Compiling GeneratedStringSymbols_Localizable.swift (in target 'SpeziOnboarding' from project 'SpeziOnboarding')
SwiftCompile normal arm64 Compiling\ OnboardingTitleView.swift /Users/admin/builder/spi-builder-workspace/Sources/SpeziOnboarding/OnboardingTitleView.swift (in target 'SpeziOnboarding' from project 'SpeziOnboarding')
SwiftCompile normal arm64 /Users/admin/builder/spi-builder-workspace/Sources/SpeziOnboarding/OnboardingTitleView.swift (in target 'SpeziOnboarding' from project 'SpeziOnboarding')
cd /Users/admin/builder/spi-builder-workspace/.swiftpm/xcode
builtin-SwiftPerFileCompile OnboardingTitleView.swift
SwiftDriverJobDiscovery normal arm64 Compiling resource_bundle_accessor.swift (in target 'SpeziOnboarding' from project 'SpeziOnboarding')
SwiftCompile normal arm64 Compiling\ Utils.swift /Users/admin/builder/spi-builder-workspace/Sources/SpeziOnboarding/Utils.swift (in target 'SpeziOnboarding' from project 'SpeziOnboarding')
SwiftCompile normal arm64 /Users/admin/builder/spi-builder-workspace/Sources/SpeziOnboarding/Utils.swift (in target 'SpeziOnboarding' from project 'SpeziOnboarding')
cd /Users/admin/builder/spi-builder-workspace/.swiftpm/xcode
builtin-SwiftPerFileCompile Utils.swift
SwiftDriverJobDiscovery normal arm64 Compiling OnboardingInformationView+Area.swift (in target 'SpeziOnboarding' from project 'SpeziOnboarding')
SwiftEmitModule normal arm64_32 Emitting\ module\ for\ SpeziOnboarding (in target 'SpeziOnboarding' from project 'SpeziOnboarding')
SwiftCompile normal arm64_32 (in target 'SpeziOnboarding' from project 'SpeziOnboarding')
cd /Users/admin/builder/spi-builder-workspace/.swiftpm/xcode
SwiftCompile normal arm64_32 Compiling\ OnboardingActionsView.swift /Users/admin/builder/spi-builder-workspace/Sources/SpeziOnboarding/OnboardingActionsView.swift (in target 'SpeziOnboarding' from project 'SpeziOnboarding')
SwiftCompile normal arm64_32 /Users/admin/builder/spi-builder-workspace/Sources/SpeziOnboarding/OnboardingActionsView.swift (in target 'SpeziOnboarding' from project 'SpeziOnboarding')
cd /Users/admin/builder/spi-builder-workspace/.swiftpm/xcode
builtin-SwiftPerFileCompile OnboardingActionsView.swift
SwiftDriverJobDiscovery normal arm64 Compiling OnboardingInformationView.swift (in target 'SpeziOnboarding' from project 'SpeziOnboarding')
SwiftCompile normal arm64_32 Compiling\ SequentialOnboardingView.swift /Users/admin/builder/spi-builder-workspace/Sources/SpeziOnboarding/SequentialOnboardingView.swift (in target 'SpeziOnboarding' from project 'SpeziOnboarding')
SwiftCompile normal arm64_32 /Users/admin/builder/spi-builder-workspace/Sources/SpeziOnboarding/SequentialOnboardingView.swift (in target 'SpeziOnboarding' from project 'SpeziOnboarding')
cd /Users/admin/builder/spi-builder-workspace/.swiftpm/xcode
builtin-SwiftPerFileCompile SequentialOnboardingView.swift
SwiftDriverJobDiscovery normal arm64 Emitting module for SpeziOnboarding (in target 'SpeziOnboarding' from project 'SpeziOnboarding')
SwiftDriver\ Compilation\ Requirements SpeziOnboarding normal arm64 com.apple.xcode.tools.swift.compiler (in target 'SpeziOnboarding' from project 'SpeziOnboarding')
cd /Users/admin/builder/spi-builder-workspace/.swiftpm/xcode
builtin-Swift-Compilation-Requirements -- /Applications/Xcode-27.0.0-Release.Candidate.app/Contents/Developer/Toolchains/XcodeDefault.xctoolchain/usr/bin/swiftc -parse-as-library -module-name SpeziOnboarding -Onone @/Users/admin/builder/spi-builder-workspace/.derivedData/Build/Intermediates.noindex/SpeziOnboarding.build/Debug-watchos/SpeziOnboarding-t.build/Objects-normal/arm64/SpeziOnboarding.SwiftFileList -DSWIFT_PACKAGE -DDEBUG -DSWIFT_MODULE_RESOURCE_BUNDLE_AVAILABLE -Xcc -fmodule-map-file\=/Users/admin/builder/spi-builder-workspace/.dependencies/checkouts/zstd/lib/module.modulemap -Xcc -fmodule-map-file\=/Users/admin/builder/spi-builder-workspace/.dependencies/checkouts/swift-atomics/Sources/_AtomicsShims/include/module.modulemap -Xcc -fmodule-map-file\=/Users/admin/builder/spi-builder-workspace/.dependencies/checkouts/swift-numerics/Sources/_NumericsShims/include/module.modulemap -Xcc -fmodule-map-file\=/Users/admin/builder/spi-builder-workspace/.derivedData/Build/Intermediates.noindex/GeneratedModuleMaps-watchos/SpeziFoundationObjC.modulemap -Xcc -fmodule-map-file\=/Users/admin/builder/spi-builder-workspace/.dependencies/checkouts/swift-cmark/src/include/module.modulemap -Xcc -fmodule-map-file\=/Users/admin/builder/spi-builder-workspace/.dependencies/checkouts/swift-cmark/extensions/include/module.modulemap -DXcode -enable-upcoming-feature ExistentialAny -plugin-path /Applications/Xcode-27.0.0-Release.Candidate.app/Contents/Developer/Toolchains/XcodeDefault.xctoolchain/usr/lib/swift/host/plugins/testing -enable-experimental-feature DebugDescriptionMacro -sdk /Applications/Xcode-27.0.0-Release.Candidate.app/Contents/Developer/Platforms/WatchOS.platform/Developer/SDKs/WatchOS27.0.sdk -target arm64-apple-watchos10.0 -g -module-cache-path /Users/admin/builder/spi-builder-workspace/.derivedData/ModuleCache.noindex -Xfrontend -serialize-debugging-options -profile-coverage-mapping -profile-generate -enable-testing -index-store-path /Users/admin/builder/spi-builder-workspace/.derivedData/Index.noindex/DataStore -Xcc -D_LIBCPP_HARDENING_MODE\=_LIBCPP_HARDENING_MODE_DEBUG -swift-version 6 -I /Users/admin/builder/spi-builder-workspace/.derivedData/Build/Products/Debug-watchos -Isystem /Applications/Xcode-27.0.0-Release.Candidate.app/Contents/Developer/Platforms/WatchOS.platform/Developer/usr/lib -F /Users/admin/builder/spi-builder-workspace/.derivedData/Build/Products/Debug-watchos/PackageFrameworks -F /Users/admin/builder/spi-builder-workspace/.derivedData/Build/Products/Debug-watchos -F /Applications/Xcode-27.0.0-Release.Candidate.app/Contents/Developer/Platforms/WatchOS.platform/Developer/Library/Frameworks -F /Applications/Xcode-27.0.0-Release.Candidate.app/Contents/Developer/Platforms/WatchOS.platform/Developer/SDKs/WatchOS27.0.sdk/Developer/Library/Frameworks -Xfrontend -load-plugin-executable -Xfrontend /Users/admin/builder/spi-builder-workspace/.derivedData/Build/Products/Debug/ThreadLocalMacros\#ThreadLocalMacros -emit-localized-strings -emit-localized-strings-path /Users/admin/builder/spi-builder-workspace/.derivedData/Build/Intermediates.noindex/SpeziOnboarding.build/Debug-watchos/SpeziOnboarding-t.build/Objects-normal/arm64 -c -j10 -enable-batch-mode -incremental -Xcc -ivfsstatcache -Xcc /Users/admin/builder/spi-builder-workspace/.derivedData/SDKStatCaches.noindex/watchos27.0-24R360-e829b21a6f8c9b70876ba0858053c04477534ef55a1706bf4c1112bbb242f0a2.sdkstatcache -output-file-map /Users/admin/builder/spi-builder-workspace/.derivedData/Build/Intermediates.noindex/SpeziOnboarding.build/Debug-watchos/SpeziOnboarding-t.build/Objects-normal/arm64/SpeziOnboarding-OutputFileMap.json -save-temps -no-color-diagnostics -explicit-module-build -module-cache-path /Users/admin/builder/spi-builder-workspace/.derivedData/Build/Intermediates.noindex/SwiftExplicitPrecompiledModules -clang-scanner-module-cache-path /Users/admin/builder/spi-builder-workspace/.derivedData/ModuleCache.noindex -sdk-module-cache-path /Users/admin/builder/spi-builder-workspace/.derivedData/SDKExplicitPrecompiledModules -emit-dependencies -emit-module -emit-module-path /Users/admin/builder/spi-builder-workspace/.derivedData/Build/Intermediates.noindex/SpeziOnboarding.build/Debug-watchos/SpeziOnboarding-t.build/Objects-normal/arm64/SpeziOnboarding.swiftmodule -serialize-diagnostics -dependency-scan-serialize-diagnostics-path /Users/admin/builder/spi-builder-workspace/.derivedData/Build/Intermediates.noindex/SpeziOnboarding.build/Debug-watchos/SpeziOnboarding-t.build/Objects-normal/arm64/SpeziOnboarding-dependency-scan.dia -validate-clang-modules-once -clang-build-session-file /Users/admin/builder/spi-builder-workspace/.derivedData/ModuleCache.noindex/Session.modulevalidation -Xcc -fmodules-prune-interval\=86400 -Xcc -fmodules-prune-after\=345600 -package-name spi_builder_workspace -emit-const-values -const-gather-protocols-list /Users/admin/builder/spi-builder-workspace/.derivedData/Build/Intermediates.noindex/SpeziOnboarding.build/Debug-watchos/SpeziOnboarding-t.build/Objects-normal/arm64/SpeziOnboarding_const_extract_protocols.json -Xcc -I/Users/admin/builder/spi-builder-workspace/.dependencies/checkouts/zstd/lib -Xcc -I/Users/admin/builder/spi-builder-workspace/.dependencies/checkouts/swift-atomics/Sources/_AtomicsShims/include -Xcc -I/Users/admin/builder/spi-builder-workspace/.dependencies/checkouts/swift-numerics/Sources/_NumericsShims/include -Xcc -I/Users/admin/builder/spi-builder-workspace/.dependencies/checkouts/SpeziFoundation/Sources/SpeziFoundationObjC/include -Xcc -I/Users/admin/builder/spi-builder-workspace/.dependencies/checkouts/swift-cmark/src/include -Xcc -I/Users/admin/builder/spi-builder-workspace/.dependencies/checkouts/swift-cmark/extensions/include -Xcc -I/Users/admin/builder/spi-builder-workspace/.derivedData/Build/Products/Debug-watchos/include -Xcc -I/Users/admin/builder/spi-builder-workspace/.derivedData/Build/Intermediates.noindex/SpeziOnboarding.build/Debug-watchos/SpeziOnboarding-t.build/DerivedSources-normal/arm64 -Xcc -I/Users/admin/builder/spi-builder-workspace/.derivedData/Build/Intermediates.noindex/SpeziOnboarding.build/Debug-watchos/SpeziOnboarding-t.build/DerivedSources/arm64 -Xcc -I/Users/admin/builder/spi-builder-workspace/.derivedData/Build/Intermediates.noindex/SpeziOnboarding.build/Debug-watchos/SpeziOnboarding-t.build/DerivedSources -Xcc -DSWIFT_PACKAGE -Xcc -DDEBUG\=1 -emit-objc-header -emit-objc-header-path /Users/admin/builder/spi-builder-workspace/.derivedData/Build/Intermediates.noindex/SpeziOnboarding.build/Debug-watchos/SpeziOnboarding-t.build/Objects-normal/arm64/SpeziOnboarding-Swift.h -working-directory /Users/admin/builder/spi-builder-workspace/.swiftpm/xcode -experimental-emit-module-separately -disable-cmo
PruneExplicitPrecompiledModules /Users/admin/builder/spi-builder-workspace/.derivedData/Build/Intermediates.noindex/ExplicitPrecompiledModules
PruneExplicitPrecompiledModules /Users/admin/builder/spi-builder-workspace/.derivedData/SDKExplicitPrecompiledModules
PruneExplicitPrecompiledModules /Users/admin/builder/spi-builder-workspace/.derivedData/Build/Intermediates.noindex/SwiftExplicitPrecompiledModules
2026-09-23 10:18:56.507 xcodebuild[2536:12800] [MT] IDERunDestination: Supported platforms for the buildables in the current scheme is empty.
** BUILD FAILED **
The following build commands failed:
SwiftCompile normal arm64 Compiling\ SequentialOnboardingView.swift /Users/admin/builder/spi-builder-workspace/Sources/SpeziOnboarding/SequentialOnboardingView.swift (in target 'SpeziOnboarding' from project 'SpeziOnboarding')
SwiftCompile normal arm64 /Users/admin/builder/spi-builder-workspace/Sources/SpeziOnboarding/SequentialOnboardingView.swift (in target 'SpeziOnboarding' from project 'SpeziOnboarding')
Building workspace SpeziOnboarding with scheme SpeziOnboarding
(3 failures)
BUILD FAILURE 6.4 watchOS