The Swift Package Index logo.Swift Package Index

Build Information

Failed to build NPMPublishPlugin, reference main (904d35), with Swift 6.3 for iOS using Xcode 26.4 on 3 Sep 2026 01:10:37 UTC.

Build Command

No build command. This typically means the build failed at an early stage where we determine the build command.

Build Log

========================================
RunAll
========================================
Builder version: 5.0.2
Interrupt handler set up.
========================================
Checkout
========================================
Clone URL: https://github.com/brightdigit/NPMPublishPlugin.git
Reference: main
Initialized empty Git repository in /Users/admin/builder/spi-builder-workspace/.git/
From https://github.com/brightdigit/NPMPublishPlugin
 * branch            main       -> FETCH_HEAD
 * [new branch]      main       -> origin/main
HEAD is now at 904d35e v2.0.0-alpha.1
Cloned https://github.com/brightdigit/NPMPublishPlugin.git
Revision (git rev-parse @):
904d35ef4899e2e1f74a7dc19e91c831a9283a52
SPI manifest file found: $PWD/.spi.yml
SUCCESS checkout https://github.com/brightdigit/NPMPublishPlugin.git at main
========================================
Build
========================================
Selected platform:         iOS
Swift version:             6.3
Building package at path:  $PWD
https://github.com/brightdigit/NPMPublishPlugin.git
Command line invocation:
    /Applications/Xcode-26.5.0.app/Contents/Developer/usr/bin/xcodebuild -IDEClonedSourcePackagesDirPathOverride=/Users/admin/builder/spi-builder-workspace/.dependencies -resolvePackageDependencies
Resolve Package Graph
package 'spi-builder-workspace' is using Swift tools version 6.4.0 but the installed version is 6.3.2
Resolved source packages:
  spi-builder-workspace: (null)
2026-09-02 21:10:36.030 xcodebuild[535:3050] Writing error result bundle to /var/folders/xq/y_g06wb113726d38xsyx71_h0000gn/T/ResultBundle_2026-02-09_21-10-0036.xcresult
xcodebuild: error: Could not resolve package dependencies:
  package 'spi-builder-workspace' is using Swift tools version 6.4.0 but the installed version is 6.3.2
Command line invocation:
    /Applications/Xcode-26.5.0.app/Contents/Developer/usr/bin/xcodebuild -IDEClonedSourcePackagesDirPathOverride=/Users/admin/builder/spi-builder-workspace/.dependencies -resolvePackageDependencies
Resolve Package Graph
package 'spi-builder-workspace' is using Swift tools version 6.4.0 but the installed version is 6.3.2
Resolved source packages:
  spi-builder-workspace: (null)
2026-09-02 21:10:37.452 xcodebuild[605:3566] Writing error result bundle to /var/folders/xq/y_g06wb113726d38xsyx71_h0000gn/T/ResultBundle_2026-02-09_21-10-0037.xcresult
xcodebuild: error: Could not resolve package dependencies:
  package 'spi-builder-workspace' is using Swift tools version 6.4.0 but the installed version is 6.3.2
BUILD FAILURE 6.3 iOS