The Swift Package Index logo.Swift Package Index

Build Information

Failed to build Marionette, reference 1.0.0-alpha.11 (3c0699), with Swift 6.4 for watchOS using Xcode 27.0 on 18 Sep 2026 18:21:26 UTC.

Build Command

env DEVELOPER_DIR=/Applications/Xcode-27.0.0-Release.Candidate.app xcrun xcodebuild -IDEClonedSourcePackagesDirPathOverride=$PWD/.dependencies -skipMacroValidation -skipPackagePluginValidation -derivedDataPath $PWD/.derivedData build -scheme Marionette -destination generic/platform=watchOS

Build Log

========================================
RunAll
========================================
Builder version: 5.1.0
Interrupt handler set up.
========================================
Checkout
========================================
Clone URL: https://github.com/LinusU/Marionette.git
Reference: 1.0.0-alpha.11
Initialized empty Git repository in /Users/admin/builder/spi-builder-workspace/.git/
From https://github.com/LinusU/Marionette
 * tag               1.0.0-alpha.11 -> FETCH_HEAD
HEAD is now at 3c0699e 🎉 Add CocoaPods support
Cloned https://github.com/LinusU/Marionette.git
Revision (git rev-parse @):
3c0699e869fdbe13a5d03042884c17d418293a12
SUCCESS checkout https://github.com/LinusU/Marionette.git at 1.0.0-alpha.11
========================================
Build
========================================
Selected platform:         watchOS
Swift version:             6.4
Building package at path:  $PWD
https://github.com/LinusU/Marionette.git
Command line invocation:
    /Applications/Xcode-27.0.0-Release.Candidate.app/Contents/Developer/usr/bin/xcodebuild -IDEClonedSourcePackagesDirPathOverride=/Users/admin/builder/spi-builder-workspace/.dependencies -resolvePackageDependencies
resolved source packages:
{
  "dependencies" : [
    {
      "identity" : "signals",
      "requirement" : {
        "range" : [
          {
            "lower_bound" : "6.0.0",
            "upper_bound" : "7.0.0"
          }
        ]
      },
      "type" : "sourceControl",
      "url" : "https://github.com/artman/Signals"
    },
    {
      "identity" : "jsbridge",
      "requirement" : {
        "range" : [
          {
            "lower_bound" : "1.0.0-alpha.15",
            "upper_bound" : "2.0.0"
          }
        ]
      },
      "type" : "sourceControl",
      "url" : "https://github.com/LinusU/JSBridge"
    },
    {
      "identity" : "promisekit",
      "requirement" : {
        "range" : [
          {
            "lower_bound" : "6.0.0",
            "upper_bound" : "7.0.0"
          }
        ]
      },
      "type" : "sourceControl",
      "url" : "https://github.com/mxcl/PromiseKit"
    }
  ],
  "manifest_display_name" : "Marionette",
  "name" : "Marionette",
  "path" : "/Users/admin/builder/spi-builder-workspace",
  "platforms" : [
  ],
  "products" : [
    {
      "name" : "Marionette",
      "targets" : [
        "Marionette"
      ],
      "type" : {
        "library" : [
          "automatic"
        ]
      }
    }
  ],
  "targets" : [
    {
      "c99name" : "MarionetteTests",
      "module_type" : "SwiftTarget",
      "name" : "MarionetteTests",
      "path" : "Tests",
      "sources" : [
        "EvaluationTests.swift",
        "Util/AssetServer.swift",
        "Util/MarionetteTestCase.swift",
        "WaitTests.swift"
      ],
      "target_dependencies" : [
        "Marionette"
      ],
      "type" : "test"
    },
    {
      "c99name" : "Marionette",
      "module_type" : "SwiftTarget",
      "name" : "Marionette",
      "path" : "Sources",
      "product_dependencies" : [
        "JSBridge",
        "PromiseKit",
        "Signals"
      ],
      "product_memberships" : [
        "Marionette"
      ],
      "sources" : [
        "Marionette.swift"
      ],
      "type" : "library"
    }
  ],
  "tools_version" : "4.0"
}
{
  "project" : {
    "configurations" : [
      "Debug",
      "Release"
    ],
    "name" : "Marionette",
    "schemes" : [
      "Marionette_iOS",
      "Marionette_macOS"
    ],
    "targets" : [
      "Marionette_iOS",
      "Marionette_macOS"
    ]
  }
}
{
  "workspace" : {
    "name" : "Marionette",
    "schemes" : [
      "Marionette"
    ]
  }
}
2026-09-18 14:21:13.641 xcodebuild[621:3933] [MT] IDERunDestination: Supported platforms for the buildables in the current scheme is empty.
Running build ...
env DEVELOPER_DIR=/Applications/Xcode-27.0.0-Release.Candidate.app xcrun xcodebuild -IDEClonedSourcePackagesDirPathOverride=$PWD/.dependencies -skipMacroValidation -skipPackagePluginValidation -derivedDataPath $PWD/.derivedData build -scheme Marionette -destination generic/platform=watchOS
Command line invocation:
    /Applications/Xcode-27.0.0-Release.Candidate.app/Contents/Developer/usr/bin/xcodebuild -IDEClonedSourcePackagesDirPathOverride=/Users/admin/builder/spi-builder-workspace/.dependencies -skipMacroValidation -skipPackagePluginValidation -derivedDataPath /Users/admin/builder/spi-builder-workspace/.derivedData build -scheme Marionette -destination generic/platform=watchOS
Resolve Package Graph
Resolve Package Graph
Resolved source packages:
  PromiseKit: https://github.com/mxcl/PromiseKit @ 6.22.1
  JSBridge: https://github.com/LinusU/JSBridge @ 1.0.0-alpha.16
  Signals: https://github.com/artman/Signals @ 6.1.0
  Marionette: /Users/admin/builder/spi-builder-workspace
ComputePackagePrebuildTargetDependencyGraph
Prepare packages
CreateBuildRequest
SendProjectDescription
CreateBuildOperation
ComputeTargetDependencyGraph
note: Building targets in dependency order
note: Target dependency graph (8 targets)
    Target 'Marionette-product' in project 'Marionette'
        ➜ Explicit dependency on target 'Marionette' in project 'Marionette'
        ➜ Explicit dependency on target 'JSBridge-product' in project 'JSBridge'
        ➜ Explicit dependency on target 'PromiseKit-product' in project 'PromiseKit'
        ➜ Explicit dependency on target 'Signals-product' in project 'Signals'
    Target 'Marionette' in project 'Marionette'
        ➜ Explicit dependency on target 'JSBridge-product' in project 'JSBridge'
        ➜ Explicit dependency on target 'PromiseKit-product' in project 'PromiseKit'
        ➜ Explicit dependency on target 'Signals-product' in project 'Signals'
    Target 'Signals-product' in project 'Signals'
        ➜ Explicit dependency on target 'Signals' in project 'Signals'
    Target 'Signals' in project 'Signals' (no dependencies)
    Target 'JSBridge-product' in project 'JSBridge'
        ➜ Explicit dependency on target 'JSBridge' in project 'JSBridge'
        ➜ Explicit dependency on target 'PromiseKit-product' in project 'PromiseKit'
    Target 'JSBridge' in project 'JSBridge'
        ➜ Explicit dependency on target 'PromiseKit-product' in project 'PromiseKit'
    Target 'PromiseKit-product' in project 'PromiseKit'
        ➜ Explicit dependency on target 'PromiseKit' in project 'PromiseKit'
    Target 'PromiseKit' in project 'PromiseKit' (no dependencies)
GatherProvisioningInputs
CreateBuildDescription
ExecuteExternalTool /Applications/Xcode-27.0.0-Release.Candidate.app/Contents/Developer/Toolchains/XcodeDefault.xctoolchain/usr/bin/swiftc --version
ExecuteExternalTool /Applications/Xcode-27.0.0-Release.Candidate.app/Contents/Developer/Toolchains/XcodeDefault.xctoolchain/usr/bin/clang -v -E -dM -isysroot /Applications/Xcode-27.0.0-Release.Candidate.app/Contents/Developer/Platforms/WatchOS.platform/Developer/SDKs/WatchOS27.0.sdk -x c -c /dev/null
ExecuteExternalTool /Applications/Xcode-27.0.0-Release.Candidate.app/Contents/Developer/Toolchains/XcodeDefault.xctoolchain/usr/bin/ld -version_details
Build description signature: 1833767192725a426fa8cd1d19fe7d13
Build description path: /Users/admin/builder/spi-builder-workspace/.derivedData/Build/Intermediates.noindex/XCBuildData/1833767192725a426fa8cd1d19fe7d13.xcbuilddata
CreateBuildDirectory /Users/admin/builder/spi-builder-workspace/.derivedData/ModuleCache.noindex
    cd /Users/admin/builder/spi-builder-workspace/.swiftpm/xcode
    builtin-create-build-directory /Users/admin/builder/spi-builder-workspace/.derivedData/ModuleCache.noindex
CreateBuildDirectory /Users/admin/builder/spi-builder-workspace/.derivedData/SDKExplicitPrecompiledModules
    cd /Users/admin/builder/spi-builder-workspace/.swiftpm/xcode
    builtin-create-build-directory /Users/admin/builder/spi-builder-workspace/.derivedData/SDKExplicitPrecompiledModules
CreateBuildDirectory /Users/admin/builder/spi-builder-workspace/.derivedData/CompilationCache.noindex
    cd /Users/admin/builder/spi-builder-workspace/.swiftpm/xcode
    builtin-create-build-directory /Users/admin/builder/spi-builder-workspace/.derivedData/CompilationCache.noindex
CreateBuildDirectory /Users/admin/builder/spi-builder-workspace/.derivedData/Build/Intermediates.noindex
    cd /Users/admin/builder/spi-builder-workspace/.swiftpm/xcode
    builtin-create-build-directory /Users/admin/builder/spi-builder-workspace/.derivedData/Build/Intermediates.noindex
ClangStatCache /Applications/Xcode-27.0.0-Release.Candidate.app/Contents/Developer/Toolchains/XcodeDefault.xctoolchain/usr/bin/clang-stat-cache /Applications/Xcode-27.0.0-Release.Candidate.app/Contents/Developer/Platforms/WatchOS.platform/Developer/SDKs/WatchOS27.0.sdk /Users/admin/builder/spi-builder-workspace/.derivedData/SDKStatCaches.noindex/watchos27.0-24R360-e829b21a6f8c9b70876ba0858053c04477534ef55a1706bf4c1112bbb242f0a2.sdkstatcache
    cd /Users/admin/builder/spi-builder-workspace/.swiftpm/xcode
    /Applications/Xcode-27.0.0-Release.Candidate.app/Contents/Developer/Toolchains/XcodeDefault.xctoolchain/usr/bin/clang-stat-cache /Applications/Xcode-27.0.0-Release.Candidate.app/Contents/Developer/Platforms/WatchOS.platform/Developer/SDKs/WatchOS27.0.sdk -o /Users/admin/builder/spi-builder-workspace/.derivedData/SDKStatCaches.noindex/watchos27.0-24R360-e829b21a6f8c9b70876ba0858053c04477534ef55a1706bf4c1112bbb242f0a2.sdkstatcache
CreateBuildDirectory /Users/admin/builder/spi-builder-workspace/.derivedData/Build/Products
    cd /Users/admin/builder/spi-builder-workspace/.swiftpm/xcode
    builtin-create-build-directory /Users/admin/builder/spi-builder-workspace/.derivedData/Build/Products
CreateBuildDirectory /Users/admin/builder/spi-builder-workspace/.derivedData/Build/Intermediates.noindex/SwiftExplicitPrecompiledModules
    cd /Users/admin/builder/spi-builder-workspace/.swiftpm/xcode
    builtin-create-build-directory /Users/admin/builder/spi-builder-workspace/.derivedData/Build/Intermediates.noindex/SwiftExplicitPrecompiledModules
CreateBuildDirectory /Users/admin/builder/spi-builder-workspace/.derivedData/Build/Intermediates.noindex/PrecompiledHeaders
    cd /Users/admin/builder/spi-builder-workspace/.swiftpm/xcode
    builtin-create-build-directory /Users/admin/builder/spi-builder-workspace/.derivedData/Build/Intermediates.noindex/PrecompiledHeaders
CreateBuildDirectory /Users/admin/builder/spi-builder-workspace/.derivedData/Build/Intermediates.noindex/ExplicitPrecompiledModules
    cd /Users/admin/builder/spi-builder-workspace/.swiftpm/xcode
    builtin-create-build-directory /Users/admin/builder/spi-builder-workspace/.derivedData/Build/Intermediates.noindex/ExplicitPrecompiledModules
CreateBuildDirectory /Users/admin/builder/spi-builder-workspace/.derivedData/Build/Products/Debug-watchos
    cd /Users/admin/builder/spi-builder-workspace/.swiftpm/xcode
    builtin-create-build-directory /Users/admin/builder/spi-builder-workspace/.derivedData/Build/Products/Debug-watchos
CreateBuildDirectory /Users/admin/builder/spi-builder-workspace/.derivedData/Build/Intermediates.noindex/EagerLinkingTBDs/Debug-watchos
    cd /Users/admin/builder/spi-builder-workspace/.swiftpm/xcode
    builtin-create-build-directory /Users/admin/builder/spi-builder-workspace/.derivedData/Build/Intermediates.noindex/EagerLinkingTBDs/Debug-watchos
CreateBuildDirectory /Users/admin/builder/spi-builder-workspace/.derivedData/Build/Products/Debug-watchos/PackageFrameworks
    cd /Users/admin/builder/spi-builder-workspace/.swiftpm/xcode
    builtin-create-build-directory /Users/admin/builder/spi-builder-workspace/.derivedData/Build/Products/Debug-watchos/PackageFrameworks
WriteAuxiliaryFile /Users/admin/builder/spi-builder-workspace/.derivedData/Build/Intermediates.noindex/PromiseKit.build/Debug-watchos/PromiseKit-t.build/PromiseKit.modulemap (in target 'PromiseKit' from project 'PromiseKit')
    cd /Users/admin/builder/spi-builder-workspace/.dependencies/checkouts/PromiseKit
    write-file /Users/admin/builder/spi-builder-workspace/.derivedData/Build/Intermediates.noindex/PromiseKit.build/Debug-watchos/PromiseKit-t.build/PromiseKit.modulemap
WriteAuxiliaryFile /Users/admin/builder/spi-builder-workspace/.derivedData/Build/Intermediates.noindex/Signals.build/Debug-watchos/Signals-t.build/Signals.DependencyMetadataFileList (in target 'Signals' from project 'Signals')
    cd /Users/admin/builder/spi-builder-workspace/.dependencies/checkouts/Signals
    write-file /Users/admin/builder/spi-builder-workspace/.derivedData/Build/Intermediates.noindex/Signals.build/Debug-watchos/Signals-t.build/Signals.DependencyMetadataFileList
WriteAuxiliaryFile /Users/admin/builder/spi-builder-workspace/.derivedData/Build/Intermediates.noindex/Signals.build/Debug-watchos/Signals-t.build/Signals.modulemap (in target 'Signals' from project 'Signals')
    cd /Users/admin/builder/spi-builder-workspace/.dependencies/checkouts/Signals
    write-file /Users/admin/builder/spi-builder-workspace/.derivedData/Build/Intermediates.noindex/Signals.build/Debug-watchos/Signals-t.build/Signals.modulemap
WriteAuxiliaryFile /Users/admin/builder/spi-builder-workspace/.derivedData/Build/Intermediates.noindex/Signals.build/Debug-watchos/Signals-t.build/Signals.DependencyStaticMetadataFileList (in target 'Signals' from project 'Signals')
    cd /Users/admin/builder/spi-builder-workspace/.dependencies/checkouts/Signals
    write-file /Users/admin/builder/spi-builder-workspace/.derivedData/Build/Intermediates.noindex/Signals.build/Debug-watchos/Signals-t.build/Signals.DependencyStaticMetadataFileList
WriteAuxiliaryFile /Users/admin/builder/spi-builder-workspace/.derivedData/Build/Intermediates.noindex/PromiseKit.build/Debug-watchos/PromiseKit-t.build/Objects-normal/arm64/PromiseKit-OutputFileMap.json (in target 'PromiseKit' from project 'PromiseKit')
    cd /Users/admin/builder/spi-builder-workspace/.dependencies/checkouts/PromiseKit
    write-file /Users/admin/builder/spi-builder-workspace/.derivedData/Build/Intermediates.noindex/PromiseKit.build/Debug-watchos/PromiseKit-t.build/Objects-normal/arm64/PromiseKit-OutputFileMap.json
WriteAuxiliaryFile /Users/admin/builder/spi-builder-workspace/.derivedData/Build/Intermediates.noindex/PromiseKit.build/Debug-watchos/PromiseKit-t.build/Objects-normal/arm64/PromiseKit_const_extract_protocols.json (in target 'PromiseKit' from project 'PromiseKit')
    cd /Users/admin/builder/spi-builder-workspace/.dependencies/checkouts/PromiseKit
    write-file /Users/admin/builder/spi-builder-workspace/.derivedData/Build/Intermediates.noindex/PromiseKit.build/Debug-watchos/PromiseKit-t.build/Objects-normal/arm64/PromiseKit_const_extract_protocols.json
WriteAuxiliaryFile /Users/admin/builder/spi-builder-workspace/.derivedData/Build/Intermediates.noindex/PromiseKit.build/Debug-watchos/PromiseKit-t.build/Objects-normal/arm64_32/PromiseKit_const_extract_protocols.json (in target 'PromiseKit' from project 'PromiseKit')
    cd /Users/admin/builder/spi-builder-workspace/.dependencies/checkouts/PromiseKit
    write-file /Users/admin/builder/spi-builder-workspace/.derivedData/Build/Intermediates.noindex/PromiseKit.build/Debug-watchos/PromiseKit-t.build/Objects-normal/arm64_32/PromiseKit_const_extract_protocols.json
WriteAuxiliaryFile /Users/admin/builder/spi-builder-workspace/.derivedData/Build/Intermediates.noindex/PromiseKit.build/Debug-watchos/PromiseKit-t.build/Objects-normal/arm64_32/PromiseKit-OutputFileMap.json (in target 'PromiseKit' from project 'PromiseKit')
    cd /Users/admin/builder/spi-builder-workspace/.dependencies/checkouts/PromiseKit
    write-file /Users/admin/builder/spi-builder-workspace/.derivedData/Build/Intermediates.noindex/PromiseKit.build/Debug-watchos/PromiseKit-t.build/Objects-normal/arm64_32/PromiseKit-OutputFileMap.json
WriteAuxiliaryFile /Users/admin/builder/spi-builder-workspace/.derivedData/Build/Intermediates.noindex/Signals.build/Debug-watchos/Signals-t.build/Objects-normal/arm64_32/Signals_const_extract_protocols.json (in target 'Signals' from project 'Signals')
    cd /Users/admin/builder/spi-builder-workspace/.dependencies/checkouts/Signals
    write-file /Users/admin/builder/spi-builder-workspace/.derivedData/Build/Intermediates.noindex/Signals.build/Debug-watchos/Signals-t.build/Objects-normal/arm64_32/Signals_const_extract_protocols.json
WriteAuxiliaryFile /Users/admin/builder/spi-builder-workspace/.derivedData/Build/Intermediates.noindex/Signals.build/Debug-watchos/Signals-t.build/Objects-normal/arm64_32/Signals.SwiftFileList (in target 'Signals' from project 'Signals')
    cd /Users/admin/builder/spi-builder-workspace/.dependencies/checkouts/Signals
    write-file /Users/admin/builder/spi-builder-workspace/.derivedData/Build/Intermediates.noindex/Signals.build/Debug-watchos/Signals-t.build/Objects-normal/arm64_32/Signals.SwiftFileList
WriteAuxiliaryFile /Users/admin/builder/spi-builder-workspace/.derivedData/Build/Intermediates.noindex/Signals.build/Debug-watchos/Signals-t.build/Objects-normal/arm64_32/Signals.SwiftConstValuesFileList (in target 'Signals' from project 'Signals')
    cd /Users/admin/builder/spi-builder-workspace/.dependencies/checkouts/Signals
    write-file /Users/admin/builder/spi-builder-workspace/.derivedData/Build/Intermediates.noindex/Signals.build/Debug-watchos/Signals-t.build/Objects-normal/arm64_32/Signals.SwiftConstValuesFileList
WriteAuxiliaryFile /Users/admin/builder/spi-builder-workspace/.derivedData/Build/Intermediates.noindex/Signals.build/Debug-watchos/Signals-t.build/Objects-normal/arm64_32/Signals.LinkFileList (in target 'Signals' from project 'Signals')
    cd /Users/admin/builder/spi-builder-workspace/.dependencies/checkouts/Signals
    write-file /Users/admin/builder/spi-builder-workspace/.derivedData/Build/Intermediates.noindex/Signals.build/Debug-watchos/Signals-t.build/Objects-normal/arm64_32/Signals.LinkFileList
WriteAuxiliaryFile /Users/admin/builder/spi-builder-workspace/.derivedData/Build/Intermediates.noindex/Signals.build/Debug-watchos/Signals-t.build/Objects-normal/arm64_32/Signals-OutputFileMap.json (in target 'Signals' from project 'Signals')
    cd /Users/admin/builder/spi-builder-workspace/.dependencies/checkouts/Signals
    write-file /Users/admin/builder/spi-builder-workspace/.derivedData/Build/Intermediates.noindex/Signals.build/Debug-watchos/Signals-t.build/Objects-normal/arm64_32/Signals-OutputFileMap.json
WriteAuxiliaryFile /Users/admin/builder/spi-builder-workspace/.derivedData/Build/Intermediates.noindex/Signals.build/Debug-watchos/Signals-t.build/Objects-normal/arm64/Signals_const_extract_protocols.json (in target 'Signals' from project 'Signals')
    cd /Users/admin/builder/spi-builder-workspace/.dependencies/checkouts/Signals
    write-file /Users/admin/builder/spi-builder-workspace/.derivedData/Build/Intermediates.noindex/Signals.build/Debug-watchos/Signals-t.build/Objects-normal/arm64/Signals_const_extract_protocols.json
WriteAuxiliaryFile /Users/admin/builder/spi-builder-workspace/.derivedData/Build/Intermediates.noindex/Signals.build/Debug-watchos/Signals-t.build/Objects-normal/arm64/Signals.LinkFileList (in target 'Signals' from project 'Signals')
    cd /Users/admin/builder/spi-builder-workspace/.dependencies/checkouts/Signals
    write-file /Users/admin/builder/spi-builder-workspace/.derivedData/Build/Intermediates.noindex/Signals.build/Debug-watchos/Signals-t.build/Objects-normal/arm64/Signals.LinkFileList
WriteAuxiliaryFile /Users/admin/builder/spi-builder-workspace/.derivedData/Build/Intermediates.noindex/Signals.build/Debug-watchos/Signals-t.build/Objects-normal/arm64/Signals.SwiftFileList (in target 'Signals' from project 'Signals')
    cd /Users/admin/builder/spi-builder-workspace/.dependencies/checkouts/Signals
    write-file /Users/admin/builder/spi-builder-workspace/.derivedData/Build/Intermediates.noindex/Signals.build/Debug-watchos/Signals-t.build/Objects-normal/arm64/Signals.SwiftFileList
WriteAuxiliaryFile /Users/admin/builder/spi-builder-workspace/.derivedData/Build/Intermediates.noindex/Signals.build/Debug-watchos/Signals-t.build/Objects-normal/arm64/Signals.SwiftConstValuesFileList (in target 'Signals' from project 'Signals')
    cd /Users/admin/builder/spi-builder-workspace/.dependencies/checkouts/Signals
    write-file /Users/admin/builder/spi-builder-workspace/.derivedData/Build/Intermediates.noindex/Signals.build/Debug-watchos/Signals-t.build/Objects-normal/arm64/Signals.SwiftConstValuesFileList
WriteAuxiliaryFile /Users/admin/builder/spi-builder-workspace/.derivedData/Build/Intermediates.noindex/Signals.build/Debug-watchos/Signals-t.build/Objects-normal/arm64/Signals-OutputFileMap.json (in target 'Signals' from project 'Signals')
    cd /Users/admin/builder/spi-builder-workspace/.dependencies/checkouts/Signals
    write-file /Users/admin/builder/spi-builder-workspace/.derivedData/Build/Intermediates.noindex/Signals.build/Debug-watchos/Signals-t.build/Objects-normal/arm64/Signals-OutputFileMap.json
WriteAuxiliaryFile /Users/admin/builder/spi-builder-workspace/.derivedData/Build/Intermediates.noindex/PromiseKit.build/Debug-watchos/PromiseKit-t.build/PromiseKit.DependencyStaticMetadataFileList (in target 'PromiseKit' from project 'PromiseKit')
    cd /Users/admin/builder/spi-builder-workspace/.dependencies/checkouts/PromiseKit
    write-file /Users/admin/builder/spi-builder-workspace/.derivedData/Build/Intermediates.noindex/PromiseKit.build/Debug-watchos/PromiseKit-t.build/PromiseKit.DependencyStaticMetadataFileList
WriteAuxiliaryFile /Users/admin/builder/spi-builder-workspace/.derivedData/Build/Intermediates.noindex/PromiseKit.build/Debug-watchos/PromiseKit-t.build/PromiseKit.DependencyMetadataFileList (in target 'PromiseKit' from project 'PromiseKit')
    cd /Users/admin/builder/spi-builder-workspace/.dependencies/checkouts/PromiseKit
    write-file /Users/admin/builder/spi-builder-workspace/.derivedData/Build/Intermediates.noindex/PromiseKit.build/Debug-watchos/PromiseKit-t.build/PromiseKit.DependencyMetadataFileList
WriteAuxiliaryFile /Users/admin/builder/spi-builder-workspace/.derivedData/Build/Intermediates.noindex/PromiseKit.build/Debug-watchos/PromiseKit-t.build/Objects-normal/arm64_32/PromiseKit.SwiftFileList (in target 'PromiseKit' from project 'PromiseKit')
    cd /Users/admin/builder/spi-builder-workspace/.dependencies/checkouts/PromiseKit
    write-file /Users/admin/builder/spi-builder-workspace/.derivedData/Build/Intermediates.noindex/PromiseKit.build/Debug-watchos/PromiseKit-t.build/Objects-normal/arm64_32/PromiseKit.SwiftFileList
Copy /Users/admin/builder/spi-builder-workspace/.derivedData/Build/Intermediates.noindex/GeneratedModuleMaps-watchos/Signals.modulemap /Users/admin/builder/spi-builder-workspace/.derivedData/Build/Intermediates.noindex/Signals.build/Debug-watchos/Signals-t.build/Signals.modulemap (in target 'Signals' from project 'Signals')
    cd /Users/admin/builder/spi-builder-workspace/.dependencies/checkouts/Signals
    builtin-copy -exclude .DS_Store -exclude CVS -exclude .svn -exclude .git -exclude .hg -resolve-src-symlinks /Users/admin/builder/spi-builder-workspace/.derivedData/Build/Intermediates.noindex/Signals.build/Debug-watchos/Signals-t.build/Signals.modulemap /Users/admin/builder/spi-builder-workspace/.derivedData/Build/Intermediates.noindex/GeneratedModuleMaps-watchos
WriteAuxiliaryFile /Users/admin/builder/spi-builder-workspace/.derivedData/Build/Intermediates.noindex/PromiseKit.build/Debug-watchos/PromiseKit-t.build/Objects-normal/arm64_32/PromiseKit.SwiftConstValuesFileList (in target 'PromiseKit' from project 'PromiseKit')
    cd /Users/admin/builder/spi-builder-workspace/.dependencies/checkouts/PromiseKit
    write-file /Users/admin/builder/spi-builder-workspace/.derivedData/Build/Intermediates.noindex/PromiseKit.build/Debug-watchos/PromiseKit-t.build/Objects-normal/arm64_32/PromiseKit.SwiftConstValuesFileList
WriteAuxiliaryFile /Users/admin/builder/spi-builder-workspace/.derivedData/Build/Intermediates.noindex/PromiseKit.build/Debug-watchos/PromiseKit-t.build/Objects-normal/arm64_32/PromiseKit.LinkFileList (in target 'PromiseKit' from project 'PromiseKit')
    cd /Users/admin/builder/spi-builder-workspace/.dependencies/checkouts/PromiseKit
    write-file /Users/admin/builder/spi-builder-workspace/.derivedData/Build/Intermediates.noindex/PromiseKit.build/Debug-watchos/PromiseKit-t.build/Objects-normal/arm64_32/PromiseKit.LinkFileList
WriteAuxiliaryFile /Users/admin/builder/spi-builder-workspace/.derivedData/Build/Intermediates.noindex/PromiseKit.build/Debug-watchos/PromiseKit-t.build/Objects-normal/arm64/PromiseKit.SwiftFileList (in target 'PromiseKit' from project 'PromiseKit')
    cd /Users/admin/builder/spi-builder-workspace/.dependencies/checkouts/PromiseKit
    write-file /Users/admin/builder/spi-builder-workspace/.derivedData/Build/Intermediates.noindex/PromiseKit.build/Debug-watchos/PromiseKit-t.build/Objects-normal/arm64/PromiseKit.SwiftFileList
WriteAuxiliaryFile /Users/admin/builder/spi-builder-workspace/.derivedData/Build/Intermediates.noindex/PromiseKit.build/Debug-watchos/PromiseKit-t.build/Objects-normal/arm64/PromiseKit.SwiftConstValuesFileList (in target 'PromiseKit' from project 'PromiseKit')
    cd /Users/admin/builder/spi-builder-workspace/.dependencies/checkouts/PromiseKit
    write-file /Users/admin/builder/spi-builder-workspace/.derivedData/Build/Intermediates.noindex/PromiseKit.build/Debug-watchos/PromiseKit-t.build/Objects-normal/arm64/PromiseKit.SwiftConstValuesFileList
WriteAuxiliaryFile /Users/admin/builder/spi-builder-workspace/.derivedData/Build/Intermediates.noindex/PromiseKit.build/Debug-watchos/PromiseKit-t.build/Objects-normal/arm64/PromiseKit.LinkFileList (in target 'PromiseKit' from project 'PromiseKit')
    cd /Users/admin/builder/spi-builder-workspace/.dependencies/checkouts/PromiseKit
    write-file /Users/admin/builder/spi-builder-workspace/.derivedData/Build/Intermediates.noindex/PromiseKit.build/Debug-watchos/PromiseKit-t.build/Objects-normal/arm64/PromiseKit.LinkFileList
Copy /Users/admin/builder/spi-builder-workspace/.derivedData/Build/Intermediates.noindex/GeneratedModuleMaps-watchos/PromiseKit.modulemap /Users/admin/builder/spi-builder-workspace/.derivedData/Build/Intermediates.noindex/PromiseKit.build/Debug-watchos/PromiseKit-t.build/PromiseKit.modulemap (in target 'PromiseKit' from project 'PromiseKit')
    cd /Users/admin/builder/spi-builder-workspace/.dependencies/checkouts/PromiseKit
    builtin-copy -exclude .DS_Store -exclude CVS -exclude .svn -exclude .git -exclude .hg -resolve-src-symlinks /Users/admin/builder/spi-builder-workspace/.derivedData/Build/Intermediates.noindex/PromiseKit.build/Debug-watchos/PromiseKit-t.build/PromiseKit.modulemap /Users/admin/builder/spi-builder-workspace/.derivedData/Build/Intermediates.noindex/GeneratedModuleMaps-watchos
WriteAuxiliaryFile /Users/admin/builder/spi-builder-workspace/.derivedData/Build/Intermediates.noindex/Marionette.build/Debug-watchos/Marionette-t.build/Objects-normal/arm64_32/Marionette_const_extract_protocols.json (in target 'Marionette' from project 'Marionette')
    cd /Users/admin/builder/spi-builder-workspace
    write-file /Users/admin/builder/spi-builder-workspace/.derivedData/Build/Intermediates.noindex/Marionette.build/Debug-watchos/Marionette-t.build/Objects-normal/arm64_32/Marionette_const_extract_protocols.json
WriteAuxiliaryFile /Users/admin/builder/spi-builder-workspace/.derivedData/Build/Intermediates.noindex/Marionette.build/Debug-watchos/Marionette-t.build/Objects-normal/arm64_32/Marionette.SwiftConstValuesFileList (in target 'Marionette' from project 'Marionette')
    cd /Users/admin/builder/spi-builder-workspace
    write-file /Users/admin/builder/spi-builder-workspace/.derivedData/Build/Intermediates.noindex/Marionette.build/Debug-watchos/Marionette-t.build/Objects-normal/arm64_32/Marionette.SwiftConstValuesFileList
WriteAuxiliaryFile /Users/admin/builder/spi-builder-workspace/.derivedData/Build/Intermediates.noindex/Marionette.build/Debug-watchos/Marionette-t.build/Objects-normal/arm64_32/Marionette.SwiftFileList (in target 'Marionette' from project 'Marionette')
    cd /Users/admin/builder/spi-builder-workspace
    write-file /Users/admin/builder/spi-builder-workspace/.derivedData/Build/Intermediates.noindex/Marionette.build/Debug-watchos/Marionette-t.build/Objects-normal/arm64_32/Marionette.SwiftFileList
WriteAuxiliaryFile /Users/admin/builder/spi-builder-workspace/.derivedData/Build/Intermediates.noindex/Marionette.build/Debug-watchos/Marionette-t.build/Objects-normal/arm64_32/Marionette.LinkFileList (in target 'Marionette' from project 'Marionette')
    cd /Users/admin/builder/spi-builder-workspace
    write-file /Users/admin/builder/spi-builder-workspace/.derivedData/Build/Intermediates.noindex/Marionette.build/Debug-watchos/Marionette-t.build/Objects-normal/arm64_32/Marionette.LinkFileList
WriteAuxiliaryFile /Users/admin/builder/spi-builder-workspace/.derivedData/Build/Intermediates.noindex/Marionette.build/Debug-watchos/Marionette-t.build/Objects-normal/arm64_32/Marionette-OutputFileMap.json (in target 'Marionette' from project 'Marionette')
    cd /Users/admin/builder/spi-builder-workspace
    write-file /Users/admin/builder/spi-builder-workspace/.derivedData/Build/Intermediates.noindex/Marionette.build/Debug-watchos/Marionette-t.build/Objects-normal/arm64_32/Marionette-OutputFileMap.json
WriteAuxiliaryFile /Users/admin/builder/spi-builder-workspace/.derivedData/Build/Intermediates.noindex/Marionette.build/Debug-watchos/Marionette-t.build/Objects-normal/arm64/Marionette_const_extract_protocols.json (in target 'Marionette' from project 'Marionette')
    cd /Users/admin/builder/spi-builder-workspace
    write-file /Users/admin/builder/spi-builder-workspace/.derivedData/Build/Intermediates.noindex/Marionette.build/Debug-watchos/Marionette-t.build/Objects-normal/arm64/Marionette_const_extract_protocols.json
WriteAuxiliaryFile /Users/admin/builder/spi-builder-workspace/.derivedData/Build/Intermediates.noindex/Marionette.build/Debug-watchos/Marionette-t.build/Objects-normal/arm64/Marionette.SwiftFileList (in target 'Marionette' from project 'Marionette')
    cd /Users/admin/builder/spi-builder-workspace
    write-file /Users/admin/builder/spi-builder-workspace/.derivedData/Build/Intermediates.noindex/Marionette.build/Debug-watchos/Marionette-t.build/Objects-normal/arm64/Marionette.SwiftFileList
WriteAuxiliaryFile /Users/admin/builder/spi-builder-workspace/.derivedData/Build/Intermediates.noindex/Marionette.build/Debug-watchos/Marionette-t.build/Objects-normal/arm64/Marionette.SwiftConstValuesFileList (in target 'Marionette' from project 'Marionette')
    cd /Users/admin/builder/spi-builder-workspace
    write-file /Users/admin/builder/spi-builder-workspace/.derivedData/Build/Intermediates.noindex/Marionette.build/Debug-watchos/Marionette-t.build/Objects-normal/arm64/Marionette.SwiftConstValuesFileList
WriteAuxiliaryFile /Users/admin/builder/spi-builder-workspace/.derivedData/Build/Intermediates.noindex/Marionette.build/Debug-watchos/Marionette-t.build/Objects-normal/arm64/Marionette.LinkFileList (in target 'Marionette' from project 'Marionette')
    cd /Users/admin/builder/spi-builder-workspace
    write-file /Users/admin/builder/spi-builder-workspace/.derivedData/Build/Intermediates.noindex/Marionette.build/Debug-watchos/Marionette-t.build/Objects-normal/arm64/Marionette.LinkFileList
WriteAuxiliaryFile /Users/admin/builder/spi-builder-workspace/.derivedData/Build/Intermediates.noindex/Marionette.build/Debug-watchos/Marionette-t.build/Objects-normal/arm64/Marionette-OutputFileMap.json (in target 'Marionette' from project 'Marionette')
    cd /Users/admin/builder/spi-builder-workspace
    write-file /Users/admin/builder/spi-builder-workspace/.derivedData/Build/Intermediates.noindex/Marionette.build/Debug-watchos/Marionette-t.build/Objects-normal/arm64/Marionette-OutputFileMap.json
WriteAuxiliaryFile /Users/admin/builder/spi-builder-workspace/.derivedData/Build/Intermediates.noindex/Marionette.build/Debug-watchos/Marionette-t.build/Marionette.modulemap (in target 'Marionette' from project 'Marionette')
    cd /Users/admin/builder/spi-builder-workspace
    write-file /Users/admin/builder/spi-builder-workspace/.derivedData/Build/Intermediates.noindex/Marionette.build/Debug-watchos/Marionette-t.build/Marionette.modulemap
WriteAuxiliaryFile /Users/admin/builder/spi-builder-workspace/.derivedData/Build/Intermediates.noindex/Marionette.build/Debug-watchos/Marionette-t.build/Marionette.DependencyMetadataFileList (in target 'Marionette' from project 'Marionette')
    cd /Users/admin/builder/spi-builder-workspace
    write-file /Users/admin/builder/spi-builder-workspace/.derivedData/Build/Intermediates.noindex/Marionette.build/Debug-watchos/Marionette-t.build/Marionette.DependencyMetadataFileList
WriteAuxiliaryFile /Users/admin/builder/spi-builder-workspace/.derivedData/Build/Intermediates.noindex/Marionette.build/Debug-watchos/Marionette-t.build/Marionette.DependencyStaticMetadataFileList (in target 'Marionette' from project 'Marionette')
    cd /Users/admin/builder/spi-builder-workspace
    write-file /Users/admin/builder/spi-builder-workspace/.derivedData/Build/Intermediates.noindex/Marionette.build/Debug-watchos/Marionette-t.build/Marionette.DependencyStaticMetadataFileList
WriteAuxiliaryFile /Users/admin/builder/spi-builder-workspace/.derivedData/Build/Intermediates.noindex/JSBridge.build/Debug-watchos/JSBridge-t.build/Objects-normal/arm64_32/JSBridge_const_extract_protocols.json (in target 'JSBridge' from project 'JSBridge')
    cd /Users/admin/builder/spi-builder-workspace/.dependencies/checkouts/JSBridge
    write-file /Users/admin/builder/spi-builder-workspace/.derivedData/Build/Intermediates.noindex/JSBridge.build/Debug-watchos/JSBridge-t.build/Objects-normal/arm64_32/JSBridge_const_extract_protocols.json
WriteAuxiliaryFile /Users/admin/builder/spi-builder-workspace/.derivedData/Build/Intermediates.noindex/JSBridge.build/Debug-watchos/JSBridge-t.build/Objects-normal/arm64_32/JSBridge.SwiftFileList (in target 'JSBridge' from project 'JSBridge')
    cd /Users/admin/builder/spi-builder-workspace/.dependencies/checkouts/JSBridge
    write-file /Users/admin/builder/spi-builder-workspace/.derivedData/Build/Intermediates.noindex/JSBridge.build/Debug-watchos/JSBridge-t.build/Objects-normal/arm64_32/JSBridge.SwiftFileList
WriteAuxiliaryFile /Users/admin/builder/spi-builder-workspace/.derivedData/Build/Intermediates.noindex/JSBridge.build/Debug-watchos/JSBridge-t.build/Objects-normal/arm64_32/JSBridge.SwiftConstValuesFileList (in target 'JSBridge' from project 'JSBridge')
    cd /Users/admin/builder/spi-builder-workspace/.dependencies/checkouts/JSBridge
    write-file /Users/admin/builder/spi-builder-workspace/.derivedData/Build/Intermediates.noindex/JSBridge.build/Debug-watchos/JSBridge-t.build/Objects-normal/arm64_32/JSBridge.SwiftConstValuesFileList
WriteAuxiliaryFile /Users/admin/builder/spi-builder-workspace/.derivedData/Build/Intermediates.noindex/JSBridge.build/Debug-watchos/JSBridge-t.build/Objects-normal/arm64_32/JSBridge.LinkFileList (in target 'JSBridge' from project 'JSBridge')
    cd /Users/admin/builder/spi-builder-workspace/.dependencies/checkouts/JSBridge
    write-file /Users/admin/builder/spi-builder-workspace/.derivedData/Build/Intermediates.noindex/JSBridge.build/Debug-watchos/JSBridge-t.build/Objects-normal/arm64_32/JSBridge.LinkFileList
WriteAuxiliaryFile /Users/admin/builder/spi-builder-workspace/.derivedData/Build/Intermediates.noindex/JSBridge.build/Debug-watchos/JSBridge-t.build/Objects-normal/arm64_32/JSBridge-OutputFileMap.json (in target 'JSBridge' from project 'JSBridge')
    cd /Users/admin/builder/spi-builder-workspace/.dependencies/checkouts/JSBridge
    write-file /Users/admin/builder/spi-builder-workspace/.derivedData/Build/Intermediates.noindex/JSBridge.build/Debug-watchos/JSBridge-t.build/Objects-normal/arm64_32/JSBridge-OutputFileMap.json
WriteAuxiliaryFile /Users/admin/builder/spi-builder-workspace/.derivedData/Build/Intermediates.noindex/JSBridge.build/Debug-watchos/JSBridge-t.build/Objects-normal/arm64/JSBridge_const_extract_protocols.json (in target 'JSBridge' from project 'JSBridge')
    cd /Users/admin/builder/spi-builder-workspace/.dependencies/checkouts/JSBridge
    write-file /Users/admin/builder/spi-builder-workspace/.derivedData/Build/Intermediates.noindex/JSBridge.build/Debug-watchos/JSBridge-t.build/Objects-normal/arm64/JSBridge_const_extract_protocols.json
WriteAuxiliaryFile /Users/admin/builder/spi-builder-workspace/.derivedData/Build/Intermediates.noindex/JSBridge.build/Debug-watchos/JSBridge-t.build/Objects-normal/arm64/JSBridge.SwiftFileList (in target 'JSBridge' from project 'JSBridge')
    cd /Users/admin/builder/spi-builder-workspace/.dependencies/checkouts/JSBridge
    write-file /Users/admin/builder/spi-builder-workspace/.derivedData/Build/Intermediates.noindex/JSBridge.build/Debug-watchos/JSBridge-t.build/Objects-normal/arm64/JSBridge.SwiftFileList
Copy /Users/admin/builder/spi-builder-workspace/.derivedData/Build/Intermediates.noindex/GeneratedModuleMaps-watchos/Marionette.modulemap /Users/admin/builder/spi-builder-workspace/.derivedData/Build/Intermediates.noindex/Marionette.build/Debug-watchos/Marionette-t.build/Marionette.modulemap (in target 'Marionette' from project 'Marionette')
    cd /Users/admin/builder/spi-builder-workspace
    builtin-copy -exclude .DS_Store -exclude CVS -exclude .svn -exclude .git -exclude .hg -resolve-src-symlinks /Users/admin/builder/spi-builder-workspace/.derivedData/Build/Intermediates.noindex/Marionette.build/Debug-watchos/Marionette-t.build/Marionette.modulemap /Users/admin/builder/spi-builder-workspace/.derivedData/Build/Intermediates.noindex/GeneratedModuleMaps-watchos
WriteAuxiliaryFile /Users/admin/builder/spi-builder-workspace/.derivedData/Build/Intermediates.noindex/JSBridge.build/Debug-watchos/JSBridge-t.build/Objects-normal/arm64/JSBridge.SwiftConstValuesFileList (in target 'JSBridge' from project 'JSBridge')
    cd /Users/admin/builder/spi-builder-workspace/.dependencies/checkouts/JSBridge
    write-file /Users/admin/builder/spi-builder-workspace/.derivedData/Build/Intermediates.noindex/JSBridge.build/Debug-watchos/JSBridge-t.build/Objects-normal/arm64/JSBridge.SwiftConstValuesFileList
WriteAuxiliaryFile /Users/admin/builder/spi-builder-workspace/.derivedData/Build/Intermediates.noindex/JSBridge.build/Debug-watchos/JSBridge-t.build/Objects-normal/arm64/JSBridge.LinkFileList (in target 'JSBridge' from project 'JSBridge')
    cd /Users/admin/builder/spi-builder-workspace/.dependencies/checkouts/JSBridge
    write-file /Users/admin/builder/spi-builder-workspace/.derivedData/Build/Intermediates.noindex/JSBridge.build/Debug-watchos/JSBridge-t.build/Objects-normal/arm64/JSBridge.LinkFileList
WriteAuxiliaryFile /Users/admin/builder/spi-builder-workspace/.derivedData/Build/Intermediates.noindex/JSBridge.build/Debug-watchos/JSBridge-t.build/Objects-normal/arm64/JSBridge-OutputFileMap.json (in target 'JSBridge' from project 'JSBridge')
    cd /Users/admin/builder/spi-builder-workspace/.dependencies/checkouts/JSBridge
    write-file /Users/admin/builder/spi-builder-workspace/.derivedData/Build/Intermediates.noindex/JSBridge.build/Debug-watchos/JSBridge-t.build/Objects-normal/arm64/JSBridge-OutputFileMap.json
WriteAuxiliaryFile /Users/admin/builder/spi-builder-workspace/.derivedData/Build/Intermediates.noindex/JSBridge.build/Debug-watchos/JSBridge-t.build/JSBridge.modulemap (in target 'JSBridge' from project 'JSBridge')
    cd /Users/admin/builder/spi-builder-workspace/.dependencies/checkouts/JSBridge
    write-file /Users/admin/builder/spi-builder-workspace/.derivedData/Build/Intermediates.noindex/JSBridge.build/Debug-watchos/JSBridge-t.build/JSBridge.modulemap
WriteAuxiliaryFile /Users/admin/builder/spi-builder-workspace/.derivedData/Build/Intermediates.noindex/JSBridge.build/Debug-watchos/JSBridge-t.build/JSBridge.DependencyStaticMetadataFileList (in target 'JSBridge' from project 'JSBridge')
    cd /Users/admin/builder/spi-builder-workspace/.dependencies/checkouts/JSBridge
    write-file /Users/admin/builder/spi-builder-workspace/.derivedData/Build/Intermediates.noindex/JSBridge.build/Debug-watchos/JSBridge-t.build/JSBridge.DependencyStaticMetadataFileList
WriteAuxiliaryFile /Users/admin/builder/spi-builder-workspace/.derivedData/Build/Intermediates.noindex/JSBridge.build/Debug-watchos/JSBridge-t.build/JSBridge.DependencyMetadataFileList (in target 'JSBridge' from project 'JSBridge')
    cd /Users/admin/builder/spi-builder-workspace/.dependencies/checkouts/JSBridge
    write-file /Users/admin/builder/spi-builder-workspace/.derivedData/Build/Intermediates.noindex/JSBridge.build/Debug-watchos/JSBridge-t.build/JSBridge.DependencyMetadataFileList
Copy /Users/admin/builder/spi-builder-workspace/.derivedData/Build/Intermediates.noindex/GeneratedModuleMaps-watchos/JSBridge.modulemap /Users/admin/builder/spi-builder-workspace/.derivedData/Build/Intermediates.noindex/JSBridge.build/Debug-watchos/JSBridge-t.build/JSBridge.modulemap (in target 'JSBridge' from project 'JSBridge')
    cd /Users/admin/builder/spi-builder-workspace/.dependencies/checkouts/JSBridge
    builtin-copy -exclude .DS_Store -exclude CVS -exclude .svn -exclude .git -exclude .hg -resolve-src-symlinks /Users/admin/builder/spi-builder-workspace/.derivedData/Build/Intermediates.noindex/JSBridge.build/Debug-watchos/JSBridge-t.build/JSBridge.modulemap /Users/admin/builder/spi-builder-workspace/.derivedData/Build/Intermediates.noindex/GeneratedModuleMaps-watchos
SwiftDriver PromiseKit normal arm64_32 com.apple.xcode.tools.swift.compiler (in target 'PromiseKit' from project 'PromiseKit')
    cd /Users/admin/builder/spi-builder-workspace/.swiftpm/xcode
    builtin-SwiftDriver -- /Applications/Xcode-27.0.0-Release.Candidate.app/Contents/Developer/Toolchains/XcodeDefault.xctoolchain/usr/bin/swiftc -parse-as-library -module-name PromiseKit -Onone @/Users/admin/builder/spi-builder-workspace/.derivedData/Build/Intermediates.noindex/PromiseKit.build/Debug-watchos/PromiseKit-t.build/Objects-normal/arm64_32/PromiseKit.SwiftFileList -DSWIFT_PACKAGE -DDEBUG -DSWIFT_MODULE_RESOURCE_BUNDLE_UNAVAILABLE -DXcode -plugin-path /Applications/Xcode-27.0.0-Release.Candidate.app/Contents/Developer/Toolchains/XcodeDefault.xctoolchain/usr/lib/swift/host/plugins/testing -enable-experimental-feature DebugDescriptionMacro -sdk /Applications/Xcode-27.0.0-Release.Candidate.app/Contents/Developer/Platforms/WatchOS.platform/Developer/SDKs/WatchOS27.0.sdk -target arm64_32-apple-watchos9.0 -g -module-cache-path /Users/admin/builder/spi-builder-workspace/.derivedData/ModuleCache.noindex -Xfrontend -serialize-debugging-options -profile-coverage-mapping -profile-generate -enable-testing -suppress-warnings -index-store-path /Users/admin/builder/spi-builder-workspace/.derivedData/Index.noindex/DataStore -Xcc -D_LIBCPP_HARDENING_MODE\=_LIBCPP_HARDENING_MODE_DEBUG -swift-version 5 -I /Users/admin/builder/spi-builder-workspace/.derivedData/Build/Products/Debug-watchos -Isystem /Applications/Xcode-27.0.0-Release.Candidate.app/Contents/Developer/Platforms/WatchOS.platform/Developer/usr/lib -F /Users/admin/builder/spi-builder-workspace/.derivedData/Build/Products/Debug-watchos -F /Applications/Xcode-27.0.0-Release.Candidate.app/Contents/Developer/Platforms/WatchOS.platform/Developer/Library/Frameworks -F /Applications/Xcode-27.0.0-Release.Candidate.app/Contents/Developer/Platforms/WatchOS.platform/Developer/SDKs/WatchOS27.0.sdk/Developer/Library/Frameworks -c -j10 -enable-batch-mode -incremental -Xcc -ivfsstatcache -Xcc /Users/admin/builder/spi-builder-workspace/.derivedData/SDKStatCaches.noindex/watchos27.0-24R360-e829b21a6f8c9b70876ba0858053c04477534ef55a1706bf4c1112bbb242f0a2.sdkstatcache -output-file-map /Users/admin/builder/spi-builder-workspace/.derivedData/Build/Intermediates.noindex/PromiseKit.build/Debug-watchos/PromiseKit-t.build/Objects-normal/arm64_32/PromiseKit-OutputFileMap.json -save-temps -no-color-diagnostics -explicit-module-build -module-cache-path /Users/admin/builder/spi-builder-workspace/.derivedData/Build/Intermediates.noindex/SwiftExplicitPrecompiledModules -clang-scanner-module-cache-path /Users/admin/builder/spi-builder-workspace/.derivedData/ModuleCache.noindex -sdk-module-cache-path /Users/admin/builder/spi-builder-workspace/.derivedData/SDKExplicitPrecompiledModules -emit-dependencies -emit-module -emit-module-path /Users/admin/builder/spi-builder-workspace/.derivedData/Build/Intermediates.noindex/PromiseKit.build/Debug-watchos/PromiseKit-t.build/Objects-normal/arm64_32/PromiseKit.swiftmodule -serialize-diagnostics -dependency-scan-serialize-diagnostics-path /Users/admin/builder/spi-builder-workspace/.derivedData/Build/Intermediates.noindex/PromiseKit.build/Debug-watchos/PromiseKit-t.build/Objects-normal/arm64_32/PromiseKit-dependency-scan.dia -validate-clang-modules-once -clang-build-session-file /Users/admin/builder/spi-builder-workspace/.derivedData/ModuleCache.noindex/Session.modulevalidation -Xcc -fmodules-prune-interval\=86400 -Xcc -fmodules-prune-after\=345600 -emit-const-values -const-gather-protocols-list /Users/admin/builder/spi-builder-workspace/.derivedData/Build/Intermediates.noindex/PromiseKit.build/Debug-watchos/PromiseKit-t.build/Objects-normal/arm64_32/PromiseKit_const_extract_protocols.json -Xcc -I/Users/admin/builder/spi-builder-workspace/.derivedData/Build/Products/Debug-watchos/include -Xcc -I/Users/admin/builder/spi-builder-workspace/.derivedData/Build/Intermediates.noindex/PromiseKit.build/Debug-watchos/PromiseKit-t.build/DerivedSources-normal/arm64_32 -Xcc -I/Users/admin/builder/spi-builder-workspace/.derivedData/Build/Intermediates.noindex/PromiseKit.build/Debug-watchos/PromiseKit-t.build/DerivedSources/arm64_32 -Xcc -I/Users/admin/builder/spi-builder-workspace/.derivedData/Build/Intermediates.noindex/PromiseKit.build/Debug-watchos/PromiseKit-t.build/DerivedSources -Xcc -DSWIFT_PACKAGE -Xcc -DDEBUG\=1 -emit-objc-header -emit-objc-header-path /Users/admin/builder/spi-builder-workspace/.derivedData/Build/Intermediates.noindex/PromiseKit.build/Debug-watchos/PromiseKit-t.build/Objects-normal/arm64_32/PromiseKit-Swift.h -working-directory /Users/admin/builder/spi-builder-workspace/.swiftpm/xcode -experimental-emit-module-separately -disable-cmo
SwiftDriver Signals normal arm64 com.apple.xcode.tools.swift.compiler (in target 'Signals' from project 'Signals')
    cd /Users/admin/builder/spi-builder-workspace/.swiftpm/xcode
    builtin-SwiftDriver -- /Applications/Xcode-27.0.0-Release.Candidate.app/Contents/Developer/Toolchains/XcodeDefault.xctoolchain/usr/bin/swiftc -parse-as-library -module-name Signals -Onone @/Users/admin/builder/spi-builder-workspace/.derivedData/Build/Intermediates.noindex/Signals.build/Debug-watchos/Signals-t.build/Objects-normal/arm64/Signals.SwiftFileList -DSWIFT_PACKAGE -DDEBUG -DSWIFT_MODULE_RESOURCE_BUNDLE_UNAVAILABLE -DXcode -plugin-path /Applications/Xcode-27.0.0-Release.Candidate.app/Contents/Developer/Toolchains/XcodeDefault.xctoolchain/usr/lib/swift/host/plugins/testing -enable-experimental-feature DebugDescriptionMacro -sdk /Applications/Xcode-27.0.0-Release.Candidate.app/Contents/Developer/Platforms/WatchOS.platform/Developer/SDKs/WatchOS27.0.sdk -target arm64-apple-watchos9.0 -g -module-cache-path /Users/admin/builder/spi-builder-workspace/.derivedData/ModuleCache.noindex -Xfrontend -serialize-debugging-options -profile-coverage-mapping -profile-generate -enable-testing -suppress-warnings -index-store-path /Users/admin/builder/spi-builder-workspace/.derivedData/Index.noindex/DataStore -Xcc -D_LIBCPP_HARDENING_MODE\=_LIBCPP_HARDENING_MODE_DEBUG -swift-version 4.2 -I /Users/admin/builder/spi-builder-workspace/.derivedData/Build/Products/Debug-watchos -Isystem /Applications/Xcode-27.0.0-Release.Candidate.app/Contents/Developer/Platforms/WatchOS.platform/Developer/usr/lib -F /Users/admin/builder/spi-builder-workspace/.derivedData/Build/Products/Debug-watchos -F /Applications/Xcode-27.0.0-Release.Candidate.app/Contents/Developer/Platforms/WatchOS.platform/Developer/Library/Frameworks -F /Applications/Xcode-27.0.0-Release.Candidate.app/Contents/Developer/Platforms/WatchOS.platform/Developer/SDKs/WatchOS27.0.sdk/Developer/Library/Frameworks -c -j10 -enable-batch-mode -incremental -Xcc -ivfsstatcache -Xcc /Users/admin/builder/spi-builder-workspace/.derivedData/SDKStatCaches.noindex/watchos27.0-24R360-e829b21a6f8c9b70876ba0858053c04477534ef55a1706bf4c1112bbb242f0a2.sdkstatcache -output-file-map /Users/admin/builder/spi-builder-workspace/.derivedData/Build/Intermediates.noindex/Signals.build/Debug-watchos/Signals-t.build/Objects-normal/arm64/Signals-OutputFileMap.json -save-temps -no-color-diagnostics -emit-dependencies -emit-module -emit-module-path /Users/admin/builder/spi-builder-workspace/.derivedData/Build/Intermediates.noindex/Signals.build/Debug-watchos/Signals-t.build/Objects-normal/arm64/Signals.swiftmodule -serialize-diagnostics -validate-clang-modules-once -clang-build-session-file /Users/admin/builder/spi-builder-workspace/.derivedData/ModuleCache.noindex/Session.modulevalidation -Xcc -fmodules-prune-interval\=86400 -Xcc -fmodules-prune-after\=345600 -emit-const-values -const-gather-protocols-list /Users/admin/builder/spi-builder-workspace/.derivedData/Build/Intermediates.noindex/Signals.build/Debug-watchos/Signals-t.build/Objects-normal/arm64/Signals_const_extract_protocols.json -Xcc -I/Users/admin/builder/spi-builder-workspace/.derivedData/Build/Products/Debug-watchos/include -Xcc -I/Users/admin/builder/spi-builder-workspace/.derivedData/Build/Intermediates.noindex/Signals.build/Debug-watchos/Signals-t.build/DerivedSources-normal/arm64 -Xcc -I/Users/admin/builder/spi-builder-workspace/.derivedData/Build/Intermediates.noindex/Signals.build/Debug-watchos/Signals-t.build/DerivedSources/arm64 -Xcc -I/Users/admin/builder/spi-builder-workspace/.derivedData/Build/Intermediates.noindex/Signals.build/Debug-watchos/Signals-t.build/DerivedSources -Xcc -DSWIFT_PACKAGE -Xcc -DDEBUG\=1 -emit-objc-header -emit-objc-header-path /Users/admin/builder/spi-builder-workspace/.derivedData/Build/Intermediates.noindex/Signals.build/Debug-watchos/Signals-t.build/Objects-normal/arm64/Signals-Swift.h -working-directory /Users/admin/builder/spi-builder-workspace/.swiftpm/xcode -experimental-emit-module-separately -disable-cmo
SwiftDriver Signals normal arm64_32 com.apple.xcode.tools.swift.compiler (in target 'Signals' from project 'Signals')
    cd /Users/admin/builder/spi-builder-workspace/.swiftpm/xcode
    builtin-SwiftDriver -- /Applications/Xcode-27.0.0-Release.Candidate.app/Contents/Developer/Toolchains/XcodeDefault.xctoolchain/usr/bin/swiftc -parse-as-library -module-name Signals -Onone @/Users/admin/builder/spi-builder-workspace/.derivedData/Build/Intermediates.noindex/Signals.build/Debug-watchos/Signals-t.build/Objects-normal/arm64_32/Signals.SwiftFileList -DSWIFT_PACKAGE -DDEBUG -DSWIFT_MODULE_RESOURCE_BUNDLE_UNAVAILABLE -DXcode -plugin-path /Applications/Xcode-27.0.0-Release.Candidate.app/Contents/Developer/Toolchains/XcodeDefault.xctoolchain/usr/lib/swift/host/plugins/testing -enable-experimental-feature DebugDescriptionMacro -sdk /Applications/Xcode-27.0.0-Release.Candidate.app/Contents/Developer/Platforms/WatchOS.platform/Developer/SDKs/WatchOS27.0.sdk -target arm64_32-apple-watchos9.0 -g -module-cache-path /Users/admin/builder/spi-builder-workspace/.derivedData/ModuleCache.noindex -Xfrontend -serialize-debugging-options -profile-coverage-mapping -profile-generate -enable-testing -suppress-warnings -index-store-path /Users/admin/builder/spi-builder-workspace/.derivedData/Index.noindex/DataStore -Xcc -D_LIBCPP_HARDENING_MODE\=_LIBCPP_HARDENING_MODE_DEBUG -swift-version 4.2 -I /Users/admin/builder/spi-builder-workspace/.derivedData/Build/Products/Debug-watchos -Isystem /Applications/Xcode-27.0.0-Release.Candidate.app/Contents/Developer/Platforms/WatchOS.platform/Developer/usr/lib -F /Users/admin/builder/spi-builder-workspace/.derivedData/Build/Products/Debug-watchos -F /Applications/Xcode-27.0.0-Release.Candidate.app/Contents/Developer/Platforms/WatchOS.platform/Developer/Library/Frameworks -F /Applications/Xcode-27.0.0-Release.Candidate.app/Contents/Developer/Platforms/WatchOS.platform/Developer/SDKs/WatchOS27.0.sdk/Developer/Library/Frameworks -c -j10 -enable-batch-mode -incremental -Xcc -ivfsstatcache -Xcc /Users/admin/builder/spi-builder-workspace/.derivedData/SDKStatCaches.noindex/watchos27.0-24R360-e829b21a6f8c9b70876ba0858053c04477534ef55a1706bf4c1112bbb242f0a2.sdkstatcache -output-file-map /Users/admin/builder/spi-builder-workspace/.derivedData/Build/Intermediates.noindex/Signals.build/Debug-watchos/Signals-t.build/Objects-normal/arm64_32/Signals-OutputFileMap.json -save-temps -no-color-diagnostics -emit-dependencies -emit-module -emit-module-path /Users/admin/builder/spi-builder-workspace/.derivedData/Build/Intermediates.noindex/Signals.build/Debug-watchos/Signals-t.build/Objects-normal/arm64_32/Signals.swiftmodule -serialize-diagnostics -validate-clang-modules-once -clang-build-session-file /Users/admin/builder/spi-builder-workspace/.derivedData/ModuleCache.noindex/Session.modulevalidation -Xcc -fmodules-prune-interval\=86400 -Xcc -fmodules-prune-after\=345600 -emit-const-values -const-gather-protocols-list /Users/admin/builder/spi-builder-workspace/.derivedData/Build/Intermediates.noindex/Signals.build/Debug-watchos/Signals-t.build/Objects-normal/arm64_32/Signals_const_extract_protocols.json -Xcc -I/Users/admin/builder/spi-builder-workspace/.derivedData/Build/Products/Debug-watchos/include -Xcc -I/Users/admin/builder/spi-builder-workspace/.derivedData/Build/Intermediates.noindex/Signals.build/Debug-watchos/Signals-t.build/DerivedSources-normal/arm64_32 -Xcc -I/Users/admin/builder/spi-builder-workspace/.derivedData/Build/Intermediates.noindex/Signals.build/Debug-watchos/Signals-t.build/DerivedSources/arm64_32 -Xcc -I/Users/admin/builder/spi-builder-workspace/.derivedData/Build/Intermediates.noindex/Signals.build/Debug-watchos/Signals-t.build/DerivedSources -Xcc -DSWIFT_PACKAGE -Xcc -DDEBUG\=1 -emit-objc-header -emit-objc-header-path /Users/admin/builder/spi-builder-workspace/.derivedData/Build/Intermediates.noindex/Signals.build/Debug-watchos/Signals-t.build/Objects-normal/arm64_32/Signals-Swift.h -working-directory /Users/admin/builder/spi-builder-workspace/.swiftpm/xcode -experimental-emit-module-separately -disable-cmo
SwiftDriver PromiseKit normal arm64 com.apple.xcode.tools.swift.compiler (in target 'PromiseKit' from project 'PromiseKit')
    cd /Users/admin/builder/spi-builder-workspace/.swiftpm/xcode
    builtin-SwiftDriver -- /Applications/Xcode-27.0.0-Release.Candidate.app/Contents/Developer/Toolchains/XcodeDefault.xctoolchain/usr/bin/swiftc -parse-as-library -module-name PromiseKit -Onone @/Users/admin/builder/spi-builder-workspace/.derivedData/Build/Intermediates.noindex/PromiseKit.build/Debug-watchos/PromiseKit-t.build/Objects-normal/arm64/PromiseKit.SwiftFileList -DSWIFT_PACKAGE -DDEBUG -DSWIFT_MODULE_RESOURCE_BUNDLE_UNAVAILABLE -DXcode -plugin-path /Applications/Xcode-27.0.0-Release.Candidate.app/Contents/Developer/Toolchains/XcodeDefault.xctoolchain/usr/lib/swift/host/plugins/testing -enable-experimental-feature DebugDescriptionMacro -sdk /Applications/Xcode-27.0.0-Release.Candidate.app/Contents/Developer/Platforms/WatchOS.platform/Developer/SDKs/WatchOS27.0.sdk -target arm64-apple-watchos9.0 -g -module-cache-path /Users/admin/builder/spi-builder-workspace/.derivedData/ModuleCache.noindex -Xfrontend -serialize-debugging-options -profile-coverage-mapping -profile-generate -enable-testing -suppress-warnings -index-store-path /Users/admin/builder/spi-builder-workspace/.derivedData/Index.noindex/DataStore -Xcc -D_LIBCPP_HARDENING_MODE\=_LIBCPP_HARDENING_MODE_DEBUG -swift-version 5 -I /Users/admin/builder/spi-builder-workspace/.derivedData/Build/Products/Debug-watchos -Isystem /Applications/Xcode-27.0.0-Release.Candidate.app/Contents/Developer/Platforms/WatchOS.platform/Developer/usr/lib -F /Users/admin/builder/spi-builder-workspace/.derivedData/Build/Products/Debug-watchos -F /Applications/Xcode-27.0.0-Release.Candidate.app/Contents/Developer/Platforms/WatchOS.platform/Developer/Library/Frameworks -F /Applications/Xcode-27.0.0-Release.Candidate.app/Contents/Developer/Platforms/WatchOS.platform/Developer/SDKs/WatchOS27.0.sdk/Developer/Library/Frameworks -c -j10 -enable-batch-mode -incremental -Xcc -ivfsstatcache -Xcc /Users/admin/builder/spi-builder-workspace/.derivedData/SDKStatCaches.noindex/watchos27.0-24R360-e829b21a6f8c9b70876ba0858053c04477534ef55a1706bf4c1112bbb242f0a2.sdkstatcache -output-file-map /Users/admin/builder/spi-builder-workspace/.derivedData/Build/Intermediates.noindex/PromiseKit.build/Debug-watchos/PromiseKit-t.build/Objects-normal/arm64/PromiseKit-OutputFileMap.json -save-temps -no-color-diagnostics -explicit-module-build -module-cache-path /Users/admin/builder/spi-builder-workspace/.derivedData/Build/Intermediates.noindex/SwiftExplicitPrecompiledModules -clang-scanner-module-cache-path /Users/admin/builder/spi-builder-workspace/.derivedData/ModuleCache.noindex -sdk-module-cache-path /Users/admin/builder/spi-builder-workspace/.derivedData/SDKExplicitPrecompiledModules -emit-dependencies -emit-module -emit-module-path /Users/admin/builder/spi-builder-workspace/.derivedData/Build/Intermediates.noindex/PromiseKit.build/Debug-watchos/PromiseKit-t.build/Objects-normal/arm64/PromiseKit.swiftmodule -serialize-diagnostics -dependency-scan-serialize-diagnostics-path /Users/admin/builder/spi-builder-workspace/.derivedData/Build/Intermediates.noindex/PromiseKit.build/Debug-watchos/PromiseKit-t.build/Objects-normal/arm64/PromiseKit-dependency-scan.dia -validate-clang-modules-once -clang-build-session-file /Users/admin/builder/spi-builder-workspace/.derivedData/ModuleCache.noindex/Session.modulevalidation -Xcc -fmodules-prune-interval\=86400 -Xcc -fmodules-prune-after\=345600 -emit-const-values -const-gather-protocols-list /Users/admin/builder/spi-builder-workspace/.derivedData/Build/Intermediates.noindex/PromiseKit.build/Debug-watchos/PromiseKit-t.build/Objects-normal/arm64/PromiseKit_const_extract_protocols.json -Xcc -I/Users/admin/builder/spi-builder-workspace/.derivedData/Build/Products/Debug-watchos/include -Xcc -I/Users/admin/builder/spi-builder-workspace/.derivedData/Build/Intermediates.noindex/PromiseKit.build/Debug-watchos/PromiseKit-t.build/DerivedSources-normal/arm64 -Xcc -I/Users/admin/builder/spi-builder-workspace/.derivedData/Build/Intermediates.noindex/PromiseKit.build/Debug-watchos/PromiseKit-t.build/DerivedSources/arm64 -Xcc -I/Users/admin/builder/spi-builder-workspace/.derivedData/Build/Intermediates.noindex/PromiseKit.build/Debug-watchos/PromiseKit-t.build/DerivedSources -Xcc -DSWIFT_PACKAGE -Xcc -DDEBUG\=1 -emit-objc-header -emit-objc-header-path /Users/admin/builder/spi-builder-workspace/.derivedData/Build/Intermediates.noindex/PromiseKit.build/Debug-watchos/PromiseKit-t.build/Objects-normal/arm64/PromiseKit-Swift.h -working-directory /Users/admin/builder/spi-builder-workspace/.swiftpm/xcode -experimental-emit-module-separately -disable-cmo
SwiftEmitModule normal arm64_32 Emitting\ module\ for\ Signals (in target 'Signals' from project 'Signals')
SwiftCompile normal arm64_32 (in target 'Signals' from project 'Signals')
    cd /Users/admin/builder/spi-builder-workspace/.swiftpm/xcode

SwiftCompile normal arm64_32 Compiling\ UIBarButtonItem+Signals.swift /Users/admin/builder/spi-builder-workspace/.dependencies/checkouts/Signals/Signals/ios/UIBarButtonItem+Signals.swift (in target 'Signals' from project 'Signals')
SwiftCompile normal arm64_32 /Users/admin/builder/spi-builder-workspace/.dependencies/checkouts/Signals/Signals/ios/UIBarButtonItem+Signals.swift (in target 'Signals' from project 'Signals')
    cd /Users/admin/builder/spi-builder-workspace/.swiftpm/xcode
    builtin-SwiftPerFileCompile UIBarButtonItem+Signals.swift
SwiftCompile normal arm64 Compiling\ Signal.swift /Users/admin/builder/spi-builder-workspace/.dependencies/checkouts/Signals/Signals/Signal.swift (in target 'Signals' from project 'Signals')
SwiftCompile normal arm64 /Users/admin/builder/spi-builder-workspace/.dependencies/checkouts/Signals/Signals/Signal.swift (in target 'Signals' from project 'Signals')
    cd /Users/admin/builder/spi-builder-workspace/.swiftpm/xcode
    builtin-SwiftPerFileCompile Signal.swift
SwiftCompile normal arm64_32 Compiling\ UIControl+Signals.swift /Users/admin/builder/spi-builder-workspace/.dependencies/checkouts/Signals/Signals/ios/UIControl+Signals.swift (in target 'Signals' from project 'Signals')
SwiftCompile normal arm64_32 /Users/admin/builder/spi-builder-workspace/.dependencies/checkouts/Signals/Signals/ios/UIControl+Signals.swift (in target 'Signals' from project 'Signals')
    cd /Users/admin/builder/spi-builder-workspace/.swiftpm/xcode
    builtin-SwiftPerFileCompile UIControl+Signals.swift
SwiftCompile normal arm64_32 Compiling\ Signal.swift /Users/admin/builder/spi-builder-workspace/.dependencies/checkouts/Signals/Signals/Signal.swift (in target 'Signals' from project 'Signals')
SwiftCompile normal arm64_32 /Users/admin/builder/spi-builder-workspace/.dependencies/checkouts/Signals/Signals/Signal.swift (in target 'Signals' from project 'Signals')
    cd /Users/admin/builder/spi-builder-workspace/.swiftpm/xcode
    builtin-SwiftPerFileCompile Signal.swift
SwiftCompile normal arm64 Compiling\ AssociatedObject.swift /Users/admin/builder/spi-builder-workspace/.dependencies/checkouts/Signals/Signals/ios/AssociatedObject.swift (in target 'Signals' from project 'Signals')
SwiftCompile normal arm64 /Users/admin/builder/spi-builder-workspace/.dependencies/checkouts/Signals/Signals/ios/AssociatedObject.swift (in target 'Signals' from project 'Signals')
    cd /Users/admin/builder/spi-builder-workspace/.swiftpm/xcode
    builtin-SwiftPerFileCompile AssociatedObject.swift
SwiftEmitModule normal arm64 Emitting\ module\ for\ Signals (in target 'Signals' from project 'Signals')
SwiftCompile normal arm64 (in target 'Signals' from project 'Signals')
    cd /Users/admin/builder/spi-builder-workspace/.swiftpm/xcode

SwiftCompile normal arm64 Compiling\ UIBarButtonItem+Signals.swift /Users/admin/builder/spi-builder-workspace/.dependencies/checkouts/Signals/Signals/ios/UIBarButtonItem+Signals.swift (in target 'Signals' from project 'Signals')
SwiftCompile normal arm64 /Users/admin/builder/spi-builder-workspace/.dependencies/checkouts/Signals/Signals/ios/UIBarButtonItem+Signals.swift (in target 'Signals' from project 'Signals')
    cd /Users/admin/builder/spi-builder-workspace/.swiftpm/xcode
    builtin-SwiftPerFileCompile UIBarButtonItem+Signals.swift
SwiftCompile normal arm64 Compiling\ UIControl+Signals.swift /Users/admin/builder/spi-builder-workspace/.dependencies/checkouts/Signals/Signals/ios/UIControl+Signals.swift (in target 'Signals' from project 'Signals')
SwiftCompile normal arm64 /Users/admin/builder/spi-builder-workspace/.dependencies/checkouts/Signals/Signals/ios/UIControl+Signals.swift (in target 'Signals' from project 'Signals')
    cd /Users/admin/builder/spi-builder-workspace/.swiftpm/xcode
    builtin-SwiftPerFileCompile UIControl+Signals.swift
SwiftCompile normal arm64_32 Compiling\ AssociatedObject.swift /Users/admin/builder/spi-builder-workspace/.dependencies/checkouts/Signals/Signals/ios/AssociatedObject.swift (in target 'Signals' from project 'Signals')
SwiftCompile normal arm64_32 /Users/admin/builder/spi-builder-workspace/.dependencies/checkouts/Signals/Signals/ios/AssociatedObject.swift (in target 'Signals' from project 'Signals')
    cd /Users/admin/builder/spi-builder-workspace/.swiftpm/xcode
    builtin-SwiftPerFileCompile AssociatedObject.swift
SwiftExplicitDependencyGeneratePcm arm64 /Users/admin/builder/spi-builder-workspace/.derivedData/SDKExplicitPrecompiledModules/ptrauth-3TZ9WJCGLYD25HQPWH4968ONX.pcm
SwiftDriverJobDiscovery normal arm64 Emitting module for Signals (in target 'Signals' from project 'Signals')
SwiftDriver\ Compilation\ Requirements Signals normal arm64 com.apple.xcode.tools.swift.compiler (in target 'Signals' from project 'Signals')
    cd /Users/admin/builder/spi-builder-workspace/.swiftpm/xcode
    builtin-Swift-Compilation-Requirements -- /Applications/Xcode-27.0.0-Release.Candidate.app/Contents/Developer/Toolchains/XcodeDefault.xctoolchain/usr/bin/swiftc -parse-as-library -module-name Signals -Onone @/Users/admin/builder/spi-builder-workspace/.derivedData/Build/Intermediates.noindex/Signals.build/Debug-watchos/Signals-t.build/Objects-normal/arm64/Signals.SwiftFileList -DSWIFT_PACKAGE -DDEBUG -DSWIFT_MODULE_RESOURCE_BUNDLE_UNAVAILABLE -DXcode -plugin-path /Applications/Xcode-27.0.0-Release.Candidate.app/Contents/Developer/Toolchains/XcodeDefault.xctoolchain/usr/lib/swift/host/plugins/testing -enable-experimental-feature DebugDescriptionMacro -sdk /Applications/Xcode-27.0.0-Release.Candidate.app/Contents/Developer/Platforms/WatchOS.platform/Developer/SDKs/WatchOS27.0.sdk -target arm64-apple-watchos9.0 -g -module-cache-path /Users/admin/builder/spi-builder-workspace/.derivedData/ModuleCache.noindex -Xfrontend -serialize-debugging-options -profile-coverage-mapping -profile-generate -enable-testing -suppress-warnings -index-store-path /Users/admin/builder/spi-builder-workspace/.derivedData/Index.noindex/DataStore -Xcc -D_LIBCPP_HARDENING_MODE\=_LIBCPP_HARDENING_MODE_DEBUG -swift-version 4.2 -I /Users/admin/builder/spi-builder-workspace/.derivedData/Build/Products/Debug-watchos -Isystem /Applications/Xcode-27.0.0-Release.Candidate.app/Contents/Developer/Platforms/WatchOS.platform/Developer/usr/lib -F /Users/admin/builder/spi-builder-workspace/.derivedData/Build/Products/Debug-watchos -F /Applications/Xcode-27.0.0-Release.Candidate.app/Contents/Developer/Platforms/WatchOS.platform/Developer/Library/Frameworks -F /Applications/Xcode-27.0.0-Release.Candidate.app/Contents/Developer/Platforms/WatchOS.platform/Developer/SDKs/WatchOS27.0.sdk/Developer/Library/Frameworks -c -j10 -enable-batch-mode -incremental -Xcc -ivfsstatcache -Xcc /Users/admin/builder/spi-builder-workspace/.derivedData/SDKStatCaches.noindex/watchos27.0-24R360-e829b21a6f8c9b70876ba0858053c04477534ef55a1706bf4c1112bbb242f0a2.sdkstatcache -output-file-map /Users/admin/builder/spi-builder-workspace/.derivedData/Build/Intermediates.noindex/Signals.build/Debug-watchos/Signals-t.build/Objects-normal/arm64/Signals-OutputFileMap.json -save-temps -no-color-diagnostics -emit-dependencies -emit-module -emit-module-path /Users/admin/builder/spi-builder-workspace/.derivedData/Build/Intermediates.noindex/Signals.build/Debug-watchos/Signals-t.build/Objects-normal/arm64/Signals.swiftmodule -serialize-diagnostics -validate-clang-modules-once -clang-build-session-file /Users/admin/builder/spi-builder-workspace/.derivedData/ModuleCache.noindex/Session.modulevalidation -Xcc -fmodules-prune-interval\=86400 -Xcc -fmodules-prune-after\=345600 -emit-const-values -const-gather-protocols-list /Users/admin/builder/spi-builder-workspace/.derivedData/Build/Intermediates.noindex/Signals.build/Debug-watchos/Signals-t.build/Objects-normal/arm64/Signals_const_extract_protocols.json -Xcc -I/Users/admin/builder/spi-builder-workspace/.derivedData/Build/Products/Debug-watchos/include -Xcc -I/Users/admin/builder/spi-builder-workspace/.derivedData/Build/Intermediates.noindex/Signals.build/Debug-watchos/Signals-t.build/DerivedSources-normal/arm64 -Xcc -I/Users/admin/builder/spi-builder-workspace/.derivedData/Build/Intermediates.noindex/Signals.build/Debug-watchos/Signals-t.build/DerivedSources/arm64 -Xcc -I/Users/admin/builder/spi-builder-workspace/.derivedData/Build/Intermediates.noindex/Signals.build/Debug-watchos/Signals-t.build/DerivedSources -Xcc -DSWIFT_PACKAGE -Xcc -DDEBUG\=1 -emit-objc-header -emit-objc-header-path /Users/admin/builder/spi-builder-workspace/.derivedData/Build/Intermediates.noindex/Signals.build/Debug-watchos/Signals-t.build/Objects-normal/arm64/Signals-Swift.h -working-directory /Users/admin/builder/spi-builder-workspace/.swiftpm/xcode -experimental-emit-module-separately -disable-cmo
SwiftDriverJobDiscovery normal arm64_32 Emitting module for Signals (in target 'Signals' from project 'Signals')
SwiftDriver\ Compilation\ Requirements Signals normal arm64_32 com.apple.xcode.tools.swift.compiler (in target 'Signals' from project 'Signals')
    cd /Users/admin/builder/spi-builder-workspace/.swiftpm/xcode
    builtin-Swift-Compilation-Requirements -- /Applications/Xcode-27.0.0-Release.Candidate.app/Contents/Developer/Toolchains/XcodeDefault.xctoolchain/usr/bin/swiftc -parse-as-library -module-name Signals -Onone @/Users/admin/builder/spi-builder-workspace/.derivedData/Build/Intermediates.noindex/Signals.build/Debug-watchos/Signals-t.build/Objects-normal/arm64_32/Signals.SwiftFileList -DSWIFT_PACKAGE -DDEBUG -DSWIFT_MODULE_RESOURCE_BUNDLE_UNAVAILABLE -DXcode -plugin-path /Applications/Xcode-27.0.0-Release.Candidate.app/Contents/Developer/Toolchains/XcodeDefault.xctoolchain/usr/lib/swift/host/plugins/testing -enable-experimental-feature DebugDescriptionMacro -sdk /Applications/Xcode-27.0.0-Release.Candidate.app/Contents/Developer/Platforms/WatchOS.platform/Developer/SDKs/WatchOS27.0.sdk -target arm64_32-apple-watchos9.0 -g -module-cache-path /Users/admin/builder/spi-builder-workspace/.derivedData/ModuleCache.noindex -Xfrontend -serialize-debugging-options -profile-coverage-mapping -profile-generate -enable-testing -suppress-warnings -index-store-path /Users/admin/builder/spi-builder-workspace/.derivedData/Index.noindex/DataStore -Xcc -D_LIBCPP_HARDENING_MODE\=_LIBCPP_HARDENING_MODE_DEBUG -swift-version 4.2 -I /Users/admin/builder/spi-builder-workspace/.derivedData/Build/Products/Debug-watchos -Isystem /Applications/Xcode-27.0.0-Release.Candidate.app/Contents/Developer/Platforms/WatchOS.platform/Developer/usr/lib -F /Users/admin/builder/spi-builder-workspace/.derivedData/Build/Products/Debug-watchos -F /Applications/Xcode-27.0.0-Release.Candidate.app/Contents/Developer/Platforms/WatchOS.platform/Developer/Library/Frameworks -F /Applications/Xcode-27.0.0-Release.Candidate.app/Contents/Developer/Platforms/WatchOS.platform/Developer/SDKs/WatchOS27.0.sdk/Developer/Library/Frameworks -c -j10 -enable-batch-mode -incremental -Xcc -ivfsstatcache -Xcc /Users/admin/builder/spi-builder-workspace/.derivedData/SDKStatCaches.noindex/watchos27.0-24R360-e829b21a6f8c9b70876ba0858053c04477534ef55a1706bf4c1112bbb242f0a2.sdkstatcache -output-file-map /Users/admin/builder/spi-builder-workspace/.derivedData/Build/Intermediates.noindex/Signals.build/Debug-watchos/Signals-t.build/Objects-normal/arm64_32/Signals-OutputFileMap.json -save-temps -no-color-diagnostics -emit-dependencies -emit-module -emit-module-path /Users/admin/builder/spi-builder-workspace/.derivedData/Build/Intermediates.noindex/Signals.build/Debug-watchos/Signals-t.build/Objects-normal/arm64_32/Signals.swiftmodule -serialize-diagnostics -validate-clang-modules-once -clang-build-session-file /Users/admin/builder/spi-builder-workspace/.derivedData/ModuleCache.noindex/Session.modulevalidation -Xcc -fmodules-prune-interval\=86400 -Xcc -fmodules-prune-after\=345600 -emit-const-values -const-gather-protocols-list /Users/admin/builder/spi-builder-workspace/.derivedData/Build/Intermediates.noindex/Signals.build/Debug-watchos/Signals-t.build/Objects-normal/arm64_32/Signals_const_extract_protocols.json -Xcc -I/Users/admin/builder/spi-builder-workspace/.derivedData/Build/Products/Debug-watchos/include -Xcc -I/Users/admin/builder/spi-builder-workspace/.derivedData/Build/Intermediates.noindex/Signals.build/Debug-watchos/Signals-t.build/DerivedSources-normal/arm64_32 -Xcc -I/Users/admin/builder/spi-builder-workspace/.derivedData/Build/Intermediates.noindex/Signals.build/Debug-watchos/Signals-t.build/DerivedSources/arm64_32 -Xcc -I/Users/admin/builder/spi-builder-workspace/.derivedData/Build/Intermediates.noindex/Signals.build/Debug-watchos/Signals-t.build/DerivedSources -Xcc -DSWIFT_PACKAGE -Xcc -DDEBUG\=1 -emit-objc-header -emit-objc-header-path /Users/admin/builder/spi-builder-workspace/.derivedData/Build/Intermediates.noindex/Signals.build/Debug-watchos/Signals-t.build/Objects-normal/arm64_32/Signals-Swift.h -working-directory /Users/admin/builder/spi-builder-workspace/.swiftpm/xcode -experimental-emit-module-separately -disable-cmo
SwiftExplicitDependencyGeneratePcm arm64 /Users/admin/builder/spi-builder-workspace/.derivedData/SDKExplicitPrecompiledModules/ptrcheck-AIF0NDOYZ8ORBNHQAQR5NNB8M.pcm
SwiftMergeGeneratedHeaders /Users/admin/builder/spi-builder-workspace/.derivedData/Build/Intermediates.noindex/GeneratedModuleMaps-watchos/Signals-Swift.h /Users/admin/builder/spi-builder-workspace/.derivedData/Build/Intermediates.noindex/Signals.build/Debug-watchos/Signals-t.build/Objects-normal/arm64/Signals-Swift.h /Users/admin/builder/spi-builder-workspace/.derivedData/Build/Intermediates.noindex/Signals.build/Debug-watchos/Signals-t.build/Objects-normal/arm64_32/Signals-Swift.h (in target 'Signals' from project 'Signals')
    cd /Users/admin/builder/spi-builder-workspace/.dependencies/checkouts/Signals
    builtin-swiftHeaderTool -arch arm64 /Users/admin/builder/spi-builder-workspace/.derivedData/Build/Intermediates.noindex/Signals.build/Debug-watchos/Signals-t.build/Objects-normal/arm64/Signals-Swift.h -arch arm64_32 /Users/admin/builder/spi-builder-workspace/.derivedData/Build/Intermediates.noindex/Signals.build/Debug-watchos/Signals-t.build/Objects-normal/arm64_32/Signals-Swift.h -o /Users/admin/builder/spi-builder-workspace/.derivedData/Build/Intermediates.noindex/GeneratedModuleMaps-watchos/Signals-Swift.h
Copy /Users/admin/builder/spi-builder-workspace/.derivedData/Build/Products/Debug-watchos/Signals.swiftmodule/arm64_32-apple-watchos.swiftmodule /Users/admin/builder/spi-builder-workspace/.derivedData/Build/Intermediates.noindex/Signals.build/Debug-watchos/Signals-t.build/Objects-normal/arm64_32/Signals.swiftmodule (in target 'Signals' from project 'Signals')
    cd /Users/admin/builder/spi-builder-workspace/.dependencies/checkouts/Signals
    builtin-copy -exclude .DS_Store -exclude CVS -exclude .svn -exclude .git -exclude .hg -resolve-src-symlinks -rename /Users/admin/builder/spi-builder-workspace/.derivedData/Build/Intermediates.noindex/Signals.build/Debug-watchos/Signals-t.build/Objects-normal/arm64_32/Signals.swiftmodule /Users/admin/builder/spi-builder-workspace/.derivedData/Build/Products/Debug-watchos/Signals.swiftmodule/arm64_32-apple-watchos.swiftmodule
Copy /Users/admin/builder/spi-builder-workspace/.derivedData/Build/Products/Debug-watchos/Signals.swiftmodule/arm64_32-apple-watchos.swiftdoc /Users/admin/builder/spi-builder-workspace/.derivedData/Build/Intermediates.noindex/Signals.build/Debug-watchos/Signals-t.build/Objects-normal/arm64_32/Signals.swiftdoc (in target 'Signals' from project 'Signals')
    cd /Users/admin/builder/spi-builder-workspace/.dependencies/checkouts/Signals
    builtin-copy -exclude .DS_Store -exclude CVS -exclude .svn -exclude .git -exclude .hg -resolve-src-symlinks -rename /Users/admin/builder/spi-builder-workspace/.derivedData/Build/Intermediates.noindex/Signals.build/Debug-watchos/Signals-t.build/Objects-normal/arm64_32/Signals.swiftdoc /Users/admin/builder/spi-builder-workspace/.derivedData/Build/Products/Debug-watchos/Signals.swiftmodule/arm64_32-apple-watchos.swiftdoc
Copy /Users/admin/builder/spi-builder-workspace/.derivedData/Build/Products/Debug-watchos/Signals.swiftmodule/arm64_32-apple-watchos.abi.json /Users/admin/builder/spi-builder-workspace/.derivedData/Build/Intermediates.noindex/Signals.build/Debug-watchos/Signals-t.build/Objects-normal/arm64_32/Signals.abi.json (in target 'Signals' from project 'Signals')
    cd /Users/admin/builder/spi-builder-workspace/.dependencies/checkouts/Signals
    builtin-copy -exclude .DS_Store -exclude CVS -exclude .svn -exclude .git -exclude .hg -resolve-src-symlinks -rename /Users/admin/builder/spi-builder-workspace/.derivedData/Build/Intermediates.noindex/Signals.build/Debug-watchos/Signals-t.build/Objects-normal/arm64_32/Signals.abi.json /Users/admin/builder/spi-builder-workspace/.derivedData/Build/Products/Debug-watchos/Signals.swiftmodule/arm64_32-apple-watchos.abi.json
Copy /Users/admin/builder/spi-builder-workspace/.derivedData/Build/Products/Debug-watchos/Signals.swiftmodule/arm64-apple-watchos.swiftmodule /Users/admin/builder/spi-builder-workspace/.derivedData/Build/Intermediates.noindex/Signals.build/Debug-watchos/Signals-t.build/Objects-normal/arm64/Signals.swiftmodule (in target 'Signals' from project 'Signals')
    cd /Users/admin/builder/spi-builder-workspace/.dependencies/checkouts/Signals
    builtin-copy -exclude .DS_Store -exclude CVS -exclude .svn -exclude .git -exclude .hg -resolve-src-symlinks -rename /Users/admin/builder/spi-builder-workspace/.derivedData/Build/Intermediates.noindex/Signals.build/Debug-watchos/Signals-t.build/Objects-normal/arm64/Signals.swiftmodule /Users/admin/builder/spi-builder-workspace/.derivedData/Build/Products/Debug-watchos/Signals.swiftmodule/arm64-apple-watchos.swiftmodule
Copy /Users/admin/builder/spi-builder-workspace/.derivedData/Build/Products/Debug-watchos/Signals.swiftmodule/arm64-apple-watchos.swiftdoc /Users/admin/builder/spi-builder-workspace/.derivedData/Build/Intermediates.noindex/Signals.build/Debug-watchos/Signals-t.build/Objects-normal/arm64/Signals.swiftdoc (in target 'Signals' from project 'Signals')
    cd /Users/admin/builder/spi-builder-workspace/.dependencies/checkouts/Signals
    builtin-copy -exclude .DS_Store -exclude CVS -exclude .svn -exclude .git -exclude .hg -resolve-src-symlinks -rename /Users/admin/builder/spi-builder-workspace/.derivedData/Build/Intermediates.noindex/Signals.build/Debug-watchos/Signals-t.build/Objects-normal/arm64/Signals.swiftdoc /Users/admin/builder/spi-builder-workspace/.derivedData/Build/Products/Debug-watchos/Signals.swiftmodule/arm64-apple-watchos.swiftdoc
Copy /Users/admin/builder/spi-builder-workspace/.derivedData/Build/Products/Debug-watchos/Signals.swiftmodule/arm64-apple-watchos.abi.json /Users/admin/builder/spi-builder-workspace/.derivedData/Build/Intermediates.noindex/Signals.build/Debug-watchos/Signals-t.build/Objects-normal/arm64/Signals.abi.json (in target 'Signals' from project 'Signals')
    cd /Users/admin/builder/spi-builder-workspace/.dependencies/checkouts/Signals
    builtin-copy -exclude .DS_Store -exclude CVS -exclude .svn -exclude .git -exclude .hg -resolve-src-symlinks -rename /Users/admin/builder/spi-builder-workspace/.derivedData/Build/Intermediates.noindex/Signals.build/Debug-watchos/Signals-t.build/Objects-normal/arm64/Signals.abi.json /Users/admin/builder/spi-builder-workspace/.derivedData/Build/Products/Debug-watchos/Signals.swiftmodule/arm64-apple-watchos.abi.json
Copy /Users/admin/builder/spi-builder-workspace/.derivedData/Build/Products/Debug-watchos/Signals.swiftmodule/Project/arm64_32-apple-watchos.swiftsourceinfo /Users/admin/builder/spi-builder-workspace/.derivedData/Build/Intermediates.noindex/Signals.build/Debug-watchos/Signals-t.build/Objects-normal/arm64_32/Signals.swiftsourceinfo (in target 'Signals' from project 'Signals')
    cd /Users/admin/builder/spi-builder-workspace/.dependencies/checkouts/Signals
    builtin-copy -exclude .DS_Store -exclude CVS -exclude .svn -exclude .git -exclude .hg -resolve-src-symlinks -rename /Users/admin/builder/spi-builder-workspace/.derivedData/Build/Intermediates.noindex/Signals.build/Debug-watchos/Signals-t.build/Objects-normal/arm64_32/Signals.swiftsourceinfo /Users/admin/builder/spi-builder-workspace/.derivedData/Build/Products/Debug-watchos/Signals.swiftmodule/Project/arm64_32-apple-watchos.swiftsourceinfo
Copy /Users/admin/builder/spi-builder-workspace/.derivedData/Build/Products/Debug-watchos/Signals.swiftmodule/Project/arm64-apple-watchos.swiftsourceinfo /Users/admin/builder/spi-builder-workspace/.derivedData/Build/Intermediates.noindex/Signals.build/Debug-watchos/Signals-t.build/Objects-normal/arm64/Signals.swiftsourceinfo (in target 'Signals' from project 'Signals')
    cd /Users/admin/builder/spi-builder-workspace/.dependencies/checkouts/Signals
    builtin-copy -exclude .DS_Store -exclude CVS -exclude .svn -exclude .git -exclude .hg -resolve-src-symlinks -rename /Users/admin/builder/spi-builder-workspace/.derivedData/Build/Intermediates.noindex/Signals.build/Debug-watchos/Signals-t.build/Objects-normal/arm64/Signals.swiftsourceinfo /Users/admin/builder/spi-builder-workspace/.derivedData/Build/Products/Debug-watchos/Signals.swiftmodule/Project/arm64-apple-watchos.swiftsourceinfo
SwiftExplicitDependencyGeneratePcm arm64_32 /Users/admin/builder/spi-builder-workspace/.derivedData/SDKExplicitPrecompiledModules/_AvailabilityInternal-244WAN3Z1QBT7PIA64EZEFY1R.pcm
SwiftExplicitDependencyGeneratePcm arm64 /Users/admin/builder/spi-builder-workspace/.derivedData/SDKExplicitPrecompiledModules/_Builtin_stdbool-83J96QSOFE9VX04AAS6310UAE.pcm
SwiftExplicitDependencyGeneratePcm arm64_32 /Users/admin/builder/spi-builder-workspace/.derivedData/SDKExplicitPrecompiledModules/_Builtin_stddef-H44EFHQX6XSS5MZ7QP6YJZ76.pcm
SwiftExplicitDependencyGeneratePcm arm64 /Users/admin/builder/spi-builder-workspace/.derivedData/SDKExplicitPrecompiledModules/_Builtin_stdarg-A7UU8LE6MP85SM26YO7PBZNUQ.pcm
SwiftExplicitDependencyGeneratePcm arm64 /Users/admin/builder/spi-builder-workspace/.derivedData/SDKExplicitPrecompiledModules/_Builtin_float-C0CW5Q4HGBQYKE77TC42IAFB5.pcm
SwiftExplicitDependencyGeneratePcm arm64 /Users/admin/builder/spi-builder-workspace/.derivedData/SDKExplicitPrecompiledModules/_Builtin_stddef-1FU30Y8SWFB7OUUHMJQH5J6FM.pcm
SwiftExplicitDependencyGeneratePcm arm64 /Users/admin/builder/spi-builder-workspace/.derivedData/SDKExplicitPrecompiledModules/_SwiftConcurrencyShims-659N52XSKR5F0QSB880BH2FJR.pcm
SwiftExplicitDependencyGeneratePcm arm64_32 /Users/admin/builder/spi-builder-workspace/.derivedData/SDKExplicitPrecompiledModules/_Builtin_stdbool-A967K8W8YUYEC9SN52KJ7OO88.pcm
SwiftExplicitDependencyGeneratePcm arm64_32 /Users/admin/builder/spi-builder-workspace/.derivedData/SDKExplicitPrecompiledModules/ptrcheck-7ELIH9BTIGVKX3UBITM9N72WD.pcm
SwiftExplicitDependencyGeneratePcm arm64_32 /Users/admin/builder/spi-builder-workspace/.derivedData/SDKExplicitPrecompiledModules/SwiftShims-9CQQGWTSNTN9EB5NSHDWUJICH.pcm
SwiftExplicitDependencyGeneratePcm arm64_32 /Users/admin/builder/spi-builder-workspace/.derivedData/SDKExplicitPrecompiledModules/ptrauth-BFXF358ME5AK535N5A9Z766WU.pcm
SwiftExplicitDependencyGeneratePcm arm64 /Users/admin/builder/spi-builder-workspace/.derivedData/SDKExplicitPrecompiledModules/SwiftShims-4MXFZPV6FEB0XBYXCGPWAMQGL.pcm
SwiftExplicitDependencyGeneratePcm arm64 /Users/admin/builder/spi-builder-workspace/.derivedData/SDKExplicitPrecompiledModules/_AvailabilityInternal-BUNV3UXM65NT37THI4W1AM0SF.pcm
SwiftExplicitDependencyGeneratePcm arm64_32 /Users/admin/builder/spi-builder-workspace/.derivedData/SDKExplicitPrecompiledModules/_Builtin_float-6KO8O3PEWRCA4WC6PPLOYO6WJ.pcm
SwiftDriverJobDiscovery normal arm64_32 Compiling UIBarButtonItem+Signals.swift (in target 'Signals' from project 'Signals')
SwiftExplicitDependencyGeneratePcm arm64_32 /Users/admin/builder/spi-builder-workspace/.derivedData/SDKExplicitPrecompiledModules/_SwiftConcurrencyShims-6RTBPQ03V7BM9SPRK8SUE055H.pcm
SwiftExplicitDependencyGeneratePcm arm64_32 /Users/admin/builder/spi-builder-workspace/.derivedData/SDKExplicitPrecompiledModules/_Builtin_stdarg-D305JG44A2WPI6CJY37X3QJE8.pcm
SwiftDriverJobDiscovery normal arm64_32 Compiling UIControl+Signals.swift (in target 'Signals' from project 'Signals')
SwiftDriverJobDiscovery normal arm64 Compiling UIBarButtonItem+Signals.swift (in target 'Signals' from project 'Signals')
SwiftDriverJobDiscovery normal arm64 Compiling UIControl+Signals.swift (in target 'Signals' from project 'Signals')
SwiftExplicitDependencyGeneratePcm arm64 /Users/admin/builder/spi-builder-workspace/.derivedData/SDKExplicitPrecompiledModules/_DarwinFoundation1-7SPX3MD0HMP55E4OLNCPNDQ53.pcm
SwiftExplicitDependencyGeneratePcm arm64_32 /Users/admin/builder/spi-builder-workspace/.derivedData/SDKExplicitPrecompiledModules/_DarwinFoundation1-2GWF9RFMPLQW4PDHS3NARVI3G.pcm
SwiftExplicitDependencyGeneratePcm arm64 /Users/admin/builder/spi-builder-workspace/.derivedData/SDKExplicitPrecompiledModules/_Builtin_limits-9GWPA2B0H20DYUNYHYCWKABJG.pcm
SwiftExplicitDependencyGeneratePcm arm64 /Users/admin/builder/spi-builder-workspace/.derivedData/SDKExplicitPrecompiledModules/_DarwinFoundation2-D0XAPJU49S5E9XMKYOFGSTB1Q.pcm
SwiftExplicitDependencyGeneratePcm arm64_32 /Users/admin/builder/spi-builder-workspace/.derivedData/SDKExplicitPrecompiledModules/_DarwinFoundation2-9MY8GOSYRO0M9MKNXF6D3MBNK.pcm
SwiftExplicitDependencyGeneratePcm arm64_32 /Users/admin/builder/spi-builder-workspace/.derivedData/SDKExplicitPrecompiledModules/_Builtin_limits-3VKBU2AFTD65PAJZ5CJ3LHFM2.pcm
SwiftExplicitDependencyGeneratePcm arm64 /Users/admin/builder/spi-builder-workspace/.derivedData/SDKExplicitPrecompiledModules/_Builtin_stdint-8XMILLJZEGRN2XG7XZUXZ5RLX.pcm
SwiftExplicitDependencyGeneratePcm arm64 /Users/admin/builder/spi-builder-workspace/.derivedData/SDKExplicitPrecompiledModules/string_h-E6PRXK75PHIPCZFWOFCQ3QBMK.pcm
SwiftExplicitDependencyGeneratePcm arm64 /Users/admin/builder/spi-builder-workspace/.derivedData/SDKExplicitPrecompiledModules/sys_types-2KXQLI78OUCDP779AE68GZJ2.pcm
SwiftExplicitDependencyGeneratePcm arm64_32 /Users/admin/builder/spi-builder-workspace/.derivedData/SDKExplicitPrecompiledModules/sys_types-8TLLMW08ZJWDGIIPKOYFGHHZW.pcm
SwiftExplicitDependencyGeneratePcm arm64_32 /Users/admin/builder/spi-builder-workspace/.derivedData/SDKExplicitPrecompiledModules/_Builtin_stdint-1HMXWI3V0V4TXHRWZOMZGZ80Y.pcm
SwiftExplicitDependencyGeneratePcm arm64_32 /Users/admin/builder/spi-builder-workspace/.derivedData/SDKExplicitPrecompiledModules/string_h-BFVLUQUSBZWYMLCU9QI7VZALW.pcm
SwiftDriverJobDiscovery normal arm64 Compiling AssociatedObject.swift (in target 'Signals' from project 'Signals')
SwiftDriverJobDiscovery normal arm64_32 Compiling AssociatedObject.swift (in target 'Signals' from project 'Signals')
SwiftExplicitDependencyGeneratePcm arm64 /Users/admin/builder/spi-builder-workspace/.derivedData/SDKExplicitPrecompiledModules/_DarwinFoundation3-B97LRG0E9GON2NUE65TVG81HU.pcm
SwiftExplicitDependencyGeneratePcm arm64_32 /Users/admin/builder/spi-builder-workspace/.derivedData/SDKExplicitPrecompiledModules/_DarwinFoundation3-3DUTYQDQSD9HUAAVY947NMWOI.pcm
SwiftExplicitDependencyGeneratePcm arm64_32 /Users/admin/builder/spi-builder-workspace/.derivedData/SDKExplicitPrecompiledModules/_Builtin_inttypes-D2KPCR4PEX9AQA33NGLUT5SBR.pcm
SwiftExplicitDependencyGeneratePcm arm64 /Users/admin/builder/spi-builder-workspace/.derivedData/SDKExplicitPrecompiledModules/_Builtin_inttypes-3UQSCM7WNM9EK4HZML8TY5J3D.pcm
SwiftExplicitDependencyGeneratePcm arm64 /Users/admin/builder/spi-builder-workspace/.derivedData/SDKExplicitPrecompiledModules/Darwin-3984OXKFNSPE77NT743WK8SEX.pcm
SwiftExplicitDependencyGeneratePcm arm64_32 /Users/admin/builder/spi-builder-workspace/.derivedData/SDKExplicitPrecompiledModules/Darwin-3FVT1SKLN2ZQ5RVOABMTQBB34.pcm
SwiftDriverJobDiscovery normal arm64 Compiling Signal.swift (in target 'Signals' from project 'Signals')
SwiftDriver\ Compilation Signals normal arm64 com.apple.xcode.tools.swift.compiler (in target 'Signals' from project 'Signals')
    cd /Users/admin/builder/spi-builder-workspace/.swiftpm/xcode
    builtin-Swift-Compilation -- /Applications/Xcode-27.0.0-Release.Candidate.app/Contents/Developer/Toolchains/XcodeDefault.xctoolchain/usr/bin/swiftc -parse-as-library -module-name Signals -Onone @/Users/admin/builder/spi-builder-workspace/.derivedData/Build/Intermediates.noindex/Signals.build/Debug-watchos/Signals-t.build/Objects-normal/arm64/Signals.SwiftFileList -DSWIFT_PACKAGE -DDEBUG -DSWIFT_MODULE_RESOURCE_BUNDLE_UNAVAILABLE -DXcode -plugin-path /Applications/Xcode-27.0.0-Release.Candidate.app/Contents/Developer/Toolchains/XcodeDefault.xctoolchain/usr/lib/swift/host/plugins/testing -enable-experimental-feature DebugDescriptionMacro -sdk /Applications/Xcode-27.0.0-Release.Candidate.app/Contents/Developer/Platforms/WatchOS.platform/Developer/SDKs/WatchOS27.0.sdk -target arm64-apple-watchos9.0 -g -module-cache-path /Users/admin/builder/spi-builder-workspace/.derivedData/ModuleCache.noindex -Xfrontend -serialize-debugging-options -profile-coverage-mapping -profile-generate -enable-testing -suppress-warnings -index-store-path /Users/admin/builder/spi-builder-workspace/.derivedData/Index.noindex/DataStore -Xcc -D_LIBCPP_HARDENING_MODE\=_LIBCPP_HARDENING_MODE_DEBUG -swift-version 4.2 -I /Users/admin/builder/spi-builder-workspace/.derivedData/Build/Products/Debug-watchos -Isystem /Applications/Xcode-27.0.0-Release.Candidate.app/Contents/Developer/Platforms/WatchOS.platform/Developer/usr/lib -F /Users/admin/builder/spi-builder-workspace/.derivedData/Build/Products/Debug-watchos -F /Applications/Xcode-27.0.0-Release.Candidate.app/Contents/Developer/Platforms/WatchOS.platform/Developer/Library/Frameworks -F /Applications/Xcode-27.0.0-Release.Candidate.app/Contents/Developer/Platforms/WatchOS.platform/Developer/SDKs/WatchOS27.0.sdk/Developer/Library/Frameworks -c -j10 -enable-batch-mode -incremental -Xcc -ivfsstatcache -Xcc /Users/admin/builder/spi-builder-workspace/.derivedData/SDKStatCaches.noindex/watchos27.0-24R360-e829b21a6f8c9b70876ba0858053c04477534ef55a1706bf4c1112bbb242f0a2.sdkstatcache -output-file-map /Users/admin/builder/spi-builder-workspace/.derivedData/Build/Intermediates.noindex/Signals.build/Debug-watchos/Signals-t.build/Objects-normal/arm64/Signals-OutputFileMap.json -save-temps -no-color-diagnostics -emit-dependencies -emit-module -emit-module-path /Users/admin/builder/spi-builder-workspace/.derivedData/Build/Intermediates.noindex/Signals.build/Debug-watchos/Signals-t.build/Objects-normal/arm64/Signals.swiftmodule -serialize-diagnostics -validate-clang-modules-once -clang-build-session-file /Users/admin/builder/spi-builder-workspace/.derivedData/ModuleCache.noindex/Session.modulevalidation -Xcc -fmodules-prune-interval\=86400 -Xcc -fmodules-prune-after\=345600 -emit-const-values -const-gather-protocols-list /Users/admin/builder/spi-builder-workspace/.derivedData/Build/Intermediates.noindex/Signals.build/Debug-watchos/Signals-t.build/Objects-normal/arm64/Signals_const_extract_protocols.json -Xcc -I/Users/admin/builder/spi-builder-workspace/.derivedData/Build/Products/Debug-watchos/include -Xcc -I/Users/admin/builder/spi-builder-workspace/.derivedData/Build/Intermediates.noindex/Signals.build/Debug-watchos/Signals-t.build/DerivedSources-normal/arm64 -Xcc -I/Users/admin/builder/spi-builder-workspace/.derivedData/Build/Intermediates.noindex/Signals.build/Debug-watchos/Signals-t.build/DerivedSources/arm64 -Xcc -I/Users/admin/builder/spi-builder-workspace/.derivedData/Build/Intermediates.noindex/Signals.build/Debug-watchos/Signals-t.build/DerivedSources -Xcc -DSWIFT_PACKAGE -Xcc -DDEBUG\=1 -emit-objc-header -emit-objc-header-path /Users/admin/builder/spi-builder-workspace/.derivedData/Build/Intermediates.noindex/Signals.build/Debug-watchos/Signals-t.build/Objects-normal/arm64/Signals-Swift.h -working-directory /Users/admin/builder/spi-builder-workspace/.swiftpm/xcode -experimental-emit-module-separately -disable-cmo
Ld /Users/admin/builder/spi-builder-workspace/.derivedData/Build/Intermediates.noindex/Signals.build/Debug-watchos/Signals-t.build/Objects-normal/arm64/Binary/Signals.o normal arm64 (in target 'Signals' from project 'Signals')
    cd /Users/admin/builder/spi-builder-workspace/.dependencies/checkouts/Signals
    /Applications/Xcode-27.0.0-Release.Candidate.app/Contents/Developer/Toolchains/XcodeDefault.xctoolchain/usr/bin/clang -Xlinker -reproducible -target arm64-apple-watchos9.0 -r -isysroot /Applications/Xcode-27.0.0-Release.Candidate.app/Contents/Developer/Platforms/WatchOS.platform/Developer/SDKs/WatchOS27.0.sdk -O0 -w -Xlinker -no_warn_duplicate_libraries -F/Users/admin/builder/spi-builder-workspace/.derivedData/Build/Intermediates.noindex/EagerLinkingTBDs/Debug-watchos -F/Users/admin/builder/spi-builder-workspace/.derivedData/Build/Products/Debug-watchos -iframework /Applications/Xcode-27.0.0-Release.Candidate.app/Contents/Developer/Platforms/WatchOS.platform/Developer/Library/Frameworks -iframework /Applications/Xcode-27.0.0-Release.Candidate.app/Contents/Developer/Platforms/WatchOS.platform/Developer/SDKs/WatchOS27.0.sdk/Developer/Library/Frameworks -filelist /Users/admin/builder/spi-builder-workspace/.derivedData/Build/Intermediates.noindex/Signals.build/Debug-watchos/Signals-t.build/Objects-normal/arm64/Signals.LinkFileList -nostdlib -Xlinker -object_path_lto -Xlinker /Users/admin/builder/spi-builder-workspace/.derivedData/Build/Intermediates.noindex/Signals.build/Debug-watchos/Signals-t.build/Objects-normal/arm64/Signals_lto.o -Xlinker -no_deduplicate -Xlinker -debug_variant -Xlinker -dependency_info -Xlinker /Users/admin/builder/spi-builder-workspace/.derivedData/Build/Intermediates.noindex/Signals.build/Debug-watchos/Signals-t.build/Objects-normal/arm64/Signals_dependency_info.dat -fobjc-link-runtime -L/Applications/Xcode-27.0.0-Release.Candidate.app/Contents/Developer/Toolchains/XcodeDefault.xctoolchain/usr/lib/swift/watchos -L/usr/lib/swift -Xlinker -add_ast_path -Xlinker /Users/admin/builder/spi-builder-workspace/.derivedData/Build/Intermediates.noindex/Signals.build/Debug-watchos/Signals-t.build/Objects-normal/arm64/Signals.swiftmodule -o /Users/admin/builder/spi-builder-workspace/.derivedData/Build/Intermediates.noindex/Signals.build/Debug-watchos/Signals-t.build/Objects-normal/arm64/Binary/Signals.o
SwiftExplicitDependencyGeneratePcm arm64_32 /Users/admin/builder/spi-builder-workspace/.derivedData/SDKExplicitPrecompiledModules/ObjectiveC-6IJNELR2E80E7LUKESVCP2KET.pcm
SwiftExplicitDependencyGeneratePcm arm64 /Users/admin/builder/spi-builder-workspace/.derivedData/SDKExplicitPrecompiledModules/ObjectiveC-72IVD3VS2RS8Q28D9PIMY0KQP.pcm
SwiftDriverJobDiscovery normal arm64_32 Compiling Signal.swift (in target 'Signals' from project 'Signals')
SwiftDriver\ Compilation Signals normal arm64_32 com.apple.xcode.tools.swift.compiler (in target 'Signals' from project 'Signals')
    cd /Users/admin/builder/spi-builder-workspace/.swiftpm/xcode
    builtin-Swift-Compilation -- /Applications/Xcode-27.0.0-Release.Candidate.app/Contents/Developer/Toolchains/XcodeDefault.xctoolchain/usr/bin/swiftc -parse-as-library -module-name Signals -Onone @/Users/admin/builder/spi-builder-workspace/.derivedData/Build/Intermediates.noindex/Signals.build/Debug-watchos/Signals-t.build/Objects-normal/arm64_32/Signals.SwiftFileList -DSWIFT_PACKAGE -DDEBUG -DSWIFT_MODULE_RESOURCE_BUNDLE_UNAVAILABLE -DXcode -plugin-path /Applications/Xcode-27.0.0-Release.Candidate.app/Contents/Developer/Toolchains/XcodeDefault.xctoolchain/usr/lib/swift/host/plugins/testing -enable-experimental-feature DebugDescriptionMacro -sdk /Applications/Xcode-27.0.0-Release.Candidate.app/Contents/Developer/Platforms/WatchOS.platform/Developer/SDKs/WatchOS27.0.sdk -target arm64_32-apple-watchos9.0 -g -module-cache-path /Users/admin/builder/spi-builder-workspace/.derivedData/ModuleCache.noindex -Xfrontend -serialize-debugging-options -profile-coverage-mapping -profile-generate -enable-testing -suppress-warnings -index-store-path /Users/admin/builder/spi-builder-workspace/.derivedData/Index.noindex/DataStore -Xcc -D_LIBCPP_HARDENING_MODE\=_LIBCPP_HARDENING_MODE_DEBUG -swift-version 4.2 -I /Users/admin/builder/spi-builder-workspace/.derivedData/Build/Products/Debug-watchos -Isystem /Applications/Xcode-27.0.0-Release.Candidate.app/Contents/Developer/Platforms/WatchOS.platform/Developer/usr/lib -F /Users/admin/builder/spi-builder-workspace/.derivedData/Build/Products/Debug-watchos -F /Applications/Xcode-27.0.0-Release.Candidate.app/Contents/Developer/Platforms/WatchOS.platform/Developer/Library/Frameworks -F /Applications/Xcode-27.0.0-Release.Candidate.app/Contents/Developer/Platforms/WatchOS.platform/Developer/SDKs/WatchOS27.0.sdk/Developer/Library/Frameworks -c -j10 -enable-batch-mode -incremental -Xcc -ivfsstatcache -Xcc /Users/admin/builder/spi-builder-workspace/.derivedData/SDKStatCaches.noindex/watchos27.0-24R360-e829b21a6f8c9b70876ba0858053c04477534ef55a1706bf4c1112bbb242f0a2.sdkstatcache -output-file-map /Users/admin/builder/spi-builder-workspace/.derivedData/Build/Intermediates.noindex/Signals.build/Debug-watchos/Signals-t.build/Objects-normal/arm64_32/Signals-OutputFileMap.json -save-temps -no-color-diagnostics -emit-dependencies -emit-module -emit-module-path /Users/admin/builder/spi-builder-workspace/.derivedData/Build/Intermediates.noindex/Signals.build/Debug-watchos/Signals-t.build/Objects-normal/arm64_32/Signals.swiftmodule -serialize-diagnostics -validate-clang-modules-once -clang-build-session-file /Users/admin/builder/spi-builder-workspace/.derivedData/ModuleCache.noindex/Session.modulevalidation -Xcc -fmodules-prune-interval\=86400 -Xcc -fmodules-prune-after\=345600 -emit-const-values -const-gather-protocols-list /Users/admin/builder/spi-builder-workspace/.derivedData/Build/Intermediates.noindex/Signals.build/Debug-watchos/Signals-t.build/Objects-normal/arm64_32/Signals_const_extract_protocols.json -Xcc -I/Users/admin/builder/spi-builder-workspace/.derivedData/Build/Products/Debug-watchos/include -Xcc -I/Users/admin/builder/spi-builder-workspace/.derivedData/Build/Intermediates.noindex/Signals.build/Debug-watchos/Signals-t.build/DerivedSources-normal/arm64_32 -Xcc -I/Users/admin/builder/spi-builder-workspace/.derivedData/Build/Intermediates.noindex/Signals.build/Debug-watchos/Signals-t.build/DerivedSources/arm64_32 -Xcc -I/Users/admin/builder/spi-builder-workspace/.derivedData/Build/Intermediates.noindex/Signals.build/Debug-watchos/Signals-t.build/DerivedSources -Xcc -DSWIFT_PACKAGE -Xcc -DDEBUG\=1 -emit-objc-header -emit-objc-header-path /Users/admin/builder/spi-builder-workspace/.derivedData/Build/Intermediates.noindex/Signals.build/Debug-watchos/Signals-t.build/Objects-normal/arm64_32/Signals-Swift.h -working-directory /Users/admin/builder/spi-builder-workspace/.swiftpm/xcode -experimental-emit-module-separately -disable-cmo
Ld /Users/admin/builder/spi-builder-workspace/.derivedData/Build/Intermediates.noindex/Signals.build/Debug-watchos/Signals-t.build/Objects-normal/arm64_32/Binary/Signals.o normal arm64_32 (in target 'Signals' from project 'Signals')
    cd /Users/admin/builder/spi-builder-workspace/.dependencies/checkouts/Signals
    /Applications/Xcode-27.0.0-Release.Candidate.app/Contents/Developer/Toolchains/XcodeDefault.xctoolchain/usr/bin/clang -Xlinker -reproducible -target arm64_32-apple-watchos9.0 -r -isysroot /Applications/Xcode-27.0.0-Release.Candidate.app/Contents/Developer/Platforms/WatchOS.platform/Developer/SDKs/WatchOS27.0.sdk -O0 -w -Xlinker -no_warn_duplicate_libraries -F/Users/admin/builder/spi-builder-workspace/.derivedData/Build/Intermediates.noindex/EagerLinkingTBDs/Debug-watchos -F/Users/admin/builder/spi-builder-workspace/.derivedData/Build/Products/Debug-watchos -iframework /Applications/Xcode-27.0.0-Release.Candidate.app/Contents/Developer/Platforms/WatchOS.platform/Developer/Library/Frameworks -iframework /Applications/Xcode-27.0.0-Release.Candidate.app/Contents/Developer/Platforms/WatchOS.platform/Developer/SDKs/WatchOS27.0.sdk/Developer/Library/Frameworks -filelist /Users/admin/builder/spi-builder-workspace/.derivedData/Build/Intermediates.noindex/Signals.build/Debug-watchos/Signals-t.build/Objects-normal/arm64_32/Signals.LinkFileList -nostdlib -Xlinker -object_path_lto -Xlinker /Users/admin/builder/spi-builder-workspace/.derivedData/Build/Intermediates.noindex/Signals.build/Debug-watchos/Signals-t.build/Objects-normal/arm64_32/Signals_lto.o -Xlinker -no_deduplicate -Xlinker -debug_variant -Xlinker -dependency_info -Xlinker /Users/admin/builder/spi-builder-workspace/.derivedData/Build/Intermediates.noindex/Signals.build/Debug-watchos/Signals-t.build/Objects-normal/arm64_32/Signals_dependency_info.dat -fobjc-link-runtime -L/Applications/Xcode-27.0.0-Release.Candidate.app/Contents/Developer/Toolchains/XcodeDefault.xctoolchain/usr/lib/swift/watchos -L/usr/lib/swift -Xlinker -add_ast_path -Xlinker /Users/admin/builder/spi-builder-workspace/.derivedData/Build/Intermediates.noindex/Signals.build/Debug-watchos/Signals-t.build/Objects-normal/arm64_32/Signals.swiftmodule -o /Users/admin/builder/spi-builder-workspace/.derivedData/Build/Intermediates.noindex/Signals.build/Debug-watchos/Signals-t.build/Objects-normal/arm64_32/Binary/Signals.o
CreateUniversalBinary /Users/admin/builder/spi-builder-workspace/.derivedData/Build/Products/Debug-watchos/Signals.o normal arm64\ arm64_32 (in target 'Signals' from project 'Signals')
    cd /Users/admin/builder/spi-builder-workspace/.dependencies/checkouts/Signals
    /Applications/Xcode-27.0.0-Release.Candidate.app/Contents/Developer/Toolchains/XcodeDefault.xctoolchain/usr/bin/lipo -create /Users/admin/builder/spi-builder-workspace/.derivedData/Build/Intermediates.noindex/Signals.build/Debug-watchos/Signals-t.build/Objects-normal/arm64/Binary/Signals.o /Users/admin/builder/spi-builder-workspace/.derivedData/Build/Intermediates.noindex/Signals.build/Debug-watchos/Signals-t.build/Objects-normal/arm64_32/Binary/Signals.o -output /Users/admin/builder/spi-builder-workspace/.derivedData/Build/Products/Debug-watchos/Signals.o
ExtractAppIntentsMetadata (in target 'Signals' from project 'Signals')
    cd /Users/admin/builder/spi-builder-workspace/.dependencies/checkouts/Signals
    /Applications/Xcode-27.0.0-Release.Candidate.app/Contents/Developer/Toolchains/XcodeDefault.xctoolchain/usr/bin/appintentsmetadataprocessor --toolchain-dir /var/run/com.apple.security.cryptexd/mnt/com.apple.MobileAsset.MetalToolchain-v27.1.266.1.7SlfUG/Metal.xctoolchain --module-name Signals --sdk-root /Applications/Xcode-27.0.0-Release.Candidate.app/Contents/Developer/Platforms/WatchOS.platform/Developer/SDKs/WatchOS27.0.sdk --xcode-version 27A266a --platform-family watchOS --deployment-target 9.0 --bundle-identifier signals.Signals --output /Users/admin/builder/spi-builder-workspace/.derivedData/Build/Products/Debug-watchos/Signals.appintents --target-triple arm64-apple-watchos9.0 --target-triple arm64_32-apple-watchos9.0 --binary-file /Users/admin/builder/spi-builder-workspace/.derivedData/Build/Products/Debug-watchos/Signals.o --dependency-file /Users/admin/builder/spi-builder-workspace/.derivedData/Build/Intermediates.noindex/Signals.build/Debug-watchos/Signals-t.build/Objects-normal/arm64/Signals_dependency_info.dat --dependency-file /Users/admin/builder/spi-builder-workspace/.derivedData/Build/Intermediates.noindex/Signals.build/Debug-watchos/Signals-t.build/Objects-normal/arm64_32/Signals_dependency_info.dat --stringsdata-file /Users/admin/builder/spi-builder-workspace/.derivedData/Build/Intermediates.noindex/Signals.build/Debug-watchos/Signals-t.build/Objects-normal/arm64/ExtractedAppShortcutsMetadata.stringsdata --stringsdata-file /Users/admin/builder/spi-builder-workspace/.derivedData/Build/Intermediates.noindex/Signals.build/Debug-watchos/Signals-t.build/Objects-normal/arm64_32/ExtractedAppShortcutsMetadata.stringsdata --source-file-list /Users/admin/builder/spi-builder-workspace/.derivedData/Build/Intermediates.noindex/Signals.build/Debug-watchos/Signals-t.build/Objects-normal/arm64/Signals.SwiftFileList --source-file-list /Users/admin/builder/spi-builder-workspace/.derivedData/Build/Intermediates.noindex/Signals.build/Debug-watchos/Signals-t.build/Objects-normal/arm64_32/Signals.SwiftFileList --metadata-file-list /Users/admin/builder/spi-builder-workspace/.derivedData/Build/Intermediates.noindex/Signals.build/Debug-watchos/Signals-t.build/Signals.DependencyMetadataFileList --static-metadata-file-list /Users/admin/builder/spi-builder-workspace/.derivedData/Build/Intermediates.noindex/Signals.build/Debug-watchos/Signals-t.build/Signals.DependencyStaticMetadataFileList --swift-const-vals-list /Users/admin/builder/spi-builder-workspace/.derivedData/Build/Intermediates.noindex/Signals.build/Debug-watchos/Signals-t.build/Objects-normal/arm64/Signals.SwiftConstValuesFileList --swift-const-vals-list /Users/admin/builder/spi-builder-workspace/.derivedData/Build/Intermediates.noindex/Signals.build/Debug-watchos/Signals-t.build/Objects-normal/arm64_32/Signals.SwiftConstValuesFileList --force --compile-time-extraction --deployment-aware-processing --no-app-shortcuts-localization
2026-09-18 14:21:20.638 appintentsmetadataprocessor[1179:6280] Starting appintentsmetadataprocessor export
2026-09-18 14:21:20.731 appintentsmetadataprocessor[1179:6280] Extracted no relevant App Intents symbols, skipping writing output
SwiftExplicitDependencyGeneratePcm arm64_32 /Users/admin/builder/spi-builder-workspace/.derivedData/SDKExplicitPrecompiledModules/os_object-5YWTC6L4756IWSTPGXS5NM0D0.pcm
SwiftExplicitDependencyGeneratePcm arm64 /Users/admin/builder/spi-builder-workspace/.derivedData/SDKExplicitPrecompiledModules/os_object-3SDKD7F87FTZ26OON37DRYT6O.pcm
SwiftExplicitDependencyGeneratePcm arm64_32 /Users/admin/builder/spi-builder-workspace/.derivedData/SDKExplicitPrecompiledModules/os_workgroup-5JHTPDMNBUNHLJI8LPHKQK1JK.pcm
SwiftExplicitDependencyGeneratePcm arm64 /Users/admin/builder/spi-builder-workspace/.derivedData/SDKExplicitPrecompiledModules/os_workgroup-89GG5G7YC2D0ZTK6AZXXQ20DH.pcm
SwiftExplicitDependencyGeneratePcm arm64 /Users/admin/builder/spi-builder-workspace/.derivedData/SDKExplicitPrecompiledModules/Dispatch-1NLJOVAK60XP0DUB05XA59EIM.pcm
SwiftExplicitDependencyGeneratePcm arm64_32 /Users/admin/builder/spi-builder-workspace/.derivedData/SDKExplicitPrecompiledModules/Dispatch-2P62F1T4XV63S4P99TUDTOK2Q.pcm
SwiftExplicitDependencyGeneratePcm arm64_32 /Users/admin/builder/spi-builder-workspace/.derivedData/SDKExplicitPrecompiledModules/XPC-81Y45QFY96XYYFCW2GT6FY8S4.pcm
SwiftExplicitDependencyGeneratePcm arm64_32 /Users/admin/builder/spi-builder-workspace/.derivedData/SDKExplicitPrecompiledModules/CoreFoundation-8E6Y4BA3EXYKUGJ24GT9LGV3N.pcm
SwiftExplicitDependencyGeneratePcm arm64 /Users/admin/builder/spi-builder-workspace/.derivedData/SDKExplicitPrecompiledModules/CoreFoundation-8T2L24YC5NU7WO6WQJWRY7W08.pcm
SwiftExplicitDependencyGeneratePcm arm64 /Users/admin/builder/spi-builder-workspace/.derivedData/SDKExplicitPrecompiledModules/XPC-40DR0X1DHKGCV4J1IOLFS8MOU.pcm
SwiftExplicitDependencyGeneratePcm arm64 /Users/admin/builder/spi-builder-workspace/.derivedData/SDKExplicitPrecompiledModules/Security-6RZ6YBRU8WCUHRFFRVUK5WKMM.pcm
SwiftExplicitDependencyGeneratePcm arm64_32 /Users/admin/builder/spi-builder-workspace/.derivedData/SDKExplicitPrecompiledModules/Security-D7TOWF88VWF67TB9HAFP5UWB1.pcm
SwiftExplicitDependencyGeneratePcm arm64_32 /Users/admin/builder/spi-builder-workspace/.derivedData/SDKExplicitPrecompiledModules/Foundation-BJ2VQGI3OGR34500MEQ1VKHPH.pcm
SwiftExplicitDependencyGeneratePcm arm64 /Users/admin/builder/spi-builder-workspace/.derivedData/SDKExplicitPrecompiledModules/Foundation-DLBKUSGXN8QHAT8W0OARR9S8A.pcm
SwiftCompile normal arm64_32 Compiling\ when.swift /Users/admin/builder/spi-builder-workspace/.dependencies/checkouts/PromiseKit/Sources/when.swift (in target 'PromiseKit' from project 'PromiseKit')
SwiftCompile normal arm64_32 /Users/admin/builder/spi-builder-workspace/.dependencies/checkouts/PromiseKit/Sources/when.swift (in target 'PromiseKit' from project 'PromiseKit')
    cd /Users/admin/builder/spi-builder-workspace/.swiftpm/xcode
    builtin-SwiftPerFileCompile when.swift
SwiftCompile normal arm64_32 Compiling\ hang.swift /Users/admin/builder/spi-builder-workspace/.dependencies/checkouts/PromiseKit/Sources/hang.swift (in target 'PromiseKit' from project 'PromiseKit')
SwiftCompile normal arm64_32 /Users/admin/builder/spi-builder-workspace/.dependencies/checkouts/PromiseKit/Sources/hang.swift (in target 'PromiseKit' from project 'PromiseKit')
    cd /Users/admin/builder/spi-builder-workspace/.swiftpm/xcode
    builtin-SwiftPerFileCompile hang.swift
SwiftCompile normal arm64_32 Compiling\ after.swift,\ firstly.swift /Users/admin/builder/spi-builder-workspace/.dependencies/checkouts/PromiseKit/Sources/after.swift /Users/admin/builder/spi-builder-workspace/.dependencies/checkouts/PromiseKit/Sources/firstly.swift (in target 'PromiseKit' from project 'PromiseKit')
SwiftCompile normal arm64_32 /Users/admin/builder/spi-builder-workspace/.dependencies/checkouts/PromiseKit/Sources/after.swift (in target 'PromiseKit' from project 'PromiseKit')
    cd /Users/admin/builder/spi-builder-workspace/.swiftpm/xcode
    builtin-SwiftPerFileCompile after.swift
SwiftCompile normal arm64_32 /Users/admin/builder/spi-builder-workspace/.dependencies/checkouts/PromiseKit/Sources/firstly.swift (in target 'PromiseKit' from project 'PromiseKit')
    cd /Users/admin/builder/spi-builder-workspace/.swiftpm/xcode
    builtin-SwiftPerFileCompile firstly.swift
SwiftCompile normal arm64_32 Compiling\ Resolver.swift,\ Thenable.swift /Users/admin/builder/spi-builder-workspace/.dependencies/checkouts/PromiseKit/Sources/Resolver.swift /Users/admin/builder/spi-builder-workspace/.dependencies/checkouts/PromiseKit/Sources/Thenable.swift (in target 'PromiseKit' from project 'PromiseKit')
SwiftCompile normal arm64_32 /Users/admin/builder/spi-builder-workspace/.dependencies/checkouts/PromiseKit/Sources/Resolver.swift (in target 'PromiseKit' from project 'PromiseKit')
    cd /Users/admin/builder/spi-builder-workspace/.swiftpm/xcode
    builtin-SwiftPerFileCompile Resolver.swift
SwiftCompile normal arm64_32 /Users/admin/builder/spi-builder-workspace/.dependencies/checkouts/PromiseKit/Sources/Thenable.swift (in target 'PromiseKit' from project 'PromiseKit')
    cd /Users/admin/builder/spi-builder-workspace/.swiftpm/xcode
    builtin-SwiftPerFileCompile Thenable.swift
SwiftCompile normal arm64_32 Compiling\ Error.swift,\ Guarantee.swift /Users/admin/builder/spi-builder-workspace/.dependencies/checkouts/PromiseKit/Sources/Error.swift /Users/admin/builder/spi-builder-workspace/.dependencies/checkouts/PromiseKit/Sources/Guarantee.swift (in target 'PromiseKit' from project 'PromiseKit')
SwiftCompile normal arm64_32 /Users/admin/builder/spi-builder-workspace/.dependencies/checkouts/PromiseKit/Sources/Error.swift (in target 'PromiseKit' from project 'PromiseKit')
    cd /Users/admin/builder/spi-builder-workspace/.swiftpm/xcode
    builtin-SwiftPerFileCompile Error.swift
SwiftCompile normal arm64_32 /Users/admin/builder/spi-builder-workspace/.dependencies/checkouts/PromiseKit/Sources/Guarantee.swift (in target 'PromiseKit' from project 'PromiseKit')
    cd /Users/admin/builder/spi-builder-workspace/.swiftpm/xcode
    builtin-SwiftPerFileCompile Guarantee.swift
SwiftCompile normal arm64_32 Compiling\ LogEvent.swift,\ Promise.swift /Users/admin/builder/spi-builder-workspace/.dependencies/checkouts/PromiseKit/Sources/LogEvent.swift /Users/admin/builder/spi-builder-workspace/.dependencies/checkouts/PromiseKit/Sources/Promise.swift (in target 'PromiseKit' from project 'PromiseKit')
SwiftCompile normal arm64_32 /Users/admin/builder/spi-builder-workspace/.dependencies/checkouts/PromiseKit/Sources/LogEvent.swift (in target 'PromiseKit' from project 'PromiseKit')
    cd /Users/admin/builder/spi-builder-workspace/.swiftpm/xcode
    builtin-SwiftPerFileCompile LogEvent.swift
SwiftCompile normal arm64_32 /Users/admin/builder/spi-builder-workspace/.dependencies/checkouts/PromiseKit/Sources/Promise.swift (in target 'PromiseKit' from project 'PromiseKit')
    cd /Users/admin/builder/spi-builder-workspace/.swiftpm/xcode
    builtin-SwiftPerFileCompile Promise.swift
SwiftCompile normal arm64_32 Compiling\ race.swift /Users/admin/builder/spi-builder-workspace/.dependencies/checkouts/PromiseKit/Sources/race.swift (in target 'PromiseKit' from project 'PromiseKit')
SwiftCompile normal arm64_32 /Users/admin/builder/spi-builder-workspace/.dependencies/checkouts/PromiseKit/Sources/race.swift (in target 'PromiseKit' from project 'PromiseKit')
    cd /Users/admin/builder/spi-builder-workspace/.swiftpm/xcode
    builtin-SwiftPerFileCompile race.swift
SwiftCompile normal arm64_32 Compiling\ Configuration.swift,\ CustomStringConvertible.swift /Users/admin/builder/spi-builder-workspace/.dependencies/checkouts/PromiseKit/Sources/Configuration.swift /Users/admin/builder/spi-builder-workspace/.dependencies/checkouts/PromiseKit/Sources/CustomStringConvertible.swift (in target 'PromiseKit' from project 'PromiseKit')
SwiftCompile normal arm64_32 /Users/admin/builder/spi-builder-workspace/.dependencies/checkouts/PromiseKit/Sources/Configuration.swift (in target 'PromiseKit' from project 'PromiseKit')
    cd /Users/admin/builder/spi-builder-workspace/.swiftpm/xcode
    builtin-SwiftPerFileCompile Configuration.swift
SwiftCompile normal arm64_32 /Users/admin/builder/spi-builder-workspace/.dependencies/checkouts/PromiseKit/Sources/CustomStringConvertible.swift (in target 'PromiseKit' from project 'PromiseKit')
    cd /Users/admin/builder/spi-builder-workspace/.swiftpm/xcode
    builtin-SwiftPerFileCompile CustomStringConvertible.swift
SwiftEmitModule normal arm64_32 Emitting\ module\ for\ PromiseKit (in target 'PromiseKit' from project 'PromiseKit')
SwiftCompile normal arm64_32 (in target 'PromiseKit' from project 'PromiseKit')
    cd /Users/admin/builder/spi-builder-workspace/.swiftpm/xcode

SwiftCompile normal arm64_32 Compiling\ Catchable.swift,\ Combine.swift /Users/admin/builder/spi-builder-workspace/.dependencies/checkouts/PromiseKit/Sources/Catchable.swift /Users/admin/builder/spi-builder-workspace/.dependencies/checkouts/PromiseKit/Sources/Combine.swift (in target 'PromiseKit' from project 'PromiseKit')
SwiftCompile normal arm64_32 /Users/admin/builder/spi-builder-workspace/.dependencies/checkouts/PromiseKit/Sources/Catchable.swift (in target 'PromiseKit' from project 'PromiseKit')
    cd /Users/admin/builder/spi-builder-workspace/.swiftpm/xcode
    builtin-SwiftPerFileCompile Catchable.swift
SwiftCompile normal arm64_32 /Users/admin/builder/spi-builder-workspace/.dependencies/checkouts/PromiseKit/Sources/Combine.swift (in target 'PromiseKit' from project 'PromiseKit')
    cd /Users/admin/builder/spi-builder-workspace/.swiftpm/xcode
    builtin-SwiftPerFileCompile Combine.swift
SwiftEmitModule normal arm64 Emitting\ module\ for\ PromiseKit (in target 'PromiseKit' from project 'PromiseKit')
SwiftCompile normal arm64 (in target 'PromiseKit' from project 'PromiseKit')
    cd /Users/admin/builder/spi-builder-workspace/.swiftpm/xcode

SwiftDriverJobDiscovery normal arm64_32 Compiling hang.swift (in target 'PromiseKit' from project 'PromiseKit')
SwiftCompile normal arm64 Compiling\ Catchable.swift,\ Combine.swift /Users/admin/builder/spi-builder-workspace/.dependencies/checkouts/PromiseKit/Sources/Catchable.swift /Users/admin/builder/spi-builder-workspace/.dependencies/checkouts/PromiseKit/Sources/Combine.swift (in target 'PromiseKit' from project 'PromiseKit')
SwiftCompile normal arm64 /Users/admin/builder/spi-builder-workspace/.dependencies/checkouts/PromiseKit/Sources/Catchable.swift (in target 'PromiseKit' from project 'PromiseKit')
    cd /Users/admin/builder/spi-builder-workspace/.swiftpm/xcode
    builtin-SwiftPerFileCompile Catchable.swift
SwiftCompile normal arm64 /Users/admin/builder/spi-builder-workspace/.dependencies/checkouts/PromiseKit/Sources/Combine.swift (in target 'PromiseKit' from project 'PromiseKit')
    cd /Users/admin/builder/spi-builder-workspace/.swiftpm/xcode
    builtin-SwiftPerFileCompile Combine.swift
SwiftDriverJobDiscovery normal arm64_32 Compiling after.swift, firstly.swift (in target 'PromiseKit' from project 'PromiseKit')
SwiftCompile normal arm64 Compiling\ hang.swift /Users/admin/builder/spi-builder-workspace/.dependencies/checkouts/PromiseKit/Sources/hang.swift (in target 'PromiseKit' from project 'PromiseKit')
SwiftCompile normal arm64 /Users/admin/builder/spi-builder-workspace/.dependencies/checkouts/PromiseKit/Sources/hang.swift (in target 'PromiseKit' from project 'PromiseKit')
    cd /Users/admin/builder/spi-builder-workspace/.swiftpm/xcode
    builtin-SwiftPerFileCompile hang.swift
SwiftDriverJobDiscovery normal arm64_32 Compiling LogEvent.swift, Promise.swift (in target 'PromiseKit' from project 'PromiseKit')
SwiftCompile normal arm64 Compiling\ LogEvent.swift,\ Promise.swift /Users/admin/builder/spi-builder-workspace/.dependencies/checkouts/PromiseKit/Sources/LogEvent.swift /Users/admin/builder/spi-builder-workspace/.dependencies/checkouts/PromiseKit/Sources/Promise.swift (in target 'PromiseKit' from project 'PromiseKit')
SwiftCompile normal arm64 /Users/admin/builder/spi-builder-workspace/.dependencies/checkouts/PromiseKit/Sources/LogEvent.swift (in target 'PromiseKit' from project 'PromiseKit')
    cd /Users/admin/builder/spi-builder-workspace/.swiftpm/xcode
    builtin-SwiftPerFileCompile LogEvent.swift
SwiftCompile normal arm64 /Users/admin/builder/spi-builder-workspace/.dependencies/checkouts/PromiseKit/Sources/Promise.swift (in target 'PromiseKit' from project 'PromiseKit')
    cd /Users/admin/builder/spi-builder-workspace/.swiftpm/xcode
    builtin-SwiftPerFileCompile Promise.swift
SwiftDriverJobDiscovery normal arm64_32 Compiling race.swift (in target 'PromiseKit' from project 'PromiseKit')
SwiftCompile normal arm64 Compiling\ race.swift /Users/admin/builder/spi-builder-workspace/.dependencies/checkouts/PromiseKit/Sources/race.swift (in target 'PromiseKit' from project 'PromiseKit')
SwiftCompile normal arm64 /Users/admin/builder/spi-builder-workspace/.dependencies/checkouts/PromiseKit/Sources/race.swift (in target 'PromiseKit' from project 'PromiseKit')
    cd /Users/admin/builder/spi-builder-workspace/.swiftpm/xcode
    builtin-SwiftPerFileCompile race.swift
SwiftDriverJobDiscovery normal arm64_32 Compiling Configuration.swift, CustomStringConvertible.swift (in target 'PromiseKit' from project 'PromiseKit')
SwiftCompile normal arm64 Compiling\ after.swift,\ firstly.swift /Users/admin/builder/spi-builder-workspace/.dependencies/checkouts/PromiseKit/Sources/after.swift /Users/admin/builder/spi-builder-workspace/.dependencies/checkouts/PromiseKit/Sources/firstly.swift (in target 'PromiseKit' from project 'PromiseKit')
SwiftCompile normal arm64 /Users/admin/builder/spi-builder-workspace/.dependencies/checkouts/PromiseKit/Sources/after.swift (in target 'PromiseKit' from project 'PromiseKit')
    cd /Users/admin/builder/spi-builder-workspace/.swiftpm/xcode
    builtin-SwiftPerFileCompile after.swift
SwiftCompile normal arm64 /Users/admin/builder/spi-builder-workspace/.dependencies/checkouts/PromiseKit/Sources/firstly.swift (in target 'PromiseKit' from project 'PromiseKit')
    cd /Users/admin/builder/spi-builder-workspace/.swiftpm/xcode
    builtin-SwiftPerFileCompile firstly.swift
SwiftDriverJobDiscovery normal arm64_32 Emitting module for PromiseKit (in target 'PromiseKit' from project 'PromiseKit')
SwiftDriver\ Compilation\ Requirements PromiseKit normal arm64_32 com.apple.xcode.tools.swift.compiler (in target 'PromiseKit' from project 'PromiseKit')
    cd /Users/admin/builder/spi-builder-workspace/.swiftpm/xcode
    builtin-Swift-Compilation-Requirements -- /Applications/Xcode-27.0.0-Release.Candidate.app/Contents/Developer/Toolchains/XcodeDefault.xctoolchain/usr/bin/swiftc -parse-as-library -module-name PromiseKit -Onone @/Users/admin/builder/spi-builder-workspace/.derivedData/Build/Intermediates.noindex/PromiseKit.build/Debug-watchos/PromiseKit-t.build/Objects-normal/arm64_32/PromiseKit.SwiftFileList -DSWIFT_PACKAGE -DDEBUG -DSWIFT_MODULE_RESOURCE_BUNDLE_UNAVAILABLE -DXcode -plugin-path /Applications/Xcode-27.0.0-Release.Candidate.app/Contents/Developer/Toolchains/XcodeDefault.xctoolchain/usr/lib/swift/host/plugins/testing -enable-experimental-feature DebugDescriptionMacro -sdk /Applications/Xcode-27.0.0-Release.Candidate.app/Contents/Developer/Platforms/WatchOS.platform/Developer/SDKs/WatchOS27.0.sdk -target arm64_32-apple-watchos9.0 -g -module-cache-path /Users/admin/builder/spi-builder-workspace/.derivedData/ModuleCache.noindex -Xfrontend -serialize-debugging-options -profile-coverage-mapping -profile-generate -enable-testing -suppress-warnings -index-store-path /Users/admin/builder/spi-builder-workspace/.derivedData/Index.noindex/DataStore -Xcc -D_LIBCPP_HARDENING_MODE\=_LIBCPP_HARDENING_MODE_DEBUG -swift-version 5 -I /Users/admin/builder/spi-builder-workspace/.derivedData/Build/Products/Debug-watchos -Isystem /Applications/Xcode-27.0.0-Release.Candidate.app/Contents/Developer/Platforms/WatchOS.platform/Developer/usr/lib -F /Users/admin/builder/spi-builder-workspace/.derivedData/Build/Products/Debug-watchos -F /Applications/Xcode-27.0.0-Release.Candidate.app/Contents/Developer/Platforms/WatchOS.platform/Developer/Library/Frameworks -F /Applications/Xcode-27.0.0-Release.Candidate.app/Contents/Developer/Platforms/WatchOS.platform/Developer/SDKs/WatchOS27.0.sdk/Developer/Library/Frameworks -c -j10 -enable-batch-mode -incremental -Xcc -ivfsstatcache -Xcc /Users/admin/builder/spi-builder-workspace/.derivedData/SDKStatCaches.noindex/watchos27.0-24R360-e829b21a6f8c9b70876ba0858053c04477534ef55a1706bf4c1112bbb242f0a2.sdkstatcache -output-file-map /Users/admin/builder/spi-builder-workspace/.derivedData/Build/Intermediates.noindex/PromiseKit.build/Debug-watchos/PromiseKit-t.build/Objects-normal/arm64_32/PromiseKit-OutputFileMap.json -save-temps -no-color-diagnostics -explicit-module-build -module-cache-path /Users/admin/builder/spi-builder-workspace/.derivedData/Build/Intermediates.noindex/SwiftExplicitPrecompiledModules -clang-scanner-module-cache-path /Users/admin/builder/spi-builder-workspace/.derivedData/ModuleCache.noindex -sdk-module-cache-path /Users/admin/builder/spi-builder-workspace/.derivedData/SDKExplicitPrecompiledModules -emit-dependencies -emit-module -emit-module-path /Users/admin/builder/spi-builder-workspace/.derivedData/Build/Intermediates.noindex/PromiseKit.build/Debug-watchos/PromiseKit-t.build/Objects-normal/arm64_32/PromiseKit.swiftmodule -serialize-diagnostics -dependency-scan-serialize-diagnostics-path /Users/admin/builder/spi-builder-workspace/.derivedData/Build/Intermediates.noindex/PromiseKit.build/Debug-watchos/PromiseKit-t.build/Objects-normal/arm64_32/PromiseKit-dependency-scan.dia -validate-clang-modules-once -clang-build-session-file /Users/admin/builder/spi-builder-workspace/.derivedData/ModuleCache.noindex/Session.modulevalidation -Xcc -fmodules-prune-interval\=86400 -Xcc -fmodules-prune-after\=345600 -emit-const-values -const-gather-protocols-list /Users/admin/builder/spi-builder-workspace/.derivedData/Build/Intermediates.noindex/PromiseKit.build/Debug-watchos/PromiseKit-t.build/Objects-normal/arm64_32/PromiseKit_const_extract_protocols.json -Xcc -I/Users/admin/builder/spi-builder-workspace/.derivedData/Build/Products/Debug-watchos/include -Xcc -I/Users/admin/builder/spi-builder-workspace/.derivedData/Build/Intermediates.noindex/PromiseKit.build/Debug-watchos/PromiseKit-t.build/DerivedSources-normal/arm64_32 -Xcc -I/Users/admin/builder/spi-builder-workspace/.derivedData/Build/Intermediates.noindex/PromiseKit.build/Debug-watchos/PromiseKit-t.build/DerivedSources/arm64_32 -Xcc -I/Users/admin/builder/spi-builder-workspace/.derivedData/Build/Intermediates.noindex/PromiseKit.build/Debug-watchos/PromiseKit-t.build/DerivedSources -Xcc -DSWIFT_PACKAGE -Xcc -DDEBUG\=1 -emit-objc-header -emit-objc-header-path /Users/admin/builder/spi-builder-workspace/.derivedData/Build/Intermediates.noindex/PromiseKit.build/Debug-watchos/PromiseKit-t.build/Objects-normal/arm64_32/PromiseKit-Swift.h -working-directory /Users/admin/builder/spi-builder-workspace/.swiftpm/xcode -experimental-emit-module-separately -disable-cmo
SwiftDriverJobDiscovery normal arm64_32 Compiling Catchable.swift, Combine.swift (in target 'PromiseKit' from project 'PromiseKit')
SwiftCompile normal arm64 Compiling\ Async.swift,\ Box.swift /Users/admin/builder/spi-builder-workspace/.dependencies/checkouts/PromiseKit/Sources/Async.swift /Users/admin/builder/spi-builder-workspace/.dependencies/checkouts/PromiseKit/Sources/Box.swift (in target 'PromiseKit' from project 'PromiseKit')
SwiftCompile normal arm64 /Users/admin/builder/spi-builder-workspace/.dependencies/checkouts/PromiseKit/Sources/Async.swift (in target 'PromiseKit' from project 'PromiseKit')
    cd /Users/admin/builder/spi-builder-workspace/.swiftpm/xcode
    builtin-SwiftPerFileCompile Async.swift
SwiftCompile normal arm64 /Users/admin/builder/spi-builder-workspace/.dependencies/checkouts/PromiseKit/Sources/Box.swift (in target 'PromiseKit' from project 'PromiseKit')
    cd /Users/admin/builder/spi-builder-workspace/.swiftpm/xcode
    builtin-SwiftPerFileCompile Box.swift
Copy /Users/admin/builder/spi-builder-workspace/.derivedData/Build/Products/Debug-watchos/PromiseKit.swiftmodule/arm64_32-apple-watchos.swiftmodule /Users/admin/builder/spi-builder-workspace/.derivedData/Build/Intermediates.noindex/PromiseKit.build/Debug-watchos/PromiseKit-t.build/Objects-normal/arm64_32/PromiseKit.swiftmodule (in target 'PromiseKit' from project 'PromiseKit')
    cd /Users/admin/builder/spi-builder-workspace/.dependencies/checkouts/PromiseKit
    builtin-copy -exclude .DS_Store -exclude CVS -exclude .svn -exclude .git -exclude .hg -resolve-src-symlinks -rename /Users/admin/builder/spi-builder-workspace/.derivedData/Build/Intermediates.noindex/PromiseKit.build/Debug-watchos/PromiseKit-t.build/Objects-normal/arm64_32/PromiseKit.swiftmodule /Users/admin/builder/spi-builder-workspace/.derivedData/Build/Products/Debug-watchos/PromiseKit.swiftmodule/arm64_32-apple-watchos.swiftmodule
SwiftDriverJobDiscovery normal arm64_32 Compiling Resolver.swift, Thenable.swift (in target 'PromiseKit' from project 'PromiseKit')
Copy /Users/admin/builder/spi-builder-workspace/.derivedData/Build/Products/Debug-watchos/PromiseKit.swiftmodule/arm64_32-apple-watchos.swiftdoc /Users/admin/builder/spi-builder-workspace/.derivedData/Build/Intermediates.noindex/PromiseKit.build/Debug-watchos/PromiseKit-t.build/Objects-normal/arm64_32/PromiseKit.swiftdoc (in target 'PromiseKit' from project 'PromiseKit')
    cd /Users/admin/builder/spi-builder-workspace/.dependencies/checkouts/PromiseKit
    builtin-copy -exclude .DS_Store -exclude CVS -exclude .svn -exclude .git -exclude .hg -resolve-src-symlinks -rename /Users/admin/builder/spi-builder-workspace/.derivedData/Build/Intermediates.noindex/PromiseKit.build/Debug-watchos/PromiseKit-t.build/Objects-normal/arm64_32/PromiseKit.swiftdoc /Users/admin/builder/spi-builder-workspace/.derivedData/Build/Products/Debug-watchos/PromiseKit.swiftmodule/arm64_32-apple-watchos.swiftdoc
Copy /Users/admin/builder/spi-builder-workspace/.derivedData/Build/Products/Debug-watchos/PromiseKit.swiftmodule/arm64_32-apple-watchos.abi.json /Users/admin/builder/spi-builder-workspace/.derivedData/Build/Intermediates.noindex/PromiseKit.build/Debug-watchos/PromiseKit-t.build/Objects-normal/arm64_32/PromiseKit.abi.json (in target 'PromiseKit' from project 'PromiseKit')
    cd /Users/admin/builder/spi-builder-workspace/.dependencies/checkouts/PromiseKit
    builtin-copy -exclude .DS_Store -exclude CVS -exclude .svn -exclude .git -exclude .hg -resolve-src-symlinks -rename /Users/admin/builder/spi-builder-workspace/.derivedData/Build/Intermediates.noindex/PromiseKit.build/Debug-watchos/PromiseKit-t.build/Objects-normal/arm64_32/PromiseKit.abi.json /Users/admin/builder/spi-builder-workspace/.derivedData/Build/Products/Debug-watchos/PromiseKit.swiftmodule/arm64_32-apple-watchos.abi.json
Copy /Users/admin/builder/spi-builder-workspace/.derivedData/Build/Products/Debug-watchos/PromiseKit.swiftmodule/Project/arm64_32-apple-watchos.swiftsourceinfo /Users/admin/builder/spi-builder-workspace/.derivedData/Build/Intermediates.noindex/PromiseKit.build/Debug-watchos/PromiseKit-t.build/Objects-normal/arm64_32/PromiseKit.swiftsourceinfo (in target 'PromiseKit' from project 'PromiseKit')
    cd /Users/admin/builder/spi-builder-workspace/.dependencies/checkouts/PromiseKit
    builtin-copy -exclude .DS_Store -exclude CVS -exclude .svn -exclude .git -exclude .hg -resolve-src-symlinks -rename /Users/admin/builder/spi-builder-workspace/.derivedData/Build/Intermediates.noindex/PromiseKit.build/Debug-watchos/PromiseKit-t.build/Objects-normal/arm64_32/PromiseKit.swiftsourceinfo /Users/admin/builder/spi-builder-workspace/.derivedData/Build/Products/Debug-watchos/PromiseKit.swiftmodule/Project/arm64_32-apple-watchos.swiftsourceinfo
SwiftCompile normal arm64 Compiling\ Resolver.swift,\ Thenable.swift /Users/admin/builder/spi-builder-workspace/.dependencies/checkouts/PromiseKit/Sources/Resolver.swift /Users/admin/builder/spi-builder-workspace/.dependencies/checkouts/PromiseKit/Sources/Thenable.swift (in target 'PromiseKit' from project 'PromiseKit')
SwiftCompile normal arm64 /Users/admin/builder/spi-builder-workspace/.dependencies/checkouts/PromiseKit/Sources/Resolver.swift (in target 'PromiseKit' from project 'PromiseKit')
    cd /Users/admin/builder/spi-builder-workspace/.swiftpm/xcode
    builtin-SwiftPerFileCompile Resolver.swift
SwiftCompile normal arm64 /Users/admin/builder/spi-builder-workspace/.dependencies/checkouts/PromiseKit/Sources/Thenable.swift (in target 'PromiseKit' from project 'PromiseKit')
    cd /Users/admin/builder/spi-builder-workspace/.swiftpm/xcode
    builtin-SwiftPerFileCompile Thenable.swift
SwiftCompile normal arm64 Compiling\ Configuration.swift,\ CustomStringConvertible.swift /Users/admin/builder/spi-builder-workspace/.dependencies/checkouts/PromiseKit/Sources/Configuration.swift /Users/admin/builder/spi-builder-workspace/.dependencies/checkouts/PromiseKit/Sources/CustomStringConvertible.swift (in target 'PromiseKit' from project 'PromiseKit')
SwiftCompile normal arm64 /Users/admin/builder/spi-builder-workspace/.dependencies/checkouts/PromiseKit/Sources/Configuration.swift (in target 'PromiseKit' from project 'PromiseKit')
    cd /Users/admin/builder/spi-builder-workspace/.swiftpm/xcode
    builtin-SwiftPerFileCompile Configuration.swift
SwiftCompile normal arm64 /Users/admin/builder/spi-builder-workspace/.dependencies/checkouts/PromiseKit/Sources/CustomStringConvertible.swift (in target 'PromiseKit' from project 'PromiseKit')
    cd /Users/admin/builder/spi-builder-workspace/.swiftpm/xcode
    builtin-SwiftPerFileCompile CustomStringConvertible.swift
SwiftDriverJobDiscovery normal arm64_32 Compiling Error.swift, Guarantee.swift (in target 'PromiseKit' from project 'PromiseKit')
SwiftCompile normal arm64_32 Compiling\ Async.swift,\ Box.swift /Users/admin/builder/spi-builder-workspace/.dependencies/checkouts/PromiseKit/Sources/Async.swift /Users/admin/builder/spi-builder-workspace/.dependencies/checkouts/PromiseKit/Sources/Box.swift (in target 'PromiseKit' from project 'PromiseKit')
SwiftCompile normal arm64_32 /Users/admin/builder/spi-builder-workspace/.dependencies/checkouts/PromiseKit/Sources/Async.swift (in target 'PromiseKit' from project 'PromiseKit')
    cd /Users/admin/builder/spi-builder-workspace/.swiftpm/xcode
    builtin-SwiftPerFileCompile Async.swift
SwiftCompile normal arm64_32 /Users/admin/builder/spi-builder-workspace/.dependencies/checkouts/PromiseKit/Sources/Box.swift (in target 'PromiseKit' from project 'PromiseKit')
    cd /Users/admin/builder/spi-builder-workspace/.swiftpm/xcode
    builtin-SwiftPerFileCompile Box.swift
SwiftDriverJobDiscovery normal arm64 Compiling hang.swift (in target 'PromiseKit' from project 'PromiseKit')
SwiftCompile normal arm64 Compiling\ Error.swift,\ Guarantee.swift /Users/admin/builder/spi-builder-workspace/.dependencies/checkouts/PromiseKit/Sources/Error.swift /Users/admin/builder/spi-builder-workspace/.dependencies/checkouts/PromiseKit/Sources/Guarantee.swift (in target 'PromiseKit' from project 'PromiseKit')
SwiftCompile normal arm64 /Users/admin/builder/spi-builder-workspace/.dependencies/checkouts/PromiseKit/Sources/Error.swift (in target 'PromiseKit' from project 'PromiseKit')
    cd /Users/admin/builder/spi-builder-workspace/.swiftpm/xcode
    builtin-SwiftPerFileCompile Error.swift
SwiftCompile normal arm64 /Users/admin/builder/spi-builder-workspace/.dependencies/checkouts/PromiseKit/Sources/Guarantee.swift (in target 'PromiseKit' from project 'PromiseKit')
    cd /Users/admin/builder/spi-builder-workspace/.swiftpm/xcode
    builtin-SwiftPerFileCompile Guarantee.swift
SwiftDriverJobDiscovery normal arm64_32 Compiling when.swift (in target 'PromiseKit' from project 'PromiseKit')
SwiftCompile normal arm64 Compiling\ when.swift /Users/admin/builder/spi-builder-workspace/.dependencies/checkouts/PromiseKit/Sources/when.swift (in target 'PromiseKit' from project 'PromiseKit')
SwiftCompile normal arm64 /Users/admin/builder/spi-builder-workspace/.dependencies/checkouts/PromiseKit/Sources/when.swift (in target 'PromiseKit' from project 'PromiseKit')
    cd /Users/admin/builder/spi-builder-workspace/.swiftpm/xcode
    builtin-SwiftPerFileCompile when.swift
SwiftDriverJobDiscovery normal arm64 Emitting module for PromiseKit (in target 'PromiseKit' from project 'PromiseKit')
SwiftDriver\ Compilation\ Requirements PromiseKit normal arm64 com.apple.xcode.tools.swift.compiler (in target 'PromiseKit' from project 'PromiseKit')
    cd /Users/admin/builder/spi-builder-workspace/.swiftpm/xcode
    builtin-Swift-Compilation-Requirements -- /Applications/Xcode-27.0.0-Release.Candidate.app/Contents/Developer/Toolchains/XcodeDefault.xctoolchain/usr/bin/swiftc -parse-as-library -module-name PromiseKit -Onone @/Users/admin/builder/spi-builder-workspace/.derivedData/Build/Intermediates.noindex/PromiseKit.build/Debug-watchos/PromiseKit-t.build/Objects-normal/arm64/PromiseKit.SwiftFileList -DSWIFT_PACKAGE -DDEBUG -DSWIFT_MODULE_RESOURCE_BUNDLE_UNAVAILABLE -DXcode -plugin-path /Applications/Xcode-27.0.0-Release.Candidate.app/Contents/Developer/Toolchains/XcodeDefault.xctoolchain/usr/lib/swift/host/plugins/testing -enable-experimental-feature DebugDescriptionMacro -sdk /Applications/Xcode-27.0.0-Release.Candidate.app/Contents/Developer/Platforms/WatchOS.platform/Developer/SDKs/WatchOS27.0.sdk -target arm64-apple-watchos9.0 -g -module-cache-path /Users/admin/builder/spi-builder-workspace/.derivedData/ModuleCache.noindex -Xfrontend -serialize-debugging-options -profile-coverage-mapping -profile-generate -enable-testing -suppress-warnings -index-store-path /Users/admin/builder/spi-builder-workspace/.derivedData/Index.noindex/DataStore -Xcc -D_LIBCPP_HARDENING_MODE\=_LIBCPP_HARDENING_MODE_DEBUG -swift-version 5 -I /Users/admin/builder/spi-builder-workspace/.derivedData/Build/Products/Debug-watchos -Isystem /Applications/Xcode-27.0.0-Release.Candidate.app/Contents/Developer/Platforms/WatchOS.platform/Developer/usr/lib -F /Users/admin/builder/spi-builder-workspace/.derivedData/Build/Products/Debug-watchos -F /Applications/Xcode-27.0.0-Release.Candidate.app/Contents/Developer/Platforms/WatchOS.platform/Developer/Library/Frameworks -F /Applications/Xcode-27.0.0-Release.Candidate.app/Contents/Developer/Platforms/WatchOS.platform/Developer/SDKs/WatchOS27.0.sdk/Developer/Library/Frameworks -c -j10 -enable-batch-mode -incremental -Xcc -ivfsstatcache -Xcc /Users/admin/builder/spi-builder-workspace/.derivedData/SDKStatCaches.noindex/watchos27.0-24R360-e829b21a6f8c9b70876ba0858053c04477534ef55a1706bf4c1112bbb242f0a2.sdkstatcache -output-file-map /Users/admin/builder/spi-builder-workspace/.derivedData/Build/Intermediates.noindex/PromiseKit.build/Debug-watchos/PromiseKit-t.build/Objects-normal/arm64/PromiseKit-OutputFileMap.json -save-temps -no-color-diagnostics -explicit-module-build -module-cache-path /Users/admin/builder/spi-builder-workspace/.derivedData/Build/Intermediates.noindex/SwiftExplicitPrecompiledModules -clang-scanner-module-cache-path /Users/admin/builder/spi-builder-workspace/.derivedData/ModuleCache.noindex -sdk-module-cache-path /Users/admin/builder/spi-builder-workspace/.derivedData/SDKExplicitPrecompiledModules -emit-dependencies -emit-module -emit-module-path /Users/admin/builder/spi-builder-workspace/.derivedData/Build/Intermediates.noindex/PromiseKit.build/Debug-watchos/PromiseKit-t.build/Objects-normal/arm64/PromiseKit.swiftmodule -serialize-diagnostics -dependency-scan-serialize-diagnostics-path /Users/admin/builder/spi-builder-workspace/.derivedData/Build/Intermediates.noindex/PromiseKit.build/Debug-watchos/PromiseKit-t.build/Objects-normal/arm64/PromiseKit-dependency-scan.dia -validate-clang-modules-once -clang-build-session-file /Users/admin/builder/spi-builder-workspace/.derivedData/ModuleCache.noindex/Session.modulevalidation -Xcc -fmodules-prune-interval\=86400 -Xcc -fmodules-prune-after\=345600 -emit-const-values -const-gather-protocols-list /Users/admin/builder/spi-builder-workspace/.derivedData/Build/Intermediates.noindex/PromiseKit.build/Debug-watchos/PromiseKit-t.build/Objects-normal/arm64/PromiseKit_const_extract_protocols.json -Xcc -I/Users/admin/builder/spi-builder-workspace/.derivedData/Build/Products/Debug-watchos/include -Xcc -I/Users/admin/builder/spi-builder-workspace/.derivedData/Build/Intermediates.noindex/PromiseKit.build/Debug-watchos/PromiseKit-t.build/DerivedSources-normal/arm64 -Xcc -I/Users/admin/builder/spi-builder-workspace/.derivedData/Build/Intermediates.noindex/PromiseKit.build/Debug-watchos/PromiseKit-t.build/DerivedSources/arm64 -Xcc -I/Users/admin/builder/spi-builder-workspace/.derivedData/Build/Intermediates.noindex/PromiseKit.build/Debug-watchos/PromiseKit-t.build/DerivedSources -Xcc -DSWIFT_PACKAGE -Xcc -DDEBUG\=1 -emit-objc-header -emit-objc-header-path /Users/admin/builder/spi-builder-workspace/.derivedData/Build/Intermediates.noindex/PromiseKit.build/Debug-watchos/PromiseKit-t.build/Objects-normal/arm64/PromiseKit-Swift.h -working-directory /Users/admin/builder/spi-builder-workspace/.swiftpm/xcode -experimental-emit-module-separately -disable-cmo
SwiftDriverJobDiscovery normal arm64 Compiling after.swift, firstly.swift (in target 'PromiseKit' from project 'PromiseKit')
SwiftDriverJobDiscovery normal arm64 Compiling LogEvent.swift, Promise.swift (in target 'PromiseKit' from project 'PromiseKit')
SwiftDriverJobDiscovery normal arm64 Compiling race.swift (in target 'PromiseKit' from project 'PromiseKit')
SwiftMergeGeneratedHeaders /Users/admin/builder/spi-builder-workspace/.derivedData/Build/Intermediates.noindex/GeneratedModuleMaps-watchos/PromiseKit-Swift.h /Users/admin/builder/spi-builder-workspace/.derivedData/Build/Intermediates.noindex/PromiseKit.build/Debug-watchos/PromiseKit-t.build/Objects-normal/arm64/PromiseKit-Swift.h /Users/admin/builder/spi-builder-workspace/.derivedData/Build/Intermediates.noindex/PromiseKit.build/Debug-watchos/PromiseKit-t.build/Objects-normal/arm64_32/PromiseKit-Swift.h (in target 'PromiseKit' from project 'PromiseKit')
    cd /Users/admin/builder/spi-builder-workspace/.dependencies/checkouts/PromiseKit
    builtin-swiftHeaderTool -arch arm64 /Users/admin/builder/spi-builder-workspace/.derivedData/Build/Intermediates.noindex/PromiseKit.build/Debug-watchos/PromiseKit-t.build/Objects-normal/arm64/PromiseKit-Swift.h -arch arm64_32 /Users/admin/builder/spi-builder-workspace/.derivedData/Build/Intermediates.noindex/PromiseKit.build/Debug-watchos/PromiseKit-t.build/Objects-normal/arm64_32/PromiseKit-Swift.h -o /Users/admin/builder/spi-builder-workspace/.derivedData/Build/Intermediates.noindex/GeneratedModuleMaps-watchos/PromiseKit-Swift.h
Copy /Users/admin/builder/spi-builder-workspace/.derivedData/Build/Products/Debug-watchos/PromiseKit.swiftmodule/arm64-apple-watchos.swiftmodule /Users/admin/builder/spi-builder-workspace/.derivedData/Build/Intermediates.noindex/PromiseKit.build/Debug-watchos/PromiseKit-t.build/Objects-normal/arm64/PromiseKit.swiftmodule (in target 'PromiseKit' from project 'PromiseKit')
    cd /Users/admin/builder/spi-builder-workspace/.dependencies/checkouts/PromiseKit
    builtin-copy -exclude .DS_Store -exclude CVS -exclude .svn -exclude .git -exclude .hg -resolve-src-symlinks -rename /Users/admin/builder/spi-builder-workspace/.derivedData/Build/Intermediates.noindex/PromiseKit.build/Debug-watchos/PromiseKit-t.build/Objects-normal/arm64/PromiseKit.swiftmodule /Users/admin/builder/spi-builder-workspace/.derivedData/Build/Products/Debug-watchos/PromiseKit.swiftmodule/arm64-apple-watchos.swiftmodule
Copy /Users/admin/builder/spi-builder-workspace/.derivedData/Build/Products/Debug-watchos/PromiseKit.swiftmodule/arm64-apple-watchos.swiftdoc /Users/admin/builder/spi-builder-workspace/.derivedData/Build/Intermediates.noindex/PromiseKit.build/Debug-watchos/PromiseKit-t.build/Objects-normal/arm64/PromiseKit.swiftdoc (in target 'PromiseKit' from project 'PromiseKit')
    cd /Users/admin/builder/spi-builder-workspace/.dependencies/checkouts/PromiseKit
    builtin-copy -exclude .DS_Store -exclude CVS -exclude .svn -exclude .git -exclude .hg -resolve-src-symlinks -rename /Users/admin/builder/spi-builder-workspace/.derivedData/Build/Intermediates.noindex/PromiseKit.build/Debug-watchos/PromiseKit-t.build/Objects-normal/arm64/PromiseKit.swiftdoc /Users/admin/builder/spi-builder-workspace/.derivedData/Build/Products/Debug-watchos/PromiseKit.swiftmodule/arm64-apple-watchos.swiftdoc
Copy /Users/admin/builder/spi-builder-workspace/.derivedData/Build/Products/Debug-watchos/PromiseKit.swiftmodule/arm64-apple-watchos.abi.json /Users/admin/builder/spi-builder-workspace/.derivedData/Build/Intermediates.noindex/PromiseKit.build/Debug-watchos/PromiseKit-t.build/Objects-normal/arm64/PromiseKit.abi.json (in target 'PromiseKit' from project 'PromiseKit')
    cd /Users/admin/builder/spi-builder-workspace/.dependencies/checkouts/PromiseKit
    builtin-copy -exclude .DS_Store -exclude CVS -exclude .svn -exclude .git -exclude .hg -resolve-src-symlinks -rename /Users/admin/builder/spi-builder-workspace/.derivedData/Build/Intermediates.noindex/PromiseKit.build/Debug-watchos/PromiseKit-t.build/Objects-normal/arm64/PromiseKit.abi.json /Users/admin/builder/spi-builder-workspace/.derivedData/Build/Products/Debug-watchos/PromiseKit.swiftmodule/arm64-apple-watchos.abi.json
Copy /Users/admin/builder/spi-builder-workspace/.derivedData/Build/Products/Debug-watchos/PromiseKit.swiftmodule/Project/arm64-apple-watchos.swiftsourceinfo /Users/admin/builder/spi-builder-workspace/.derivedData/Build/Intermediates.noindex/PromiseKit.build/Debug-watchos/PromiseKit-t.build/Objects-normal/arm64/PromiseKit.swiftsourceinfo (in target 'PromiseKit' from project 'PromiseKit')
    cd /Users/admin/builder/spi-builder-workspace/.dependencies/checkouts/PromiseKit
    builtin-copy -exclude .DS_Store -exclude CVS -exclude .svn -exclude .git -exclude .hg -resolve-src-symlinks -rename /Users/admin/builder/spi-builder-workspace/.derivedData/Build/Intermediates.noindex/PromiseKit.build/Debug-watchos/PromiseKit-t.build/Objects-normal/arm64/PromiseKit.swiftsourceinfo /Users/admin/builder/spi-builder-workspace/.derivedData/Build/Products/Debug-watchos/PromiseKit.swiftmodule/Project/arm64-apple-watchos.swiftsourceinfo
SwiftDriver JSBridge normal arm64 com.apple.xcode.tools.swift.compiler (in target 'JSBridge' from project 'JSBridge')
    cd /Users/admin/builder/spi-builder-workspace/.swiftpm/xcode
    builtin-SwiftDriver -- /Applications/Xcode-27.0.0-Release.Candidate.app/Contents/Developer/Toolchains/XcodeDefault.xctoolchain/usr/bin/swiftc -parse-as-library -module-name JSBridge -Onone @/Users/admin/builder/spi-builder-workspace/.derivedData/Build/Intermediates.noindex/JSBridge.build/Debug-watchos/JSBridge-t.build/Objects-normal/arm64/JSBridge.SwiftFileList -DSWIFT_PACKAGE -DDEBUG -DSWIFT_MODULE_RESOURCE_BUNDLE_UNAVAILABLE -DXcode -plugin-path /Applications/Xcode-27.0.0-Release.Candidate.app/Contents/Developer/Toolchains/XcodeDefault.xctoolchain/usr/lib/swift/host/plugins/testing -enable-experimental-feature DebugDescriptionMacro -sdk /Applications/Xcode-27.0.0-Release.Candidate.app/Contents/Developer/Platforms/WatchOS.platform/Developer/SDKs/WatchOS27.0.sdk -target arm64-apple-watchos9.0 -g -module-cache-path /Users/admin/builder/spi-builder-workspace/.derivedData/ModuleCache.noindex -Xfrontend -serialize-debugging-options -profile-coverage-mapping -profile-generate -enable-testing -suppress-warnings -index-store-path /Users/admin/builder/spi-builder-workspace/.derivedData/Index.noindex/DataStore -Xcc -D_LIBCPP_HARDENING_MODE\=_LIBCPP_HARDENING_MODE_DEBUG -swift-version 5 -I /Users/admin/builder/spi-builder-workspace/.derivedData/Build/Products/Debug-watchos -Isystem /Applications/Xcode-27.0.0-Release.Candidate.app/Contents/Developer/Platforms/WatchOS.platform/Developer/usr/lib -F /Users/admin/builder/spi-builder-workspace/.derivedData/Build/Products/Debug-watchos/PackageFrameworks -F /Users/admin/builder/spi-builder-workspace/.derivedData/Build/Products/Debug-watchos -F /Applications/Xcode-27.0.0-Release.Candidate.app/Contents/Developer/Platforms/WatchOS.platform/Developer/Library/Frameworks -F /Applications/Xcode-27.0.0-Release.Candidate.app/Contents/Developer/Platforms/WatchOS.platform/Developer/SDKs/WatchOS27.0.sdk/Developer/Library/Frameworks -c -j10 -enable-batch-mode -incremental -Xcc -ivfsstatcache -Xcc /Users/admin/builder/spi-builder-workspace/.derivedData/SDKStatCaches.noindex/watchos27.0-24R360-e829b21a6f8c9b70876ba0858053c04477534ef55a1706bf4c1112bbb242f0a2.sdkstatcache -output-file-map /Users/admin/builder/spi-builder-workspace/.derivedData/Build/Intermediates.noindex/JSBridge.build/Debug-watchos/JSBridge-t.build/Objects-normal/arm64/JSBridge-OutputFileMap.json -save-temps -no-color-diagnostics -explicit-module-build -module-cache-path /Users/admin/builder/spi-builder-workspace/.derivedData/Build/Intermediates.noindex/SwiftExplicitPrecompiledModules -clang-scanner-module-cache-path /Users/admin/builder/spi-builder-workspace/.derivedData/ModuleCache.noindex -sdk-module-cache-path /Users/admin/builder/spi-builder-workspace/.derivedData/SDKExplicitPrecompiledModules -emit-dependencies -emit-module -emit-module-path /Users/admin/builder/spi-builder-workspace/.derivedData/Build/Intermediates.noindex/JSBridge.build/Debug-watchos/JSBridge-t.build/Objects-normal/arm64/JSBridge.swiftmodule -serialize-diagnostics -dependency-scan-serialize-diagnostics-path /Users/admin/builder/spi-builder-workspace/.derivedData/Build/Intermediates.noindex/JSBridge.build/Debug-watchos/JSBridge-t.build/Objects-normal/arm64/JSBridge-dependency-scan.dia -validate-clang-modules-once -clang-build-session-file /Users/admin/builder/spi-builder-workspace/.derivedData/ModuleCache.noindex/Session.modulevalidation -Xcc -fmodules-prune-interval\=86400 -Xcc -fmodules-prune-after\=345600 -emit-const-values -const-gather-protocols-list /Users/admin/builder/spi-builder-workspace/.derivedData/Build/Intermediates.noindex/JSBridge.build/Debug-watchos/JSBridge-t.build/Objects-normal/arm64/JSBridge_const_extract_protocols.json -Xcc -I/Users/admin/builder/spi-builder-workspace/.derivedData/Build/Products/Debug-watchos/include -Xcc -I/Users/admin/builder/spi-builder-workspace/.derivedData/Build/Intermediates.noindex/JSBridge.build/Debug-watchos/JSBridge-t.build/DerivedSources-normal/arm64 -Xcc -I/Users/admin/builder/spi-builder-workspace/.derivedData/Build/Intermediates.noindex/JSBridge.build/Debug-watchos/JSBridge-t.build/DerivedSources/arm64 -Xcc -I/Users/admin/builder/spi-builder-workspace/.derivedData/Build/Intermediates.noindex/JSBridge.build/Debug-watchos/JSBridge-t.build/DerivedSources -Xcc -DSWIFT_PACKAGE -Xcc -DDEBUG\=1 -emit-objc-header -emit-objc-header-path /Users/admin/builder/spi-builder-workspace/.derivedData/Build/Intermediates.noindex/JSBridge.build/Debug-watchos/JSBridge-t.build/Objects-normal/arm64/JSBridge-Swift.h -working-directory /Users/admin/builder/spi-builder-workspace/.swiftpm/xcode -experimental-emit-module-separately -disable-cmo
error: Clang dependency scanning failure:  (in target 'JSBridge' from project 'JSBridge')
/Users/admin/builder/spi-builder-workspace/.dependencies/checkouts/JSBridge/Sources/Context.swift:1:8: error: Unable to resolve module dependency: 'WebKit' (in target 'JSBridge' from project 'JSBridge')
    note: A dependency of main module 'JSBridge'
    /Users/admin/builder/spi-builder-workspace/.dependencies/checkouts/JSBridge/Sources/JSBridge.swift:1:8: note: Also imported here
/Users/admin/builder/spi-builder-workspace/.dependencies/checkouts/JSBridge/Sources/Context.swift:1:8: note: A dependency of main module 'JSBridge'
import WebKit
       ^ (in target 'JSBridge' from project 'JSBridge')
/Users/admin/builder/spi-builder-workspace/.dependencies/checkouts/JSBridge/Sources/JSBridge.swift:1:8: note: Also imported here
import WebKit
       ^ (in target 'JSBridge' from project 'JSBridge')
SwiftDriver JSBridge normal arm64_32 com.apple.xcode.tools.swift.compiler (in target 'JSBridge' from project 'JSBridge')
    cd /Users/admin/builder/spi-builder-workspace/.swiftpm/xcode
    builtin-SwiftDriver -- /Applications/Xcode-27.0.0-Release.Candidate.app/Contents/Developer/Toolchains/XcodeDefault.xctoolchain/usr/bin/swiftc -parse-as-library -module-name JSBridge -Onone @/Users/admin/builder/spi-builder-workspace/.derivedData/Build/Intermediates.noindex/JSBridge.build/Debug-watchos/JSBridge-t.build/Objects-normal/arm64_32/JSBridge.SwiftFileList -DSWIFT_PACKAGE -DDEBUG -DSWIFT_MODULE_RESOURCE_BUNDLE_UNAVAILABLE -DXcode -plugin-path /Applications/Xcode-27.0.0-Release.Candidate.app/Contents/Developer/Toolchains/XcodeDefault.xctoolchain/usr/lib/swift/host/plugins/testing -enable-experimental-feature DebugDescriptionMacro -sdk /Applications/Xcode-27.0.0-Release.Candidate.app/Contents/Developer/Platforms/WatchOS.platform/Developer/SDKs/WatchOS27.0.sdk -target arm64_32-apple-watchos9.0 -g -module-cache-path /Users/admin/builder/spi-builder-workspace/.derivedData/ModuleCache.noindex -Xfrontend -serialize-debugging-options -profile-coverage-mapping -profile-generate -enable-testing -suppress-warnings -index-store-path /Users/admin/builder/spi-builder-workspace/.derivedData/Index.noindex/DataStore -Xcc -D_LIBCPP_HARDENING_MODE\=_LIBCPP_HARDENING_MODE_DEBUG -swift-version 5 -I /Users/admin/builder/spi-builder-workspace/.derivedData/Build/Products/Debug-watchos -Isystem /Applications/Xcode-27.0.0-Release.Candidate.app/Contents/Developer/Platforms/WatchOS.platform/Developer/usr/lib -F /Users/admin/builder/spi-builder-workspace/.derivedData/Build/Products/Debug-watchos/PackageFrameworks -F /Users/admin/builder/spi-builder-workspace/.derivedData/Build/Products/Debug-watchos -F /Applications/Xcode-27.0.0-Release.Candidate.app/Contents/Developer/Platforms/WatchOS.platform/Developer/Library/Frameworks -F /Applications/Xcode-27.0.0-Release.Candidate.app/Contents/Developer/Platforms/WatchOS.platform/Developer/SDKs/WatchOS27.0.sdk/Developer/Library/Frameworks -c -j10 -enable-batch-mode -incremental -Xcc -ivfsstatcache -Xcc /Users/admin/builder/spi-builder-workspace/.derivedData/SDKStatCaches.noindex/watchos27.0-24R360-e829b21a6f8c9b70876ba0858053c04477534ef55a1706bf4c1112bbb242f0a2.sdkstatcache -output-file-map /Users/admin/builder/spi-builder-workspace/.derivedData/Build/Intermediates.noindex/JSBridge.build/Debug-watchos/JSBridge-t.build/Objects-normal/arm64_32/JSBridge-OutputFileMap.json -save-temps -no-color-diagnostics -explicit-module-build -module-cache-path /Users/admin/builder/spi-builder-workspace/.derivedData/Build/Intermediates.noindex/SwiftExplicitPrecompiledModules -clang-scanner-module-cache-path /Users/admin/builder/spi-builder-workspace/.derivedData/ModuleCache.noindex -sdk-module-cache-path /Users/admin/builder/spi-builder-workspace/.derivedData/SDKExplicitPrecompiledModules -emit-dependencies -emit-module -emit-module-path /Users/admin/builder/spi-builder-workspace/.derivedData/Build/Intermediates.noindex/JSBridge.build/Debug-watchos/JSBridge-t.build/Objects-normal/arm64_32/JSBridge.swiftmodule -serialize-diagnostics -dependency-scan-serialize-diagnostics-path /Users/admin/builder/spi-builder-workspace/.derivedData/Build/Intermediates.noindex/JSBridge.build/Debug-watchos/JSBridge-t.build/Objects-normal/arm64_32/JSBridge-dependency-scan.dia -validate-clang-modules-once -clang-build-session-file /Users/admin/builder/spi-builder-workspace/.derivedData/ModuleCache.noindex/Session.modulevalidation -Xcc -fmodules-prune-interval\=86400 -Xcc -fmodules-prune-after\=345600 -emit-const-values -const-gather-protocols-list /Users/admin/builder/spi-builder-workspace/.derivedData/Build/Intermediates.noindex/JSBridge.build/Debug-watchos/JSBridge-t.build/Objects-normal/arm64_32/JSBridge_const_extract_protocols.json -Xcc -I/Users/admin/builder/spi-builder-workspace/.derivedData/Build/Products/Debug-watchos/include -Xcc -I/Users/admin/builder/spi-builder-workspace/.derivedData/Build/Intermediates.noindex/JSBridge.build/Debug-watchos/JSBridge-t.build/DerivedSources-normal/arm64_32 -Xcc -I/Users/admin/builder/spi-builder-workspace/.derivedData/Build/Intermediates.noindex/JSBridge.build/Debug-watchos/JSBridge-t.build/DerivedSources/arm64_32 -Xcc -I/Users/admin/builder/spi-builder-workspace/.derivedData/Build/Intermediates.noindex/JSBridge.build/Debug-watchos/JSBridge-t.build/DerivedSources -Xcc -DSWIFT_PACKAGE -Xcc -DDEBUG\=1 -emit-objc-header -emit-objc-header-path /Users/admin/builder/spi-builder-workspace/.derivedData/Build/Intermediates.noindex/JSBridge.build/Debug-watchos/JSBridge-t.build/Objects-normal/arm64_32/JSBridge-Swift.h -working-directory /Users/admin/builder/spi-builder-workspace/.swiftpm/xcode -experimental-emit-module-separately -disable-cmo
error: Clang dependency scanning failure:  (in target 'JSBridge' from project 'JSBridge')
/Users/admin/builder/spi-builder-workspace/.dependencies/checkouts/JSBridge/Sources/Context.swift:1:8: error: Unable to resolve module dependency: 'WebKit' (in target 'JSBridge' from project 'JSBridge')
    note: A dependency of main module 'JSBridge'
    /Users/admin/builder/spi-builder-workspace/.dependencies/checkouts/JSBridge/Sources/JSBridge.swift:1:8: note: Also imported here
/Users/admin/builder/spi-builder-workspace/.dependencies/checkouts/JSBridge/Sources/Context.swift:1:8: note: A dependency of main module 'JSBridge'
import WebKit
       ^ (in target 'JSBridge' from project 'JSBridge')
/Users/admin/builder/spi-builder-workspace/.dependencies/checkouts/JSBridge/Sources/JSBridge.swift:1:8: note: Also imported here
import WebKit
       ^ (in target 'JSBridge' from project 'JSBridge')
SwiftDriverJobDiscovery normal arm64 Compiling Catchable.swift, Combine.swift (in target 'PromiseKit' from project 'PromiseKit')
SwiftDriverJobDiscovery normal arm64 Compiling Async.swift, Box.swift (in target 'PromiseKit' from project 'PromiseKit')
SwiftDriverJobDiscovery normal arm64 Compiling Configuration.swift, CustomStringConvertible.swift (in target 'PromiseKit' from project 'PromiseKit')
SwiftDriverJobDiscovery normal arm64 Compiling Resolver.swift, Thenable.swift (in target 'PromiseKit' from project 'PromiseKit')
SwiftDriverJobDiscovery normal arm64_32 Compiling Async.swift, Box.swift (in target 'PromiseKit' from project 'PromiseKit')
SwiftDriver\ Compilation PromiseKit normal arm64_32 com.apple.xcode.tools.swift.compiler (in target 'PromiseKit' from project 'PromiseKit')
    cd /Users/admin/builder/spi-builder-workspace/.swiftpm/xcode
    builtin-Swift-Compilation -- /Applications/Xcode-27.0.0-Release.Candidate.app/Contents/Developer/Toolchains/XcodeDefault.xctoolchain/usr/bin/swiftc -parse-as-library -module-name PromiseKit -Onone @/Users/admin/builder/spi-builder-workspace/.derivedData/Build/Intermediates.noindex/PromiseKit.build/Debug-watchos/PromiseKit-t.build/Objects-normal/arm64_32/PromiseKit.SwiftFileList -DSWIFT_PACKAGE -DDEBUG -DSWIFT_MODULE_RESOURCE_BUNDLE_UNAVAILABLE -DXcode -plugin-path /Applications/Xcode-27.0.0-Release.Candidate.app/Contents/Developer/Toolchains/XcodeDefault.xctoolchain/usr/lib/swift/host/plugins/testing -enable-experimental-feature DebugDescriptionMacro -sdk /Applications/Xcode-27.0.0-Release.Candidate.app/Contents/Developer/Platforms/WatchOS.platform/Developer/SDKs/WatchOS27.0.sdk -target arm64_32-apple-watchos9.0 -g -module-cache-path /Users/admin/builder/spi-builder-workspace/.derivedData/ModuleCache.noindex -Xfrontend -serialize-debugging-options -profile-coverage-mapping -profile-generate -enable-testing -suppress-warnings -index-store-path /Users/admin/builder/spi-builder-workspace/.derivedData/Index.noindex/DataStore -Xcc -D_LIBCPP_HARDENING_MODE\=_LIBCPP_HARDENING_MODE_DEBUG -swift-version 5 -I /Users/admin/builder/spi-builder-workspace/.derivedData/Build/Products/Debug-watchos -Isystem /Applications/Xcode-27.0.0-Release.Candidate.app/Contents/Developer/Platforms/WatchOS.platform/Developer/usr/lib -F /Users/admin/builder/spi-builder-workspace/.derivedData/Build/Products/Debug-watchos -F /Applications/Xcode-27.0.0-Release.Candidate.app/Contents/Developer/Platforms/WatchOS.platform/Developer/Library/Frameworks -F /Applications/Xcode-27.0.0-Release.Candidate.app/Contents/Developer/Platforms/WatchOS.platform/Developer/SDKs/WatchOS27.0.sdk/Developer/Library/Frameworks -c -j10 -enable-batch-mode -incremental -Xcc -ivfsstatcache -Xcc /Users/admin/builder/spi-builder-workspace/.derivedData/SDKStatCaches.noindex/watchos27.0-24R360-e829b21a6f8c9b70876ba0858053c04477534ef55a1706bf4c1112bbb242f0a2.sdkstatcache -output-file-map /Users/admin/builder/spi-builder-workspace/.derivedData/Build/Intermediates.noindex/PromiseKit.build/Debug-watchos/PromiseKit-t.build/Objects-normal/arm64_32/PromiseKit-OutputFileMap.json -save-temps -no-color-diagnostics -explicit-module-build -module-cache-path /Users/admin/builder/spi-builder-workspace/.derivedData/Build/Intermediates.noindex/SwiftExplicitPrecompiledModules -clang-scanner-module-cache-path /Users/admin/builder/spi-builder-workspace/.derivedData/ModuleCache.noindex -sdk-module-cache-path /Users/admin/builder/spi-builder-workspace/.derivedData/SDKExplicitPrecompiledModules -emit-dependencies -emit-module -emit-module-path /Users/admin/builder/spi-builder-workspace/.derivedData/Build/Intermediates.noindex/PromiseKit.build/Debug-watchos/PromiseKit-t.build/Objects-normal/arm64_32/PromiseKit.swiftmodule -serialize-diagnostics -dependency-scan-serialize-diagnostics-path /Users/admin/builder/spi-builder-workspace/.derivedData/Build/Intermediates.noindex/PromiseKit.build/Debug-watchos/PromiseKit-t.build/Objects-normal/arm64_32/PromiseKit-dependency-scan.dia -validate-clang-modules-once -clang-build-session-file /Users/admin/builder/spi-builder-workspace/.derivedData/ModuleCache.noindex/Session.modulevalidation -Xcc -fmodules-prune-interval\=86400 -Xcc -fmodules-prune-after\=345600 -emit-const-values -const-gather-protocols-list /Users/admin/builder/spi-builder-workspace/.derivedData/Build/Intermediates.noindex/PromiseKit.build/Debug-watchos/PromiseKit-t.build/Objects-normal/arm64_32/PromiseKit_const_extract_protocols.json -Xcc -I/Users/admin/builder/spi-builder-workspace/.derivedData/Build/Products/Debug-watchos/include -Xcc -I/Users/admin/builder/spi-builder-workspace/.derivedData/Build/Intermediates.noindex/PromiseKit.build/Debug-watchos/PromiseKit-t.build/DerivedSources-normal/arm64_32 -Xcc -I/Users/admin/builder/spi-builder-workspace/.derivedData/Build/Intermediates.noindex/PromiseKit.build/Debug-watchos/PromiseKit-t.build/DerivedSources/arm64_32 -Xcc -I/Users/admin/builder/spi-builder-workspace/.derivedData/Build/Intermediates.noindex/PromiseKit.build/Debug-watchos/PromiseKit-t.build/DerivedSources -Xcc -DSWIFT_PACKAGE -Xcc -DDEBUG\=1 -emit-objc-header -emit-objc-header-path /Users/admin/builder/spi-builder-workspace/.derivedData/Build/Intermediates.noindex/PromiseKit.build/Debug-watchos/PromiseKit-t.build/Objects-normal/arm64_32/PromiseKit-Swift.h -working-directory /Users/admin/builder/spi-builder-workspace/.swiftpm/xcode -experimental-emit-module-separately -disable-cmo
Ld /Users/admin/builder/spi-builder-workspace/.derivedData/Build/Intermediates.noindex/PromiseKit.build/Debug-watchos/PromiseKit-t.build/Objects-normal/arm64_32/Binary/PromiseKit.o normal arm64_32 (in target 'PromiseKit' from project 'PromiseKit')
    cd /Users/admin/builder/spi-builder-workspace/.dependencies/checkouts/PromiseKit
    /Applications/Xcode-27.0.0-Release.Candidate.app/Contents/Developer/Toolchains/XcodeDefault.xctoolchain/usr/bin/clang -Xlinker -reproducible -target arm64_32-apple-watchos9.0 -r -isysroot /Applications/Xcode-27.0.0-Release.Candidate.app/Contents/Developer/Platforms/WatchOS.platform/Developer/SDKs/WatchOS27.0.sdk -O0 -w -Xlinker -no_warn_duplicate_libraries -F/Users/admin/builder/spi-builder-workspace/.derivedData/Build/Intermediates.noindex/EagerLinkingTBDs/Debug-watchos -F/Users/admin/builder/spi-builder-workspace/.derivedData/Build/Products/Debug-watchos -iframework /Applications/Xcode-27.0.0-Release.Candidate.app/Contents/Developer/Platforms/WatchOS.platform/Developer/Library/Frameworks -iframework /Applications/Xcode-27.0.0-Release.Candidate.app/Contents/Developer/Platforms/WatchOS.platform/Developer/SDKs/WatchOS27.0.sdk/Developer/Library/Frameworks -filelist /Users/admin/builder/spi-builder-workspace/.derivedData/Build/Intermediates.noindex/PromiseKit.build/Debug-watchos/PromiseKit-t.build/Objects-normal/arm64_32/PromiseKit.LinkFileList -nostdlib -Xlinker -object_path_lto -Xlinker /Users/admin/builder/spi-builder-workspace/.derivedData/Build/Intermediates.noindex/PromiseKit.build/Debug-watchos/PromiseKit-t.build/Objects-normal/arm64_32/PromiseKit_lto.o -Xlinker -no_deduplicate -Xlinker -debug_variant -Xlinker -dependency_info -Xlinker /Users/admin/builder/spi-builder-workspace/.derivedData/Build/Intermediates.noindex/PromiseKit.build/Debug-watchos/PromiseKit-t.build/Objects-normal/arm64_32/PromiseKit_dependency_info.dat -fobjc-link-runtime -L/Applications/Xcode-27.0.0-Release.Candidate.app/Contents/Developer/Toolchains/XcodeDefault.xctoolchain/usr/lib/swift/watchos -L/usr/lib/swift -Xlinker -add_ast_path -Xlinker /Users/admin/builder/spi-builder-workspace/.derivedData/Build/Intermediates.noindex/PromiseKit.build/Debug-watchos/PromiseKit-t.build/Objects-normal/arm64_32/PromiseKit.swiftmodule -o /Users/admin/builder/spi-builder-workspace/.derivedData/Build/Intermediates.noindex/PromiseKit.build/Debug-watchos/PromiseKit-t.build/Objects-normal/arm64_32/Binary/PromiseKit.o
PruneExplicitPrecompiledModules /Users/admin/builder/spi-builder-workspace/.derivedData/Build/Intermediates.noindex/ExplicitPrecompiledModules
PruneExplicitPrecompiledModules /Users/admin/builder/spi-builder-workspace/.derivedData/Build/Intermediates.noindex/SwiftExplicitPrecompiledModules
PruneExplicitPrecompiledModules /Users/admin/builder/spi-builder-workspace/.derivedData/SDKExplicitPrecompiledModules
2026-09-18 14:21:16.627 xcodebuild[1064:5731] [MT] IDERunDestination: Supported platforms for the buildables in the current scheme is empty.
** BUILD FAILED **
The following build commands failed:
	SwiftDriver JSBridge normal arm64 com.apple.xcode.tools.swift.compiler (in target 'JSBridge' from project 'JSBridge')
	SwiftDriver JSBridge normal arm64_32 com.apple.xcode.tools.swift.compiler (in target 'JSBridge' from project 'JSBridge')
	Building workspace Marionette with scheme Marionette
(3 failures)
Command line invocation:
    /Applications/Xcode-27.0.0-Release.Candidate.app/Contents/Developer/usr/bin/xcodebuild -IDEClonedSourcePackagesDirPathOverride=/Users/admin/builder/spi-builder-workspace/.dependencies -resolvePackageDependencies
Resolve Package Graph
Resolved source packages:
  PromiseKit: https://github.com/mxcl/PromiseKit @ 6.22.1
  JSBridge: https://github.com/LinusU/JSBridge @ 1.0.0-alpha.16
  Signals: https://github.com/artman/Signals @ 6.1.0
  Marionette: /Users/admin/builder/spi-builder-workspace
resolved source packages: PromiseKit, JSBridge, Signals, Marionette
2026-09-18 14:21:23.147 xcodebuild[1218:6504] [MT] IDERunDestination: Supported platforms for the buildables in the current scheme is empty.
{
  "dependencies" : [
    {
      "identity" : "signals",
      "requirement" : {
        "range" : [
          {
            "lower_bound" : "6.0.0",
            "upper_bound" : "7.0.0"
          }
        ]
      },
      "type" : "sourceControl",
      "url" : "https://github.com/artman/Signals"
    },
    {
      "identity" : "jsbridge",
      "requirement" : {
        "range" : [
          {
            "lower_bound" : "1.0.0-alpha.15",
            "upper_bound" : "2.0.0"
          }
        ]
      },
      "type" : "sourceControl",
      "url" : "https://github.com/LinusU/JSBridge"
    },
    {
      "identity" : "promisekit",
      "requirement" : {
        "range" : [
          {
            "lower_bound" : "6.0.0",
            "upper_bound" : "7.0.0"
          }
        ]
      },
      "type" : "sourceControl",
      "url" : "https://github.com/mxcl/PromiseKit"
    }
  ],
  "manifest_display_name" : "Marionette",
  "name" : "Marionette",
  "path" : "/Users/admin/builder/spi-builder-workspace",
  "platforms" : [
  ],
  "products" : [
    {
      "name" : "Marionette",
      "targets" : [
        "Marionette"
      ],
      "type" : {
        "library" : [
          "automatic"
        ]
      }
    }
  ],
  "targets" : [
    {
      "c99name" : "MarionetteTests",
      "module_type" : "SwiftTarget",
      "name" : "MarionetteTests",
      "path" : "Tests",
      "sources" : [
        "EvaluationTests.swift",
        "Util/AssetServer.swift",
        "Util/MarionetteTestCase.swift",
        "WaitTests.swift"
      ],
      "target_dependencies" : [
        "Marionette"
      ],
      "type" : "test"
    },
    {
      "c99name" : "Marionette",
      "module_type" : "SwiftTarget",
      "name" : "Marionette",
      "path" : "Sources",
      "product_dependencies" : [
        "JSBridge",
        "PromiseKit",
        "Signals"
      ],
      "product_memberships" : [
        "Marionette"
      ],
      "sources" : [
        "Marionette.swift"
      ],
      "type" : "library"
    }
  ],
  "tools_version" : "4.0"
}
{
  "workspace" : {
    "name" : "Marionette",
    "schemes" : [
      "Marionette"
    ]
  }
}
2026-09-18 14:21:24.459 xcodebuild[1226:6567] [MT] IDERunDestination: Supported platforms for the buildables in the current scheme is empty.
Running build ...
env DEVELOPER_DIR=/Applications/Xcode-27.0.0-Release.Candidate.app xcrun xcodebuild -IDEClonedSourcePackagesDirPathOverride=$PWD/.dependencies -skipMacroValidation -skipPackagePluginValidation -derivedDataPath $PWD/.derivedData build -scheme Marionette -destination generic/platform=watchOS
Command line invocation:
    /Applications/Xcode-27.0.0-Release.Candidate.app/Contents/Developer/usr/bin/xcodebuild -IDEClonedSourcePackagesDirPathOverride=/Users/admin/builder/spi-builder-workspace/.dependencies -skipMacroValidation -skipPackagePluginValidation -derivedDataPath /Users/admin/builder/spi-builder-workspace/.derivedData build -scheme Marionette -destination generic/platform=watchOS
Resolve Package Graph
Resolved source packages:
  Marionette: /Users/admin/builder/spi-builder-workspace
  PromiseKit: https://github.com/mxcl/PromiseKit @ 6.22.1
  Signals: https://github.com/artman/Signals @ 6.1.0
  JSBridge: https://github.com/LinusU/JSBridge @ 1.0.0-alpha.16
ComputePackagePrebuildTargetDependencyGraph
Prepare packages
CreateBuildRequest
SendProjectDescription
CreateBuildOperation
ComputeTargetDependencyGraph
note: Building targets in dependency order
note: Target dependency graph (8 targets)
    Target 'Marionette-product' in project 'Marionette'
        ➜ Explicit dependency on target 'Marionette' in project 'Marionette'
        ➜ Explicit dependency on target 'JSBridge-product' in project 'JSBridge'
        ➜ Explicit dependency on target 'PromiseKit-product' in project 'PromiseKit'
        ➜ Explicit dependency on target 'Signals-product' in project 'Signals'
    Target 'Marionette' in project 'Marionette'
        ➜ Explicit dependency on target 'JSBridge-product' in project 'JSBridge'
        ➜ Explicit dependency on target 'PromiseKit-product' in project 'PromiseKit'
        ➜ Explicit dependency on target 'Signals-product' in project 'Signals'
    Target 'Signals-product' in project 'Signals'
        ➜ Explicit dependency on target 'Signals' in project 'Signals'
    Target 'Signals' in project 'Signals' (no dependencies)
    Target 'JSBridge-product' in project 'JSBridge'
        ➜ Explicit dependency on target 'JSBridge' in project 'JSBridge'
        ➜ Explicit dependency on target 'PromiseKit-product' in project 'PromiseKit'
    Target 'JSBridge' in project 'JSBridge'
        ➜ Explicit dependency on target 'PromiseKit-product' in project 'PromiseKit'
    Target 'PromiseKit-product' in project 'PromiseKit'
        ➜ Explicit dependency on target 'PromiseKit' in project 'PromiseKit'
    Target 'PromiseKit' in project 'PromiseKit' (no dependencies)
GatherProvisioningInputs
CreateBuildDescription
ClangStatCache /Applications/Xcode-27.0.0-Release.Candidate.app/Contents/Developer/Toolchains/XcodeDefault.xctoolchain/usr/bin/clang-stat-cache /Applications/Xcode-27.0.0-Release.Candidate.app/Contents/Developer/Platforms/WatchOS.platform/Developer/SDKs/WatchOS27.0.sdk /Users/admin/builder/spi-builder-workspace/.derivedData/SDKStatCaches.noindex/watchos27.0-24R360-e829b21a6f8c9b70876ba0858053c04477534ef55a1706bf4c1112bbb242f0a2.sdkstatcache
    cd /Users/admin/builder/spi-builder-workspace/.swiftpm/xcode
    /Applications/Xcode-27.0.0-Release.Candidate.app/Contents/Developer/Toolchains/XcodeDefault.xctoolchain/usr/bin/clang-stat-cache /Applications/Xcode-27.0.0-Release.Candidate.app/Contents/Developer/Platforms/WatchOS.platform/Developer/SDKs/WatchOS27.0.sdk -o /Users/admin/builder/spi-builder-workspace/.derivedData/SDKStatCaches.noindex/watchos27.0-24R360-e829b21a6f8c9b70876ba0858053c04477534ef55a1706bf4c1112bbb242f0a2.sdkstatcache
SwiftDriver PromiseKit normal arm64 com.apple.xcode.tools.swift.compiler (in target 'PromiseKit' from project 'PromiseKit')
    cd /Users/admin/builder/spi-builder-workspace/.swiftpm/xcode
    builtin-SwiftDriver -- /Applications/Xcode-27.0.0-Release.Candidate.app/Contents/Developer/Toolchains/XcodeDefault.xctoolchain/usr/bin/swiftc -parse-as-library -module-name PromiseKit -Onone @/Users/admin/builder/spi-builder-workspace/.derivedData/Build/Intermediates.noindex/PromiseKit.build/Debug-watchos/PromiseKit-t.build/Objects-normal/arm64/PromiseKit.SwiftFileList -DSWIFT_PACKAGE -DDEBUG -DSWIFT_MODULE_RESOURCE_BUNDLE_UNAVAILABLE -DXcode -plugin-path /Applications/Xcode-27.0.0-Release.Candidate.app/Contents/Developer/Toolchains/XcodeDefault.xctoolchain/usr/lib/swift/host/plugins/testing -enable-experimental-feature DebugDescriptionMacro -sdk /Applications/Xcode-27.0.0-Release.Candidate.app/Contents/Developer/Platforms/WatchOS.platform/Developer/SDKs/WatchOS27.0.sdk -target arm64-apple-watchos9.0 -g -module-cache-path /Users/admin/builder/spi-builder-workspace/.derivedData/ModuleCache.noindex -Xfrontend -serialize-debugging-options -profile-coverage-mapping -profile-generate -enable-testing -suppress-warnings -index-store-path /Users/admin/builder/spi-builder-workspace/.derivedData/Index.noindex/DataStore -Xcc -D_LIBCPP_HARDENING_MODE\=_LIBCPP_HARDENING_MODE_DEBUG -swift-version 5 -I /Users/admin/builder/spi-builder-workspace/.derivedData/Build/Products/Debug-watchos -Isystem /Applications/Xcode-27.0.0-Release.Candidate.app/Contents/Developer/Platforms/WatchOS.platform/Developer/usr/lib -F /Users/admin/builder/spi-builder-workspace/.derivedData/Build/Products/Debug-watchos -F /Applications/Xcode-27.0.0-Release.Candidate.app/Contents/Developer/Platforms/WatchOS.platform/Developer/Library/Frameworks -F /Applications/Xcode-27.0.0-Release.Candidate.app/Contents/Developer/Platforms/WatchOS.platform/Developer/SDKs/WatchOS27.0.sdk/Developer/Library/Frameworks -c -j10 -enable-batch-mode -incremental -Xcc -ivfsstatcache -Xcc /Users/admin/builder/spi-builder-workspace/.derivedData/SDKStatCaches.noindex/watchos27.0-24R360-e829b21a6f8c9b70876ba0858053c04477534ef55a1706bf4c1112bbb242f0a2.sdkstatcache -output-file-map /Users/admin/builder/spi-builder-workspace/.derivedData/Build/Intermediates.noindex/PromiseKit.build/Debug-watchos/PromiseKit-t.build/Objects-normal/arm64/PromiseKit-OutputFileMap.json -save-temps -no-color-diagnostics -explicit-module-build -module-cache-path /Users/admin/builder/spi-builder-workspace/.derivedData/Build/Intermediates.noindex/SwiftExplicitPrecompiledModules -clang-scanner-module-cache-path /Users/admin/builder/spi-builder-workspace/.derivedData/ModuleCache.noindex -sdk-module-cache-path /Users/admin/builder/spi-builder-workspace/.derivedData/SDKExplicitPrecompiledModules -emit-dependencies -emit-module -emit-module-path /Users/admin/builder/spi-builder-workspace/.derivedData/Build/Intermediates.noindex/PromiseKit.build/Debug-watchos/PromiseKit-t.build/Objects-normal/arm64/PromiseKit.swiftmodule -serialize-diagnostics -dependency-scan-serialize-diagnostics-path /Users/admin/builder/spi-builder-workspace/.derivedData/Build/Intermediates.noindex/PromiseKit.build/Debug-watchos/PromiseKit-t.build/Objects-normal/arm64/PromiseKit-dependency-scan.dia -validate-clang-modules-once -clang-build-session-file /Users/admin/builder/spi-builder-workspace/.derivedData/ModuleCache.noindex/Session.modulevalidation -Xcc -fmodules-prune-interval\=86400 -Xcc -fmodules-prune-after\=345600 -emit-const-values -const-gather-protocols-list /Users/admin/builder/spi-builder-workspace/.derivedData/Build/Intermediates.noindex/PromiseKit.build/Debug-watchos/PromiseKit-t.build/Objects-normal/arm64/PromiseKit_const_extract_protocols.json -Xcc -I/Users/admin/builder/spi-builder-workspace/.derivedData/Build/Products/Debug-watchos/include -Xcc -I/Users/admin/builder/spi-builder-workspace/.derivedData/Build/Intermediates.noindex/PromiseKit.build/Debug-watchos/PromiseKit-t.build/DerivedSources-normal/arm64 -Xcc -I/Users/admin/builder/spi-builder-workspace/.derivedData/Build/Intermediates.noindex/PromiseKit.build/Debug-watchos/PromiseKit-t.build/DerivedSources/arm64 -Xcc -I/Users/admin/builder/spi-builder-workspace/.derivedData/Build/Intermediates.noindex/PromiseKit.build/Debug-watchos/PromiseKit-t.build/DerivedSources -Xcc -DSWIFT_PACKAGE -Xcc -DDEBUG\=1 -emit-objc-header -emit-objc-header-path /Users/admin/builder/spi-builder-workspace/.derivedData/Build/Intermediates.noindex/PromiseKit.build/Debug-watchos/PromiseKit-t.build/Objects-normal/arm64/PromiseKit-Swift.h -working-directory /Users/admin/builder/spi-builder-workspace/.swiftpm/xcode -experimental-emit-module-separately -disable-cmo
SwiftDriver JSBridge normal arm64 com.apple.xcode.tools.swift.compiler (in target 'JSBridge' from project 'JSBridge')
    cd /Users/admin/builder/spi-builder-workspace/.swiftpm/xcode
    builtin-SwiftDriver -- /Applications/Xcode-27.0.0-Release.Candidate.app/Contents/Developer/Toolchains/XcodeDefault.xctoolchain/usr/bin/swiftc -parse-as-library -module-name JSBridge -Onone @/Users/admin/builder/spi-builder-workspace/.derivedData/Build/Intermediates.noindex/JSBridge.build/Debug-watchos/JSBridge-t.build/Objects-normal/arm64/JSBridge.SwiftFileList -DSWIFT_PACKAGE -DDEBUG -DSWIFT_MODULE_RESOURCE_BUNDLE_UNAVAILABLE -DXcode -plugin-path /Applications/Xcode-27.0.0-Release.Candidate.app/Contents/Developer/Toolchains/XcodeDefault.xctoolchain/usr/lib/swift/host/plugins/testing -enable-experimental-feature DebugDescriptionMacro -sdk /Applications/Xcode-27.0.0-Release.Candidate.app/Contents/Developer/Platforms/WatchOS.platform/Developer/SDKs/WatchOS27.0.sdk -target arm64-apple-watchos9.0 -g -module-cache-path /Users/admin/builder/spi-builder-workspace/.derivedData/ModuleCache.noindex -Xfrontend -serialize-debugging-options -profile-coverage-mapping -profile-generate -enable-testing -suppress-warnings -index-store-path /Users/admin/builder/spi-builder-workspace/.derivedData/Index.noindex/DataStore -Xcc -D_LIBCPP_HARDENING_MODE\=_LIBCPP_HARDENING_MODE_DEBUG -swift-version 5 -I /Users/admin/builder/spi-builder-workspace/.derivedData/Build/Products/Debug-watchos -Isystem /Applications/Xcode-27.0.0-Release.Candidate.app/Contents/Developer/Platforms/WatchOS.platform/Developer/usr/lib -F /Users/admin/builder/spi-builder-workspace/.derivedData/Build/Products/Debug-watchos/PackageFrameworks -F /Users/admin/builder/spi-builder-workspace/.derivedData/Build/Products/Debug-watchos -F /Applications/Xcode-27.0.0-Release.Candidate.app/Contents/Developer/Platforms/WatchOS.platform/Developer/Library/Frameworks -F /Applications/Xcode-27.0.0-Release.Candidate.app/Contents/Developer/Platforms/WatchOS.platform/Developer/SDKs/WatchOS27.0.sdk/Developer/Library/Frameworks -c -j10 -enable-batch-mode -incremental -Xcc -ivfsstatcache -Xcc /Users/admin/builder/spi-builder-workspace/.derivedData/SDKStatCaches.noindex/watchos27.0-24R360-e829b21a6f8c9b70876ba0858053c04477534ef55a1706bf4c1112bbb242f0a2.sdkstatcache -output-file-map /Users/admin/builder/spi-builder-workspace/.derivedData/Build/Intermediates.noindex/JSBridge.build/Debug-watchos/JSBridge-t.build/Objects-normal/arm64/JSBridge-OutputFileMap.json -save-temps -no-color-diagnostics -explicit-module-build -module-cache-path /Users/admin/builder/spi-builder-workspace/.derivedData/Build/Intermediates.noindex/SwiftExplicitPrecompiledModules -clang-scanner-module-cache-path /Users/admin/builder/spi-builder-workspace/.derivedData/ModuleCache.noindex -sdk-module-cache-path /Users/admin/builder/spi-builder-workspace/.derivedData/SDKExplicitPrecompiledModules -emit-dependencies -emit-module -emit-module-path /Users/admin/builder/spi-builder-workspace/.derivedData/Build/Intermediates.noindex/JSBridge.build/Debug-watchos/JSBridge-t.build/Objects-normal/arm64/JSBridge.swiftmodule -serialize-diagnostics -dependency-scan-serialize-diagnostics-path /Users/admin/builder/spi-builder-workspace/.derivedData/Build/Intermediates.noindex/JSBridge.build/Debug-watchos/JSBridge-t.build/Objects-normal/arm64/JSBridge-dependency-scan.dia -validate-clang-modules-once -clang-build-session-file /Users/admin/builder/spi-builder-workspace/.derivedData/ModuleCache.noindex/Session.modulevalidation -Xcc -fmodules-prune-interval\=86400 -Xcc -fmodules-prune-after\=345600 -emit-const-values -const-gather-protocols-list /Users/admin/builder/spi-builder-workspace/.derivedData/Build/Intermediates.noindex/JSBridge.build/Debug-watchos/JSBridge-t.build/Objects-normal/arm64/JSBridge_const_extract_protocols.json -Xcc -I/Users/admin/builder/spi-builder-workspace/.derivedData/Build/Products/Debug-watchos/include -Xcc -I/Users/admin/builder/spi-builder-workspace/.derivedData/Build/Intermediates.noindex/JSBridge.build/Debug-watchos/JSBridge-t.build/DerivedSources-normal/arm64 -Xcc -I/Users/admin/builder/spi-builder-workspace/.derivedData/Build/Intermediates.noindex/JSBridge.build/Debug-watchos/JSBridge-t.build/DerivedSources/arm64 -Xcc -I/Users/admin/builder/spi-builder-workspace/.derivedData/Build/Intermediates.noindex/JSBridge.build/Debug-watchos/JSBridge-t.build/DerivedSources -Xcc -DSWIFT_PACKAGE -Xcc -DDEBUG\=1 -emit-objc-header -emit-objc-header-path /Users/admin/builder/spi-builder-workspace/.derivedData/Build/Intermediates.noindex/JSBridge.build/Debug-watchos/JSBridge-t.build/Objects-normal/arm64/JSBridge-Swift.h -working-directory /Users/admin/builder/spi-builder-workspace/.swiftpm/xcode -experimental-emit-module-separately -disable-cmo
error: Clang dependency scanning failure:  (in target 'JSBridge' from project 'JSBridge')
/Users/admin/builder/spi-builder-workspace/.dependencies/checkouts/JSBridge/Sources/Context.swift:1:8: error: Unable to resolve module dependency: 'WebKit' (in target 'JSBridge' from project 'JSBridge')
    note: A dependency of main module 'JSBridge'
    /Users/admin/builder/spi-builder-workspace/.dependencies/checkouts/JSBridge/Sources/JSBridge.swift:1:8: note: Also imported here
/Users/admin/builder/spi-builder-workspace/.dependencies/checkouts/JSBridge/Sources/Context.swift:1:8: note: A dependency of main module 'JSBridge'
import WebKit
       ^ (in target 'JSBridge' from project 'JSBridge')
/Users/admin/builder/spi-builder-workspace/.dependencies/checkouts/JSBridge/Sources/JSBridge.swift:1:8: note: Also imported here
import WebKit
       ^ (in target 'JSBridge' from project 'JSBridge')
SwiftDriver JSBridge normal arm64_32 com.apple.xcode.tools.swift.compiler (in target 'JSBridge' from project 'JSBridge')
    cd /Users/admin/builder/spi-builder-workspace/.swiftpm/xcode
    builtin-SwiftDriver -- /Applications/Xcode-27.0.0-Release.Candidate.app/Contents/Developer/Toolchains/XcodeDefault.xctoolchain/usr/bin/swiftc -parse-as-library -module-name JSBridge -Onone @/Users/admin/builder/spi-builder-workspace/.derivedData/Build/Intermediates.noindex/JSBridge.build/Debug-watchos/JSBridge-t.build/Objects-normal/arm64_32/JSBridge.SwiftFileList -DSWIFT_PACKAGE -DDEBUG -DSWIFT_MODULE_RESOURCE_BUNDLE_UNAVAILABLE -DXcode -plugin-path /Applications/Xcode-27.0.0-Release.Candidate.app/Contents/Developer/Toolchains/XcodeDefault.xctoolchain/usr/lib/swift/host/plugins/testing -enable-experimental-feature DebugDescriptionMacro -sdk /Applications/Xcode-27.0.0-Release.Candidate.app/Contents/Developer/Platforms/WatchOS.platform/Developer/SDKs/WatchOS27.0.sdk -target arm64_32-apple-watchos9.0 -g -module-cache-path /Users/admin/builder/spi-builder-workspace/.derivedData/ModuleCache.noindex -Xfrontend -serialize-debugging-options -profile-coverage-mapping -profile-generate -enable-testing -suppress-warnings -index-store-path /Users/admin/builder/spi-builder-workspace/.derivedData/Index.noindex/DataStore -Xcc -D_LIBCPP_HARDENING_MODE\=_LIBCPP_HARDENING_MODE_DEBUG -swift-version 5 -I /Users/admin/builder/spi-builder-workspace/.derivedData/Build/Products/Debug-watchos -Isystem /Applications/Xcode-27.0.0-Release.Candidate.app/Contents/Developer/Platforms/WatchOS.platform/Developer/usr/lib -F /Users/admin/builder/spi-builder-workspace/.derivedData/Build/Products/Debug-watchos/PackageFrameworks -F /Users/admin/builder/spi-builder-workspace/.derivedData/Build/Products/Debug-watchos -F /Applications/Xcode-27.0.0-Release.Candidate.app/Contents/Developer/Platforms/WatchOS.platform/Developer/Library/Frameworks -F /Applications/Xcode-27.0.0-Release.Candidate.app/Contents/Developer/Platforms/WatchOS.platform/Developer/SDKs/WatchOS27.0.sdk/Developer/Library/Frameworks -c -j10 -enable-batch-mode -incremental -Xcc -ivfsstatcache -Xcc /Users/admin/builder/spi-builder-workspace/.derivedData/SDKStatCaches.noindex/watchos27.0-24R360-e829b21a6f8c9b70876ba0858053c04477534ef55a1706bf4c1112bbb242f0a2.sdkstatcache -output-file-map /Users/admin/builder/spi-builder-workspace/.derivedData/Build/Intermediates.noindex/JSBridge.build/Debug-watchos/JSBridge-t.build/Objects-normal/arm64_32/JSBridge-OutputFileMap.json -save-temps -no-color-diagnostics -explicit-module-build -module-cache-path /Users/admin/builder/spi-builder-workspace/.derivedData/Build/Intermediates.noindex/SwiftExplicitPrecompiledModules -clang-scanner-module-cache-path /Users/admin/builder/spi-builder-workspace/.derivedData/ModuleCache.noindex -sdk-module-cache-path /Users/admin/builder/spi-builder-workspace/.derivedData/SDKExplicitPrecompiledModules -emit-dependencies -emit-module -emit-module-path /Users/admin/builder/spi-builder-workspace/.derivedData/Build/Intermediates.noindex/JSBridge.build/Debug-watchos/JSBridge-t.build/Objects-normal/arm64_32/JSBridge.swiftmodule -serialize-diagnostics -dependency-scan-serialize-diagnostics-path /Users/admin/builder/spi-builder-workspace/.derivedData/Build/Intermediates.noindex/JSBridge.build/Debug-watchos/JSBridge-t.build/Objects-normal/arm64_32/JSBridge-dependency-scan.dia -validate-clang-modules-once -clang-build-session-file /Users/admin/builder/spi-builder-workspace/.derivedData/ModuleCache.noindex/Session.modulevalidation -Xcc -fmodules-prune-interval\=86400 -Xcc -fmodules-prune-after\=345600 -emit-const-values -const-gather-protocols-list /Users/admin/builder/spi-builder-workspace/.derivedData/Build/Intermediates.noindex/JSBridge.build/Debug-watchos/JSBridge-t.build/Objects-normal/arm64_32/JSBridge_const_extract_protocols.json -Xcc -I/Users/admin/builder/spi-builder-workspace/.derivedData/Build/Products/Debug-watchos/include -Xcc -I/Users/admin/builder/spi-builder-workspace/.derivedData/Build/Intermediates.noindex/JSBridge.build/Debug-watchos/JSBridge-t.build/DerivedSources-normal/arm64_32 -Xcc -I/Users/admin/builder/spi-builder-workspace/.derivedData/Build/Intermediates.noindex/JSBridge.build/Debug-watchos/JSBridge-t.build/DerivedSources/arm64_32 -Xcc -I/Users/admin/builder/spi-builder-workspace/.derivedData/Build/Intermediates.noindex/JSBridge.build/Debug-watchos/JSBridge-t.build/DerivedSources -Xcc -DSWIFT_PACKAGE -Xcc -DDEBUG\=1 -emit-objc-header -emit-objc-header-path /Users/admin/builder/spi-builder-workspace/.derivedData/Build/Intermediates.noindex/JSBridge.build/Debug-watchos/JSBridge-t.build/Objects-normal/arm64_32/JSBridge-Swift.h -working-directory /Users/admin/builder/spi-builder-workspace/.swiftpm/xcode -experimental-emit-module-separately -disable-cmo
error: Clang dependency scanning failure:  (in target 'JSBridge' from project 'JSBridge')
/Users/admin/builder/spi-builder-workspace/.dependencies/checkouts/JSBridge/Sources/Context.swift:1:8: error: Unable to resolve module dependency: 'WebKit' (in target 'JSBridge' from project 'JSBridge')
    note: A dependency of main module 'JSBridge'
    /Users/admin/builder/spi-builder-workspace/.dependencies/checkouts/JSBridge/Sources/JSBridge.swift:1:8: note: Also imported here
/Users/admin/builder/spi-builder-workspace/.dependencies/checkouts/JSBridge/Sources/Context.swift:1:8: note: A dependency of main module 'JSBridge'
import WebKit
       ^ (in target 'JSBridge' from project 'JSBridge')
/Users/admin/builder/spi-builder-workspace/.dependencies/checkouts/JSBridge/Sources/JSBridge.swift:1:8: note: Also imported here
import WebKit
       ^ (in target 'JSBridge' from project 'JSBridge')
PruneExplicitPrecompiledModules /Users/admin/builder/spi-builder-workspace/.derivedData/Build/Intermediates.noindex/SwiftExplicitPrecompiledModules
PruneExplicitPrecompiledModules /Users/admin/builder/spi-builder-workspace/.derivedData/Build/Intermediates.noindex/ExplicitPrecompiledModules
PruneExplicitPrecompiledModules /Users/admin/builder/spi-builder-workspace/.derivedData/SDKExplicitPrecompiledModules
2026-09-18 14:21:25.496 xcodebuild[1227:6594] [MT] IDERunDestination: Supported platforms for the buildables in the current scheme is empty.
** BUILD FAILED **
The following build commands failed:
	SwiftDriver JSBridge normal arm64 com.apple.xcode.tools.swift.compiler (in target 'JSBridge' from project 'JSBridge')
	SwiftDriver JSBridge normal arm64_32 com.apple.xcode.tools.swift.compiler (in target 'JSBridge' from project 'JSBridge')
	Building workspace Marionette with scheme Marionette
(3 failures)
BUILD FAILURE 6.4 watchOS