Build Information
Failed to build GoogleCloudApigeeConnectV1, reference main (8f43fc), with Swift 6.2 for Android on 11 Oct 2026 03:25:04 UTC.
Build Command
bash -c docker run --pull=always --rm -v "checkouts-54344845-3":/host -w "$PWD" -e JAVA_HOME="/root/.sdkman/candidates/java/current" -e SPI_BUILD="1" -e SPI_PROCESSING="1" registry.gitlab.com/saguaro1/spi-images:android-6.2-latest swift build --swift-sdk aarch64-unknown-linux-android28 2>&1Build Log
========================================
RunAll
========================================
Builder version: 5.1.1
Interrupt handler set up.
========================================
Checkout
========================================
Clone URL: https://github.com/googleapis/swift-google-cloud-apigeeconnect-v1.git
Reference: main
Initialized empty Git repository in /host/spi-builder-workspace/.git/
hint: Using 'master' as the name for the initial branch. This default branch name
hint: is subject to change. To configure the initial branch name to use in all
hint: of your new repositories, which will suppress this warning, call:
hint:
hint: git config --global init.defaultBranch <name>
hint:
hint: Names commonly chosen instead of 'master' are 'main', 'trunk' and
hint: 'development'. The just-created branch can be renamed via this command:
hint:
hint: git branch -m <name>
From https://github.com/googleapis/swift-google-cloud-apigeeconnect-v1
* branch main -> FETCH_HEAD
* [new branch] main -> origin/main
HEAD is now at 8f43fc6 chore: release circa 2026-10-07 (#1382)
Cloned https://github.com/googleapis/swift-google-cloud-apigeeconnect-v1.git
Revision (git rev-parse @):
8f43fc6205361c515a7155fd5092608d99755935
SPI manifest file found: $PWD/.spi.yml
SUCCESS checkout https://github.com/googleapis/swift-google-cloud-apigeeconnect-v1.git at main
========================================
Build
========================================
Selected platform: android
Swift version: 6.2
Building package at path: $PWD
https://github.com/googleapis/swift-google-cloud-apigeeconnect-v1.git
Running build ...
bash -c docker run --pull=always --rm -v "checkouts-54344845-3":/host -w "$PWD" -e JAVA_HOME="/root/.sdkman/candidates/java/current" -e SPI_BUILD="1" -e SPI_PROCESSING="1" registry.gitlab.com/saguaro1/spi-images:android-6.2-latest swift build --swift-sdk aarch64-unknown-linux-android28 2>&1
android-6.2-latest: Pulling from saguaro1/spi-images
Digest: sha256:a839c9ce201f1dacc8eb056626ec7ab0a1c6d53d7b77c83feda395f4507c51be
Status: Image is up to date for registry.gitlab.com/saguaro1/spi-images:android-6.2-latest
Fetching https://github.com/googleapis/swift-google-rpc
Fetching https://github.com/apple/swift-log
Fetching https://github.com/googleapis/swift-google-auth
Fetching https://github.com/googleapis/swift-google-gax
Fetching https://github.com/googleapis/swift-google-wkt
[1/422] Fetching swift-google-rpc
[191/8679] Fetching swift-google-rpc, swift-log
[3479/9702] Fetching swift-google-rpc, swift-log, swift-google-auth
[3747/10725] Fetching swift-google-rpc, swift-log, swift-google-auth, swift-google-wkt
[10450/12473] Fetching swift-google-rpc, swift-log, swift-google-auth, swift-google-wkt, swift-google-gax
Fetched https://github.com/googleapis/swift-google-rpc from cache (0.66s)
Fetched https://github.com/googleapis/swift-google-wkt from cache (0.66s)
Fetched https://github.com/googleapis/swift-google-auth from cache (0.66s)
Fetched https://github.com/googleapis/swift-google-gax from cache (0.66s)
Fetched https://github.com/apple/swift-log from cache (0.66s)
Computing version for https://github.com/googleapis/swift-google-wkt
Computed https://github.com/googleapis/swift-google-wkt at 0.5.0 (0.83s)
Fetching https://github.com/swift-extras/swift-extras-base64
[1/954] Fetching swift-extras-base64
Fetched https://github.com/swift-extras/swift-extras-base64 from cache (0.43s)
Computing version for https://github.com/googleapis/swift-google-rpc
Computed https://github.com/googleapis/swift-google-rpc at 0.5.0 (0.60s)
Computing version for https://github.com/googleapis/swift-google-gax
Computed https://github.com/googleapis/swift-google-gax at 0.5.0 (0.18s)
Fetching https://github.com/apple/swift-nio
Fetching https://github.com/swift-server/async-http-client.git
[1/16464] Fetching async-http-client
Fetched https://github.com/swift-server/async-http-client.git from cache (0.91s)
[1/86374] Fetching swift-nio
Fetched https://github.com/apple/swift-nio from cache (3.45s)
Computing version for https://github.com/googleapis/swift-google-auth
Computed https://github.com/googleapis/swift-google-auth at 0.5.0 (3.61s)
Fetching https://github.com/vapor/jwt-kit.git
Fetching https://github.com/apple/swift-system.git
[1/10254] Fetching jwt-kit
[617/17495] Fetching jwt-kit, swift-system
Fetched https://github.com/apple/swift-system.git from cache (1.05s)
Fetched https://github.com/vapor/jwt-kit.git from cache (1.05s)
Computing version for https://github.com/swift-extras/swift-extras-base64
Computed https://github.com/swift-extras/swift-extras-base64 at 1.2.0 (1.20s)
Computing version for https://github.com/swift-server/async-http-client.git
Computed https://github.com/swift-server/async-http-client.git at 1.36.2 (0.21s)
Fetching https://github.com/apple/swift-atomics.git
Fetching https://github.com/apple/swift-distributed-tracing.git
Fetching https://github.com/apple/swift-service-context.git
Fetching https://github.com/apple/swift-nio-ssl.git
Fetching https://github.com/apple/swift-configuration.git
Fetching https://github.com/apple/swift-nio-transport-services.git
[1/1889] Fetching swift-atomics
[20/4756] Fetching swift-atomics, swift-nio-transport-services
[533/6256] Fetching swift-atomics, swift-nio-transport-services, swift-service-context
[1539/10184] Fetching swift-atomics, swift-nio-transport-services, swift-service-context, swift-configuration
[2059/16735] Fetching swift-atomics, swift-nio-transport-services, swift-service-context, swift-configuration, swift-distributed-tracing
[12505/33596] Fetching swift-atomics, swift-nio-transport-services, swift-service-context, swift-configuration, swift-distributed-tracing, swift-nio-ssl
Fetched https://github.com/apple/swift-nio-transport-services.git from cache (0.53s)
Fetching https://github.com/apple/swift-algorithms.git
Fetched https://github.com/apple/swift-configuration.git from cache (0.57s)
[10615/26801] Fetching swift-atomics, swift-service-context, swift-distributed-tracing, swift-nio-ssl
Fetching https://github.com/apple/swift-nio-extras.git
[26802/32965] Fetching swift-atomics, swift-service-context, swift-distributed-tracing, swift-nio-ssl, swift-algorithms
[32966/39668] Fetching swift-atomics, swift-service-context, swift-distributed-tracing, swift-nio-ssl, swift-algorithms, swift-nio-extras
Fetched https://github.com/apple/swift-algorithms.git from cache (0.62s)
[30689/33504] Fetching swift-atomics, swift-service-context, swift-distributed-tracing, swift-nio-ssl, swift-nio-extras
Fetching https://github.com/apple/swift-nio-http2.git
Fetched https://github.com/apple/swift-nio-extras.git from cache (0.69s)
Fetched https://github.com/apple/swift-service-context.git from cache (1.44s)
Fetched https://github.com/apple/swift-atomics.git from cache (1.44s)
Fetched https://github.com/apple/swift-distributed-tracing.git from cache (1.44s)
Fetched https://github.com/apple/swift-nio-ssl.git from cache (1.45s)
[1/12294] Fetching swift-nio-http2
Fetched https://github.com/apple/swift-nio-http2.git from cache (1.00s)
Computing version for https://github.com/apple/swift-service-context.git
Computed https://github.com/apple/swift-service-context.git at 1.3.0 (2.32s)
Computing version for https://github.com/apple/swift-algorithms.git
Computed https://github.com/apple/swift-algorithms.git at 1.2.1 (1.37s)
Fetching https://github.com/apple/swift-numerics.git
[1/6728] Fetching swift-numerics
Fetched https://github.com/apple/swift-numerics.git from cache (0.56s)
Computing version for https://github.com/apple/swift-log
Computed https://github.com/apple/swift-log at 1.16.1 (0.73s)
Computing version for https://github.com/apple/swift-distributed-tracing.git
Computed https://github.com/apple/swift-distributed-tracing.git at 1.5.0 (0.15s)
Computing version for https://github.com/apple/swift-atomics.git
Computed https://github.com/apple/swift-atomics.git at 1.3.1 (0.15s)
Computing version for https://github.com/apple/swift-numerics.git
Computed https://github.com/apple/swift-numerics.git at 1.1.1 (0.14s)
Computing version for https://github.com/apple/swift-nio
Computed https://github.com/apple/swift-nio at 2.104.0 (0.36s)
Fetching https://github.com/apple/swift-collections.git
[1/28703] Fetching swift-collections
Fetched https://github.com/apple/swift-collections.git from cache (1.71s)
Computing version for https://github.com/apple/swift-configuration.git
Computed https://github.com/apple/swift-configuration.git at 1.2.2 (2.54s)
Fetching https://github.com/swift-server/swift-service-lifecycle
[1/2867] Fetching swift-service-lifecycle
Fetched https://github.com/swift-server/swift-service-lifecycle from cache (0.48s)
Computing version for https://github.com/apple/swift-nio-transport-services.git
Computed https://github.com/apple/swift-nio-transport-services.git at 1.28.0 (0.65s)
Computing version for https://github.com/swift-server/swift-service-lifecycle
Computed https://github.com/swift-server/swift-service-lifecycle at 2.12.1 (0.16s)
Fetching https://github.com/apple/swift-async-algorithms.git
[1/6820] Fetching swift-async-algorithms
Fetched https://github.com/apple/swift-async-algorithms.git from cache (1.12s)
Computing version for https://github.com/apple/swift-async-algorithms.git
Computed https://github.com/apple/swift-async-algorithms.git at 1.1.7 (1.34s)
Computing version for https://github.com/apple/swift-collections.git
Computed https://github.com/apple/swift-collections.git at 1.7.2 (0.26s)
Computing version for https://github.com/apple/swift-nio-http2.git
Computed https://github.com/apple/swift-nio-http2.git at 1.46.0 (0.17s)
Computing version for https://github.com/vapor/jwt-kit.git
Computed https://github.com/vapor/jwt-kit.git at 5.7.1 (0.15s)
Fetching https://github.com/apple/swift-crypto.git
Fetching https://github.com/apple/swift-certificates.git
[1/18629] Fetching swift-crypto
[188/26238] Fetching swift-crypto, swift-certificates
Fetched https://github.com/apple/swift-certificates.git from cache (1.43s)
Fetched https://github.com/apple/swift-crypto.git from cache (1.44s)
Computing version for https://github.com/apple/swift-crypto.git
Computed https://github.com/apple/swift-crypto.git at 4.5.2 (2.05s)
Fetching https://github.com/apple/swift-asn1.git
[1/2009] Fetching swift-asn1
Fetched https://github.com/apple/swift-asn1.git from cache (0.63s)
Computing version for https://github.com/apple/swift-asn1.git
Computed https://github.com/apple/swift-asn1.git at 1.7.3 (0.83s)
Computing version for https://github.com/apple/swift-certificates.git
Computed https://github.com/apple/swift-certificates.git at 1.21.0 (0.22s)
Computing version for https://github.com/apple/swift-nio-ssl.git
Computed https://github.com/apple/swift-nio-ssl.git at 2.37.5 (0.19s)
Computing version for https://github.com/apple/swift-system.git
Computed https://github.com/apple/swift-system.git at 1.8.1 (0.19s)
Computing version for https://github.com/apple/swift-nio-extras.git
Computed https://github.com/apple/swift-nio-extras.git at 1.35.1 (0.28s)
Fetching https://github.com/apple/swift-http-structured-headers.git
Fetching https://github.com/apple/swift-http-types.git
[1/1939] Fetching swift-http-types
[2/3192] Fetching swift-http-types, swift-http-structured-headers
Fetched https://github.com/apple/swift-http-structured-headers.git from cache (0.38s)
Fetched https://github.com/apple/swift-http-types.git from cache (0.38s)
Computing version for https://github.com/apple/swift-http-structured-headers.git
Computed https://github.com/apple/swift-http-structured-headers.git at 1.7.0 (0.55s)
Computing version for https://github.com/apple/swift-http-types.git
Computed https://github.com/apple/swift-http-types.git at 1.8.0 (0.22s)
Creating working copy for https://github.com/apple/swift-async-algorithms.git
Working copy of https://github.com/apple/swift-async-algorithms.git resolved at 1.1.7
Creating working copy for https://github.com/apple/swift-atomics.git
Working copy of https://github.com/apple/swift-atomics.git resolved at 1.3.1
Creating working copy for https://github.com/apple/swift-log
Working copy of https://github.com/apple/swift-log resolved at 1.16.1
Creating working copy for https://github.com/apple/swift-certificates.git
Working copy of https://github.com/apple/swift-certificates.git resolved at 1.21.0
Creating working copy for https://github.com/apple/swift-asn1.git
Working copy of https://github.com/apple/swift-asn1.git resolved at 1.7.3
Creating working copy for https://github.com/apple/swift-algorithms.git
Working copy of https://github.com/apple/swift-algorithms.git resolved at 1.2.1
Creating working copy for https://github.com/apple/swift-nio-extras.git
Working copy of https://github.com/apple/swift-nio-extras.git resolved at 1.35.1
Creating working copy for https://github.com/apple/swift-system.git
Working copy of https://github.com/apple/swift-system.git resolved at 1.8.1
Creating working copy for https://github.com/apple/swift-nio-http2.git
Working copy of https://github.com/apple/swift-nio-http2.git resolved at 1.46.0
Creating working copy for https://github.com/apple/swift-http-types.git
Working copy of https://github.com/apple/swift-http-types.git resolved at 1.8.0
Creating working copy for https://github.com/googleapis/swift-google-auth
Working copy of https://github.com/googleapis/swift-google-auth resolved at 0.5.0
Creating working copy for https://github.com/apple/swift-configuration.git
Working copy of https://github.com/apple/swift-configuration.git resolved at 1.2.2
Creating working copy for https://github.com/apple/swift-service-context.git
Working copy of https://github.com/apple/swift-service-context.git resolved at 1.3.0
Creating working copy for https://github.com/swift-extras/swift-extras-base64
Working copy of https://github.com/swift-extras/swift-extras-base64 resolved at 1.2.0
Creating working copy for https://github.com/googleapis/swift-google-gax
Working copy of https://github.com/googleapis/swift-google-gax resolved at 0.5.0
Creating working copy for https://github.com/apple/swift-distributed-tracing.git
Working copy of https://github.com/apple/swift-distributed-tracing.git resolved at 1.5.0
Creating working copy for https://github.com/apple/swift-nio-transport-services.git
Working copy of https://github.com/apple/swift-nio-transport-services.git resolved at 1.28.0
Creating working copy for https://github.com/googleapis/swift-google-wkt
Working copy of https://github.com/googleapis/swift-google-wkt resolved at 0.5.0
Creating working copy for https://github.com/apple/swift-numerics.git
Working copy of https://github.com/apple/swift-numerics.git resolved at 1.1.1
Creating working copy for https://github.com/apple/swift-crypto.git
Working copy of https://github.com/apple/swift-crypto.git resolved at 4.5.2
Creating working copy for https://github.com/apple/swift-nio
Working copy of https://github.com/apple/swift-nio resolved at 2.104.0
Creating working copy for https://github.com/apple/swift-nio-ssl.git
Working copy of https://github.com/apple/swift-nio-ssl.git resolved at 2.37.5
Creating working copy for https://github.com/apple/swift-collections.git
Working copy of https://github.com/apple/swift-collections.git resolved at 1.7.2
Creating working copy for https://github.com/apple/swift-http-structured-headers.git
Working copy of https://github.com/apple/swift-http-structured-headers.git resolved at 1.7.0
Creating working copy for https://github.com/swift-server/async-http-client.git
Working copy of https://github.com/swift-server/async-http-client.git resolved at 1.36.2
Creating working copy for https://github.com/googleapis/swift-google-rpc
Working copy of https://github.com/googleapis/swift-google-rpc resolved at 0.5.0
Creating working copy for https://github.com/vapor/jwt-kit.git
Working copy of https://github.com/vapor/jwt-kit.git resolved at 5.7.1
Creating working copy for https://github.com/swift-server/swift-service-lifecycle
Working copy of https://github.com/swift-server/swift-service-lifecycle resolved at 2.12.1
Building for debugging...
[0/898] Compiling sha1-armv8-apple.S
[0/898] Compiling chacha20_poly1305_x86_64-linux.S
[2/898] Write swift-version--11D90AFD9DD3AB2.txt
[3/898] Write sources
[6/902] Compiling _NumericsShims _NumericsShims.c
[7/904] Compiling err_data.cc
[7/904] Write sources
[9/904] Compiling asn_pack.cc
[9/904] Write sources
[49/904] Compiling a_bitstr.cc
[50/904] Compiling _AtomicsShims.c
[50/904] Compiling asn1_par.cc
[52/904] Compiling CXKCPShims shims.c
[54/937] Emitting module ServiceContextModule
[54/937] Compiling a_strex.cc
[55/937] Compiling a_strnid.cc
[57/976] Emitting module Logging
[58/977] Compiling ServiceContextModule ServiceContextKey.swift
[59/977] Compiling RealModule RealFunctions.swift
[60/978] Compiling RealModule Real.swift
[61/978] Compiling RealModule Float80+Real.swift
[62/978] Compiling Logging LoggingSystem.swift
[63/978] Compiling InternalCollectionsUtilities Debugging.swift
[64/978] Compiling InternalCollectionsUtilities Descriptions.swift
[65/980] Compiling InternalCollectionsUtilities FixedWidthInteger+roundUpToPowerOfTwo.swift
[66/980] Compiling InternalCollectionsUtilities Integer rank.swift
[67/980] Emitting module RealModule
[68/980] Compiling RealModule RelaxedArithmetic.swift
[69/980] Emitting module _CertificateInternals
[70/980] Compiling _CertificateInternals _TinyArray.swift
[73/981] Compiling InternalCollectionsUtilities UInt+first and last set bit.swift
[74/981] Compiling InternalCollectionsUtilities UInt+reversed.swift
[75/981] Emitting module InternalCollectionsUtilities
[76/981] Compiling SwiftASN1 DER.swift
[77/981] Compiling SwiftASN1 Errors.swift
[78/981] Compiling InternalCollectionsUtilities TemporaryAllocation.swift
[79/981] Compiling InternalCollectionsUtilities _UnsafeBitSet+Index.swift
[80/981] Compiling InternalCollectionsUtilities MutableSpan+Extras.swift
[81/981] Compiling InternalCollectionsUtilities OutputSpan+Extras.swift
[82/981] Compiling InternalCollectionsUtilities RandomAccessCollection+Offsets.swift
[83/981] Compiling InternalCollectionsUtilities Span+Extras.swift
[84/981] Compiling InternalCollectionsUtilities BorrowingIteratorProtocol+Equality.swift
[85/981] Compiling InternalCollectionsUtilities BorrowingIteratorProtocol+Extras.swift
[88/984] Compiling InternalCollectionsUtilities Iterable+CopyContents.swift
[89/984] Compiling InternalCollectionsUtilities Iterable+Equality.swift
[90/984] Compiling InternalCollectionsUtilities LifetimeOverride.swift
[91/984] Compiling InternalCollectionsUtilities MutableRef.swift
[92/984] Compiling InternalCollectionsUtilities UnsafeMutablePointer+Extras.swift
[93/984] Compiling InternalCollectionsUtilities UnsafeMutableRawBufferPointer+Extras.swift
[94/984] Compiling InternalCollectionsUtilities UnsafePointer+Extras.swift
[95/984] Compiling _NIOBase64 Base64.swift
[96/984] Emitting module _NIOBase64
[100/985] Compiling RealModule Float16+Real.swift
[106/986] Compiling InternalCollectionsUtilities _UnsafeBitSet+_Word.swift
[107/986] Compiling InternalCollectionsUtilities _UnsafeBitSet.swift
[108/986] Compiling InternalCollectionsUtilities UnsafeBufferPointer+Extras.swift
[110/986] Compiling InternalCollectionsUtilities UnsafeMutableBufferPointer+Extras.swift
[114/986] Compiling ServiceContextModule ServiceContext.swift
[115/992] Compiling InternalCollectionsUtilities UnsafeRawBufferPointer+Extras.swift
[116/992] Compiling InternalCollectionsUtilities _SortedCollection.swift
[117/992] Compiling InternalCollectionsUtilities _UniqueCollection.swift
[118/993] Wrapping AST for _CertificateInternals for debugging
[123/993] Compiling Logging Logger+Attributes.swift
[124/993] Compiling Logging Logger+With.swift
[125/993] Compiling Logging Logger.swift
[125/993] Wrapping AST for _NIOBase64 for debugging
[126/993] Wrapping AST for RealModule for debugging
[127/998] Wrapping AST for ServiceContextModule for debugging
[129/999] Emitting module _NIODataStructures
[130/999] Compiling _NIODataStructures PriorityQueue.swift
[131/999] Compiling _NIODataStructures _TinyArray.swift
[132/999] Compiling _NIODataStructures Heap.swift
[132/999] Compiling SimpleFIPS202.c
[133/1000] Wrapping AST for InternalCollectionsUtilities for debugging
[134/1004] Compiling KeccakSponge.c
[144/1004] Compiling SpanPreview InputSpan.swift
[144/1004] Compiling KeccakHash.c
[146/1004] Compiling ExtrasBase64 Base64+Span.swift
[147/1004] Emitting module SpanPreview
[148/1004] Compiling SpanPreview MutableSpan+InputSpanHelpers.swift
[149/1004] Compiling SpanPreview OutputSpan+InputSpanHelpers.swift
[149/1005] Wrapping AST for _NIODataStructures for debugging
[151/1005] Compiling Instrumentation NoOpInstrument.swift
[152/1005] Compiling Instrumentation MultiplexInstrument.swift
[152/1005] Compiling CSystem shims.c
[153/1005] Compiling CNIOWindows shim.c
[156/1005] Emitting module Instrumentation
[156/1005] Compiling CNIOWindows WSAStartup.c
[157/1005] Compiling CNIOWASI CNIOWASI.c
[158/1042] Wrapping AST for SpanPreview for debugging
[159/1058] Compiling CNIOPosix event_loop_id.c
[160/1084] Compiling CNIOOpenBSD shim.c
[161/1084] Compiling CNIOLinux shim.c
[162/1084] Compiling CNIOLinux liburing_shims.c
[163/1084] Compiling KeccakP-1600-opt64.c
[164/1084] Compiling CNIOLLHTTP c_nio_http.c
[165/1084] Compiling CNIOLLHTTP c_nio_api.c
[167/1084] Compiling DequeModule UniqueDeque+Consumption.swift
[168/1084] Compiling DequeModule UniqueDeque+ContainerOperations.swift
[169/1084] Compiling DequeModule UniqueDeque+Deprecations.swift
[170/1084] Compiling DequeModule UniqueDeque+Descriptions.swift
[171/1084] Compiling DequeModule UniqueDeque+Equatable.swift
[172/1084] Compiling DequeModule UniqueDeque+Hashable.swift
[173/1084] Compiling DequeModule UniqueDeque+Initializers.swift
[174/1084] Compiling DequeModule UniqueDeque+Insertions.swift
[175/1084] Compiling DequeModule UniqueDeque+Iterable.swift
[176/1084] Compiling DequeModule UniqueDeque+Prepend.swift
[177/1084] Compiling DequeModule UniqueDeque+Removals.swift
[177/1084] Compiling CNIOFreeBSD shim.c
[178/1089] Compiling CNIOExtrasZlib zutil.c
[181/1089] Compiling DequeModule RigidDeque+Prepend.swift
[181/1089] Compiling CNIOLLHTTP c_nio_llhttp.c
[183/1089] Emitting module SwiftASN1
[183/1089] Compiling CNIOExtrasZlib trees.c
[184/1089] Compiling CNIOExtrasZlib inftrees.c
[185/1089] Compiling CNIOExtrasZlib inffast.c
[188/1089] Compiling DequeModule RigidDeque+Removals.swift
[189/1089] Compiling DequeModule RigidDeque+Replacements.swift
[190/1089] Compiling DequeModule RigidDeque+Testing.swift
[191/1089] Compiling DequeModule RigidDeque.swift
[192/1089] Compiling DequeModule UniqueDeque+Append.swift
[193/1089] Compiling DequeModule _DequeBuffer.swift
[194/1089] Compiling DequeModule _DequeBufferHeader.swift
[195/1089] Compiling DequeModule RigidDeque+Append.swift
[196/1089] Compiling DequeModule RigidDeque+Consumption.swift
[197/1089] Compiling DequeModule RigidDeque+ContainerOperations.swift
[198/1089] Compiling DequeModule RigidDeque+Deprecations.swift
[199/1089] Compiling DequeModule RigidDeque+Descriptions.swift
[200/1089] Compiling DequeModule RigidDeque+Equatable.swift
[201/1089] Compiling DequeModule RigidDeque+Hashable.swift
[202/1089] Compiling DequeModule RigidDeque+Initializers.swift
[203/1089] Compiling DequeModule RigidDeque+Insertions.swift
[204/1089] Compiling DequeModule RigidDeque+Iterable.swift
[204/1089] Compiling CNIOExtrasZlib inflate.c
[205/1089] Compiling CNIOExtrasZlib crc32.c
[206/1089] Compiling CNIOExtrasZlib adler32.c
[207/1089] Compiling CNIODarwin shim.c
[208/1089] Compiling CNIOExtrasZlib deflate.c
[209/1089] Compiling fiat_p256_adx_sqr.S
[210/1089] Compiling fiat_p256_adx_mul.S
[211/1089] Compiling fiat_curve25519_adx_square.S
[212/1089] Compiling fiat_curve25519_adx_mul.S
[214/1089] Emitting module SystemPackage
[215/1094] Compiling DequeModule Deque+Extras.swift
[216/1094] Compiling DequeModule Deque+Hashable.swift
[217/1094] Compiling DequeModule Deque+Testing.swift
[218/1094] Compiling DequeModule Deque._Storage.swift
[219/1094] Compiling DequeModule Deque._UnsafeHandle.swift
[220/1094] Compiling DequeModule Deque.swift
[221/1094] Compiling DequeModule Deque+Codable.swift
[222/1094] Compiling DequeModule Deque+Collection.swift
[223/1094] Compiling DequeModule Deque+CustomReflectable.swift
[224/1094] Compiling DequeModule Deque+Descriptions.swift
[225/1094] Compiling DequeModule Deque+Equatable.swift
[226/1094] Compiling DequeModule Deque+ExpressibleByArrayLiteral.swift
[226/1094] Compiling CNIOBoringSSLShims shims.c
[228/1094] Compiling ExtrasBase64 Base32+Span.swift
[229/1094] Compiling ExtrasBase64 Base32.swift
[239/1094] Compiling Instrumentation Instrument.swift
[240/1094] Compiling Instrumentation InstrumentationSystem.swift
[241/1094] Compiling Instrumentation Locks.swift
[242/1095] Compiling Logging MetadataProvider.swift
[267/1105] Wrapping AST for SwiftASN1 for debugging
[269/1105] Compiling Tracing InstrumentationSystem+Tracing.swift
[276/1106] Compiling Tracing TracingTime.swift
[281/1106] Wrapping AST for Logging for debugging
[282/1106] Wrapping AST for Instrumentation for debugging
[284/1106] Compiling Tracing NoOpTracer.swift
[285/1106] Compiling Tracing WithTracer.swift
[286/1106] Emitting module Tracing
[287/1106] Compiling Tracing TracerProtocol.swift
[288/1106] Compiling Tracing Tracer.swift
[289/1106] Compiling Tracing TracerProtocol+Legacy.swift
[289/1106] Compiling tls_record.cc
[290/1106] Compiling tls_method.cc
[292/1106] Compiling Tracing SpanProtocol.swift
[293/1107] Compiling SystemPackage SystemString.swift
[294/1107] Compiling SystemPackage Util+StringArray.swift
[295/1107] Compiling SystemPackage Util.swift
[296/1107] Compiling SystemPackage UtilConsumers.swift
[297/1107] Compiling SystemPackage WinSDK+Overlay.swift
[299/1108] Wrapping AST for Tracing for debugging
[300/1108] Wrapping AST for SystemPackage for debugging
[301/1108] Compiling tls13_server.cc
[303/1108] Emitting module DequeModule
[303/1108] Compiling tls13_enc.cc
[305/1108] Compiling DequeModule UniqueDeque+Replacements.swift
[306/1108] Compiling DequeModule UniqueDeque.swift
[307/1108] Compiling DequeModule _DequeSlot.swift
[308/1108] Compiling DequeModule _UnsafeDequeHandle.swift
[309/1108] Compiling DequeModule _UnsafeDequeSegments.swift
[310/1152] Compiling tls13_both.cc
[311/1152] Wrapping AST for DequeModule for debugging
[313/1152] Compiling Configuration Deprecations.swift
[314/1152] Compiling Configuration ExpressibleByConfigInt.swift
[315/1152] Compiling Configuration ExpressibleByConfigString.swift
[316/1152] Compiling Configuration CLIKeyEncoder.swift
[317/1152] Compiling Configuration ConfigKeyEncoder.swift
[318/1152] Compiling Configuration DotSeparatorKeyDecoder.swift
[318/1157] Compiling t1_enc.cc
[319/1157] Compiling ssl_versions.cc
[320/1157] Compiling tls13_client.cc
[321/1157] Compiling ssl_x509.cc
[322/1157] Compiling ssl_transcript.cc
[323/1157] Compiling ssl_stat.cc
[324/1157] Compiling ssl_privkey.cc
[325/1157] Compiling ssl_session.cc
[327/1157] Compiling ExtrasBase64 Base64.swift
[327/1157] Compiling ssl_key_share.cc
[328/1157] Compiling ssl_file.cc
[329/1157] Compiling ssl_lib.cc
[331/1157] Emitting module ExtrasBase64
[332/1158] Compiling ssl_credential.cc
[333/1189] Compiling ssl_cipher.cc
[334/1189] Wrapping AST for ExtrasBase64 for debugging
[335/1189] Compiling ssl_cert.cc
[337/1189] Compiling Configuration CombineLatestManyStorage.swift
[338/1189] Compiling Configuration AsyncSequences.swift
[339/1189] Compiling Configuration FoundationExtensions.swift
[340/1189] Compiling Configuration Span.swift
[341/1189] Compiling Configuration ConfigBytesFromStringDecoder.swift
[342/1189] Compiling GoogleWKT WKTRecursive.swift
[343/1189] Compiling GoogleWKT UnknownFields.swift
[344/1189] Compiling GoogleWKT WKTAny.swift
[345/1189] Compiling GoogleWKT WKTAnyError.swift
[346/1189] Compiling GoogleWKT WKTBoolValue.swift
[347/1189] Compiling GoogleWKT WKTBytesValue.swift
[348/1189] Emitting module Configuration
[348/1189] Compiling ssl_buffer.cc
[349/1189] Compiling ssl_asn1.cc
[350/1189] Compiling ssl_aead_ctx.cc
[352/1189] Compiling GoogleWKT WKTEnum.swift
[353/1189] Compiling GoogleWKT WKTEnumValue.swift
[354/1189] Compiling GoogleWKT WKTField.swift
[355/1189] Compiling GoogleWKT WKTMethod.swift
[356/1189] Compiling GoogleWKT WKTMixin.swift
[357/1189] Compiling GoogleWKT WKTOption.swift
[358/1189] Compiling Configuration MutableInMemoryProvider.swift
[359/1189] Compiling Configuration ConfigProvider+Operators.swift
[360/1189] Compiling Configuration KeyMappingProvider.swift
[361/1189] Compiling Configuration SecretsSpecifier.swift
[362/1189] Compiling Configuration AsyncCombineLatestManySequence.swift
[363/1189] Compiling Configuration CombineLatestManyStateMachine.swift
[364/1189] Compiling Configuration JSONSnapshot.swift
[365/1189] Compiling Configuration PropertyListSnapshot.swift
[366/1189] Compiling Configuration ReloadingFileProvider.swift
[367/1189] Compiling Configuration ReloadingFileProviderMetrics.swift
[368/1189] Compiling Configuration YAMLSnapshot.swift
[369/1189] Compiling Configuration InMemoryProvider.swift
[369/1189] Compiling s3_pkt.cc
[370/1189] Compiling s3_lib.cc
[372/1189] Compiling GoogleWKT WKTStringValue.swift
[373/1189] Compiling GoogleWKT WKTTimestamp.swift
[374/1189] Compiling GoogleWKT WKTUInt32Value.swift
[375/1189] Compiling GoogleWKT WKTUInt64Value.swift
[376/1189] Compiling GoogleWKT WKTValue.swift
[377/1189] Compiling GoogleWKT WKTApi.swift
[378/1189] Compiling GoogleWKT AnyPackable.swift
[379/1189] Compiling GoogleWKT DecodeToDefault.swift
[380/1189] Compiling GoogleWKT DiscoveryBase64.swift
[381/1189] Compiling GoogleWKT ProtoJSONDecoder.swift
[382/1189] Compiling GoogleWKT ProtoJSONEncoder.swift
[383/1189] Compiling GoogleWKT WKTDoubleValue.swift
[384/1190] Compiling s3_both.cc
[385/1190] Wrapping AST for Configuration for debugging
[388/1190] Compiling GoogleWKT WKTDuration.swift
[389/1190] Compiling GoogleWKT WKTEmpty.swift
[390/1190] Compiling GoogleWKT WKTFieldMask.swift
[395/1194] Compiling GoogleWKT WKTFloatValue.swift
[396/1194] Compiling GoogleWKT WKTInt32Value.swift
[397/1194] Compiling GoogleWKT WKTInt64Value.swift
[407/1194] Compiling handshake.cc
[409/1194] Compiling GoogleWKT WKTSourceContext.swift
[410/1194] Compiling GoogleWKT WKTSyntax.swift
[411/1194] Compiling GoogleWKT WKTType.swift
[412/1194] Compiling GoogleWKT PackageVersion.swift
[416/1194] Compiling handshake_server.cc
[417/1194] Compiling handshake_client.cc
[418/1194] Compiling handoff.cc
[419/1194] Compiling encrypted_client_hello.cc
[421/1194] Emitting module GoogleWKT
[426/1194] Compiling extensions.cc
[428/1195] Compiling dtls_record.cc
[429/1195] Wrapping AST for GoogleWKT for debugging
[430/1210] Compiling md5-x86_64-linux.S
[431/1210] Compiling md5-x86_64-apple.S
[432/1210] Compiling md5-586-linux.S
[433/1210] Compiling md5-586-apple.S
[434/1210] Compiling dtls_method.cc
[435/1210] Compiling chacha20_poly1305_x86_64-linux.S
[436/1210] Compiling chacha20_poly1305_x86_64-apple.S
[438/1210] Compiling GoogleRpc RequestInfo.swift
[439/1210] Compiling GoogleRpc ResourceInfo.swift
[439/1212] Compiling chacha20_poly1305_armv8-win.S
[440/1212] Compiling err_data.cc
[441/1212] Compiling chacha20_poly1305_armv8-apple.S
[442/1212] Compiling chacha-x86_64-linux.S
[443/1212] Compiling chacha20_poly1305_armv8-linux.S
[445/1212] Emitting module GoogleRpc
[445/1212] Compiling d1_srtp.cc
[446/1212] Compiling chacha-x86_64-apple.S
[448/1212] Compiling GoogleRpc HttpRequest.swift
[449/1212] Compiling GoogleRpc HttpResponse.swift
[449/1212] Compiling chacha-x86-apple.S
[451/1212] Compiling GoogleRpc BadRequest.swift
[452/1212] Compiling GoogleRpc Code.swift
[453/1212] Compiling GoogleRpc Help.swift
[454/1212] Compiling GoogleRpc HttpHeader.swift
[454/1212] Compiling chacha-x86-linux.S
[455/1212] Compiling chacha-armv8-win.S
[456/1212] Compiling d1_pkt.cc
[457/1212] Compiling chacha-armv8-apple.S
[459/1212] Compiling GoogleRpc LocalizedMessage.swift
[460/1212] Compiling GoogleRpc PackageVersion.swift
[461/1212] Compiling GoogleRpc DebugInfo.swift
[462/1212] Compiling GoogleRpc ErrorInfo.swift
[463/1212] Compiling GoogleRpc PreconditionFailure.swift
[464/1212] Compiling GoogleRpc QuotaFailure.swift
[464/1212] Compiling chacha-armv8-linux.S
[465/1212] Compiling aes128gcmsiv-x86_64-linux.S
[466/1212] Compiling chacha-armv4-linux.S
[467/1212] Compiling aes128gcmsiv-x86_64-apple.S
[468/1212] Compiling bio_ssl.cc
[469/1212] Compiling x86_64-mont5-linux.S
[470/1212] Compiling x86_64-mont5-apple.S
[471/1212] Compiling x86_64-mont-apple.S
[472/1212] Compiling x86_64-mont-linux.S
[473/1212] Compiling x86-mont-linux.S
[474/1212] Compiling x86-mont-apple.S
[475/1212] Compiling vpaes-x86_64-apple.S
[476/1212] Compiling vpaes-x86_64-linux.S
[477/1212] Compiling vpaes-x86-linux.S
[478/1212] Compiling vpaes-x86-apple.S
[479/1212] Compiling vpaes-armv8-win.S
[480/1212] Compiling vpaes-armv7-linux.S
[481/1212] Compiling vpaes-armv8-apple.S
[482/1212] Compiling vpaes-armv8-linux.S
[483/1212] Compiling sha512-x86_64-linux.S
[484/1212] Compiling sha512-x86_64-apple.S
[485/1212] Compiling GoogleRpc RetryInfo.swift
[486/1212] Compiling GoogleRpc Status.swift
[487/1213] Compiling sha512-armv8-win.S
[488/1213] Compiling sha512-armv8-apple.S
[489/1213] Compiling sha512-armv4-linux.S
[490/1213] Compiling sha512-586-linux.S
[492/1213] Compiling sha512-armv8-linux.S
[493/1213] Compiling sha512-586-apple.S
[494/1213] Compiling sha256-x86_64-linux.S
[495/1213] Compiling sha256-x86_64-apple.S
[496/1213] Compiling sha256-armv8-win.S
[497/1213] Compiling sha256-armv8-apple.S
[498/1213] Compiling sha256-586-linux.S
[499/1213] Compiling sha256-armv4-linux.S
[500/1213] Wrapping AST for GoogleRpc for debugging
[501/1213] Compiling sha256-armv8-linux.S
[502/1213] Compiling sha256-586-apple.S
[503/1213] Compiling sha1-x86_64-linux.S
[504/1213] Compiling sha1-x86_64-apple.S
[505/1213] Compiling sha1-armv8-win.S
[506/1213] Compiling sha1-armv8-apple.S
[507/1213] Compiling sha1-armv8-linux.S
[508/1213] Compiling sha1-armv4-large-linux.S
[509/1213] Compiling sha1-586-linux.S
[509/1213] Compiling sha1-586-apple.S
[511/1213] Compiling rsaz-avx2-linux.S
[512/1213] Compiling rsaz-avx2-apple.S
[513/1213] Compiling d1_lib.cc
[514/1213] Compiling rdrand-x86_64-linux.S
[515/1213] Compiling p256_beeu-x86_64-asm-linux.S
[516/1213] Compiling rdrand-x86_64-apple.S
[517/1213] Compiling p256_beeu-x86_64-asm-apple.S
[518/1213] Compiling p256_beeu-armv8-asm-win.S
[519/1213] Compiling p256_beeu-armv8-asm-apple.S
[520/1213] Compiling p256_beeu-armv8-asm-linux.S
[521/1213] Compiling p256-x86_64-asm-linux.S
[521/1213] Compiling p256-x86_64-asm-apple.S
[523/1213] Compiling p256-armv8-asm-win.S
[524/1213] Compiling p256-armv8-asm-apple.S
[525/1213] Compiling p256-armv8-asm-linux.S
[526/1213] Compiling ghashv8-armv8-apple.S
[527/1213] Compiling ghashv8-armv8-win.S
[528/1213] Compiling ghashv8-armv7-linux.S
[529/1213] Compiling ghashv8-armv8-linux.S
[530/1213] Compiling ghash-x86_64-linux.S
[531/1213] Compiling ghash-x86_64-apple.S
[532/1213] Compiling d1_both.cc
[533/1213] Compiling ghash-x86-linux.S
[534/1213] Compiling ghash-x86-apple.S
[535/1213] Compiling ghash-ssse3-x86_64-linux.S
[536/1213] Compiling ghash-ssse3-x86-linux.S
[537/1213] Compiling ghash-ssse3-x86_64-apple.S
[538/1213] Compiling ghash-ssse3-x86-apple.S
[539/1213] Compiling ghash-neon-armv8-win.S
[540/1213] Compiling ghash-neon-armv8-linux.S
[541/1213] Compiling ghash-neon-armv8-apple.S
[542/1213] Compiling ghash-armv4-linux.S
[543/1213] Compiling co-586-linux.S
[544/1213] Compiling bsaes-armv7-linux.S
[544/1213] Compiling co-586-apple.S
[546/1213] Compiling bn-armv8-win.S
[547/1213] Compiling bn-armv8-linux.S
[548/1213] Compiling bn-armv8-apple.S
[549/1213] Compiling bn-586-linux.S
[550/1213] Compiling bn-586-apple.S
[551/1213] Compiling armv8-mont-win.S
[552/1213] Compiling armv8-mont-apple.S
[553/1213] Compiling armv8-mont-linux.S
[554/1213] Compiling armv4-mont-linux.S
[555/1213] Compiling aesv8-gcm-armv8-win.S
[556/1213] Compiling aesv8-armv8-win.S
[557/1213] Compiling aesv8-gcm-armv8-apple.S
[558/1213] Compiling aesv8-gcm-armv8-linux.S
[559/1213] Compiling aesv8-armv8-apple.S
[560/1213] Compiling aesv8-armv8-linux.S
[561/1213] Compiling aesv8-armv7-linux.S
[562/1213] Compiling aesni-x86_64-linux.S
[563/1213] Compiling aesni-x86_64-apple.S
[564/1213] Compiling aesni-x86-linux.S
[565/1213] Compiling aesni-x86-apple.S
[565/1213] Compiling aesni-gcm-x86_64-linux.S
[567/1213] Compiling aes-gcm-avx2-x86_64-linux.S
[568/1213] Compiling aesni-gcm-x86_64-apple.S
[569/1213] Compiling aes-gcm-avx2-x86_64-apple.S
[570/1213] Compiling aes-gcm-avx10-x86_64-linux.S
[571/1213] Compiling aes-gcm-avx10-x86_64-apple.S
[572/1213] Compiling x_spki.cc
[573/1213] Compiling x_x509a.cc
[574/1213] Compiling x_val.cc
[575/1213] Compiling x_sig.cc
[576/1213] Compiling x_req.cc
[577/1213] Compiling x_pubkey.cc
[578/1213] Compiling x_x509.cc
[579/1213] Compiling x_name.cc
[580/1213] Compiling x_exten.cc
[581/1213] Compiling x509spki.cc
[582/1213] Compiling x_algor.cc
[583/1213] Compiling x_attrib.cc
[584/1213] Compiling x_crl.cc
[585/1213] Compiling x509rset.cc
[586/1213] Compiling x_all.cc
[587/1213] Compiling x509name.cc
[588/1213] Compiling x509_txt.cc
[588/1213] Compiling x509cset.cc
[590/1213] Compiling x509_v3.cc
[591/1213] Compiling x509_vpm.cc
[592/1213] Compiling x509_trs.cc
[593/1213] Compiling x509_set.cc
[594/1213] Compiling x509_vfy.cc
[595/1213] Compiling x509_req.cc
[596/1213] Compiling x509_def.cc
[596/1213] Compiling x509_d2.cc
[598/1213] Compiling x509_ext.cc
[599/1213] Compiling x509_obj.cc
[600/1213] Compiling x509_cmp.cc
[601/1213] Compiling x509_lu.cc
[602/1213] Compiling x509.cc
[603/1213] Compiling x509_att.cc
[604/1213] Compiling v3_skey.cc
[605/1213] Compiling v3_prn.cc
[606/1213] Compiling v3_pmaps.cc
[607/1213] Compiling v3_pcons.cc
[608/1213] Compiling v3_purp.cc
[609/1213] Compiling v3_utl.cc
[610/1213] Compiling v3_ocsp.cc
[611/1213] Compiling v3_ncons.cc
[612/1213] Compiling v3_int.cc
[613/1213] Compiling v3_lib.cc
[614/1213] Compiling v3_ia5.cc
[615/1213] Compiling v3_info.cc
[616/1213] Compiling v3_enum.cc
[616/1213] Compiling v3_extku.cc
[618/1213] Compiling v3_genn.cc
[619/1213] Compiling v3_crld.cc
[620/1213] Compiling v3_cpols.cc
[621/1213] Compiling v3_bitst.cc
[622/1213] Compiling v3_bcons.cc
[623/1213] Compiling v3_conf.cc
[624/1213] Compiling v3_akeya.cc
[625/1213] Compiling v3_akey.cc
[626/1213] Compiling v3_alt.cc
[627/1213] Compiling t_x509a.cc
[628/1213] Compiling i2d_pr.cc
[629/1213] Compiling t_crl.cc
[630/1213] Compiling t_x509.cc
[631/1213] Compiling t_req.cc
[632/1213] Compiling rsa_pss.cc
[633/1213] Compiling name_print.cc
[634/1213] Compiling policy.cc
[635/1213] Compiling by_file.cc
[636/1213] Compiling by_dir.cc
[637/1213] Compiling algorithm.cc
[638/1213] Compiling trust_token.cc
[638/1213] Compiling a_verify.cc
[640/1213] Compiling asn1_gen.cc
[641/1213] Compiling voprf.cc
[642/1213] Compiling a_digest.cc
[643/1213] Compiling a_sign.cc
[644/1213] Compiling thread.cc
[645/1213] Compiling thread_none.cc
[646/1213] Compiling thread_win.cc
[647/1213] Compiling thread_pthread.cc
[648/1213] Compiling stack.cc
[649/1213] Compiling pmbtoken.cc
[650/1213] Compiling slhdsa.cc
[651/1213] Compiling spake2plus.cc
[652/1213] Compiling sha512.cc
[653/1213] Compiling sha1.cc
[654/1213] Compiling sha256.cc
[655/1213] Compiling siphash.cc
[656/1213] Compiling rsa_print.cc
[657/1213] Compiling rsa_extra.cc
[658/1213] Compiling rsa_crypt.cc
[659/1213] Compiling windows.cc
[660/1213] Compiling rc4.cc
[661/1213] Compiling refcount.cc
[662/1213] Compiling urandom.cc
[663/1213] Compiling trusty.cc
[664/1213] Compiling rsa_asn1.cc
[665/1213] Compiling rand.cc
[666/1213] Compiling passive.cc
[667/1213] Compiling poly1305_arm_asm.S
[668/1213] Compiling ios.cc
[669/1213] Compiling getentropy.cc
[670/1213] Compiling deterministic.cc
[671/1213] Compiling forkunsafe.cc
[672/1213] Compiling fork_detect.cc
[673/1213] Compiling poly1305_vec.cc
[674/1213] Compiling pool.cc
[675/1213] Compiling poly1305_arm.cc
[676/1213] Compiling poly1305.cc
[677/1213] Compiling pkcs7.cc
[678/1213] Compiling pkcs8.cc
[679/1213] Compiling p5_pbev2.cc
[680/1213] Compiling pkcs8_x509.cc
[681/1213] Compiling pkcs7_x509.cc
[682/1213] Compiling pem_x509.cc
[683/1213] Compiling pem_xaux.cc
[684/1213] Compiling pem_pkey.cc
[685/1213] Compiling pem_pk8.cc
[686/1213] Compiling pem_lib.cc
[687/1213] Compiling pem_oth.cc
[688/1213] Compiling mlkem.cc
[689/1213] Compiling obj_xref.cc
[689/1213] Compiling pem_info.cc
[691/1213] Compiling pem_all.cc
[692/1213] Compiling obj.cc
[693/1213] Compiling mldsa.cc
[694/1213] Compiling poly_rq_mul.S
[695/1213] Compiling fips_shared_support.cc
[696/1213] Compiling md5.cc
[697/1213] Compiling mem.cc
[698/1213] Compiling lhash.cc
[698/1213] Compiling md4.cc
[700/1213] Compiling kyber.cc
[701/1213] Compiling ex_data.cc
[702/1213] Compiling sign.cc
[703/1213] Compiling hrss.cc
[704/1213] Compiling scrypt.cc
[705/1213] Compiling print.cc
[706/1213] Compiling hpke.cc
[707/1213] Compiling pbkdf.cc
[708/1213] Compiling p_x25519.cc
[709/1213] Compiling p_x25519_asn1.cc
[710/1213] Compiling p_rsa_asn1.cc
[711/1213] Compiling p_ed25519.cc
[712/1213] Compiling p_rsa.cc
[713/1213] Compiling p_hkdf.cc
[714/1213] Compiling p_ed25519_asn1.cc
[715/1213] Compiling p_ec_asn1.cc
[716/1213] Compiling p_ec.cc
[717/1213] Compiling p_dh_asn1.cc
[718/1213] Compiling evp_ctx.cc
[719/1213] Compiling p_dh.cc
[720/1213] Compiling p_dsa_asn1.cc
[721/1213] Compiling err.cc
[722/1213] Compiling evp.cc
[723/1213] Compiling evp_asn1.cc
[724/1213] Compiling engine.cc
[725/1213] Compiling ecdh.cc
[726/1213] Compiling ecdsa_asn1.cc
[727/1213] Compiling ec_derive.cc
[728/1213] Compiling hash_to_curve.cc
[729/1213] Compiling dsa.cc
[730/1213] Compiling dsa_asn1.cc
[731/1213] Compiling ec_asn1.cc
[732/1213] Compiling bcm.cc
[733/1213] Compiling x25519-asm-arm.S
[734/1213] Compiling digest_extra.cc
[735/1213] Compiling des.cc
[736/1213] Compiling params.cc
[737/1213] Compiling curve25519_64_adx.cc
[738/1213] Compiling dh_asn1.cc
[739/1213] Compiling spake25519.cc
[740/1213] Compiling curve25519.cc
[741/1213] Compiling crypto.cc
[742/1213] Compiling cpu_intel.cc
[743/1213] Compiling cpu_arm_linux.cc
[744/1213] Compiling cpu_arm_freebsd.cc
[745/1213] Compiling cpu_aarch64_win.cc
[746/1213] Compiling cpu_aarch64_linux.cc
[747/1213] Compiling cpu_aarch64_openbsd.cc
[748/1213] Compiling cpu_aarch64_sysreg.cc
[749/1213] Compiling cpu_aarch64_fuchsia.cc
[750/1213] Compiling conf.cc
[751/1213] Compiling tls_cbc.cc
[752/1213] Compiling get_cipher.cc
[753/1213] Compiling cpu_aarch64_apple.cc
[754/1213] Compiling e_tls.cc
[755/1213] Compiling e_null.cc
[756/1213] Compiling e_rc4.cc
[757/1213] Compiling e_rc2.cc
[758/1213] Compiling derive_key.cc
[759/1213] Compiling e_chacha20poly1305.cc
[760/1213] Compiling e_des.cc
[761/1213] Compiling e_aesgcmsiv.cc
[762/1213] Compiling e_aesctrhmac.cc
[763/1213] Compiling chacha.cc
[764/1213] Compiling ber.cc
[765/1213] Compiling buf.cc
[766/1213] Compiling unicode.cc
[767/1213] Compiling asn1_compat.cc
[768/1213] Compiling cbs.cc
[769/1213] Compiling cbb.cc
[770/1213] Compiling bn_asn1.cc
[771/1213] Compiling convert.cc
[772/1213] Compiling socket.cc
[773/1213] Compiling socket_helper.cc
[774/1213] Compiling blake2.cc
[775/1213] Compiling pair.cc
[776/1213] Compiling printf.cc
[777/1213] Compiling hexdump.cc
[778/1213] Compiling file.cc
[779/1213] Compiling fd.cc
[780/1213] Compiling errno.cc
[781/1213] Compiling connect.cc
[782/1213] Compiling bio_mem.cc
[783/1213] Compiling base64.cc
[784/1213] Compiling bio.cc
[785/1213] Compiling tasn_typ.cc
[786/1213] Compiling tasn_utl.cc
[787/1213] Compiling tasn_fre.cc
[788/1213] Compiling tasn_enc.cc
[789/1213] Compiling tasn_new.cc
[790/1213] Compiling f_string.cc
[791/1213] Compiling posix_time.cc
[792/1213] Compiling tasn_dec.cc
[793/1213] Compiling f_int.cc
[794/1213] Compiling a_utctm.cc
[795/1213] Compiling asn1_lib.cc
[796/1213] Compiling a_octet.cc
[797/1213] Compiling a_type.cc
[798/1213] Compiling a_time.cc
[799/1213] Compiling a_strnid.cc
[800/1213] Compiling a_strex.cc
[801/1213] Compiling a_object.cc
[802/1213] Compiling a_i2d_fp.cc
[803/1213] Compiling a_dup.cc
[804/1213] Compiling CGoogleGaxCRC32C CGoogleGaxCRC32C.c
[805/1213] Compiling a_d2i_fp.cc
[806/1213] Compiling a_mbstr.cc
[807/1213] Compiling fiat_p256_adx_sqr.S
[808/1213] Compiling a_gentm.cc
[809/1213] Compiling fiat_p256_adx_mul.S
[810/1213] Compiling a_int.cc
[811/1213] Compiling fiat_curve25519_adx_mul.S
[812/1213] Compiling md5-x86_64-linux.S
[812/1213] Compiling fiat_curve25519_adx_square.S
[814/1213] Compiling md5-x86_64-apple.S
[815/1213] Compiling md5-586-apple.S
[816/1213] Compiling md5-586-linux.S
[817/1213] Compiling chacha20_poly1305_x86_64-apple.S
[818/1213] Compiling chacha20_poly1305_armv8-win.S
[819/1213] Compiling CCryptoBoringSSLShims shims.c
[820/1213] Compiling chacha20_poly1305_armv8-apple.S
[821/1213] Compiling chacha-x86_64-linux.S
[822/1213] Compiling chacha-x86_64-apple.S
[823/1213] Compiling chacha20_poly1305_armv8-linux.S
[824/1213] Compiling a_bool.cc
[825/1213] Compiling chacha-x86-apple.S
[826/1213] Compiling chacha-x86-linux.S
[827/1213] Compiling chacha-armv8-win.S
[828/1213] Compiling chacha-armv8-apple.S
[829/1213] Compiling chacha-armv4-linux.S
[830/1213] Compiling aes128gcmsiv-x86_64-apple.S
[831/1213] Compiling aes128gcmsiv-x86_64-linux.S
[832/1213] Compiling x86_64-mont5-linux.S
[833/1213] Compiling chacha-armv8-linux.S
[834/1213] Compiling x86_64-mont-linux.S
[835/1213] Compiling x86_64-mont5-apple.S
[836/1213] Compiling x86-mont-linux.S
[837/1213] Compiling x86-mont-apple.S
[838/1213] Compiling vpaes-x86_64-linux.S
[838/1213] Compiling x86_64-mont-apple.S
[840/1213] Compiling vpaes-x86_64-apple.S
[841/1213] Compiling vpaes-x86-apple.S
[842/1213] Compiling vpaes-armv8-win.S
[843/1213] Compiling vpaes-armv8-apple.S
[844/1213] Compiling vpaes-x86-linux.S
[845/1213] Compiling vpaes-armv8-linux.S
[846/1213] Compiling vpaes-armv7-linux.S
[847/1213] Compiling sha512-x86_64-linux.S
[848/1213] Compiling sha512-x86_64-apple.S
[849/1213] Compiling sha512-armv8-win.S
[850/1213] Compiling sha512-armv8-apple.S
[851/1213] Compiling sha512-armv4-linux.S
[852/1213] Compiling sha512-armv8-linux.S
[853/1213] Compiling sha512-586-linux.S
[854/1213] Compiling sha512-586-apple.S
[855/1213] Compiling sha256-x86_64-linux.S
[856/1213] Compiling sha256-x86_64-apple.S
[857/1213] Compiling sha256-armv8-apple.S
[858/1213] Compiling sha256-armv4-linux.S
[859/1213] Compiling sha256-armv8-win.S
[860/1213] Compiling sha256-586-linux.S
[861/1213] Compiling sha256-586-apple.S
[862/1213] Compiling sha256-armv8-linux.S
[863/1213] Compiling sha1-x86_64-linux.S
[864/1213] Compiling sha1-armv8-win.S
[865/1213] Compiling sha1-x86_64-apple.S
[866/1213] Compiling sha1-armv4-large-linux.S
[867/1213] Compiling sha1-armv8-linux.S
[868/1213] Compiling sha1-586-apple.S
[869/1213] Compiling rsaz-avx2-apple.S
[870/1213] Compiling rsaz-avx2-linux.S
[871/1213] Compiling sha1-586-linux.S
[872/1213] Compiling rdrand-x86_64-apple.S
[873/1213] Compiling rdrand-x86_64-linux.S
[874/1213] Compiling p256_beeu-armv8-asm-win.S
[875/1213] Compiling p256_beeu-x86_64-asm-linux.S
[876/1213] Compiling p256_beeu-armv8-asm-apple.S
[876/1213] Compiling p256_beeu-x86_64-asm-apple.S
[878/1213] Compiling p256_beeu-armv8-asm-linux.S
[879/1213] Compiling p256-x86_64-asm-apple.S
[880/1213] Compiling p256-x86_64-asm-linux.S
[881/1213] Compiling p256-armv8-asm-win.S
[882/1213] Compiling ghashv8-armv8-win.S
[883/1213] Compiling p256-armv8-asm-apple.S
[884/1213] Compiling ghashv8-armv8-apple.S
[885/1213] Compiling p256-armv8-asm-linux.S
[886/1213] Compiling ghashv8-armv8-linux.S
[887/1213] Compiling ghashv8-armv7-linux.S
[888/1213] Compiling ghash-x86-apple.S
[889/1213] Compiling ghash-x86_64-linux.S
[890/1213] Compiling ghash-x86-linux.S
[891/1213] Compiling ghash-x86_64-apple.S
[892/1213] Compiling ghash-ssse3-x86_64-linux.S
[893/1213] Compiling ghash-ssse3-x86_64-apple.S
[894/1213] Compiling ghash-ssse3-x86-linux.S
[895/1213] Compiling ghash-ssse3-x86-apple.S
[896/1213] Compiling ghash-neon-armv8-linux.S
[897/1213] Compiling ghash-neon-armv8-win.S
[898/1213] Compiling ghash-neon-armv8-apple.S
[899/1213] Compiling co-586-linux.S
[900/1213] Compiling co-586-apple.S
[901/1213] Compiling ghash-armv4-linux.S
[902/1213] Compiling bsaes-armv7-linux.S
[903/1213] Compiling bn-armv8-win.S
[904/1213] Compiling bn-armv8-linux.S
[905/1213] Compiling bn-armv8-apple.S
[906/1213] Compiling bn-586-apple.S
[907/1213] Compiling bn-586-linux.S
[908/1213] Compiling armv8-mont-win.S
[909/1213] Compiling armv8-mont-apple.S
[910/1213] Compiling armv8-mont-linux.S
[910/1213] Compiling armv4-mont-linux.S
[912/1213] Compiling aesv8-gcm-armv8-win.S
[913/1213] Compiling aesv8-gcm-armv8-linux.S
[914/1213] Compiling aesv8-armv8-linux.S
[915/1213] Compiling aesv8-armv8-win.S
[915/1213] Compiling aesv8-gcm-armv8-apple.S
[917/1213] Compiling aesv8-armv8-apple.S
[918/1213] Compiling aesv8-armv7-linux.S
[919/1213] Compiling aesni-x86_64-apple.S
[919/1213] Compiling aesni-x86_64-linux.S
[921/1213] Compiling aesni-x86-linux.S
[922/1213] Compiling aesni-x86-apple.S
[923/1213] Compiling aesni-gcm-x86_64-apple.S
[924/1213] Compiling aesni-gcm-x86_64-linux.S
[925/1213] Compiling aes-gcm-avx512-x86_64-linux.S
[926/1213] Compiling aes-gcm-avx2-x86_64-linux.S
[927/1213] Compiling aes-gcm-avx512-x86_64-apple.S
[928/1213] Compiling aes-gcm-avx2-x86_64-apple.S
[929/1213] Compiling xwing.cc
[930/1213] Compiling x_sig.cc
[931/1213] Compiling x_req.cc
[932/1213] Compiling x_x509a.cc
[933/1213] Compiling x_spki.cc
[934/1213] Compiling x_x509.cc
[935/1213] Compiling c-nioatomics.c
[936/1213] Compiling x_pubkey.cc
[937/1213] Compiling x_name.cc
[938/1213] Compiling x_crl.cc
[939/1213] Compiling x_exten.cc
[940/1213] Compiling x_attrib.cc
[941/1213] Compiling c-atomics.c
[942/1220] Compiling x_all.cc
[943/1220] Compiling x509spki.cc
[944/1220] Compiling x_algor.cc
[946/1220] Compiling NIOConcurrencyHelpers NIOLock.swift
[946/1220] Compiling x509name.cc
[948/1220] Emitting module NIOConcurrencyHelpers
[949/1220] Compiling NIOConcurrencyHelpers NIOAtomic.swift
[950/1220] Compiling NIOConcurrencyHelpers lock.swift
[951/1220] Compiling NIOConcurrencyHelpers NIOLockedValueBox.swift
[952/1220] Compiling NIOConcurrencyHelpers NIOThreadPoolWorkAvailable.swift
[953/1220] Compiling NIOConcurrencyHelpers atomics.swift
[953/1220] Compiling x509rset.cc
[955/1221] Compiling x509cset.cc
[956/1221] Wrapping AST for NIOConcurrencyHelpers for debugging
[957/1221] Compiling x509_vpm.cc
[958/1221] Compiling x509_vfy.cc
[959/1221] Compiling x509_v3.cc
[959/1221] Compiling x509_txt.cc
[961/1221] Compiling x509_trs.cc
[962/1221] Compiling x509_set.cc
[963/1221] Compiling x509_req.cc
[964/1221] Compiling x509_obj.cc
[965/1221] Compiling x509_lu.cc
[966/1221] Compiling x509_ext.cc
[967/1221] Compiling x509_d2.cc
[967/1221] Compiling x509_def.cc
[969/1221] Compiling x509_cmp.cc
[970/1221] Compiling x509.cc
[971/1221] Compiling x509_att.cc
[972/1221] Compiling v3_utl.cc
[973/1221] Compiling v3_skey.cc
[974/1221] Compiling v3_prn.cc
[975/1221] Compiling v3_pmaps.cc
[976/1221] Compiling v3_purp.cc
[977/1221] Compiling v3_pcons.cc
[978/1221] Compiling v3_ocsp.cc
[979/1221] Compiling v3_ncons.cc
[980/1221] Compiling v3_lib.cc
[981/1221] Compiling v3_int.cc
[982/1221] Compiling v3_ia5.cc
[983/1221] Compiling v3_info.cc
[983/1221] Compiling v3_genn.cc
[985/1221] Compiling v3_extku.cc
[986/1221] Compiling v3_enum.cc
[987/1221] Compiling v3_crld.cc
[988/1221] Compiling v3_cpols.cc
[989/1221] Compiling v3_conf.cc
[990/1221] Compiling v3_bitst.cc
[991/1221] Compiling v3_bcons.cc
[992/1221] Compiling v3_alt.cc
[993/1221] Compiling v3_akeya.cc
[994/1221] Compiling v3_akey.cc
[995/1221] Compiling t_x509a.cc
[996/1221] Compiling t_x509.cc
[997/1221] Compiling t_req.cc
[998/1221] Compiling t_crl.cc
[999/1221] Compiling rsa_pss.cc
[1000/1221] Compiling policy.cc
[1001/1221] Compiling i2d_pr.cc
[1002/1221] Compiling name_print.cc
[1003/1221] Compiling by_file.cc
[1004/1221] Compiling by_dir.cc
[1005/1221] Compiling asn1_gen.cc
[1006/1221] Compiling algorithm.cc
[1007/1221] Compiling a_verify.cc
[1008/1221] Compiling a_digest.cc
[1009/1221] Compiling a_sign.cc
[1010/1221] Compiling voprf.cc
[1011/1221] Compiling thread_win.cc
[1012/1221] Compiling trust_token.cc
[1013/1221] Compiling thread_none.cc
[1014/1221] Compiling thread_pthread.cc
[1015/1221] Compiling thread.cc
[1016/1221] Compiling stack.cc
[1017/1221] Compiling pmbtoken.cc
[1018/1221] Compiling spake2plus.cc
[1019/1221] Compiling siphash.cc
[1019/1221] Compiling sha512.cc
[1021/1221] Compiling sha256.cc
[1022/1221] Compiling sha1.cc
[1023/1221] Compiling rsa_print.cc
[1024/1221] Compiling slhdsa.cc
[1025/1221] Compiling rsa_extra.cc
[1026/1221] Compiling rc4.cc
[1027/1221] Compiling refcount.cc
[1028/1221] Compiling windows.cc
[1029/1221] Compiling rsa_crypt.cc
[1030/1221] Compiling trusty.cc
[1031/1221] Compiling rand.cc
[1032/1221] Compiling urandom.cc
[1033/1221] Compiling rsa_asn1.cc
[1034/1221] Compiling ios.cc
[1035/1221] Compiling passive.cc
[1036/1221] Compiling getentropy.cc
[1037/1221] Compiling poly1305_arm_asm.S
[1038/1221] Compiling forkunsafe.cc
[1039/1221] Compiling deterministic.cc
[1040/1221] Compiling fork_detect.cc
[1041/1221] Compiling pool.cc
[1042/1221] Compiling poly1305_vec.cc
[1043/1221] Compiling poly1305_arm.cc
[1044/1221] Compiling poly1305.cc
[1045/1221] Compiling pkcs8.cc
[1046/1221] Compiling p5_pbev2.cc
[1047/1221] Compiling pkcs8_x509.cc
[1048/1221] Compiling pkcs7_x509.cc
[1049/1221] Compiling pkcs7.cc
[1050/1221] Compiling pem_xaux.cc
[1051/1221] Compiling pem_x509.cc
[1052/1221] Compiling pem_pkey.cc
[1053/1221] Compiling mlkem.cc
[1054/1221] Compiling pem_oth.cc
[1055/1221] Compiling pem_pk8.cc
[1056/1221] Compiling pem_lib.cc
[1057/1221] Compiling pem_info.cc
[1058/1221] Compiling obj_xref.cc
[1059/1221] Compiling pem_all.cc
[1060/1221] Compiling obj.cc
[1061/1221] Compiling poly_rq_mul.S
[1062/1221] Compiling mldsa.cc
[1063/1221] Compiling mem.cc
[1064/1221] Compiling fips_shared_support.cc
[1065/1221] Compiling lhash.cc
[1066/1221] Compiling md5.cc
[1067/1221] Compiling md4.cc
[1068/1221] Compiling kyber.cc
[1069/1221] Compiling fuzzer_mode.cc
[1070/1221] Compiling hrss.cc
[1071/1221] Compiling ex_data.cc
[1072/1221] Compiling hpke.cc
[1073/1221] Compiling scrypt.cc
[1074/1221] Compiling print.cc
[1075/1221] Compiling sign.cc
[1076/1221] Compiling pbkdf.cc
[1077/1221] Compiling p_x25519_asn1.cc
[1078/1221] Compiling p_x25519.cc
[1079/1221] Compiling p_rsa_asn1.cc
[1080/1221] Compiling p_rsa.cc
[1081/1221] Compiling p_ed25519_asn1.cc
[1082/1221] Compiling p_hkdf.cc
[1083/1221] Compiling p_ed25519.cc
[1084/1221] Compiling p_ec.cc
[1085/1221] Compiling p_ec_asn1.cc
[1086/1221] Compiling p_dsa_asn1.cc
[1087/1221] Compiling p_dh.cc
[1088/1221] Compiling p_dh_asn1.cc
[1089/1221] Compiling evp_ctx.cc
[1090/1221] Compiling evp_asn1.cc
[1090/1221] Compiling err.cc
[1092/1221] Compiling ecdsa_p1363.cc
[1093/1221] Compiling engine.cc
[1094/1221] Compiling evp.cc
[1095/1221] Compiling ecdh.cc
[1096/1221] Compiling ecdsa_asn1.cc
[1097/1221] Compiling ec_derive.cc
[1098/1221] Compiling hash_to_curve.cc
[1099/1221] Compiling dsa.cc
[1100/1221] Compiling ec_asn1.cc
[1101/1221] Compiling dsa_asn1.cc
[1102/1221] Compiling digest_extra.cc
[1103/1221] Compiling x25519-asm-arm.S
[1104/1221] Compiling curve25519_64_adx.cc
[1105/1221] Compiling params.cc
[1106/1221] Compiling dh_asn1.cc
[1107/1221] Compiling des.cc
[1108/1221] Compiling spake25519.cc
[1109/1221] Compiling cpu_intel.cc
[1110/1221] Compiling curve25519.cc
[1111/1221] Compiling crypto.cc
[1112/1221] Compiling cpu_arm_linux.cc
[1113/1221] Compiling cpu_arm_freebsd.cc
[1114/1221] Compiling cpu_aarch64_win.cc
[1115/1221] Compiling cpu_aarch64_sysreg.cc
[1116/1221] Compiling cpu_aarch64_openbsd.cc
[1117/1221] Compiling cpu_aarch64_linux.cc
[1118/1221] Compiling cpu_aarch64_fuchsia.cc
[1119/1221] Compiling cpu_aarch64_apple.cc
[1120/1221] Compiling conf.cc
[1121/1221] Compiling get_cipher.cc
[1122/1221] Compiling tls_cbc.cc
[1123/1221] Compiling e_rc4.cc
[1124/1221] Compiling e_tls.cc
[1125/1221] Compiling cms.cc
[1126/1221] Compiling e_rc2.cc
[1127/1221] Compiling e_null.cc
[1128/1221] Compiling e_des.cc
[1129/1221] Compiling e_chacha20poly1305.cc
[1130/1221] Compiling e_aesgcmsiv.cc
[1131/1221] Compiling e_aeseax.cc
[1132/1221] Compiling e_aesctrhmac.cc
[1133/1221] Compiling derive_key.cc
[1134/1221] Compiling chacha.cc
[1135/1221] Compiling unicode.cc
[1136/1221] Compiling buf.cc
[1137/1221] Compiling sqrt.cc
[1138/1221] Compiling cbs.cc
[1139/1221] Compiling ber.cc
[1140/1221] Compiling exponentiation.cc
[1141/1221] Compiling asn1_compat.cc
[1142/1221] Compiling cbb.cc
[1143/1221] Compiling div.cc
[1144/1221] Compiling printf.cc
[1145/1221] Compiling blake2.cc
[1146/1221] Compiling pair.cc
[1147/1221] Compiling hexdump.cc
[1148/1221] Compiling bn_asn1.cc
[1149/1221] Compiling convert.cc
[1150/1221] Compiling file.cc
[1151/1221] Compiling fd.cc
[1152/1221] Compiling errno.cc
[1153/1221] Compiling bio_mem.cc
[1154/1221] Compiling bio.cc
[1155/1221] Compiling base64.cc
[1156/1221] Compiling tasn_typ.cc
[1157/1221] Compiling tasn_utl.cc
[1158/1221] Compiling tasn_fre.cc
[1159/1221] Compiling tasn_enc.cc
[1160/1221] Compiling tasn_new.cc
[1161/1221] Compiling posix_time.cc
[1162/1221] Compiling tasn_dec.cc
[1163/1221] Compiling f_string.cc
[1164/1221] Compiling f_int.cc
[1165/1221] Compiling asn_pack.cc
[1166/1221] Compiling asn1_par.cc
[1167/1221] Compiling bcm.cc
[1168/1221] Compiling asn1_lib.cc
[1169/1221] Compiling a_octet.cc
[1170/1221] Compiling a_utctm.cc
[1171/1221] Compiling a_type.cc
[1171/1221] Compiling a_time.cc
[1173/1221] Compiling a_object.cc
[1174/1221] Compiling a_mbstr.cc
[1175/1221] Compiling a_i2d_fp.cc
[1176/1221] Compiling a_dup.cc
[1177/1221] Write sources
[1178/1221] Compiling CAsyncHTTPClient CAsyncHTTPClient.c
[1179/1221] Write sources
[1181/1264] Compiling a_d2i_fp.cc
[1182/1264] Compiling a_gentm.cc
[1183/1264] Compiling a_int.cc
[1185/1264] Compiling Algorithms EitherSequence.swift
[1186/1264] Compiling Algorithms FirstNonNil.swift
[1186/1266] Compiling aes.cc
[1188/1266] Compiling Algorithms Split.swift
[1189/1266] Compiling Algorithms Stride.swift
[1190/1266] Compiling Algorithms Keyed.swift
[1191/1266] Compiling Algorithms MinMax.swift
[1191/1266] Compiling a_bitstr.cc
[1193/1266] Compiling Algorithms Intersperse.swift
[1194/1266] Compiling Algorithms Joined.swift
[1194/1266] Compiling a_bool.cc
[1196/1266] Compiling Atomics IntegerOperations.swift
[1197/1266] Compiling Atomics Unmanaged extensions.swift
[1198/1266] Compiling Algorithms AdjacentPairs.swift
[1199/1266] Compiling Algorithms Chain.swift
[1200/1266] Compiling Algorithms Chunked.swift
[1204/1277] Compiling Algorithms Combinations.swift
[1205/1277] Compiling Algorithms Compacted.swift
[1206/1277] Compiling Algorithms Cycle.swift
[1207/1277] Compiling Algorithms RandomSample.swift
[1208/1277] Compiling Algorithms Reductions.swift
[1209/1277] Compiling Algorithms Rotate.swift
[1210/1277] Compiling Algorithms Trim.swift
[1211/1277] Compiling Algorithms Unique.swift
[1212/1277] Compiling Algorithms Windows.swift
[1214/1277] Compiling Algorithms Permutations.swift
[1215/1277] Compiling Algorithms Product.swift
[1219/1277] Compiling CryptoBoringWrapper RandomBytes.swift
[1224/1277] Compiling Algorithms FlattenCollection.swift
[1225/1277] Compiling Algorithms Grouped.swift
[1226/1277] Compiling Algorithms Indexed.swift
[1228/1277] Compiling CryptoBoringWrapper FiniteFieldArithmeticContext.swift
[1229/1277] Compiling CryptoBoringWrapper CryptoKitErrors_boring.swift
[1230/1277] Compiling CryptoBoringWrapper BoringSSLAEAD.swift
[1231/1277] Compiling CryptoBoringWrapper ArbitraryPrecisionInteger.swift
[1232/1277] Compiling CryptoBoringWrapper EllipticCurve.swift
[1233/1277] Compiling CryptoBoringWrapper EllipticCurvePoint.swift
[1234/1277] Emitting module CryptoBoringWrapper
[1235/1278] Wrapping AST for CryptoBoringWrapper for debugging
[1237/1330] Emitting module Atomics
[1238/1362] Compiling Crypto ASN1Null.swift
[1239/1362] Compiling Crypto ASN1OctetString.swift
[1240/1362] Compiling Crypto ASN1Strings.swift
[1241/1362] Compiling Crypto ArraySliceBigint.swift
[1242/1362] Compiling Crypto PKCS8PrivateKey.swift
[1243/1362] Compiling Crypto SEC1PrivateKey.swift
[1244/1362] Compiling Crypto SubjectPublicKeyInfo.swift
[1246/1363] Emitting module Algorithms
[1246/1364] Wrapping AST for Atomics for debugging
[1248/1428] Wrapping AST for Algorithms for debugging
[1250/1428] Compiling NIOCore IPProtocol.swift
[1251/1428] Compiling NIOCore IntegerBitPacking.swift
[1252/1428] Compiling NIOCore IntegerTypes.swift
[1253/1428] Compiling NIOCore Interfaces.swift
[1254/1428] Compiling NIOCore Linux.swift
[1255/1428] Compiling NIOCore MarkedCircularBuffer.swift
[1256/1428] Compiling NIOCore MulticastChannel.swift
[1257/1428] Compiling NIOCore NIOAny.swift
[1258/1428] Compiling NIOCore NIOCloseOnErrorHandler.swift
[1259/1428] Compiling NIOCore NIOCoreSendableMetatype.swift
[1260/1428] Compiling NIOCore NIODecodedAsyncSequence.swift
[1261/1428] Compiling NIOCore NIOLoopBound.swift
[1262/1439] Compiling Crypto CryptoKitErrors.swift
[1263/1439] Compiling Crypto Digest_boring.swift
[1264/1439] Compiling Crypto Digest.swift
[1265/1439] Compiling Crypto Digests.swift
[1266/1439] Compiling Crypto HashFunctions.swift
[1267/1439] Compiling Crypto HashFunctions_SHA2.swift
[1268/1439] Compiling Crypto HashFunctions_SHA3.swift
[1269/1439] Compiling Crypto Digest_xkcp.swift
[1270/1439] Compiling Crypto HPKE-AEAD.swift
[1271/1439] Compiling Crypto HPKE-Ciphersuite.swift
[1272/1439] Compiling Crypto HPKE-KDF.swift
[1273/1439] Compiling Crypto HPKE-KexKeyDerivation.swift
[1274/1439] Compiling NIOCore AddressedEnvelope.swift
[1275/1439] Compiling NIOCore AsyncAwaitSupport.swift
[1276/1439] Compiling NIOCore AsyncChannel.swift
[1277/1439] Compiling NIOCore AsyncChannelHandler.swift
[1278/1439] Compiling NIOCore AsyncChannelInboundStream.swift
[1279/1439] Compiling NIOCore AsyncChannelOutboundWriter.swift
[1280/1439] Compiling NIOCore NIOAsyncSequenceProducer.swift
[1281/1439] Compiling NIOCore NIOAsyncSequenceProducerStrategies.swift
[1282/1439] Compiling NIOCore NIOAsyncWriter.swift
[1283/1439] Compiling NIOCore ByteBuffer-multi-int.swift
[1284/1439] Compiling NIOCore ByteBuffer-quicBinaryEncodingStrategy.swift
[1285/1439] Compiling NIOCore ByteBuffer-views.swift
[1295/1447] Compiling NIOCore EventLoopFuture+Deprecated.swift
[1296/1447] Compiling NIOCore EventLoopFuture+WithEventLoop.swift
[1297/1447] Compiling NIOCore EventLoopFuture.swift
[1298/1447] Compiling NIOCore FileDescriptor.swift
[1299/1447] Compiling NIOCore FileHandle.swift
[1300/1447] Compiling NIOCore FileRegion.swift
[1301/1447] Compiling NIOCore GlobalSingletons.swift
[1302/1447] Compiling NIOCore IO.swift
[1303/1447] Compiling NIOCore IOData.swift
[1304/1447] Compiling NIOCore EventLoop+SerialExecutor.swift
[1305/1447] Compiling NIOCore EventLoop.swift
[1306/1447] Compiling NIOCore EventLoopFuture+AssumeIsolated.swift
[1307/1447] Compiling NIOCore SingleStepByteToMessageDecoder.swift
[1308/1447] Compiling NIOCore SocketAddresses.swift
[1309/1447] Compiling NIOCore SocketOptionProvider.swift
[1310/1447] Compiling NIOCore SystemCallHelpers.swift
[1311/1447] Compiling NIOCore TimeAmount+Duration.swift
[1312/1447] Compiling NIOCore TypeAssistedChannelHandler.swift
[1313/1447] Compiling NIOCore UniversalBootstrapSupport.swift
[1314/1447] Compiling NIOCore Utilities.swift
[1315/1447] Compiling NIOCore ByteBuffer-hex.swift
[1316/1447] Compiling NIOCore ByteBuffer-int.swift
[1317/1447] Compiling NIOCore ByteBuffer-lengthPrefix.swift
[1327/1447] Compiling NIOCore NIOPooledRecvBufferAllocator.swift
[1328/1447] Compiling NIOCore NIOScheduledCallback.swift
[1329/1447] Compiling NIOCore NIOSendable.swift
[1330/1447] Compiling NIOCore NIOSplitLinesMessageDecoder.swift
[1331/1447] Compiling NIOCore NIOTransportAccessibleChannelCore.swift
[1332/1447] Compiling NIOCore RecvByteBufferAllocator.swift
[1333/1447] Compiling NIOCore CircularBuffer.swift
[1334/1447] Compiling NIOCore Codec.swift
[1335/1447] Compiling NIOCore ConvenienceOptionSupport.swift
[1336/1447] Compiling NIOCore DeadChannel.swift
[1337/1447] Compiling NIOCore DispatchQueue+WithFuture.swift
[1338/1447] Compiling NIOCore EventLoop+Deprecated.swift
[1339/1447] Emitting module Crypto
[1340/1447] Compiling NIOCore Channel.swift
[1341/1447] Compiling NIOCore ChannelHandler.swift
[1342/1447] Compiling NIOCore ChannelHandlers.swift
[1343/1447] Compiling NIOCore ChannelInvoker.swift
[1344/1447] Compiling NIOCore ChannelOption.swift
[1345/1447] Compiling NIOCore ChannelPipeline.swift
[1346/1447] Compiling NIOCore NIOThrowingAsyncSequenceProducer.swift
[1347/1447] Compiling NIOCore BSDSocketAPI.swift
[1348/1447] Compiling NIOCore ByteBuffer-aux.swift
[1349/1447] Compiling NIOCore ByteBuffer-binaryEncodedLengthPrefix.swift
[1350/1447] Compiling NIOCore ByteBuffer-conversions.swift
[1351/1447] Compiling NIOCore ByteBuffer-core.swift
[1352/1447] Compiling Crypto Signature.swift
[1353/1447] Compiling Crypto CryptoKitErrors_boring.swift
[1354/1447] Compiling Crypto Optional+withUnsafeBytes_boring.swift
[1355/1447] Compiling Crypto RNG_boring.swift
[1356/1447] Compiling Crypto SafeCompare_boring.swift
[1357/1447] Compiling Crypto Zeroization_boring.swift
[1358/1447] Compiling Crypto _CryptoModuleAnchor.swift
[1359/1447] Compiling Crypto PrettyBytes.swift
[1360/1447] Compiling Crypto SafeCompare.swift
[1361/1447] Compiling Crypto SecureBytes.swift
[1362/1447] Compiling Crypto Zeroization.swift
[1390/1448] Wrapping AST for Crypto for debugging
[1392/1510] Compiling CryptoExtras PBKDF2.swift
[1393/1510] Compiling CryptoExtras Scrypt_boring.swift
[1394/1510] Compiling CryptoExtras Scrypt.swift
[1395/1510] Compiling CryptoExtras OPRF.swift
[1396/1510] Compiling CryptoExtras OPRFClient.swift
[1397/1510] Compiling CryptoExtras OPRFServer.swift
[1398/1510] Compiling CryptoExtras VOPRF+API.swift
[1399/1510] Compiling CryptoExtras VOPRFClient.swift
[1400/1510] Compiling CryptoExtras VOPRFServer.swift
[1401/1510] Emitting module CryptoExtras
[1402/1518] Compiling CryptoExtras Data+Extensions.swift
[1403/1518] Compiling CryptoExtras DigestType.swift
[1404/1518] Compiling CryptoExtras Error.swift
[1405/1518] Compiling CryptoExtras I2OSP.swift
[1406/1518] Compiling CryptoExtras IntegerEncoding.swift
[1407/1518] Compiling CryptoExtras PEMDocument.swift
[1408/1518] Compiling CryptoExtras PrettyBytes.swift
[1409/1518] Compiling CryptoExtras SubjectPublicKeyInfo.swift
[1410/1518] Compiling CryptoExtras ThreadSpecific.swift
[1411/1518] Compiling CryptoExtras ThreadWindows.swift
[1412/1518] Compiling CryptoExtras DLEQ.swift
[1413/1518] Compiling CryptoExtras Prover.swift
[1414/1518] Compiling CryptoExtras Verifier.swift
[1415/1518] Compiling CryptoExtras ZKPToolbox.swift
[1418/1518] Compiling CryptoExtras AES_CBC.swift
[1419/1518] Compiling CryptoExtras AES_CFB.swift
[1420/1518] Compiling CryptoExtras AES_CTR.swift
[1421/1518] Compiling CryptoExtras AES_GCM_SIV.swift
[1422/1518] Compiling CryptoExtras Block Function.swift
[1423/1518] Compiling CryptoExtras AES_CBC_boring.swift
[1424/1518] Compiling CryptoExtras AES_CFB_boring.swift
[1425/1518] Compiling CryptoExtras AES_CTR_boring.swift
[1426/1518] Compiling CryptoExtras AES_GCM_SIV_boring.swift
[1427/1518] Compiling CryptoExtras ThreadOps.swift
[1428/1518] Compiling CryptoExtras ThreadPosix.swift
[1435/1518] Compiling CryptoExtras PKCS8DERRepresentation.swift
[1436/1518] Compiling CryptoExtras PKCS8PrivateKey.swift
[1437/1518] Compiling CryptoExtras RFC8410AlgorithmIdentifier.swift
[1438/1518] Compiling CryptoExtras ECToolbox_boring.swift
[1439/1518] Compiling CryptoExtras ECToolbox.swift
[1440/1518] Compiling CryptoExtras HashToField.swift
[1441/1518] Compiling CryptoExtras KDF.swift
[1442/1518] Compiling CryptoExtras PBKDF2_boring.swift
[1443/1518] Compiling CryptoExtras PBKDF2_commoncrypto.swift
[1444/1518] Compiling CryptoExtras CMAC.swift
[1445/1518] Compiling CryptoExtras ARC+API.swift
[1446/1518] Compiling CryptoExtras ARC.swift
[1447/1518] Compiling CryptoExtras ARCCredential.swift
[1448/1518] Compiling CryptoExtras ARCEncoding.swift
[1449/1518] Compiling CryptoExtras ARCPrecredential.swift
[1450/1518] Compiling CryptoExtras ARCPresentation.swift
[1451/1518] Compiling CryptoExtras ARCRequest.swift
[1452/1518] Compiling CryptoExtras ARCResponse.swift
[1462/1518] Compiling CryptoExtras ARCServer.swift
[1463/1518] Compiling CryptoExtras ChaCha20CTR_boring.swift
[1464/1518] Compiling CryptoExtras ChaCha20CTR.swift
[1465/1518] Compiling CryptoExtras BoringSSLSHA512256Context.swift
[1466/1518] Compiling CryptoExtras BoringSSLSHA512256HashFunction.swift
[1467/1518] Compiling CryptoExtras SHA512256.swift
[1468/1518] Compiling CryptoExtras SHA512256Digest.swift
[1469/1518] Compiling CryptoExtras Curve25519+PEM.swift
[1470/1518] Compiling CryptoExtras ObjectIdentifier.swift
[1471/1518] Compiling CryptoExtras BoringSSLPassphraseCallbackManager.swift
[1472/1518] Compiling CryptoExtras RSA+BlindSigning.swift
[1473/1518] Compiling CryptoExtras RSA.swift
[1474/1518] Compiling CryptoExtras RSA_boring.swift
[1475/1518] Compiling CryptoExtras Reexport.swift
[1476/1518] Compiling CryptoExtras Zeroization_boring.swift
[1477/1518] Compiling CryptoExtras BoringSSLHelpers.swift
[1478/1518] Compiling CryptoExtras CryptoKitErrors_boring.swift
[1479/1519] Wrapping AST for CryptoExtras for debugging
[1481/1521] Emitting module _CryptoExtras
[1482/1521] Compiling _CryptoExtras Exports.swift
[1483/1522] Wrapping AST for _CryptoExtras for debugging
[1485/1617] Compiling X509 CertificateSerialNumber.swift
[1486/1617] Compiling X509 CertificateVersion.swift
[1487/1617] Compiling X509 CMSAttribute.swift
[1488/1617] Compiling X509 CMSContentInfo.swift
[1489/1617] Compiling X509 CMSEncapsulatedContentInfo.swift
[1490/1617] Compiling X509 DomainComponent.swift
[1491/1617] Compiling X509 EmailAddress.swift
[1492/1617] Compiling X509 LocalityName.swift
[1493/1617] Compiling X509 OrganizationName.swift
[1494/1617] Emitting module NIOCore
[1495/1648] Wrapping AST for NIOCore for debugging
[1497/1675] Compiling NIOFoundationEssentialsCompat Codable+ByteBuffer.swift
[1498/1675] Emitting module NIOEmbedded
[1499/1675] Compiling NIOFoundationEssentialsCompat ByteBuffer-foundation.swift
[1500/1675] Emitting module NIOFoundationEssentialsCompat
[1501/1676] Wrapping AST for NIOFoundationEssentialsCompat for debugging
[1503/1676] Compiling X509 OneOfPolicies.swift
[1504/1676] Compiling X509 PolicyBuilder.swift
[1505/1676] Compiling X509 BasicConstraintsPolicy.swift
[1506/1676] Compiling X509 DNSNames.swift
[1507/1676] Compiling X509 ExpiryPolicy.swift
[1508/1676] Compiling X509 IPConstraints.swift
[1509/1676] Compiling X509 NameConstraintsPolicy.swift
[1510/1676] Compiling X509 RFC5280Policy.swift
[1511/1676] Compiling X509 URIConstraints.swift
[1512/1676] Compiling X509 VersionPolicy.swift
[1513/1676] Compiling X509 ServerIdentityPolicy.swift
[1514/1676] Compiling X509 TrustRootLoading.swift
[1515/1676] Compiling X509 UnverifiedChain.swift
[1516/1676] Compiling X509 PKCS8PrivateKey.swift
[1517/1676] Compiling X509 PromiseAndFuture.swift
[1518/1676] Compiling X509 RDNAttribute.swift
[1519/1676] Compiling X509 RandomNumberGenerator+bytes.swift
[1520/1676] Compiling X509 RelativeDistinguishedName.swift
[1521/1676] Compiling X509 SEC1PrivateKey.swift
[1522/1676] Compiling X509 SecKeyWrapper.swift
[1523/1676] Compiling X509 Signature.swift
[1524/1676] Compiling X509 SignatureAlgorithm.swift
[1525/1676] Compiling X509 AllOfPolicies.swift
[1526/1676] Compiling X509 AnyPolicy.swift
[1527/1676] Compiling X509 CertificateStore.swift
[1528/1676] Compiling X509 CustomCertificateStore.swift
[1529/1689] Compiling NIOEmbedded AsyncTestingEventLoop.swift
[1530/1689] Compiling NIOEmbedded AsyncTestingChannel.swift
[1531/1689] Compiling NIOEmbedded Embedded.swift
[1532/1690] Wrapping AST for NIOEmbedded for debugging
[1534/1690] Compiling NIOPosix PipeChannel.swift
[1535/1690] Compiling NIOPosix PipePair.swift
[1536/1690] Compiling NIOPosix Pool.swift
[1537/1690] Compiling NIOPosix PosixSingletons+ConcurrencyTakeOver.swift
[1538/1690] Compiling NIOPosix PosixSingletons.swift
[1539/1690] Compiling NIOPosix RawSocketBootstrap.swift
[1540/1690] Compiling NIOPosix Resolver.swift
[1541/1690] Compiling NIOPosix BSDSocketAPICommon.swift
[1542/1690] Compiling NIOPosix BSDSocketAPIPosix.swift
[1543/1690] Compiling NIOPosix BSDSocketAPIWindows.swift
[1544/1690] Compiling NIOPosix BaseSocket.swift
[1545/1690] Compiling NIOPosix BaseSocketChannel+AccessibleTransport.swift
[1546/1690] Compiling NIOPosix BaseSocketChannel+SocketOptionProvider.swift
[1547/1690] Compiling NIOPosix BaseSocketChannel.swift
[1555/1697] Compiling NIOPosix SelectorUring.swift
[1556/1697] Compiling NIOPosix SelectorWSAPoll.swift
[1557/1697] Compiling NIOPosix ServerSocket.swift
[1558/1697] Compiling NIOPosix Socket.swift
[1559/1697] Compiling NIOPosix SocketChannel.swift
[1560/1697] Compiling NIOPosix SocketProtocols.swift
[1561/1697] Compiling NIOPosix StructuredConcurrencyHelpers.swift
[1562/1697] Compiling NIOPosix System.swift
[1563/1697] Compiling NIOPosix Thread.swift
[1564/1697] Compiling NIOPosix ThreadPosix.swift
[1565/1697] Compiling NIOPosix ThreadWindows.swift
[1566/1697] Compiling NIOPosix Utilities.swift
[1567/1697] Compiling NIOPosix VsockAddress.swift
[1568/1697] Compiling NIOPosix VsockChannelEvents.swift
[1569/1697] Compiling NIOPosix Windows.swift
[1570/1697] Compiling X509 SubjectAlternativeName.swift
[1571/1697] Compiling X509 SubjectKeyIdentifier.swift
[1572/1697] Compiling X509 Extension.swift
[1573/1697] Compiling X509 Extensions.swift
[1574/1697] Compiling X509 ExtensionsBuilder.swift
[1575/1697] Compiling X509 GeneralName.swift
[1576/1697] Compiling X509 Lock.swift
[1577/1697] Compiling X509 LockedValueBox.swift
[1578/1697] Compiling X509 BasicOCSPResponse.swift
[1579/1697] Compiling X509 DirectoryString.swift
[1580/1697] Compiling X509 OCSPCertID.swift
[1581/1697] Compiling X509 OCSPCertStatus.swift
[1582/1697] Compiling NIOPosix MultiThreadedEventLoopGroup.swift
[1583/1697] Compiling NIOPosix NIOPosixSendableMetatype.swift
[1584/1697] Compiling NIOPosix NIORandomizedDNSResolver.swift
[1585/1697] Compiling NIOPosix NIOThreadPool.swift
[1586/1697] Compiling NIOPosix NonBlockingFileIO.swift
[1587/1697] Compiling NIOPosix PendingDatagramWritesManager.swift
[1588/1697] Compiling NIOPosix PendingWritesManager.swift
[1589/1697] Compiling NIOPosix Selectable.swift
[1590/1697] Compiling NIOPosix SelectableChannel.swift
[1591/1697] Compiling NIOPosix SelectableEventLoop.swift
[1592/1697] Compiling NIOPosix SelectorEpoll.swift
[1593/1697] Compiling NIOPosix SelectorGeneric.swift
[1594/1697] Compiling NIOPosix SelectorKqueue.swift
[1595/1697] Compiling NIOPosix BaseStreamSocketChannel.swift
[1596/1697] Compiling NIOPosix Bootstrap.swift
[1597/1697] Compiling NIOPosix ControlMessage.swift
[1598/1697] Compiling NIOPosix DatagramVectorReadManager.swift
[1599/1697] Compiling NIOPosix Errors+Any.swift
[1600/1697] Compiling NIOPosix FileDescriptor.swift
[1601/1697] Compiling NIOPosix GetaddrinfoResolver.swift
[1602/1697] Compiling NIOPosix HappyEyeballs.swift
[1603/1697] Compiling NIOPosix IO.swift
[1604/1697] Compiling NIOPosix IntegerBitPacking.swift
[1605/1697] Compiling NIOPosix IntegerTypes.swift
[1606/1697] Compiling NIOPosix Linux.swift
[1607/1697] Compiling NIOPosix LinuxCPUSet.swift
[1608/1697] Compiling NIOPosix LinuxUring.swift
[1609/1697] Emitting module NIOPosix
[1631/1697] Emitting module X509
[1660/1698] Wrapping AST for NIOPosix for debugging
[1662/1700] Compiling NIO Exports.swift
[1663/1700] Emitting module NIO
[1664/1701] Wrapping AST for NIO for debugging
[1666/1740] Compiling X509 ValidatedCertificateChain.swift
[1667/1740] Compiling X509 VerificationDiagnostic.swift
[1668/1740] Compiling X509 Verifier.swift
[1669/1740] Compiling X509 VerifierPolicy.swift
[1670/1740] Compiling X509 AlgorithmIdentifier.swift
[1671/1740] Compiling X509 ECDSASignature.swift
[1672/1740] Compiling X509 RSAPKCS1PublicKey.swift
[1673/1740] Compiling X509 SubjectPublicKeyInfo.swift
[1674/1740] Compiling X509 TBSCertificate.swift
[1675/1740] Compiling X509 Time.swift
[1676/1740] Compiling X509 TimeCalculations.swift
[1677/1740] Compiling X509 Validity.swift
[1678/1740] Compiling X509 X509SendableMetatype.swift
[1680/1741] Compiling NIOTLS TLSEvents.swift
[1681/1741] Compiling NIOSOCKS SelectedAuthenticationMethod.swift
[1682/1742] Compiling NIOFoundationCompat WaitSpinningRunLoop.swift
[1683/1742] Compiling NIOFoundationCompat JSONSerialization+ByteBuffer.swift
[1684/1742] Emitting module NIOFoundationCompat
[1685/1742] Compiling NIOFoundationCompat Exports.swift
[1686/1743] Compiling NIOSOCKS Errors.swift
[1687/1743] Compiling NIOSOCKS Helpers.swift
[1688/1743] Wrapping AST for X509 for debugging
[1689/1772] Wrapping AST for NIOFoundationCompat for debugging
[1691/1810] Compiling NIOSOCKS SOCKSResponse.swift
[1692/1810] Compiling NIOSOCKS ClientStateMachine.swift
[1693/1810] Compiling NIOTLS ProtocolNegotiationHandlerStateMachine.swift
[1694/1810] Compiling NIOTLS SNIHandler.swift
[1695/1810] Emitting module NIOTLS
[1696/1810] Compiling NIOTLS NIOTypedApplicationProtocolNegotiationHandler.swift
[1697/1810] Compiling JWTKit SubjectClaim.swift
[1698/1810] Compiling JWTKit TenantIDClaim.swift
[1699/1810] Compiling NIOTLS ApplicationProtocolNegotiationHandler.swift
[1701/1811] Compiling JWTKit LocaleClaim.swift
[1702/1811] Compiling JWTKit NotBeforeClaim.swift
[1703/1811] Emitting module NIOSOCKS
[1703/1831] Wrapping AST for NIOTLS for debugging
[1705/1841] Compiling NIOSOCKS ServerStateMachine.swift
[1706/1841] Compiling NIOSSL SSLCertificate.swift
[1707/1841] Compiling NIOSSL SSLCertificateExtensions.swift
[1708/1843] Compiling NIOSSL NIOSSLClientHandler.swift
[1709/1843] Compiling NIOSSL NIOSSLHandler+Configuration.swift
[1710/1844] Wrapping AST for NIOSOCKS for debugging
[1712/1844] Compiling JWTKit JWTSerializer.swift
[1713/1844] Compiling JWTKit JWTSigner.swift
[1714/1844] Compiling JWTKit JWTKeyCollection+MLDSA.swift
[1715/1844] Compiling JWTKit MLDSA.swift
[1716/1844] Compiling JWTKit MLDSA65+MLDSAKey.swift
[1717/1844] Compiling JWTKit MLDSA87+MLDSAKey.swift
[1718/1844] Compiling JWTKit MLDSAError.swift
[1719/1844] Compiling JWTKit MLDSAKey.swift
[1720/1844] Compiling JWTKit MLDSASigner.swift
[1721/1844] Compiling NIOSSL FreeBSDCABundle.swift
[1722/1844] Compiling NIOSSL IdentityVerification.swift
[1723/1853] Compiling NIOSSL ObjectIdentifier.swift
[1724/1853] Compiling NIOSSL PosixPort.swift
[1725/1853] Compiling NIOSSL AndroidCABundle.swift
[1726/1853] Compiling NIOSSL ByteBufferBIO.swift
[1727/1853] Compiling NIOSSL CustomPrivateKey.swift
[1730/1853] Compiling NIOSSL LinuxCABundle.swift
[1733/1853] Compiling NIOSSL NIOSSLHandler.swift
[1736/1853] Compiling NIOSSL SSLCertificateName.swift
[1737/1853] Compiling NIOSSL SSLConnection.swift
[1738/1853] Compiling NIOSSL NIOSSLServerHandler.swift
[1741/1853] Compiling NIOHTTP1 NIOTypedHTTPServerUpgradeHandler.swift
[1742/1853] Compiling NIOHTTP1 NIOTypedHTTPServerUpgraderStateMachine.swift
[1743/1853] Compiling NIOSSL SSLPublicKey.swift
[1744/1853] Compiling NIOSSL SecurityFrameworkCertificateVerification.swift
[1745/1853] Compiling JWTKit MLDSAType.swift
[1746/1853] Compiling JWTKit JWTKeyCollection+UnsecuredNone.swift
[1747/1853] Compiling JWTKit UnsecuredNoneSigner.swift
[1748/1853] Compiling JWTKit JWTKeyCollection+RSA.swift
[1749/1853] Compiling JWTKit RSA.swift
[1750/1853] Compiling JWTKit RSAError.swift
[1751/1853] Compiling JWTKit RSASigner.swift
[1752/1853] Compiling JWTKit Base64URL.swift
[1753/1853] Compiling JWTKit CryptoSigner.swift
[1756/1853] Emitting module JWTKit
[1757/1853] Compiling NIOSSL String+unsafeUninitializedCapacity.swift
[1758/1853] Compiling NIOSSL SSLContext.swift
[1759/1853] Compiling NIOSSL SSLErrors.swift
[1760/1853] Compiling NIOSSL SSLInit.swift
[1761/1853] Compiling NIOSSL SSLPKCS12Bundle.swift
[1762/1853] Compiling NIOSSL SubjectAlternativeName.swift
[1763/1853] Compiling NIOSSL NIOSSLSecureBytes.swift
[1764/1853] Compiling NIOSSL RNG.swift
[1765/1853] Compiling NIOSSL SafeCompare.swift
[1769/1853] Emitting module NIOHTTP1
[1770/1853] Compiling JWTKit AudienceClaim.swift
[1771/1853] Compiling JWTKit BoolClaim.swift
[1772/1853] Compiling JWTKit ExpirationClaim.swift
[1773/1853] Compiling JWTKit GoogleHostedDomainClaim.swift
[1774/1853] Compiling JWTKit IDClaim.swift
[1775/1853] Compiling JWTKit IssuedAtClaim.swift
[1776/1853] Compiling JWTKit IssuerClaim.swift
[1777/1853] Compiling JWTKit JWTClaim.swift
[1778/1853] Compiling JWTKit JWTMultiValueClaim.swift
[1779/1853] Compiling JWTKit JWTUnixEpochClaim.swift
[1780/1853] Compiling JWTKit JWTAlgorithm.swift
[1781/1853] Compiling JWTKit JWTError.swift
[1782/1853] Compiling JWTKit JWTHeader+CommonFields.swift
[1783/1853] Compiling JWTKit JWTHeader.swift
[1784/1853] Compiling JWTKit JWTHeaderField.swift
[1785/1853] Compiling JWTKit JWTKeyCollection.swift
[1786/1853] Compiling JWTKit JWTParser+MandatoryVerificationFields.swift
[1787/1853] Compiling JWTKit JWTParser.swift
[1788/1853] Compiling JWTKit JWTPayload.swift
[1796/1854] Wrapping AST for NIOHTTP1 for debugging
[1802/1875] Compiling NIOHPACK DynamicHeaderTable.swift
[1803/1875] Compiling NIOHPACK HPACKDecoder.swift
[1804/1875] Compiling NIOHPACK HPACKHeader.swift
[1805/1875] Compiling NIOHPACK HeaderTables.swift
[1806/1875] Compiling NIOHPACK HPACKEncoder.swift
[1809/1875] Compiling NIOHPACK IndexedHeaderTable.swift
[1810/1876] Compiling JWTKit CustomizedJSONCoders.swift
[1811/1876] Compiling JWTKit Utilities.swift
[1812/1876] Compiling JWTKit AppleIdentityToken.swift
[1813/1876] Compiling JWTKit FirebaseAuthIdentityToken.swift
[1814/1876] Compiling JWTKit GoogleIdentityToken.swift
[1815/1876] Compiling JWTKit MicrosoftIdentityToken.swift
[1816/1876] Compiling JWTKit EmptyPolicy.swift
[1817/1876] Compiling JWTKit ValidationTimePayload.swift
[1818/1876] Compiling JWTKit X5CVerifier.swift
[1819/1877] Compiling NIOHPACK HPACKErrors.swift
[1823/1877] Emitting module NIOSSL
[1833/1877] Compiling NIOHPACK IntegerCoding.swift
[1834/1877] Compiling NIOHTTPCompression HTTPDecompressor.swift
[1835/1877] Compiling NIOHTTPCompression HTTPDecompression.swift
[1835/1877] Wrapping AST for JWTKit for debugging
[1837/1877] Compiling NIOHTTPCompression HTTPRequestCompressor.swift
[1838/1877] Compiling NIOHTTPCompression HTTPCompression.swift
[1839/1877] Compiling NIOHTTPCompression HTTPResponseCompressor.swift
[1840/1877] Emitting module NIOHTTPCompression
[1841/1877] Compiling NIOHPACK HuffmanTables.swift
[1842/1878] Compiling NIOHPACK StaticHeaderTable.swift
[1846/1878] Compiling NIOHPACK HuffmanCoding.swift
[1849/1878] Emitting module NIOHPACK
[1849/1879] Wrapping AST for NIOHTTPCompression for debugging
[1851/1879] Wrapping AST for NIOHPACK for debugging
[1861/1942] Compiling NIOHTTP2 HasFlowControlWindows.swift
[1862/1942] Compiling NIOHTTP2 HasLocalSettings.swift
[1863/1942] Compiling NIOHTTP2 HasRemoteSettings.swift
[1864/1942] Compiling NIOHTTP2 LocallyQuiescingState.swift
[1865/1942] Compiling NIOHTTP2 QuiescingState.swift
[1866/1942] Compiling NIOHTTP2 RemotelyQuiescingState.swift
[1867/1942] Compiling NIOHTTP2 SendAndReceiveGoawayState.swift
[1868/1942] Compiling NIOHTTP2 StateMachineResult.swift
[1869/1942] Compiling NIOHTTP2 ContentLengthVerifier.swift
[1870/1950] Compiling NIOHTTP2 HTTP2PipelineHelpers.swift
[1871/1950] Compiling NIOHTTP2 HTTP2Settings.swift
[1872/1950] Compiling NIOHTTP2 HTTP2Stream.swift
[1873/1950] Compiling NIOHTTP2 HTTP2StreamChannel+OutboundStreamMultiplexer.swift
[1874/1951] Wrapping AST for NIOSSL for debugging
[1876/1951] Emitting module NIOHTTP2
[1877/1951] Compiling NIOHTTP2 MaySendFrames.swift
[1878/1951] Compiling NIOHTTP2 SendingDataState.swift
[1879/1951] Compiling NIOHTTP2 SendingGoawayState.swift
[1880/1951] Compiling NIOHTTP2 SendingHeadersState.swift
[1881/1951] Compiling NIOHTTP2 SendingPushPromiseState.swift
[1882/1951] Compiling NIOHTTP2 SendingRstStreamState.swift
[1883/1951] Compiling NIOHTTP2 SendingWindowUpdateState.swift
[1884/1951] Compiling NIOHTTP2 HTTP2SettingsState.swift
[1885/1951] Compiling NIOHTTP2 HasExtendedConnectSettings.swift
[1886/1951] Compiling NIOHTTP2 NIOHTTP2ServerConnectionManagementHandler.swift
[1887/1951] Compiling NIOHTTP2 StreamChannelFlowController.swift
[1888/1951] Compiling NIOHTTP2 StreamChannelList.swift
[1889/1951] Compiling NIOHTTP2 StreamMap.swift
[1890/1951] Compiling NIOHTTP2 StreamStateMachine.swift
[1891/1951] Compiling NIOHTTP2 Timer.swift
[1892/1951] Compiling NIOHTTP2 UnsafeTransfer.swift
[1893/1951] Compiling NIOHTTP2 WatermarkedFlowController.swift
[1894/1951] Compiling NIOHTTP2 ConnectionStateMachine.swift
[1895/1951] Compiling NIOHTTP2 ConnectionStreamsState.swift
[1896/1951] Compiling NIOHTTP2 MayReceiveFrames.swift
[1897/1951] Compiling NIOHTTP2 ReceivingDataState.swift
[1898/1951] Compiling NIOHTTP2 ReceivingGoAwayState.swift
[1899/1951] Compiling NIOHTTP2 ReceivingHeadersState.swift
[1900/1951] Compiling NIOHTTP2 ReceivingPushPromiseState.swift
[1901/1951] Compiling NIOHTTP2 ReceivingRstStreamState.swift
[1902/1951] Compiling NIOHTTP2 ReceivingWindowUpdateState.swift
[1903/1951] Compiling NIOHTTP2 DOSHeuristics.swift
[1904/1951] Compiling NIOHTTP2 Error+Any.swift
[1905/1951] Compiling NIOHTTP2 ConcurrentStreamBuffer.swift
[1906/1951] Compiling NIOHTTP2 ControlFrameBuffer.swift
[1907/1951] Compiling NIOHTTP2 OutboundFlowControlBuffer.swift
[1908/1951] Compiling NIOHTTP2 OutboundFrameBuffer.swift
[1909/1951] Compiling NIOHTTP2 GlitchesMonitor.swift
[1910/1951] Compiling NIOHTTP2 HPACKHeaders+Validation.swift
[1911/1951] Compiling NIOHTTP2 HTTP2ChannelHandler+InboundStreamMultiplexer.swift
[1912/1951] Compiling NIOHTTP2 HTTP2ChannelHandler+InlineStreamMultiplexer.swift
[1913/1951] Compiling NIOHTTP2 HTTP2ChannelHandler.swift
[1914/1951] Compiling NIOHTTP2 HTTP2CommonInboundStreamMultiplexer.swift
[1915/1951] Compiling NIOHTTP2 HTTP2ConnectionStateChange.swift
[1916/1951] Compiling NIOHTTP2 HTTP2Error.swift
[1917/1951] Compiling NIOHTTP2 HTTP2ErrorCode.swift
[1918/1951] Compiling NIOHTTP2 HTTP2FlowControlWindow.swift
[1919/1951] Compiling NIOHTTP2 HTTP2Frame.swift
[1920/1951] Compiling NIOHTTP2 HTTP2FrameEncoder.swift
[1921/1951] Compiling NIOHTTP2 HTTP2FrameParser.swift
[1922/1951] Compiling NIOHTTP2 HTTP2PingData.swift
[1927/1951] Compiling NIOHTTP2 HTTP2StreamChannel.swift
[1928/1951] Compiling NIOHTTP2 HTTP2StreamDelegate.swift
[1929/1951] Compiling NIOHTTP2 HTTP2StreamID.swift
[1930/1951] Compiling NIOHTTP2 HTTP2StreamMultiplexer.swift
[1931/1951] Compiling NIOHTTP2 HTTP2ToHTTP1Codec.swift
[1932/1951] Compiling NIOHTTP2 HTTP2UserEvents.swift
[1933/1951] Compiling NIOHTTP2 InboundEventBuffer.swift
[1934/1951] Compiling NIOHTTP2 InboundWindowManager.swift
[1935/1951] Compiling NIOHTTP2 MultiplexerAbstractChannel.swift
[1936/1951] Compiling NIOHTTP2 NIOHTTP2FrameDelegate.swift
[1937/1951] Compiling NIOHTTP2 NIOHTTP2ServerConnectionManagementHandler+StateMachine.swift
[1938/1952] Wrapping AST for NIOHTTP2 for debugging
[1940/2016] Compiling AsyncHTTPClient AnyAsyncSequence.swift
[1941/2016] Compiling AsyncHTTPClient AnyAsyncSequenceProucerDelete.swift
[1942/2016] Compiling AsyncHTTPClient AsyncLazySequence.swift
[1943/2016] Compiling AsyncHTTPClient HTTPClient+execute.swift
[1944/2016] Compiling AsyncHTTPClient HTTPClient+shutdown.swift
[1945/2016] Compiling AsyncHTTPClient HTTPClient+tracing.swift
[1946/2016] Compiling AsyncHTTPClient HTTPClientRequest+Prepared.swift
[1947/2016] Compiling AsyncHTTPClient HTTPClientRequest+auth.swift
[1948/2016] Compiling AsyncHTTPClient HTTPClientRequest.swift
[1949/2024] Emitting module AsyncHTTPClient
[1950/2024] Compiling AsyncHTTPClient HTTPClientResponse.swift
[1951/2024] Compiling AsyncHTTPClient SingleIteratorPrecondition.swift
[1952/2024] Compiling AsyncHTTPClient Transaction+StateMachine.swift
[1953/2024] Compiling AsyncHTTPClient Transaction.swift
[1954/2024] Compiling AsyncHTTPClient Base64.swift
[1955/2024] Compiling AsyncHTTPClient BasicAuth.swift
[1956/2024] Compiling AsyncHTTPClient BestEffortHashableTLSConfiguration.swift
[1957/2024] Compiling AsyncHTTPClient Configuration+BrowserLike.swift
[1958/2024] Compiling AsyncHTTPClient ConnectionPool.swift
[1959/2024] Compiling AsyncHTTPClient LRUCache.swift
[1960/2024] Compiling AsyncHTTPClient NIOLoopBound+Execute.swift
[1961/2024] Compiling AsyncHTTPClient NWErrorHandler.swift
[1962/2024] Compiling AsyncHTTPClient NWWaitingHandler.swift
[1963/2024] Compiling AsyncHTTPClient TLSConfiguration.swift
[1964/2024] Compiling AsyncHTTPClient RedirectState.swift
[1965/2024] Compiling AsyncHTTPClient RequestBag+StateMachine.swift
[1966/2024] Compiling AsyncHTTPClient RequestBag+Tracing.swift
[1967/2024] Compiling AsyncHTTPClient RequestBag.swift
[1968/2024] Compiling AsyncHTTPClient RequestValidation.swift
[1969/2024] Compiling AsyncHTTPClient SSLContextCache.swift
[1970/2024] Compiling AsyncHTTPClient Scheme.swift
[1971/2024] Compiling AsyncHTTPClient Singleton.swift
[1972/2024] Compiling AsyncHTTPClient StringConvertibleInstances.swift
[1973/2024] Compiling AsyncHTTPClient StructuredConcurrencyHelpers.swift
[1974/2024] Compiling AsyncHTTPClient TracingSupport.swift
[1975/2024] Compiling AsyncHTTPClient Utils.swift
[1976/2024] Compiling AsyncHTTPClient HTTP1ProxyConnectHandler.swift
[1977/2024] Compiling AsyncHTTPClient SOCKSEventsHandler.swift
[1978/2024] Compiling AsyncHTTPClient TLSEventsHandler.swift
[1979/2024] Compiling AsyncHTTPClient HTTP1ClientChannelHandler.swift
[1980/2024] Compiling AsyncHTTPClient HTTP1Connection.swift
[1981/2024] Compiling AsyncHTTPClient HTTP1ConnectionStateMachine.swift
[1982/2024] Compiling AsyncHTTPClient HTTP2ClientRequestHandler.swift
[1983/2024] Compiling AsyncHTTPClient HTTP2Connection.swift
[1984/2024] Compiling AsyncHTTPClient HTTP2IdleHandler.swift
[1985/2024] Compiling AsyncHTTPClient RequestOptions.swift
[1986/2024] Compiling AsyncHTTPClient HTTPConnectionPool+Backoff.swift
[1987/2024] Compiling AsyncHTTPClient HTTPConnectionPool+HTTP1Connections.swift
[1988/2024] Compiling AsyncHTTPClient HTTPConnectionPool+HTTP1StateMachine.swift
[1989/2024] Compiling AsyncHTTPClient HTTPConnectionPool+HTTP2Connections.swift
[1990/2024] Compiling AsyncHTTPClient HTTPConnectionPool+HTTP2StateMachine.swift
[1991/2024] Compiling AsyncHTTPClient HTTPConnectionPool+RequestQueue.swift
[1992/2024] Compiling AsyncHTTPClient HTTPConnectionPool+StateMachine.swift
[1993/2024] Compiling AsyncHTTPClient ConnectionTarget.swift
[1994/2024] Compiling AsyncHTTPClient HTTPConnectionEvent.swift
[1995/2024] Compiling AsyncHTTPClient HTTPConnectionPool+Factory.swift
[1996/2024] Compiling AsyncHTTPClient HTTPConnectionPool+Manager.swift
[1997/2024] Compiling AsyncHTTPClient HTTPConnectionPool.swift
[1998/2024] Compiling AsyncHTTPClient HTTPExecutableRequest.swift
[1999/2024] Compiling AsyncHTTPClient HTTPRequestStateMachine+Demand.swift
[2000/2024] Compiling AsyncHTTPClient HTTPRequestStateMachine.swift
[2001/2024] Compiling AsyncHTTPClient RequestBodyLength.swift
[2002/2024] Compiling AsyncHTTPClient RequestFramingMetadata.swift
[2003/2024] Compiling AsyncHTTPClient DeconstructedURL.swift
[2004/2024] Compiling AsyncHTTPClient FileDownloadDelegate.swift
[2005/2024] Compiling AsyncHTTPClient FoundationExtensions.swift
[2006/2024] Compiling AsyncHTTPClient HTTPClient+HTTPCookie.swift
[2007/2024] Compiling AsyncHTTPClient HTTPClient+Proxy.swift
[2008/2024] Compiling AsyncHTTPClient HTTPClient+StructuredConcurrency.swift
[2009/2024] Compiling AsyncHTTPClient HTTPClient.swift
[2010/2024] Compiling AsyncHTTPClient HTTPClientConfiguration+SwiftConfiguration.swift
[2011/2024] Compiling AsyncHTTPClient HTTPHandler.swift
[2012/2025] Wrapping AST for AsyncHTTPClient for debugging
[2014/2048] Emitting module GoogleAuth
[2015/2051] Compiling GoogleAuth ADC.swift
[2016/2051] Compiling GoogleAuth ADCPath.swift
[2017/2051] Compiling GoogleAuth ADCResolver.swift
[2018/2051] Compiling GoogleAuth AuthHeaders.swift
[2019/2051] Compiling GoogleAuth AnonymousCredentials.swift
[2020/2051] Compiling GoogleAuth ApiKeyCredentials.swift
[2021/2051] Compiling GoogleAuth ExternalAccountCredentials.swift
[2022/2051] Compiling GoogleAuth SubjectTokenProvider.swift
[2023/2051] Compiling GoogleAuth MDSAccessTokenProvider.swift
[2024/2051] Compiling GoogleAuth MDSCredentials.swift
[2025/2051] Compiling GoogleAuth UserAccountData.swift
[2026/2051] Compiling GoogleAuth UserAccountTokenProvider.swift
[2027/2051] Compiling GoogleAuth UserCredentials.swift
[2028/2051] Compiling GoogleAuth CredentialParserRegistry.swift
[2029/2051] Compiling GoogleAuth Credentials.swift
[2030/2051] Compiling GoogleAuth CredentialsError.swift
[2031/2051] Compiling GoogleAuth AuthHTTPClient.swift
[2032/2051] Compiling GoogleAuth AuthHTTPError.swift
[2033/2051] Compiling GoogleAuth RetryEngine.swift
[2034/2051] Compiling GoogleAuth ServiceAccountCredentials.swift
[2035/2051] Compiling GoogleAuth ServiceAccountData.swift
[2036/2051] Compiling GoogleAuth ServiceAccountTokenProvider.swift
[2037/2051] Compiling GoogleAuth STSHandler.swift
[2038/2051] Compiling GoogleAuth TokenCache.swift
[2039/2051] Compiling GoogleAuth PackageVersion.swift
[2040/2052] Wrapping AST for GoogleAuth for debugging
[2042/2110] Compiling GoogleGax Pagination.swift
/host/spi-builder-workspace/.build/checkouts/swift-google-gax/Sources/GoogleGax/Pagination.swift:44:22: error: cannot convert '@Sendable (String) async throws -> (response: ResponseType, items: [Item], nextToken: String)' to 'nonisolated(nonsending) @Sendable (String) async throws -> (response: ResponseType, items: [Item], nextToken: String)' because crossing of an isolation boundary requires parameter and result types to conform to 'Sendable' protocol
42 | ) where ResponseType: _PaginatedResponse<Item> {
43 | self.initialPageToken = initialPageToken ?? ""
44 | self.fetchPage = { token in
| |- error: cannot convert '@Sendable (String) async throws -> (response: ResponseType, items: [Item], nextToken: String)' to 'nonisolated(nonsending) @Sendable (String) async throws -> (response: ResponseType, items: [Item], nextToken: String)' because crossing of an isolation boundary requires parameter and result types to conform to 'Sendable' protocol
| `- note: type 'Item' does not conform to 'Sendable' protocol
45 | let response = try await listRpc(token)
46 | return (response, response._getPaginatedItems(), response._nextPageToken())
[2043/2110] Compiling GoogleGax PollingBackoffPolicy.swift
/host/spi-builder-workspace/.build/checkouts/swift-google-gax/Sources/GoogleGax/Pagination.swift:44:22: error: cannot convert '@Sendable (String) async throws -> (response: ResponseType, items: [Item], nextToken: String)' to 'nonisolated(nonsending) @Sendable (String) async throws -> (response: ResponseType, items: [Item], nextToken: String)' because crossing of an isolation boundary requires parameter and result types to conform to 'Sendable' protocol
42 | ) where ResponseType: _PaginatedResponse<Item> {
43 | self.initialPageToken = initialPageToken ?? ""
44 | self.fetchPage = { token in
| |- error: cannot convert '@Sendable (String) async throws -> (response: ResponseType, items: [Item], nextToken: String)' to 'nonisolated(nonsending) @Sendable (String) async throws -> (response: ResponseType, items: [Item], nextToken: String)' because crossing of an isolation boundary requires parameter and result types to conform to 'Sendable' protocol
| `- note: type 'Item' does not conform to 'Sendable' protocol
45 | let response = try await listRpc(token)
46 | return (response, response._getPaginatedItems(), response._nextPageToken())
[2044/2110] Compiling GoogleGax PollingErrorPolicy.swift
/host/spi-builder-workspace/.build/checkouts/swift-google-gax/Sources/GoogleGax/Pagination.swift:44:22: error: cannot convert '@Sendable (String) async throws -> (response: ResponseType, items: [Item], nextToken: String)' to 'nonisolated(nonsending) @Sendable (String) async throws -> (response: ResponseType, items: [Item], nextToken: String)' because crossing of an isolation boundary requires parameter and result types to conform to 'Sendable' protocol
42 | ) where ResponseType: _PaginatedResponse<Item> {
43 | self.initialPageToken = initialPageToken ?? ""
44 | self.fetchPage = { token in
| |- error: cannot convert '@Sendable (String) async throws -> (response: ResponseType, items: [Item], nextToken: String)' to 'nonisolated(nonsending) @Sendable (String) async throws -> (response: ResponseType, items: [Item], nextToken: String)' because crossing of an isolation boundary requires parameter and result types to conform to 'Sendable' protocol
| `- note: type 'Item' does not conform to 'Sendable' protocol
45 | let response = try await listRpc(token)
46 | return (response, response._getPaginatedItems(), response._nextPageToken())
[2045/2110] Compiling GoogleGax PollingResult.swift
/host/spi-builder-workspace/.build/checkouts/swift-google-gax/Sources/GoogleGax/Pagination.swift:44:22: error: cannot convert '@Sendable (String) async throws -> (response: ResponseType, items: [Item], nextToken: String)' to 'nonisolated(nonsending) @Sendable (String) async throws -> (response: ResponseType, items: [Item], nextToken: String)' because crossing of an isolation boundary requires parameter and result types to conform to 'Sendable' protocol
42 | ) where ResponseType: _PaginatedResponse<Item> {
43 | self.initialPageToken = initialPageToken ?? ""
44 | self.fetchPage = { token in
| |- error: cannot convert '@Sendable (String) async throws -> (response: ResponseType, items: [Item], nextToken: String)' to 'nonisolated(nonsending) @Sendable (String) async throws -> (response: ResponseType, items: [Item], nextToken: String)' because crossing of an isolation boundary requires parameter and result types to conform to 'Sendable' protocol
| `- note: type 'Item' does not conform to 'Sendable' protocol
45 | let response = try await listRpc(token)
46 | return (response, response._getPaginatedItems(), response._nextPageToken())
[2046/2110] Compiling GoogleGax PollingState.swift
/host/spi-builder-workspace/.build/checkouts/swift-google-gax/Sources/GoogleGax/Pagination.swift:44:22: error: cannot convert '@Sendable (String) async throws -> (response: ResponseType, items: [Item], nextToken: String)' to 'nonisolated(nonsending) @Sendable (String) async throws -> (response: ResponseType, items: [Item], nextToken: String)' because crossing of an isolation boundary requires parameter and result types to conform to 'Sendable' protocol
42 | ) where ResponseType: _PaginatedResponse<Item> {
43 | self.initialPageToken = initialPageToken ?? ""
44 | self.fetchPage = { token in
| |- error: cannot convert '@Sendable (String) async throws -> (response: ResponseType, items: [Item], nextToken: String)' to 'nonisolated(nonsending) @Sendable (String) async throws -> (response: ResponseType, items: [Item], nextToken: String)' because crossing of an isolation boundary requires parameter and result types to conform to 'Sendable' protocol
| `- note: type 'Item' does not conform to 'Sendable' protocol
45 | let response = try await listRpc(token)
46 | return (response, response._getPaginatedItems(), response._nextPageToken())
[2047/2110] Compiling GoogleGax ProtobufConversionError.swift
/host/spi-builder-workspace/.build/checkouts/swift-google-gax/Sources/GoogleGax/Pagination.swift:44:22: error: cannot convert '@Sendable (String) async throws -> (response: ResponseType, items: [Item], nextToken: String)' to 'nonisolated(nonsending) @Sendable (String) async throws -> (response: ResponseType, items: [Item], nextToken: String)' because crossing of an isolation boundary requires parameter and result types to conform to 'Sendable' protocol
42 | ) where ResponseType: _PaginatedResponse<Item> {
43 | self.initialPageToken = initialPageToken ?? ""
44 | self.fetchPage = { token in
| |- error: cannot convert '@Sendable (String) async throws -> (response: ResponseType, items: [Item], nextToken: String)' to 'nonisolated(nonsending) @Sendable (String) async throws -> (response: ResponseType, items: [Item], nextToken: String)' because crossing of an isolation boundary requires parameter and result types to conform to 'Sendable' protocol
| `- note: type 'Item' does not conform to 'Sendable' protocol
45 | let response = try await listRpc(token)
46 | return (response, response._getPaginatedItems(), response._nextPageToken())
[2048/2110] Compiling GoogleGax QueryParameter.swift
/host/spi-builder-workspace/.build/checkouts/swift-google-gax/Sources/GoogleGax/Pagination.swift:44:22: error: cannot convert '@Sendable (String) async throws -> (response: ResponseType, items: [Item], nextToken: String)' to 'nonisolated(nonsending) @Sendable (String) async throws -> (response: ResponseType, items: [Item], nextToken: String)' because crossing of an isolation boundary requires parameter and result types to conform to 'Sendable' protocol
42 | ) where ResponseType: _PaginatedResponse<Item> {
43 | self.initialPageToken = initialPageToken ?? ""
44 | self.fetchPage = { token in
| |- error: cannot convert '@Sendable (String) async throws -> (response: ResponseType, items: [Item], nextToken: String)' to 'nonisolated(nonsending) @Sendable (String) async throws -> (response: ResponseType, items: [Item], nextToken: String)' because crossing of an isolation boundary requires parameter and result types to conform to 'Sendable' protocol
| `- note: type 'Item' does not conform to 'Sendable' protocol
45 | let response = try await listRpc(token)
46 | return (response, response._getPaginatedItems(), response._nextPageToken())
[2049/2110] Compiling GoogleGax RequestError.swift
/host/spi-builder-workspace/.build/checkouts/swift-google-gax/Sources/GoogleGax/Pagination.swift:44:22: error: cannot convert '@Sendable (String) async throws -> (response: ResponseType, items: [Item], nextToken: String)' to 'nonisolated(nonsending) @Sendable (String) async throws -> (response: ResponseType, items: [Item], nextToken: String)' because crossing of an isolation boundary requires parameter and result types to conform to 'Sendable' protocol
42 | ) where ResponseType: _PaginatedResponse<Item> {
43 | self.initialPageToken = initialPageToken ?? ""
44 | self.fetchPage = { token in
| |- error: cannot convert '@Sendable (String) async throws -> (response: ResponseType, items: [Item], nextToken: String)' to 'nonisolated(nonsending) @Sendable (String) async throws -> (response: ResponseType, items: [Item], nextToken: String)' because crossing of an isolation boundary requires parameter and result types to conform to 'Sendable' protocol
| `- note: type 'Item' does not conform to 'Sendable' protocol
45 | let response = try await listRpc(token)
46 | return (response, response._getPaginatedItems(), response._nextPageToken())
[2050/2118] Compiling GoogleGax AIP194+PollingErrorPolicy.swift
[2051/2118] Compiling GoogleGax AIP194+RetryPolicy.swift
[2052/2118] Compiling GoogleGax AIP194.swift
[2053/2118] Compiling GoogleGax AdaptiveThrottler.swift
[2054/2118] Compiling GoogleGax AlwaysPoll.swift
[2055/2118] Compiling GoogleGax AlwaysRetry.swift
[2056/2118] Compiling GoogleGax ApiClientHeader.swift
[2057/2118] Compiling GoogleGax BackoffPolicy.swift
[2058/2118] Compiling GoogleGax BasePollingErrorPolicy.swift
[2059/2118] Emitting module GoogleGax
[2060/2118] Compiling GoogleGax RequestOptions.swift
[2061/2118] Compiling GoogleGax RetryLoop.swift
[2062/2118] Compiling GoogleGax RetryPolicy.swift
[2063/2118] Compiling GoogleGax RetryResult.swift
[2064/2118] Compiling GoogleGax RetryState.swift
[2065/2118] Compiling GoogleGax RetryThrottler.swift
[2066/2118] Compiling GoogleGax RetryThrottlerError.swift
[2067/2118] Compiling GoogleGax RoutingMatcher.swift
[2068/2118] Compiling GoogleGax LimitedAttemptCount+PollingErrorPolicy.swift
[2069/2118] Compiling GoogleGax LimitedAttemptCount+RetryPolicy.swift
[2070/2118] Compiling GoogleGax LimitedAttemptCount.swift
[2071/2118] Compiling GoogleGax LimitedElapsedTime+PollingErrorPolicy.swift
[2072/2118] Compiling GoogleGax LimitedElapsedTime+RetryPolicy.swift
[2073/2118] Compiling GoogleGax LimitedElapsedTime.swift
[2074/2118] Compiling GoogleGax LongRunningOperations.swift
[2075/2118] Compiling GoogleGax NeverRetry.swift
[2076/2118] Compiling GoogleGax ContinueOnIO.swift
[2077/2118] Compiling GoogleGax CredentialsProtocol.swift
[2078/2118] Compiling GoogleGax ErrorWrapper.swift
[2079/2118] Compiling GoogleGax ExponentialBackoff+BackoffPolicy.swift
[2080/2118] Compiling GoogleGax ExponentialBackoff+PollingBackoffPolicy.swift
[2081/2118] Compiling GoogleGax ExponentialBackoff.swift
[2082/2118] Compiling GoogleGax HTTPClient.swift
[2083/2118] Compiling GoogleGax HTTPClientHolder.swift
[2084/2118] Compiling GoogleGax HTTPClientProtocol.swift
[2085/2118] Compiling GoogleGax HTTPClientRequest.swift
[2086/2118] Compiling GoogleGax HTTPClientResponse.swift
[2087/2118] Compiling GoogleGax HTTPHeaders.swift
[2088/2118] Compiling GoogleGax HTTPResponseBody.swift
[2089/2118] Compiling GoogleGax HeaderNames.swift
[2090/2118] Compiling GoogleGax Host.swift
[2091/2118] Compiling GoogleGax InProgressResult.swift
[2092/2118] Compiling GoogleGax BaseRetryPolicy.swift
[2093/2118] Compiling GoogleGax BindingError.swift
[2094/2118] Compiling GoogleGax CRC32C.swift
[2095/2118] Compiling GoogleGax CircuitBreaker.swift
[2096/2118] Compiling GoogleGax ClientError.swift
[2097/2118] Compiling GoogleGax ClientOptions.swift
[2098/2118] Compiling GoogleGax ContinueOnIO+PollingErrorPolicy.swift
[2099/2118] Compiling GoogleGax ContinueOnIO+RetryPolicy.swift
[2100/2118] Compiling GoogleGax ServiceError.swift
[2101/2118] Compiling GoogleGax StatusDetail.swift
[2102/2118] Compiling GoogleGax StrictIdempotency.swift
[2103/2118] Compiling GoogleGax ThrottleResult.swift
[2104/2118] Compiling GoogleGax TooManyRequests+PollingErrorPolicy.swift
[2105/2118] Compiling GoogleGax TooManyRequests+RetryPolicy.swift
[2106/2118] Compiling GoogleGax TooManyRequests.swift
[2107/2118] Compiling GoogleGax PackageVersion.swift
BUILD FAILURE 6.2 android