The Swift Package Index logo.Swift Package Index

Build Information

Failed to build UserDefaultsSnapshotLib with Swift 5.8 for watchOS using Xcode 14.3 at main.

Build Command

env DEVELOPER_DIR=/Applications/Xcode-14.3.1.app xcrun xcodebuild -IDEClonedSourcePackagesDirPathOverride=$workDir/.dependencies -skipPackagePluginValidation -derivedDataPath $workDir/.derivedData build -scheme UserDefaultsSnapshotLib -destination generic/platform=watchos

Build Log

    write-file /Users/admin/builds/vMd7uqzK/1/finestructure/swiftpackageindex-builder/spi-builder-workspace/.derivedData/Build/Intermediates.noindex/UserDefaultsSnapshotLib.build/Debug-watchos/UserDefaultsSnapshotLibTests.build/Objects-normal/arm64_32/UserDefaultsSnapshotLibTests.SwiftFileList
WriteAuxiliaryFile /Users/admin/builds/vMd7uqzK/1/finestructure/swiftpackageindex-builder/spi-builder-workspace/.derivedData/Build/Intermediates.noindex/UserDefaultsSnapshotLib.build/Debug-watchos/UserDefaultsSnapshotLibTests.build/Objects-normal/arm64_32/UserDefaultsSnapshotLibTests-OutputFileMap.json (in target 'UserDefaultsSnapshotLibTests' from project 'UserDefaultsSnapshotLib')
    cd /Users/admin/builds/vMd7uqzK/1/finestructure/swiftpackageindex-builder/spi-builder-workspace
    write-file /Users/admin/builds/vMd7uqzK/1/finestructure/swiftpackageindex-builder/spi-builder-workspace/.derivedData/Build/Intermediates.noindex/UserDefaultsSnapshotLib.build/Debug-watchos/UserDefaultsSnapshotLibTests.build/Objects-normal/arm64_32/UserDefaultsSnapshotLibTests-OutputFileMap.json
SwiftDriver UserDefaultsSnapshotLibTests normal armv7k com.apple.xcode.tools.swift.compiler (in target 'UserDefaultsSnapshotLibTests' from project 'UserDefaultsSnapshotLib')
    cd /Users/admin/builds/vMd7uqzK/1/finestructure/swiftpackageindex-builder/spi-builder-workspace
    builtin-SwiftDriver -- /Applications/Xcode-14.3.1.app/Contents/Developer/Toolchains/XcodeDefault.xctoolchain/usr/bin/swiftc -module-name UserDefaultsSnapshotLibTests -Onone -enforce-exclusivity\=checked @/Users/admin/builds/vMd7uqzK/1/finestructure/swiftpackageindex-builder/spi-builder-workspace/.derivedData/Build/Intermediates.noindex/UserDefaultsSnapshotLib.build/Debug-watchos/UserDefaultsSnapshotLibTests.build/Objects-normal/armv7k/UserDefaultsSnapshotLibTests.SwiftFileList -DSWIFT_PACKAGE -DDEBUG -DXcode -sdk /Applications/Xcode-14.3.1.app/Contents/Developer/Platforms/WatchOS.platform/Developer/SDKs/WatchOS9.4.sdk -target armv7k-apple-watchos6.0 -g -module-cache-path /Users/admin/builds/vMd7uqzK/1/finestructure/swiftpackageindex-builder/spi-builder-workspace/.derivedData/ModuleCache.noindex -Xfrontend -serialize-debugging-options -enable-testing -index-store-path /Users/admin/builds/vMd7uqzK/1/finestructure/swiftpackageindex-builder/spi-builder-workspace/.derivedData/Index.noindex/DataStore -swift-version 5 -I /Users/admin/builds/vMd7uqzK/1/finestructure/swiftpackageindex-builder/spi-builder-workspace/.derivedData/Build/Products/Debug-watchos -I /Applications/Xcode-14.3.1.app/Contents/Developer/Platforms/WatchOS.platform/Developer/usr/lib -F /Users/admin/builds/vMd7uqzK/1/finestructure/swiftpackageindex-builder/spi-builder-workspace/.derivedData/Build/Products/Debug-watchos/PackageFrameworks -F /Users/admin/builds/vMd7uqzK/1/finestructure/swiftpackageindex-builder/spi-builder-workspace/.derivedData/Build/Products/Debug-watchos -F /Applications/Xcode-14.3.1.app/Contents/Developer/Platforms/WatchOS.platform/Developer/Library/Frameworks -F /Applications/Xcode-14.3.1.app/Contents/Developer/Platforms/WatchOS.platform/Developer/SDKs/WatchOS9.4.sdk/Developer/Library/Frameworks -c -j4 -enable-batch-mode -incremental -Xcc -ivfsstatcache -Xcc /Users/admin/builds/vMd7uqzK/1/finestructure/swiftpackageindex-builder/spi-builder-workspace/.derivedData/SDKStatCaches.noindex/watchos9.4-20T248-.sdkstatcache -output-file-map /Users/admin/builds/vMd7uqzK/1/finestructure/swiftpackageindex-builder/spi-builder-workspace/.derivedData/Build/Intermediates.noindex/UserDefaultsSnapshotLib.build/Debug-watchos/UserDefaultsSnapshotLibTests.build/Objects-normal/armv7k/UserDefaultsSnapshotLibTests-OutputFileMap.json -use-frontend-parseable-output -save-temps -no-color-diagnostics -serialize-diagnostics -emit-dependencies -emit-module -emit-module-path /Users/admin/builds/vMd7uqzK/1/finestructure/swiftpackageindex-builder/spi-builder-workspace/.derivedData/Build/Intermediates.noindex/UserDefaultsSnapshotLib.build/Debug-watchos/UserDefaultsSnapshotLibTests.build/Objects-normal/armv7k/UserDefaultsSnapshotLibTests.swiftmodule -Xcc -I/Users/admin/builds/vMd7uqzK/1/finestructure/swiftpackageindex-builder/spi-builder-workspace/.derivedData/Build/Products/Debug-watchos/include -Xcc -I/Users/admin/builds/vMd7uqzK/1/finestructure/swiftpackageindex-builder/spi-builder-workspace/.derivedData/Build/Intermediates.noindex/UserDefaultsSnapshotLib.build/Debug-watchos/UserDefaultsSnapshotLibTests.build/DerivedSources-normal/armv7k -Xcc -I/Users/admin/builds/vMd7uqzK/1/finestructure/swiftpackageindex-builder/spi-builder-workspace/.derivedData/Build/Intermediates.noindex/UserDefaultsSnapshotLib.build/Debug-watchos/UserDefaultsSnapshotLibTests.build/DerivedSources/armv7k -Xcc -I/Users/admin/builds/vMd7uqzK/1/finestructure/swiftpackageindex-builder/spi-builder-workspace/.derivedData/Build/Intermediates.noindex/UserDefaultsSnapshotLib.build/Debug-watchos/UserDefaultsSnapshotLibTests.build/DerivedSources -Xcc -DSWIFT_PACKAGE -Xcc -DDEBUG\=1 -working-directory /Users/admin/builds/vMd7uqzK/1/finestructure/swiftpackageindex-builder/spi-builder-workspace -experimental-emit-module-separately -disable-cmo
SwiftDriver UserDefaultsSnapshotLibTests normal arm64_32 com.apple.xcode.tools.swift.compiler (in target 'UserDefaultsSnapshotLibTests' from project 'UserDefaultsSnapshotLib')
    cd /Users/admin/builds/vMd7uqzK/1/finestructure/swiftpackageindex-builder/spi-builder-workspace
    builtin-SwiftDriver -- /Applications/Xcode-14.3.1.app/Contents/Developer/Toolchains/XcodeDefault.xctoolchain/usr/bin/swiftc -module-name UserDefaultsSnapshotLibTests -Onone -enforce-exclusivity\=checked @/Users/admin/builds/vMd7uqzK/1/finestructure/swiftpackageindex-builder/spi-builder-workspace/.derivedData/Build/Intermediates.noindex/UserDefaultsSnapshotLib.build/Debug-watchos/UserDefaultsSnapshotLibTests.build/Objects-normal/arm64_32/UserDefaultsSnapshotLibTests.SwiftFileList -DSWIFT_PACKAGE -DDEBUG -DXcode -sdk /Applications/Xcode-14.3.1.app/Contents/Developer/Platforms/WatchOS.platform/Developer/SDKs/WatchOS9.4.sdk -target arm64_32-apple-watchos6.0 -g -module-cache-path /Users/admin/builds/vMd7uqzK/1/finestructure/swiftpackageindex-builder/spi-builder-workspace/.derivedData/ModuleCache.noindex -Xfrontend -serialize-debugging-options -enable-testing -index-store-path /Users/admin/builds/vMd7uqzK/1/finestructure/swiftpackageindex-builder/spi-builder-workspace/.derivedData/Index.noindex/DataStore -swift-version 5 -I /Users/admin/builds/vMd7uqzK/1/finestructure/swiftpackageindex-builder/spi-builder-workspace/.derivedData/Build/Products/Debug-watchos -I /Applications/Xcode-14.3.1.app/Contents/Developer/Platforms/WatchOS.platform/Developer/usr/lib -F /Users/admin/builds/vMd7uqzK/1/finestructure/swiftpackageindex-builder/spi-builder-workspace/.derivedData/Build/Products/Debug-watchos/PackageFrameworks -F /Users/admin/builds/vMd7uqzK/1/finestructure/swiftpackageindex-builder/spi-builder-workspace/.derivedData/Build/Products/Debug-watchos -F /Applications/Xcode-14.3.1.app/Contents/Developer/Platforms/WatchOS.platform/Developer/Library/Frameworks -F /Applications/Xcode-14.3.1.app/Contents/Developer/Platforms/WatchOS.platform/Developer/SDKs/WatchOS9.4.sdk/Developer/Library/Frameworks -c -j4 -enable-batch-mode -incremental -Xcc -ivfsstatcache -Xcc /Users/admin/builds/vMd7uqzK/1/finestructure/swiftpackageindex-builder/spi-builder-workspace/.derivedData/SDKStatCaches.noindex/watchos9.4-20T248-.sdkstatcache -output-file-map /Users/admin/builds/vMd7uqzK/1/finestructure/swiftpackageindex-builder/spi-builder-workspace/.derivedData/Build/Intermediates.noindex/UserDefaultsSnapshotLib.build/Debug-watchos/UserDefaultsSnapshotLibTests.build/Objects-normal/arm64_32/UserDefaultsSnapshotLibTests-OutputFileMap.json -use-frontend-parseable-output -save-temps -no-color-diagnostics -serialize-diagnostics -emit-dependencies -emit-module -emit-module-path /Users/admin/builds/vMd7uqzK/1/finestructure/swiftpackageindex-builder/spi-builder-workspace/.derivedData/Build/Intermediates.noindex/UserDefaultsSnapshotLib.build/Debug-watchos/UserDefaultsSnapshotLibTests.build/Objects-normal/arm64_32/UserDefaultsSnapshotLibTests.swiftmodule -Xcc -I/Users/admin/builds/vMd7uqzK/1/finestructure/swiftpackageindex-builder/spi-builder-workspace/.derivedData/Build/Products/Debug-watchos/include -Xcc -I/Users/admin/builds/vMd7uqzK/1/finestructure/swiftpackageindex-builder/spi-builder-workspace/.derivedData/Build/Intermediates.noindex/UserDefaultsSnapshotLib.build/Debug-watchos/UserDefaultsSnapshotLibTests.build/DerivedSources-normal/arm64_32 -Xcc -I/Users/admin/builds/vMd7uqzK/1/finestructure/swiftpackageindex-builder/spi-builder-workspace/.derivedData/Build/Intermediates.noindex/UserDefaultsSnapshotLib.build/Debug-watchos/UserDefaultsSnapshotLibTests.build/DerivedSources/arm64_32 -Xcc -I/Users/admin/builds/vMd7uqzK/1/finestructure/swiftpackageindex-builder/spi-builder-workspace/.derivedData/Build/Intermediates.noindex/UserDefaultsSnapshotLib.build/Debug-watchos/UserDefaultsSnapshotLibTests.build/DerivedSources -Xcc -DSWIFT_PACKAGE -Xcc -DDEBUG\=1 -working-directory /Users/admin/builds/vMd7uqzK/1/finestructure/swiftpackageindex-builder/spi-builder-workspace -experimental-emit-module-separately -disable-cmo
WriteAuxiliaryFile /Users/admin/builds/vMd7uqzK/1/finestructure/swiftpackageindex-builder/spi-builder-workspace/.derivedData/Build/Intermediates.noindex/UserDefaultsSnapshotLib.build/Debug-watchos/UserDefaultsSnapshotLibTests.build/Objects-normal/arm64/UserDefaultsSnapshotLibTests.SwiftFileList (in target 'UserDefaultsSnapshotLibTests' from project 'UserDefaultsSnapshotLib')
    cd /Users/admin/builds/vMd7uqzK/1/finestructure/swiftpackageindex-builder/spi-builder-workspace
    write-file /Users/admin/builds/vMd7uqzK/1/finestructure/swiftpackageindex-builder/spi-builder-workspace/.derivedData/Build/Intermediates.noindex/UserDefaultsSnapshotLib.build/Debug-watchos/UserDefaultsSnapshotLibTests.build/Objects-normal/arm64/UserDefaultsSnapshotLibTests.SwiftFileList
WriteAuxiliaryFile /Users/admin/builds/vMd7uqzK/1/finestructure/swiftpackageindex-builder/spi-builder-workspace/.derivedData/Build/Intermediates.noindex/UserDefaultsSnapshotLib.build/Debug-watchos/UserDefaultsSnapshotLibTests.build/Objects-normal/arm64/UserDefaultsSnapshotLibTests-OutputFileMap.json (in target 'UserDefaultsSnapshotLibTests' from project 'UserDefaultsSnapshotLib')
    cd /Users/admin/builds/vMd7uqzK/1/finestructure/swiftpackageindex-builder/spi-builder-workspace
    write-file /Users/admin/builds/vMd7uqzK/1/finestructure/swiftpackageindex-builder/spi-builder-workspace/.derivedData/Build/Intermediates.noindex/UserDefaultsSnapshotLib.build/Debug-watchos/UserDefaultsSnapshotLibTests.build/Objects-normal/arm64/UserDefaultsSnapshotLibTests-OutputFileMap.json
SwiftCompile normal arm64_32 Compiling\ UserDefaultsSnapshot.swift /Users/admin/builds/vMd7uqzK/1/finestructure/swiftpackageindex-builder/spi-builder-workspace/Sources/UserDefaultsSnapshotLib/UserDefaultsSnapshot.swift (in target 'UserDefaultsSnapshotLib' from project 'UserDefaultsSnapshotLib')
    cd /Users/admin/builds/vMd7uqzK/1/finestructure/swiftpackageindex-builder/spi-builder-workspace
    builtin-swiftTaskExecution -- /Applications/Xcode-14.3.1.app/Contents/Developer/Toolchains/XcodeDefault.xctoolchain/usr/bin/swift-frontend -frontend -c /Users/admin/builds/vMd7uqzK/1/finestructure/swiftpackageindex-builder/spi-builder-workspace/Sources/UserDefaultsSnapshotLib/UserDefaultsObject.swift /Users/admin/builds/vMd7uqzK/1/finestructure/swiftpackageindex-builder/spi-builder-workspace/Sources/UserDefaultsSnapshotLib/UserDefaultsPersistentStore.swift /Users/admin/builds/vMd7uqzK/1/finestructure/swiftpackageindex-builder/spi-builder-workspace/Sources/UserDefaultsSnapshotLib/UserDefaultsPersistentStoreBase.swift /Users/admin/builds/vMd7uqzK/1/finestructure/swiftpackageindex-builder/spi-builder-workspace/Sources/UserDefaultsSnapshotLib/UserDefaultsPersistentStoreSinkCancellable.swift -primary-file /Users/admin/builds/vMd7uqzK/1/finestructure/swiftpackageindex-builder/spi-builder-workspace/Sources/UserDefaultsSnapshotLib/UserDefaultsSnapshot.swift /Users/admin/builds/vMd7uqzK/1/finestructure/swiftpackageindex-builder/spi-builder-workspace/Sources/UserDefaultsSnapshotLib/_UserDefaultsPrimitiveValueType.swift -emit-dependencies-path /Users/admin/builds/vMd7uqzK/1/finestructure/swiftpackageindex-builder/spi-builder-workspace/.derivedData/Build/Intermediates.noindex/UserDefaultsSnapshotLib.build/Debug-watchos/UserDefaultsSnapshotLib.build/Objects-normal/arm64_32/UserDefaultsSnapshot.d -emit-reference-dependencies-path /Users/admin/builds/vMd7uqzK/1/finestructure/swiftpackageindex-builder/spi-builder-workspace/.derivedData/Build/Intermediates.noindex/UserDefaultsSnapshotLib.build/Debug-watchos/UserDefaultsSnapshotLib.build/Objects-normal/arm64_32/UserDefaultsSnapshot.swiftdeps -serialize-diagnostics-path /Users/admin/builds/vMd7uqzK/1/finestructure/swiftpackageindex-builder/spi-builder-workspace/.derivedData/Build/Intermediates.noindex/UserDefaultsSnapshotLib.build/Debug-watchos/UserDefaultsSnapshotLib.build/Objects-normal/arm64_32/UserDefaultsSnapshot.dia -target arm64_32-apple-watchos6.0 -enable-objc-interop -sdk /Applications/Xcode-14.3.1.app/Contents/Developer/Platforms/WatchOS.platform/Developer/SDKs/WatchOS9.4.sdk -I /Users/admin/builds/vMd7uqzK/1/finestructure/swiftpackageindex-builder/spi-builder-workspace/.derivedData/Build/Products/Debug-watchos -I /Applications/Xcode-14.3.1.app/Contents/Developer/Platforms/WatchOS.platform/Developer/usr/lib -F /Users/admin/builds/vMd7uqzK/1/finestructure/swiftpackageindex-builder/spi-builder-workspace/.derivedData/Build/Products/Debug-watchos -F /Applications/Xcode-14.3.1.app/Contents/Developer/Platforms/WatchOS.platform/Developer/Library/Frameworks -F /Applications/Xcode-14.3.1.app/Contents/Developer/Platforms/WatchOS.platform/Developer/SDKs/WatchOS9.4.sdk/Developer/Library/Frameworks -no-color-diagnostics -enable-testing -g -module-cache-path /Users/admin/builds/vMd7uqzK/1/finestructure/swiftpackageindex-builder/spi-builder-workspace/.derivedData/ModuleCache.noindex -swift-version 5 -enforce-exclusivity\=checked -Onone -D SWIFT_PACKAGE -D DEBUG -D Xcode -serialize-debugging-options -empty-abi-descriptor -Xcc -working-directory -Xcc /Users/admin/builds/vMd7uqzK/1/finestructure/swiftpackageindex-builder/spi-builder-workspace -resource-dir /Applications/Xcode-14.3.1.app/Contents/Developer/Toolchains/XcodeDefault.xctoolchain/usr/lib/swift -enable-anonymous-context-mangled-names -Xcc -ivfsstatcache -Xcc /Users/admin/builds/vMd7uqzK/1/finestructure/swiftpackageindex-builder/spi-builder-workspace/.derivedData/SDKStatCaches.noindex/watchos9.4-20T248-.sdkstatcache -Xcc -I/Users/admin/builds/vMd7uqzK/1/finestructure/swiftpackageindex-builder/spi-builder-workspace/.derivedData/Build/Intermediates.noindex/UserDefaultsSnapshotLib.build/Debug-watchos/UserDefaultsSnapshotLib.build/swift-overrides.hmap -Xcc -I/Users/admin/builds/vMd7uqzK/1/finestructure/swiftpackageindex-builder/spi-builder-workspace/.derivedData/Build/Products/Debug-watchos/include -Xcc -I/Users/admin/builds/vMd7uqzK/1/finestructure/swiftpackageindex-builder/spi-builder-workspace/.derivedData/Build/Intermediates.noindex/UserDefaultsSnapshotLib.build/Debug-watchos/UserDefaultsSnapshotLib.build/DerivedSources-normal/arm64_32 -Xcc -I/Users/admin/builds/vMd7uqzK/1/finestructure/swiftpackageindex-builder/spi-builder-workspace/.derivedData/Build/Intermediates.noindex/UserDefaultsSnapshotLib.build/Debug-watchos/UserDefaultsSnapshotLib.build/DerivedSources/arm64_32 -Xcc -I/Users/admin/builds/vMd7uqzK/1/finestructure/swiftpackageindex-builder/spi-builder-workspace/.derivedData/Build/Intermediates.noindex/UserDefaultsSnapshotLib.build/Debug-watchos/UserDefaultsSnapshotLib.build/DerivedSources -Xcc -DSWIFT_PACKAGE -Xcc -DDEBUG\=1 -module-name UserDefaultsSnapshotLib -frontend-parseable-output -disable-clang-spi -target-sdk-version 9.4 -target-sdk-name watchos9.4 -o /Users/admin/builds/vMd7uqzK/1/finestructure/swiftpackageindex-builder/spi-builder-workspace/.derivedData/Build/Intermediates.noindex/UserDefaultsSnapshotLib.build/Debug-watchos/UserDefaultsSnapshotLib.build/Objects-normal/arm64_32/UserDefaultsSnapshot.o -index-unit-output-path /UserDefaultsSnapshotLib.build/Debug-watchos/UserDefaultsSnapshotLib.build/Objects-normal/arm64_32/UserDefaultsSnapshot.o -index-store-path /Users/admin/builds/vMd7uqzK/1/finestructure/swiftpackageindex-builder/spi-builder-workspace/.derivedData/Index.noindex/DataStore -index-system-modules
SwiftCompile normal arm64_32 /Users/admin/builds/vMd7uqzK/1/finestructure/swiftpackageindex-builder/spi-builder-workspace/Sources/UserDefaultsSnapshotLib/UserDefaultsSnapshot.swift (in target 'UserDefaultsSnapshotLib' from project 'UserDefaultsSnapshotLib')
    cd /Users/admin/builds/vMd7uqzK/1/finestructure/swiftpackageindex-builder/spi-builder-workspace
    /Applications/Xcode-14.3.1.app/Contents/Developer/Toolchains/XcodeDefault.xctoolchain/usr/bin/swift-frontend -c /Users/admin/builds/vMd7uqzK/1/finestructure/swiftpackageindex-builder/spi-builder-workspace/Sources/UserDefaultsSnapshotLib/UserDefaultsObject.swift /Users/admin/builds/vMd7uqzK/1/finestructure/swiftpackageindex-builder/spi-builder-workspace/Sources/UserDefaultsSnapshotLib/UserDefaultsPersistentStore.swift /Users/admin/builds/vMd7uqzK/1/finestructure/swiftpackageindex-builder/spi-builder-workspace/Sources/UserDefaultsSnapshotLib/UserDefaultsPersistentStoreBase.swift /Users/admin/builds/vMd7uqzK/1/finestructure/swiftpackageindex-builder/spi-builder-workspace/Sources/UserDefaultsSnapshotLib/UserDefaultsPersistentStoreSinkCancellable.swift -primary-file /Users/admin/builds/vMd7uqzK/1/finestructure/swiftpackageindex-builder/spi-builder-workspace/Sources/UserDefaultsSnapshotLib/UserDefaultsSnapshot.swift /Users/admin/builds/vMd7uqzK/1/finestructure/swiftpackageindex-builder/spi-builder-workspace/Sources/UserDefaultsSnapshotLib/_UserDefaultsPrimitiveValueType.swift -emit-dependencies-path /Users/admin/builds/vMd7uqzK/1/finestructure/swiftpackageindex-builder/spi-builder-workspace/.derivedData/Build/Intermediates.noindex/UserDefaultsSnapshotLib.build/Debug-watchos/UserDefaultsSnapshotLib.build/Objects-normal/arm64_32/UserDefaultsSnapshot.d -emit-reference-dependencies-path /Users/admin/builds/vMd7uqzK/1/finestructure/swiftpackageindex-builder/spi-builder-workspace/.derivedData/Build/Intermediates.noindex/UserDefaultsSnapshotLib.build/Debug-watchos/UserDefaultsSnapshotLib.build/Objects-normal/arm64_32/UserDefaultsSnapshot.swiftdeps -serialize-diagnostics-path /Users/admin/builds/vMd7uqzK/1/finestructure/swiftpackageindex-builder/spi-builder-workspace/.derivedData/Build/Intermediates.noindex/UserDefaultsSnapshotLib.build/Debug-watchos/UserDefaultsSnapshotLib.build/Objects-normal/arm64_32/UserDefaultsSnapshot.dia -target arm64_32-apple-watchos6.0 -enable-objc-interop -sdk /Applications/Xcode-14.3.1.app/Contents/Developer/Platforms/WatchOS.platform/Developer/SDKs/WatchOS9.4.sdk -I /Users/admin/builds/vMd7uqzK/1/finestructure/swiftpackageindex-builder/spi-builder-workspace/.derivedData/Build/Products/Debug-watchos -I /Applications/Xcode-14.3.1.app/Contents/Developer/Platforms/WatchOS.platform/Developer/usr/lib -F /Users/admin/builds/vMd7uqzK/1/finestructure/swiftpackageindex-builder/spi-builder-workspace/.derivedData/Build/Products/Debug-watchos -F /Applications/Xcode-14.3.1.app/Contents/Developer/Platforms/WatchOS.platform/Developer/Library/Frameworks -F /Applications/Xcode-14.3.1.app/Contents/Developer/Platforms/WatchOS.platform/Developer/SDKs/WatchOS9.4.sdk/Developer/Library/Frameworks -no-color-diagnostics -enable-testing -g -module-cache-path /Users/admin/builds/vMd7uqzK/1/finestructure/swiftpackageindex-builder/spi-builder-workspace/.derivedData/ModuleCache.noindex -swift-version 5 -enforce-exclusivity\=checked -Onone -D SWIFT_PACKAGE -D DEBUG -D Xcode -serialize-debugging-options -empty-abi-descriptor -Xcc -working-directory -Xcc /Users/admin/builds/vMd7uqzK/1/finestructure/swiftpackageindex-builder/spi-builder-workspace -resource-dir /Applications/Xcode-14.3.1.app/Contents/Developer/Toolchains/XcodeDefault.xctoolchain/usr/lib/swift -enable-anonymous-context-mangled-names -Xcc -ivfsstatcache -Xcc /Users/admin/builds/vMd7uqzK/1/finestructure/swiftpackageindex-builder/spi-builder-workspace/.derivedData/SDKStatCaches.noindex/watchos9.4-20T248-.sdkstatcache -Xcc -I/Users/admin/builds/vMd7uqzK/1/finestructure/swiftpackageindex-builder/spi-builder-workspace/.derivedData/Build/Intermediates.noindex/UserDefaultsSnapshotLib.build/Debug-watchos/UserDefaultsSnapshotLib.build/swift-overrides.hmap -Xcc -I/Users/admin/builds/vMd7uqzK/1/finestructure/swiftpackageindex-builder/spi-builder-workspace/.derivedData/Build/Products/Debug-watchos/include -Xcc -I/Users/admin/builds/vMd7uqzK/1/finestructure/swiftpackageindex-builder/spi-builder-workspace/.derivedData/Build/Intermediates.noindex/UserDefaultsSnapshotLib.build/Debug-watchos/UserDefaultsSnapshotLib.build/DerivedSources-normal/arm64_32 -Xcc -I/Users/admin/builds/vMd7uqzK/1/finestructure/swiftpackageindex-builder/spi-builder-workspace/.derivedData/Build/Intermediates.noindex/UserDefaultsSnapshotLib.build/Debug-watchos/UserDefaultsSnapshotLib.build/DerivedSources/arm64_32 -Xcc -I/Users/admin/builds/vMd7uqzK/1/finestructure/swiftpackageindex-builder/spi-builder-workspace/.derivedData/Build/Intermediates.noindex/UserDefaultsSnapshotLib.build/Debug-watchos/UserDefaultsSnapshotLib.build/DerivedSources -Xcc -DSWIFT_PACKAGE -Xcc -DDEBUG\=1 -module-name UserDefaultsSnapshotLib -frontend-parseable-output -disable-clang-spi -target-sdk-version 9.4 -target-sdk-name watchos9.4 -o /Users/admin/builds/vMd7uqzK/1/finestructure/swiftpackageindex-builder/spi-builder-workspace/.derivedData/Build/Intermediates.noindex/UserDefaultsSnapshotLib.build/Debug-watchos/UserDefaultsSnapshotLib.build/Objects-normal/arm64_32/UserDefaultsSnapshot.o -index-unit-output-path /UserDefaultsSnapshotLib.build/Debug-watchos/UserDefaultsSnapshotLib.build/Objects-normal/arm64_32/UserDefaultsSnapshot.o -index-store-path /Users/admin/builds/vMd7uqzK/1/finestructure/swiftpackageindex-builder/spi-builder-workspace/.derivedData/Index.noindex/DataStore -index-system-modules
SwiftCompile normal arm64 Compiling\ UserDefaultsPersistentStoreBase.swift,\ UserDefaultsPersistentStoreSinkCancellable.swift /Users/admin/builds/vMd7uqzK/1/finestructure/swiftpackageindex-builder/spi-builder-workspace/Sources/UserDefaultsSnapshotLib/UserDefaultsPersistentStoreBase.swift /Users/admin/builds/vMd7uqzK/1/finestructure/swiftpackageindex-builder/spi-builder-workspace/Sources/UserDefaultsSnapshotLib/UserDefaultsPersistentStoreSinkCancellable.swift (in target 'UserDefaultsSnapshotLib' from project 'UserDefaultsSnapshotLib')
    cd /Users/admin/builds/vMd7uqzK/1/finestructure/swiftpackageindex-builder/spi-builder-workspace
    builtin-swiftTaskExecution -- /Applications/Xcode-14.3.1.app/Contents/Developer/Toolchains/XcodeDefault.xctoolchain/usr/bin/swift-frontend -frontend -c /Users/admin/builds/vMd7uqzK/1/finestructure/swiftpackageindex-builder/spi-builder-workspace/Sources/UserDefaultsSnapshotLib/UserDefaultsObject.swift /Users/admin/builds/vMd7uqzK/1/finestructure/swiftpackageindex-builder/spi-builder-workspace/Sources/UserDefaultsSnapshotLib/UserDefaultsPersistentStore.swift -primary-file /Users/admin/builds/vMd7uqzK/1/finestructure/swiftpackageindex-builder/spi-builder-workspace/Sources/UserDefaultsSnapshotLib/UserDefaultsPersistentStoreBase.swift -primary-file /Users/admin/builds/vMd7uqzK/1/finestructure/swiftpackageindex-builder/spi-builder-workspace/Sources/UserDefaultsSnapshotLib/UserDefaultsPersistentStoreSinkCancellable.swift /Users/admin/builds/vMd7uqzK/1/finestructure/swiftpackageindex-builder/spi-builder-workspace/Sources/UserDefaultsSnapshotLib/UserDefaultsSnapshot.swift /Users/admin/builds/vMd7uqzK/1/finestructure/swiftpackageindex-builder/spi-builder-workspace/Sources/UserDefaultsSnapshotLib/_UserDefaultsPrimitiveValueType.swift -emit-dependencies-path /Users/admin/builds/vMd7uqzK/1/finestructure/swiftpackageindex-builder/spi-builder-workspace/.derivedData/Build/Intermediates.noindex/UserDefaultsSnapshotLib.build/Debug-watchos/UserDefaultsSnapshotLib.build/Objects-normal/arm64/UserDefaultsPersistentStoreBase.d -emit-reference-dependencies-path /Users/admin/builds/vMd7uqzK/1/finestructure/swiftpackageindex-builder/spi-builder-workspace/.derivedData/Build/Intermediates.noindex/UserDefaultsSnapshotLib.build/Debug-watchos/UserDefaultsSnapshotLib.build/Objects-normal/arm64/UserDefaultsPersistentStoreBase.swiftdeps -serialize-diagnostics-path /Users/admin/builds/vMd7uqzK/1/finestructure/swiftpackageindex-builder/spi-builder-workspace/.derivedData/Build/Intermediates.noindex/UserDefaultsSnapshotLib.build/Debug-watchos/UserDefaultsSnapshotLib.build/Objects-normal/arm64/UserDefaultsPersistentStoreBase.dia -emit-dependencies-path /Users/admin/builds/vMd7uqzK/1/finestructure/swiftpackageindex-builder/spi-builder-workspace/.derivedData/Build/Intermediates.noindex/UserDefaultsSnapshotLib.build/Debug-watchos/UserDefaultsSnapshotLib.build/Objects-normal/arm64/UserDefaultsPersistentStoreSinkCancellable.d -emit-reference-dependencies-path /Users/admin/builds/vMd7uqzK/1/finestructure/swiftpackageindex-builder/spi-builder-workspace/.derivedData/Build/Intermediates.noindex/UserDefaultsSnapshotLib.build/Debug-watchos/UserDefaultsSnapshotLib.build/Objects-normal/arm64/UserDefaultsPersistentStoreSinkCancellable.swiftdeps -serialize-diagnostics-path /Users/admin/builds/vMd7uqzK/1/finestructure/swiftpackageindex-builder/spi-builder-workspace/.derivedData/Build/Intermediates.noindex/UserDefaultsSnapshotLib.build/Debug-watchos/UserDefaultsSnapshotLib.build/Objects-normal/arm64/UserDefaultsPersistentStoreSinkCancellable.dia -target arm64-apple-watchos6.0 -Xllvm -aarch64-use-tbi -enable-objc-interop -stack-check -sdk /Applications/Xcode-14.3.1.app/Contents/Developer/Platforms/WatchOS.platform/Developer/SDKs/WatchOS9.4.sdk -I /Users/admin/builds/vMd7uqzK/1/finestructure/swiftpackageindex-builder/spi-builder-workspace/.derivedData/Build/Products/Debug-watchos -I /Applications/Xcode-14.3.1.app/Contents/Developer/Platforms/WatchOS.platform/Developer/usr/lib -F /Users/admin/builds/vMd7uqzK/1/finestructure/swiftpackageindex-builder/spi-builder-workspace/.derivedData/Build/Products/Debug-watchos -F /Applications/Xcode-14.3.1.app/Contents/Developer/Platforms/WatchOS.platform/Developer/Library/Frameworks -F /Applications/Xcode-14.3.1.app/Contents/Developer/Platforms/WatchOS.platform/Developer/SDKs/WatchOS9.4.sdk/Developer/Library/Frameworks -no-color-diagnostics -enable-testing -g -module-cache-path /Users/admin/builds/vMd7uqzK/1/finestructure/swiftpackageindex-builder/spi-builder-workspace/.derivedData/ModuleCache.noindex -swift-version 5 -enforce-exclusivity\=checked -Onone -D SWIFT_PACKAGE -D DEBUG -D Xcode -serialize-debugging-options -empty-abi-descriptor -Xcc -working-directory -Xcc /Users/admin/builds/vMd7uqzK/1/finestructure/swiftpackageindex-builder/spi-builder-workspace -resource-dir /Applications/Xcode-14.3.1.app/Contents/Developer/Toolchains/XcodeDefault.xctoolchain/usr/lib/swift -enable-anonymous-context-mangled-names -Xcc -ivfsstatcache -Xcc /Users/admin/builds/vMd7uqzK/1/finestructure/swiftpackageindex-builder/spi-builder-workspace/.derivedData/SDKStatCaches.noindex/watchos9.4-20T248-.sdkstatcache -Xcc -I/Users/admin/builds/vMd7uqzK/1/finestructure/swiftpackageindex-builder/spi-builder-workspace/.derivedData/Build/Intermediates.noindex/UserDefaultsSnapshotLib.build/Debug-watchos/UserDefaultsSnapshotLib.build/swift-overrides.hmap -Xcc -I/Users/admin/builds/vMd7uqzK/1/finestructure/swiftpackageindex-builder/spi-builder-workspace/.derivedData/Build/Products/Debug-watchos/include -Xcc -I/Users/admin/builds/vMd7uqzK/1/finestructure/swiftpackageindex-builder/spi-builder-workspace/.derivedData/Build/Intermediates.noindex/UserDefaultsSnapshotLib.build/Debug-watchos/UserDefaultsSnapshotLib.build/DerivedSources-normal/arm64 -Xcc -I/Users/admin/builds/vMd7uqzK/1/finestructure/swiftpackageindex-builder/spi-builder-workspace/.derivedData/Build/Intermediates.noindex/UserDefaultsSnapshotLib.build/Debug-watchos/UserDefaultsSnapshotLib.build/DerivedSources/arm64 -Xcc -I/Users/admin/builds/vMd7uqzK/1/finestructure/swiftpackageindex-builder/spi-builder-workspace/.derivedData/Build/Intermediates.noindex/UserDefaultsSnapshotLib.build/Debug-watchos/UserDefaultsSnapshotLib.build/DerivedSources -Xcc -DSWIFT_PACKAGE -Xcc -DDEBUG\=1 -module-name UserDefaultsSnapshotLib -frontend-parseable-output -disable-clang-spi -target-sdk-version 9.4 -target-sdk-name watchos9.4 -o /Users/admin/builds/vMd7uqzK/1/finestructure/swiftpackageindex-builder/spi-builder-workspace/.derivedData/Build/Intermediates.noindex/UserDefaultsSnapshotLib.build/Debug-watchos/UserDefaultsSnapshotLib.build/Objects-normal/arm64/UserDefaultsPersistentStoreBase.o -o /Users/admin/builds/vMd7uqzK/1/finestructure/swiftpackageindex-builder/spi-builder-workspace/.derivedData/Build/Intermediates.noindex/UserDefaultsSnapshotLib.build/Debug-watchos/UserDefaultsSnapshotLib.build/Objects-normal/arm64/UserDefaultsPersistentStoreSinkCancellable.o -index-unit-output-path /UserDefaultsSnapshotLib.build/Debug-watchos/UserDefaultsSnapshotLib.build/Objects-normal/arm64/UserDefaultsPersistentStoreBase.o -index-unit-output-path /UserDefaultsSnapshotLib.build/Debug-watchos/UserDefaultsSnapshotLib.build/Objects-normal/arm64/UserDefaultsPersistentStoreSinkCancellable.o -index-store-path /Users/admin/builds/vMd7uqzK/1/finestructure/swiftpackageindex-builder/spi-builder-workspace/.derivedData/Index.noindex/DataStore -index-system-modules
SwiftCompile normal arm64 /Users/admin/builds/vMd7uqzK/1/finestructure/swiftpackageindex-builder/spi-builder-workspace/Sources/UserDefaultsSnapshotLib/UserDefaultsPersistentStoreBase.swift (in target 'UserDefaultsSnapshotLib' from project 'UserDefaultsSnapshotLib')
    cd /Users/admin/builds/vMd7uqzK/1/finestructure/swiftpackageindex-builder/spi-builder-workspace
    /Applications/Xcode-14.3.1.app/Contents/Developer/Toolchains/XcodeDefault.xctoolchain/usr/bin/swift-frontend -c /Users/admin/builds/vMd7uqzK/1/finestructure/swiftpackageindex-builder/spi-builder-workspace/Sources/UserDefaultsSnapshotLib/UserDefaultsObject.swift /Users/admin/builds/vMd7uqzK/1/finestructure/swiftpackageindex-builder/spi-builder-workspace/Sources/UserDefaultsSnapshotLib/UserDefaultsPersistentStore.swift -primary-file /Users/admin/builds/vMd7uqzK/1/finestructure/swiftpackageindex-builder/spi-builder-workspace/Sources/UserDefaultsSnapshotLib/UserDefaultsPersistentStoreBase.swift -primary-file /Users/admin/builds/vMd7uqzK/1/finestructure/swiftpackageindex-builder/spi-builder-workspace/Sources/UserDefaultsSnapshotLib/UserDefaultsPersistentStoreSinkCancellable.swift /Users/admin/builds/vMd7uqzK/1/finestructure/swiftpackageindex-builder/spi-builder-workspace/Sources/UserDefaultsSnapshotLib/UserDefaultsSnapshot.swift /Users/admin/builds/vMd7uqzK/1/finestructure/swiftpackageindex-builder/spi-builder-workspace/Sources/UserDefaultsSnapshotLib/_UserDefaultsPrimitiveValueType.swift -emit-dependencies-path /Users/admin/builds/vMd7uqzK/1/finestructure/swiftpackageindex-builder/spi-builder-workspace/.derivedData/Build/Intermediates.noindex/UserDefaultsSnapshotLib.build/Debug-watchos/UserDefaultsSnapshotLib.build/Objects-normal/arm64/UserDefaultsPersistentStoreBase.d -emit-reference-dependencies-path /Users/admin/builds/vMd7uqzK/1/finestructure/swiftpackageindex-builder/spi-builder-workspace/.derivedData/Build/Intermediates.noindex/UserDefaultsSnapshotLib.build/Debug-watchos/UserDefaultsSnapshotLib.build/Objects-normal/arm64/UserDefaultsPersistentStoreBase.swiftdeps -serialize-diagnostics-path /Users/admin/builds/vMd7uqzK/1/finestructure/swiftpackageindex-builder/spi-builder-workspace/.derivedData/Build/Intermediates.noindex/UserDefaultsSnapshotLib.build/Debug-watchos/UserDefaultsSnapshotLib.build/Objects-normal/arm64/UserDefaultsPersistentStoreBase.dia -emit-dependencies-path /Users/admin/builds/vMd7uqzK/1/finestructure/swiftpackageindex-builder/spi-builder-workspace/.derivedData/Build/Intermediates.noindex/UserDefaultsSnapshotLib.build/Debug-watchos/UserDefaultsSnapshotLib.build/Objects-normal/arm64/UserDefaultsPersistentStoreSinkCancellable.d -emit-reference-dependencies-path /Users/admin/builds/vMd7uqzK/1/finestructure/swiftpackageindex-builder/spi-builder-workspace/.derivedData/Build/Intermediates.noindex/UserDefaultsSnapshotLib.build/Debug-watchos/UserDefaultsSnapshotLib.build/Objects-normal/arm64/UserDefaultsPersistentStoreSinkCancellable.swiftdeps -serialize-diagnostics-path /Users/admin/builds/vMd7uqzK/1/finestructure/swiftpackageindex-builder/spi-builder-workspace/.derivedData/Build/Intermediates.noindex/UserDefaultsSnapshotLib.build/Debug-watchos/UserDefaultsSnapshotLib.build/Objects-normal/arm64/UserDefaultsPersistentStoreSinkCancellable.dia -target arm64-apple-watchos6.0 -Xllvm -aarch64-use-tbi -enable-objc-interop -stack-check -sdk /Applications/Xcode-14.3.1.app/Contents/Developer/Platforms/WatchOS.platform/Developer/SDKs/WatchOS9.4.sdk -I /Users/admin/builds/vMd7uqzK/1/finestructure/swiftpackageindex-builder/spi-builder-workspace/.derivedData/Build/Products/Debug-watchos -I /Applications/Xcode-14.3.1.app/Contents/Developer/Platforms/WatchOS.platform/Developer/usr/lib -F /Users/admin/builds/vMd7uqzK/1/finestructure/swiftpackageindex-builder/spi-builder-workspace/.derivedData/Build/Products/Debug-watchos -F /Applications/Xcode-14.3.1.app/Contents/Developer/Platforms/WatchOS.platform/Developer/Library/Frameworks -F /Applications/Xcode-14.3.1.app/Contents/Developer/Platforms/WatchOS.platform/Developer/SDKs/WatchOS9.4.sdk/Developer/Library/Frameworks -no-color-diagnostics -enable-testing -g -module-cache-path /Users/admin/builds/vMd7uqzK/1/finestructure/swiftpackageindex-builder/spi-builder-workspace/.derivedData/ModuleCache.noindex -swift-version 5 -enforce-exclusivity\=checked -Onone -D SWIFT_PACKAGE -D DEBUG -D Xcode -serialize-debugging-options -empty-abi-descriptor -Xcc -working-directory -Xcc /Users/admin/builds/vMd7uqzK/1/finestructure/swiftpackageindex-builder/spi-builder-workspace -resource-dir /Applications/Xcode-14.3.1.app/Contents/Developer/Toolchains/XcodeDefault.xctoolchain/usr/lib/swift -enable-anonymous-context-mangled-names -Xcc -ivfsstatcache -Xcc /Users/admin/builds/vMd7uqzK/1/finestructure/swiftpackageindex-builder/spi-builder-workspace/.derivedData/SDKStatCaches.noindex/watchos9.4-20T248-.sdkstatcache -Xcc -I/Users/admin/builds/vMd7uqzK/1/finestructure/swiftpackageindex-builder/spi-builder-workspace/.derivedData/Build/Intermediates.noindex/UserDefaultsSnapshotLib.build/Debug-watchos/UserDefaultsSnapshotLib.build/swift-overrides.hmap -Xcc -I/Users/admin/builds/vMd7uqzK/1/finestructure/swiftpackageindex-builder/spi-builder-workspace/.derivedData/Build/Products/Debug-watchos/include -Xcc -I/Users/admin/builds/vMd7uqzK/1/finestructure/swiftpackageindex-builder/spi-builder-workspace/.derivedData/Build/Intermediates.noindex/UserDefaultsSnapshotLib.build/Debug-watchos/UserDefaultsSnapshotLib.build/DerivedSources-normal/arm64 -Xcc -I/Users/admin/builds/vMd7uqzK/1/finestructure/swiftpackageindex-builder/spi-builder-workspace/.derivedData/Build/Intermediates.noindex/UserDefaultsSnapshotLib.build/Debug-watchos/UserDefaultsSnapshotLib.build/DerivedSources/arm64 -Xcc -I/Users/admin/builds/vMd7uqzK/1/finestructure/swiftpackageindex-builder/spi-builder-workspace/.derivedData/Build/Intermediates.noindex/UserDefaultsSnapshotLib.build/Debug-watchos/UserDefaultsSnapshotLib.build/DerivedSources -Xcc -DSWIFT_PACKAGE -Xcc -DDEBUG\=1 -module-name UserDefaultsSnapshotLib -frontend-parseable-output -disable-clang-spi -target-sdk-version 9.4 -target-sdk-name watchos9.4 -o /Users/admin/builds/vMd7uqzK/1/finestructure/swiftpackageindex-builder/spi-builder-workspace/.derivedData/Build/Intermediates.noindex/UserDefaultsSnapshotLib.build/Debug-watchos/UserDefaultsSnapshotLib.build/Objects-normal/arm64/UserDefaultsPersistentStoreBase.o -o /Users/admin/builds/vMd7uqzK/1/finestructure/swiftpackageindex-builder/spi-builder-workspace/.derivedData/Build/Intermediates.noindex/UserDefaultsSnapshotLib.build/Debug-watchos/UserDefaultsSnapshotLib.build/Objects-normal/arm64/UserDefaultsPersistentStoreSinkCancellable.o -index-unit-output-path /UserDefaultsSnapshotLib.build/Debug-watchos/UserDefaultsSnapshotLib.build/Objects-normal/arm64/UserDefaultsPersistentStoreBase.o -index-unit-output-path /UserDefaultsSnapshotLib.build/Debug-watchos/UserDefaultsSnapshotLib.build/Objects-normal/arm64/UserDefaultsPersistentStoreSinkCancellable.o -index-store-path /Users/admin/builds/vMd7uqzK/1/finestructure/swiftpackageindex-builder/spi-builder-workspace/.derivedData/Index.noindex/DataStore -index-system-modules
SwiftCompile normal arm64 /Users/admin/builds/vMd7uqzK/1/finestructure/swiftpackageindex-builder/spi-builder-workspace/Sources/UserDefaultsSnapshotLib/UserDefaultsPersistentStoreSinkCancellable.swift (in target 'UserDefaultsSnapshotLib' from project 'UserDefaultsSnapshotLib')
    cd /Users/admin/builds/vMd7uqzK/1/finestructure/swiftpackageindex-builder/spi-builder-workspace
    /Applications/Xcode-14.3.1.app/Contents/Developer/Toolchains/XcodeDefault.xctoolchain/usr/bin/swift-frontend -c /Users/admin/builds/vMd7uqzK/1/finestructure/swiftpackageindex-builder/spi-builder-workspace/Sources/UserDefaultsSnapshotLib/UserDefaultsObject.swift /Users/admin/builds/vMd7uqzK/1/finestructure/swiftpackageindex-builder/spi-builder-workspace/Sources/UserDefaultsSnapshotLib/UserDefaultsPersistentStore.swift -primary-file /Users/admin/builds/vMd7uqzK/1/finestructure/swiftpackageindex-builder/spi-builder-workspace/Sources/UserDefaultsSnapshotLib/UserDefaultsPersistentStoreBase.swift -primary-file /Users/admin/builds/vMd7uqzK/1/finestructure/swiftpackageindex-builder/spi-builder-workspace/Sources/UserDefaultsSnapshotLib/UserDefaultsPersistentStoreSinkCancellable.swift /Users/admin/builds/vMd7uqzK/1/finestructure/swiftpackageindex-builder/spi-builder-workspace/Sources/UserDefaultsSnapshotLib/UserDefaultsSnapshot.swift /Users/admin/builds/vMd7uqzK/1/finestructure/swiftpackageindex-builder/spi-builder-workspace/Sources/UserDefaultsSnapshotLib/_UserDefaultsPrimitiveValueType.swift -emit-dependencies-path /Users/admin/builds/vMd7uqzK/1/finestructure/swiftpackageindex-builder/spi-builder-workspace/.derivedData/Build/Intermediates.noindex/UserDefaultsSnapshotLib.build/Debug-watchos/UserDefaultsSnapshotLib.build/Objects-normal/arm64/UserDefaultsPersistentStoreBase.d -emit-reference-dependencies-path /Users/admin/builds/vMd7uqzK/1/finestructure/swiftpackageindex-builder/spi-builder-workspace/.derivedData/Build/Intermediates.noindex/UserDefaultsSnapshotLib.build/Debug-watchos/UserDefaultsSnapshotLib.build/Objects-normal/arm64/UserDefaultsPersistentStoreBase.swiftdeps -serialize-diagnostics-path /Users/admin/builds/vMd7uqzK/1/finestructure/swiftpackageindex-builder/spi-builder-workspace/.derivedData/Build/Intermediates.noindex/UserDefaultsSnapshotLib.build/Debug-watchos/UserDefaultsSnapshotLib.build/Objects-normal/arm64/UserDefaultsPersistentStoreBase.dia -emit-dependencies-path /Users/admin/builds/vMd7uqzK/1/finestructure/swiftpackageindex-builder/spi-builder-workspace/.derivedData/Build/Intermediates.noindex/UserDefaultsSnapshotLib.build/Debug-watchos/UserDefaultsSnapshotLib.build/Objects-normal/arm64/UserDefaultsPersistentStoreSinkCancellable.d -emit-reference-dependencies-path /Users/admin/builds/vMd7uqzK/1/finestructure/swiftpackageindex-builder/spi-builder-workspace/.derivedData/Build/Intermediates.noindex/UserDefaultsSnapshotLib.build/Debug-watchos/UserDefaultsSnapshotLib.build/Objects-normal/arm64/UserDefaultsPersistentStoreSinkCancellable.swiftdeps -serialize-diagnostics-path /Users/admin/builds/vMd7uqzK/1/finestructure/swiftpackageindex-builder/spi-builder-workspace/.derivedData/Build/Intermediates.noindex/UserDefaultsSnapshotLib.build/Debug-watchos/UserDefaultsSnapshotLib.build/Objects-normal/arm64/UserDefaultsPersistentStoreSinkCancellable.dia -target arm64-apple-watchos6.0 -Xllvm -aarch64-use-tbi -enable-objc-interop -stack-check -sdk /Applications/Xcode-14.3.1.app/Contents/Developer/Platforms/WatchOS.platform/Developer/SDKs/WatchOS9.4.sdk -I /Users/admin/builds/vMd7uqzK/1/finestructure/swiftpackageindex-builder/spi-builder-workspace/.derivedData/Build/Products/Debug-watchos -I /Applications/Xcode-14.3.1.app/Contents/Developer/Platforms/WatchOS.platform/Developer/usr/lib -F /Users/admin/builds/vMd7uqzK/1/finestructure/swiftpackageindex-builder/spi-builder-workspace/.derivedData/Build/Products/Debug-watchos -F /Applications/Xcode-14.3.1.app/Contents/Developer/Platforms/WatchOS.platform/Developer/Library/Frameworks -F /Applications/Xcode-14.3.1.app/Contents/Developer/Platforms/WatchOS.platform/Developer/SDKs/WatchOS9.4.sdk/Developer/Library/Frameworks -no-color-diagnostics -enable-testing -g -module-cache-path /Users/admin/builds/vMd7uqzK/1/finestructure/swiftpackageindex-builder/spi-builder-workspace/.derivedData/ModuleCache.noindex -swift-version 5 -enforce-exclusivity\=checked -Onone -D SWIFT_PACKAGE -D DEBUG -D Xcode -serialize-debugging-options -empty-abi-descriptor -Xcc -working-directory -Xcc /Users/admin/builds/vMd7uqzK/1/finestructure/swiftpackageindex-builder/spi-builder-workspace -resource-dir /Applications/Xcode-14.3.1.app/Contents/Developer/Toolchains/XcodeDefault.xctoolchain/usr/lib/swift -enable-anonymous-context-mangled-names -Xcc -ivfsstatcache -Xcc /Users/admin/builds/vMd7uqzK/1/finestructure/swiftpackageindex-builder/spi-builder-workspace/.derivedData/SDKStatCaches.noindex/watchos9.4-20T248-.sdkstatcache -Xcc -I/Users/admin/builds/vMd7uqzK/1/finestructure/swiftpackageindex-builder/spi-builder-workspace/.derivedData/Build/Intermediates.noindex/UserDefaultsSnapshotLib.build/Debug-watchos/UserDefaultsSnapshotLib.build/swift-overrides.hmap -Xcc -I/Users/admin/builds/vMd7uqzK/1/finestructure/swiftpackageindex-builder/spi-builder-workspace/.derivedData/Build/Products/Debug-watchos/include -Xcc -I/Users/admin/builds/vMd7uqzK/1/finestructure/swiftpackageindex-builder/spi-builder-workspace/.derivedData/Build/Intermediates.noindex/UserDefaultsSnapshotLib.build/Debug-watchos/UserDefaultsSnapshotLib.build/DerivedSources-normal/arm64 -Xcc -I/Users/admin/builds/vMd7uqzK/1/finestructure/swiftpackageindex-builder/spi-builder-workspace/.derivedData/Build/Intermediates.noindex/UserDefaultsSnapshotLib.build/Debug-watchos/UserDefaultsSnapshotLib.build/DerivedSources/arm64 -Xcc -I/Users/admin/builds/vMd7uqzK/1/finestructure/swiftpackageindex-builder/spi-builder-workspace/.derivedData/Build/Intermediates.noindex/UserDefaultsSnapshotLib.build/Debug-watchos/UserDefaultsSnapshotLib.build/DerivedSources -Xcc -DSWIFT_PACKAGE -Xcc -DDEBUG\=1 -module-name UserDefaultsSnapshotLib -frontend-parseable-output -disable-clang-spi -target-sdk-version 9.4 -target-sdk-name watchos9.4 -o /Users/admin/builds/vMd7uqzK/1/finestructure/swiftpackageindex-builder/spi-builder-workspace/.derivedData/Build/Intermediates.noindex/UserDefaultsSnapshotLib.build/Debug-watchos/UserDefaultsSnapshotLib.build/Objects-normal/arm64/UserDefaultsPersistentStoreBase.o -o /Users/admin/builds/vMd7uqzK/1/finestructure/swiftpackageindex-builder/spi-builder-workspace/.derivedData/Build/Intermediates.noindex/UserDefaultsSnapshotLib.build/Debug-watchos/UserDefaultsSnapshotLib.build/Objects-normal/arm64/UserDefaultsPersistentStoreSinkCancellable.o -index-unit-output-path /UserDefaultsSnapshotLib.build/Debug-watchos/UserDefaultsSnapshotLib.build/Objects-normal/arm64/UserDefaultsPersistentStoreBase.o -index-unit-output-path /UserDefaultsSnapshotLib.build/Debug-watchos/UserDefaultsSnapshotLib.build/Objects-normal/arm64/UserDefaultsPersistentStoreSinkCancellable.o -index-store-path /Users/admin/builds/vMd7uqzK/1/finestructure/swiftpackageindex-builder/spi-builder-workspace/.derivedData/Index.noindex/DataStore -index-system-modules
SwiftDriver UserDefaultsSnapshotLibTests normal arm64 com.apple.xcode.tools.swift.compiler (in target 'UserDefaultsSnapshotLibTests' from project 'UserDefaultsSnapshotLib')
    cd /Users/admin/builds/vMd7uqzK/1/finestructure/swiftpackageindex-builder/spi-builder-workspace
    builtin-SwiftDriver -- /Applications/Xcode-14.3.1.app/Contents/Developer/Toolchains/XcodeDefault.xctoolchain/usr/bin/swiftc -module-name UserDefaultsSnapshotLibTests -Onone -enforce-exclusivity\=checked @/Users/admin/builds/vMd7uqzK/1/finestructure/swiftpackageindex-builder/spi-builder-workspace/.derivedData/Build/Intermediates.noindex/UserDefaultsSnapshotLib.build/Debug-watchos/UserDefaultsSnapshotLibTests.build/Objects-normal/arm64/UserDefaultsSnapshotLibTests.SwiftFileList -DSWIFT_PACKAGE -DDEBUG -DXcode -sdk /Applications/Xcode-14.3.1.app/Contents/Developer/Platforms/WatchOS.platform/Developer/SDKs/WatchOS9.4.sdk -target arm64-apple-watchos6.0 -g -module-cache-path /Users/admin/builds/vMd7uqzK/1/finestructure/swiftpackageindex-builder/spi-builder-workspace/.derivedData/ModuleCache.noindex -Xfrontend -serialize-debugging-options -enable-testing -index-store-path /Users/admin/builds/vMd7uqzK/1/finestructure/swiftpackageindex-builder/spi-builder-workspace/.derivedData/Index.noindex/DataStore -swift-version 5 -I /Users/admin/builds/vMd7uqzK/1/finestructure/swiftpackageindex-builder/spi-builder-workspace/.derivedData/Build/Products/Debug-watchos -I /Applications/Xcode-14.3.1.app/Contents/Developer/Platforms/WatchOS.platform/Developer/usr/lib -F /Users/admin/builds/vMd7uqzK/1/finestructure/swiftpackageindex-builder/spi-builder-workspace/.derivedData/Build/Products/Debug-watchos/PackageFrameworks -F /Users/admin/builds/vMd7uqzK/1/finestructure/swiftpackageindex-builder/spi-builder-workspace/.derivedData/Build/Products/Debug-watchos -F /Applications/Xcode-14.3.1.app/Contents/Developer/Platforms/WatchOS.platform/Developer/Library/Frameworks -F /Applications/Xcode-14.3.1.app/Contents/Developer/Platforms/WatchOS.platform/Developer/SDKs/WatchOS9.4.sdk/Developer/Library/Frameworks -c -j4 -enable-batch-mode -incremental -Xcc -ivfsstatcache -Xcc /Users/admin/builds/vMd7uqzK/1/finestructure/swiftpackageindex-builder/spi-builder-workspace/.derivedData/SDKStatCaches.noindex/watchos9.4-20T248-.sdkstatcache -output-file-map /Users/admin/builds/vMd7uqzK/1/finestructure/swiftpackageindex-builder/spi-builder-workspace/.derivedData/Build/Intermediates.noindex/UserDefaultsSnapshotLib.build/Debug-watchos/UserDefaultsSnapshotLibTests.build/Objects-normal/arm64/UserDefaultsSnapshotLibTests-OutputFileMap.json -use-frontend-parseable-output -save-temps -no-color-diagnostics -serialize-diagnostics -emit-dependencies -emit-module -emit-module-path /Users/admin/builds/vMd7uqzK/1/finestructure/swiftpackageindex-builder/spi-builder-workspace/.derivedData/Build/Intermediates.noindex/UserDefaultsSnapshotLib.build/Debug-watchos/UserDefaultsSnapshotLibTests.build/Objects-normal/arm64/UserDefaultsSnapshotLibTests.swiftmodule -Xcc -I/Users/admin/builds/vMd7uqzK/1/finestructure/swiftpackageindex-builder/spi-builder-workspace/.derivedData/Build/Products/Debug-watchos/include -Xcc -I/Users/admin/builds/vMd7uqzK/1/finestructure/swiftpackageindex-builder/spi-builder-workspace/.derivedData/Build/Intermediates.noindex/UserDefaultsSnapshotLib.build/Debug-watchos/UserDefaultsSnapshotLibTests.build/DerivedSources-normal/arm64 -Xcc -I/Users/admin/builds/vMd7uqzK/1/finestructure/swiftpackageindex-builder/spi-builder-workspace/.derivedData/Build/Intermediates.noindex/UserDefaultsSnapshotLib.build/Debug-watchos/UserDefaultsSnapshotLibTests.build/DerivedSources/arm64 -Xcc -I/Users/admin/builds/vMd7uqzK/1/finestructure/swiftpackageindex-builder/spi-builder-workspace/.derivedData/Build/Intermediates.noindex/UserDefaultsSnapshotLib.build/Debug-watchos/UserDefaultsSnapshotLibTests.build/DerivedSources -Xcc -DSWIFT_PACKAGE -Xcc -DDEBUG\=1 -working-directory /Users/admin/builds/vMd7uqzK/1/finestructure/swiftpackageindex-builder/spi-builder-workspace -experimental-emit-module-separately -disable-cmo
SwiftEmitModule normal armv7k Emitting\ module\ for\ UserDefaultsSnapshotLibTests (in target 'UserDefaultsSnapshotLibTests' from project 'UserDefaultsSnapshotLib')
    cd /Users/admin/builds/vMd7uqzK/1/finestructure/swiftpackageindex-builder/spi-builder-workspace
    builtin-swiftTaskExecution -- /Applications/Xcode-14.3.1.app/Contents/Developer/Toolchains/XcodeDefault.xctoolchain/usr/bin/swift-frontend -frontend -emit-module -experimental-skip-non-inlinable-function-bodies-without-types /Users/admin/builds/vMd7uqzK/1/finestructure/swiftpackageindex-builder/spi-builder-workspace/Tests/UserDefaultsSnapshotLibTests/UserDefaultsBackingTests.swift /Users/admin/builds/vMd7uqzK/1/finestructure/swiftpackageindex-builder/spi-builder-workspace/Tests/UserDefaultsSnapshotLibTests/XCTestManifests.swift -target armv7k-apple-watchos6.0 -enable-objc-interop -stack-check -sdk /Applications/Xcode-14.3.1.app/Contents/Developer/Platforms/WatchOS.platform/Developer/SDKs/WatchOS9.4.sdk -I /Users/admin/builds/vMd7uqzK/1/finestructure/swiftpackageindex-builder/spi-builder-workspace/.derivedData/Build/Products/Debug-watchos -I /Applications/Xcode-14.3.1.app/Contents/Developer/Platforms/WatchOS.platform/Developer/usr/lib -F /Users/admin/builds/vMd7uqzK/1/finestructure/swiftpackageindex-builder/spi-builder-workspace/.derivedData/Build/Products/Debug-watchos/PackageFrameworks -F /Users/admin/builds/vMd7uqzK/1/finestructure/swiftpackageindex-builder/spi-builder-workspace/.derivedData/Build/Products/Debug-watchos -F /Applications/Xcode-14.3.1.app/Contents/Developer/Platforms/WatchOS.platform/Developer/Library/Frameworks -F /Applications/Xcode-14.3.1.app/Contents/Developer/Platforms/WatchOS.platform/Developer/SDKs/WatchOS9.4.sdk/Developer/Library/Frameworks -no-color-diagnostics -enable-testing -g -module-cache-path /Users/admin/builds/vMd7uqzK/1/finestructure/swiftpackageindex-builder/spi-builder-workspace/.derivedData/ModuleCache.noindex -swift-version 5 -enforce-exclusivity\=checked -Onone -D SWIFT_PACKAGE -D DEBUG -D Xcode -serialize-debugging-options -empty-abi-descriptor -Xcc -working-directory -Xcc /Users/admin/builds/vMd7uqzK/1/finestructure/swiftpackageindex-builder/spi-builder-workspace -resource-dir /Applications/Xcode-14.3.1.app/Contents/Developer/Toolchains/XcodeDefault.xctoolchain/usr/lib/swift -enable-anonymous-context-mangled-names -Xcc -ivfsstatcache -Xcc /Users/admin/builds/vMd7uqzK/1/finestructure/swiftpackageindex-builder/spi-builder-workspace/.derivedData/SDKStatCaches.noindex/watchos9.4-20T248-.sdkstatcache -Xcc -I/Users/admin/builds/vMd7uqzK/1/finestructure/swiftpackageindex-builder/spi-builder-workspace/.derivedData/Build/Products/Debug-watchos/include -Xcc -I/Users/admin/builds/vMd7uqzK/1/finestructure/swiftpackageindex-builder/spi-builder-workspace/.derivedData/Build/Intermediates.noindex/UserDefaultsSnapshotLib.build/Debug-watchos/UserDefaultsSnapshotLibTests.build/DerivedSources-normal/armv7k -Xcc -I/Users/admin/builds/vMd7uqzK/1/finestructure/swiftpackageindex-builder/spi-builder-workspace/.derivedData/Build/Intermediates.noindex/UserDefaultsSnapshotLib.build/Debug-watchos/UserDefaultsSnapshotLibTests.build/DerivedSources/armv7k -Xcc -I/Users/admin/builds/vMd7uqzK/1/finestructure/swiftpackageindex-builder/spi-builder-workspace/.derivedData/Build/Intermediates.noindex/UserDefaultsSnapshotLib.build/Debug-watchos/UserDefaultsSnapshotLibTests.build/DerivedSources -Xcc -DSWIFT_PACKAGE -Xcc -DDEBUG\=1 -module-name UserDefaultsSnapshotLibTests -disable-clang-spi -target-sdk-version 9.4 -target-sdk-name watchos9.4 -emit-module-doc-path /Users/admin/builds/vMd7uqzK/1/finestructure/swiftpackageindex-builder/spi-builder-workspace/.derivedData/Build/Intermediates.noindex/UserDefaultsSnapshotLib.build/Debug-watchos/UserDefaultsSnapshotLibTests.build/Objects-normal/armv7k/UserDefaultsSnapshotLibTests.swiftdoc -emit-module-source-info-path /Users/admin/builds/vMd7uqzK/1/finestructure/swiftpackageindex-builder/spi-builder-workspace/.derivedData/Build/Intermediates.noindex/UserDefaultsSnapshotLib.build/Debug-watchos/UserDefaultsSnapshotLibTests.build/Objects-normal/armv7k/UserDefaultsSnapshotLibTests.swiftsourceinfo -serialize-diagnostics-path /Users/admin/builds/vMd7uqzK/1/finestructure/swiftpackageindex-builder/spi-builder-workspace/.derivedData/Build/Intermediates.noindex/UserDefaultsSnapshotLib.build/Debug-watchos/UserDefaultsSnapshotLibTests.build/Objects-normal/armv7k/UserDefaultsSnapshotLibTests-master-emit-module.dia -emit-dependencies-path /Users/admin/builds/vMd7uqzK/1/finestructure/swiftpackageindex-builder/spi-builder-workspace/.derivedData/Build/Intermediates.noindex/UserDefaultsSnapshotLib.build/Debug-watchos/UserDefaultsSnapshotLibTests.build/Objects-normal/armv7k/UserDefaultsSnapshotLibTests-master-emit-module.d -o /Users/admin/builds/vMd7uqzK/1/finestructure/swiftpackageindex-builder/spi-builder-workspace/.derivedData/Build/Intermediates.noindex/UserDefaultsSnapshotLib.build/Debug-watchos/UserDefaultsSnapshotLibTests.build/Objects-normal/armv7k/UserDefaultsSnapshotLibTests.swiftmodule -emit-abi-descriptor-path /Users/admin/builds/vMd7uqzK/1/finestructure/swiftpackageindex-builder/spi-builder-workspace/.derivedData/Build/Intermediates.noindex/UserDefaultsSnapshotLib.build/Debug-watchos/UserDefaultsSnapshotLibTests.build/Objects-normal/armv7k/UserDefaultsSnapshotLibTests.abi.json
SwiftEmitModule normal arm64_32 Emitting\ module\ for\ UserDefaultsSnapshotLibTests (in target 'UserDefaultsSnapshotLibTests' from project 'UserDefaultsSnapshotLib')
    cd /Users/admin/builds/vMd7uqzK/1/finestructure/swiftpackageindex-builder/spi-builder-workspace
    builtin-swiftTaskExecution -- /Applications/Xcode-14.3.1.app/Contents/Developer/Toolchains/XcodeDefault.xctoolchain/usr/bin/swift-frontend -frontend -emit-module -experimental-skip-non-inlinable-function-bodies-without-types /Users/admin/builds/vMd7uqzK/1/finestructure/swiftpackageindex-builder/spi-builder-workspace/Tests/UserDefaultsSnapshotLibTests/UserDefaultsBackingTests.swift /Users/admin/builds/vMd7uqzK/1/finestructure/swiftpackageindex-builder/spi-builder-workspace/Tests/UserDefaultsSnapshotLibTests/XCTestManifests.swift -target arm64_32-apple-watchos6.0 -enable-objc-interop -sdk /Applications/Xcode-14.3.1.app/Contents/Developer/Platforms/WatchOS.platform/Developer/SDKs/WatchOS9.4.sdk -I /Users/admin/builds/vMd7uqzK/1/finestructure/swiftpackageindex-builder/spi-builder-workspace/.derivedData/Build/Products/Debug-watchos -I /Applications/Xcode-14.3.1.app/Contents/Developer/Platforms/WatchOS.platform/Developer/usr/lib -F /Users/admin/builds/vMd7uqzK/1/finestructure/swiftpackageindex-builder/spi-builder-workspace/.derivedData/Build/Products/Debug-watchos/PackageFrameworks -F /Users/admin/builds/vMd7uqzK/1/finestructure/swiftpackageindex-builder/spi-builder-workspace/.derivedData/Build/Products/Debug-watchos -F /Applications/Xcode-14.3.1.app/Contents/Developer/Platforms/WatchOS.platform/Developer/Library/Frameworks -F /Applications/Xcode-14.3.1.app/Contents/Developer/Platforms/WatchOS.platform/Developer/SDKs/WatchOS9.4.sdk/Developer/Library/Frameworks -no-color-diagnostics -enable-testing -g -module-cache-path /Users/admin/builds/vMd7uqzK/1/finestructure/swiftpackageindex-builder/spi-builder-workspace/.derivedData/ModuleCache.noindex -swift-version 5 -enforce-exclusivity\=checked -Onone -D SWIFT_PACKAGE -D DEBUG -D Xcode -serialize-debugging-options -empty-abi-descriptor -Xcc -working-directory -Xcc /Users/admin/builds/vMd7uqzK/1/finestructure/swiftpackageindex-builder/spi-builder-workspace -resource-dir /Applications/Xcode-14.3.1.app/Contents/Developer/Toolchains/XcodeDefault.xctoolchain/usr/lib/swift -enable-anonymous-context-mangled-names -Xcc -ivfsstatcache -Xcc /Users/admin/builds/vMd7uqzK/1/finestructure/swiftpackageindex-builder/spi-builder-workspace/.derivedData/SDKStatCaches.noindex/watchos9.4-20T248-.sdkstatcache -Xcc -I/Users/admin/builds/vMd7uqzK/1/finestructure/swiftpackageindex-builder/spi-builder-workspace/.derivedData/Build/Products/Debug-watchos/include -Xcc -I/Users/admin/builds/vMd7uqzK/1/finestructure/swiftpackageindex-builder/spi-builder-workspace/.derivedData/Build/Intermediates.noindex/UserDefaultsSnapshotLib.build/Debug-watchos/UserDefaultsSnapshotLibTests.build/DerivedSources-normal/arm64_32 -Xcc -I/Users/admin/builds/vMd7uqzK/1/finestructure/swiftpackageindex-builder/spi-builder-workspace/.derivedData/Build/Intermediates.noindex/UserDefaultsSnapshotLib.build/Debug-watchos/UserDefaultsSnapshotLibTests.build/DerivedSources/arm64_32 -Xcc -I/Users/admin/builds/vMd7uqzK/1/finestructure/swiftpackageindex-builder/spi-builder-workspace/.derivedData/Build/Intermediates.noindex/UserDefaultsSnapshotLib.build/Debug-watchos/UserDefaultsSnapshotLibTests.build/DerivedSources -Xcc -DSWIFT_PACKAGE -Xcc -DDEBUG\=1 -module-name UserDefaultsSnapshotLibTests -disable-clang-spi -target-sdk-version 9.4 -target-sdk-name watchos9.4 -emit-module-doc-path /Users/admin/builds/vMd7uqzK/1/finestructure/swiftpackageindex-builder/spi-builder-workspace/.derivedData/Build/Intermediates.noindex/UserDefaultsSnapshotLib.build/Debug-watchos/UserDefaultsSnapshotLibTests.build/Objects-normal/arm64_32/UserDefaultsSnapshotLibTests.swiftdoc -emit-module-source-info-path /Users/admin/builds/vMd7uqzK/1/finestructure/swiftpackageindex-builder/spi-builder-workspace/.derivedData/Build/Intermediates.noindex/UserDefaultsSnapshotLib.build/Debug-watchos/UserDefaultsSnapshotLibTests.build/Objects-normal/arm64_32/UserDefaultsSnapshotLibTests.swiftsourceinfo -serialize-diagnostics-path /Users/admin/builds/vMd7uqzK/1/finestructure/swiftpackageindex-builder/spi-builder-workspace/.derivedData/Build/Intermediates.noindex/UserDefaultsSnapshotLib.build/Debug-watchos/UserDefaultsSnapshotLibTests.build/Objects-normal/arm64_32/UserDefaultsSnapshotLibTests-master-emit-module.dia -emit-dependencies-path /Users/admin/builds/vMd7uqzK/1/finestructure/swiftpackageindex-builder/spi-builder-workspace/.derivedData/Build/Intermediates.noindex/UserDefaultsSnapshotLib.build/Debug-watchos/UserDefaultsSnapshotLibTests.build/Objects-normal/arm64_32/UserDefaultsSnapshotLibTests-master-emit-module.d -o /Users/admin/builds/vMd7uqzK/1/finestructure/swiftpackageindex-builder/spi-builder-workspace/.derivedData/Build/Intermediates.noindex/UserDefaultsSnapshotLib.build/Debug-watchos/UserDefaultsSnapshotLibTests.build/Objects-normal/arm64_32/UserDefaultsSnapshotLibTests.swiftmodule -emit-abi-descriptor-path /Users/admin/builds/vMd7uqzK/1/finestructure/swiftpackageindex-builder/spi-builder-workspace/.derivedData/Build/Intermediates.noindex/UserDefaultsSnapshotLib.build/Debug-watchos/UserDefaultsSnapshotLibTests.build/Objects-normal/arm64_32/UserDefaultsSnapshotLibTests.abi.json
SwiftEmitModule normal arm64 Emitting\ module\ for\ UserDefaultsSnapshotLibTests (in target 'UserDefaultsSnapshotLibTests' from project 'UserDefaultsSnapshotLib')
    cd /Users/admin/builds/vMd7uqzK/1/finestructure/swiftpackageindex-builder/spi-builder-workspace
    builtin-swiftTaskExecution -- /Applications/Xcode-14.3.1.app/Contents/Developer/Toolchains/XcodeDefault.xctoolchain/usr/bin/swift-frontend -frontend -emit-module -experimental-skip-non-inlinable-function-bodies-without-types /Users/admin/builds/vMd7uqzK/1/finestructure/swiftpackageindex-builder/spi-builder-workspace/Tests/UserDefaultsSnapshotLibTests/UserDefaultsBackingTests.swift /Users/admin/builds/vMd7uqzK/1/finestructure/swiftpackageindex-builder/spi-builder-workspace/Tests/UserDefaultsSnapshotLibTests/XCTestManifests.swift -target arm64-apple-watchos6.0 -Xllvm -aarch64-use-tbi -enable-objc-interop -stack-check -sdk /Applications/Xcode-14.3.1.app/Contents/Developer/Platforms/WatchOS.platform/Developer/SDKs/WatchOS9.4.sdk -I /Users/admin/builds/vMd7uqzK/1/finestructure/swiftpackageindex-builder/spi-builder-workspace/.derivedData/Build/Products/Debug-watchos -I /Applications/Xcode-14.3.1.app/Contents/Developer/Platforms/WatchOS.platform/Developer/usr/lib -F /Users/admin/builds/vMd7uqzK/1/finestructure/swiftpackageindex-builder/spi-builder-workspace/.derivedData/Build/Products/Debug-watchos/PackageFrameworks -F /Users/admin/builds/vMd7uqzK/1/finestructure/swiftpackageindex-builder/spi-builder-workspace/.derivedData/Build/Products/Debug-watchos -F /Applications/Xcode-14.3.1.app/Contents/Developer/Platforms/WatchOS.platform/Developer/Library/Frameworks -F /Applications/Xcode-14.3.1.app/Contents/Developer/Platforms/WatchOS.platform/Developer/SDKs/WatchOS9.4.sdk/Developer/Library/Frameworks -no-color-diagnostics -enable-testing -g -module-cache-path /Users/admin/builds/vMd7uqzK/1/finestructure/swiftpackageindex-builder/spi-builder-workspace/.derivedData/ModuleCache.noindex -swift-version 5 -enforce-exclusivity\=checked -Onone -D SWIFT_PACKAGE -D DEBUG -D Xcode -serialize-debugging-options -empty-abi-descriptor -Xcc -working-directory -Xcc /Users/admin/builds/vMd7uqzK/1/finestructure/swiftpackageindex-builder/spi-builder-workspace -resource-dir /Applications/Xcode-14.3.1.app/Contents/Developer/Toolchains/XcodeDefault.xctoolchain/usr/lib/swift -enable-anonymous-context-mangled-names -Xcc -ivfsstatcache -Xcc /Users/admin/builds/vMd7uqzK/1/finestructure/swiftpackageindex-builder/spi-builder-workspace/.derivedData/SDKStatCaches.noindex/watchos9.4-20T248-.sdkstatcache -Xcc -I/Users/admin/builds/vMd7uqzK/1/finestructure/swiftpackageindex-builder/spi-builder-workspace/.derivedData/Build/Products/Debug-watchos/include -Xcc -I/Users/admin/builds/vMd7uqzK/1/finestructure/swiftpackageindex-builder/spi-builder-workspace/.derivedData/Build/Intermediates.noindex/UserDefaultsSnapshotLib.build/Debug-watchos/UserDefaultsSnapshotLibTests.build/DerivedSources-normal/arm64 -Xcc -I/Users/admin/builds/vMd7uqzK/1/finestructure/swiftpackageindex-builder/spi-builder-workspace/.derivedData/Build/Intermediates.noindex/UserDefaultsSnapshotLib.build/Debug-watchos/UserDefaultsSnapshotLibTests.build/DerivedSources/arm64 -Xcc -I/Users/admin/builds/vMd7uqzK/1/finestructure/swiftpackageindex-builder/spi-builder-workspace/.derivedData/Build/Intermediates.noindex/UserDefaultsSnapshotLib.build/Debug-watchos/UserDefaultsSnapshotLibTests.build/DerivedSources -Xcc -DSWIFT_PACKAGE -Xcc -DDEBUG\=1 -module-name UserDefaultsSnapshotLibTests -disable-clang-spi -target-sdk-version 9.4 -target-sdk-name watchos9.4 -emit-module-doc-path /Users/admin/builds/vMd7uqzK/1/finestructure/swiftpackageindex-builder/spi-builder-workspace/.derivedData/Build/Intermediates.noindex/UserDefaultsSnapshotLib.build/Debug-watchos/UserDefaultsSnapshotLibTests.build/Objects-normal/arm64/UserDefaultsSnapshotLibTests.swiftdoc -emit-module-source-info-path /Users/admin/builds/vMd7uqzK/1/finestructure/swiftpackageindex-builder/spi-builder-workspace/.derivedData/Build/Intermediates.noindex/UserDefaultsSnapshotLib.build/Debug-watchos/UserDefaultsSnapshotLibTests.build/Objects-normal/arm64/UserDefaultsSnapshotLibTests.swiftsourceinfo -serialize-diagnostics-path /Users/admin/builds/vMd7uqzK/1/finestructure/swiftpackageindex-builder/spi-builder-workspace/.derivedData/Build/Intermediates.noindex/UserDefaultsSnapshotLib.build/Debug-watchos/UserDefaultsSnapshotLibTests.build/Objects-normal/arm64/UserDefaultsSnapshotLibTests-master-emit-module.dia -emit-dependencies-path /Users/admin/builds/vMd7uqzK/1/finestructure/swiftpackageindex-builder/spi-builder-workspace/.derivedData/Build/Intermediates.noindex/UserDefaultsSnapshotLib.build/Debug-watchos/UserDefaultsSnapshotLibTests.build/Objects-normal/arm64/UserDefaultsSnapshotLibTests-master-emit-module.d -o /Users/admin/builds/vMd7uqzK/1/finestructure/swiftpackageindex-builder/spi-builder-workspace/.derivedData/Build/Intermediates.noindex/UserDefaultsSnapshotLib.build/Debug-watchos/UserDefaultsSnapshotLibTests.build/Objects-normal/arm64/UserDefaultsSnapshotLibTests.swiftmodule -emit-abi-descriptor-path /Users/admin/builds/vMd7uqzK/1/finestructure/swiftpackageindex-builder/spi-builder-workspace/.derivedData/Build/Intermediates.noindex/UserDefaultsSnapshotLib.build/Debug-watchos/UserDefaultsSnapshotLibTests.build/Objects-normal/arm64/UserDefaultsSnapshotLibTests.abi.json
SwiftDriverJobDiscovery normal arm64 Compiling UserDefaultsPersistentStoreBase.swift, UserDefaultsPersistentStoreSinkCancellable.swift (in target 'UserDefaultsSnapshotLib' from project 'UserDefaultsSnapshotLib')
SwiftCompile normal arm64_32 Compiling\ XCTestManifests.swift /Users/admin/builds/vMd7uqzK/1/finestructure/swiftpackageindex-builder/spi-builder-workspace/Tests/UserDefaultsSnapshotLibTests/XCTestManifests.swift (in target 'UserDefaultsSnapshotLibTests' from project 'UserDefaultsSnapshotLib')
    cd /Users/admin/builds/vMd7uqzK/1/finestructure/swiftpackageindex-builder/spi-builder-workspace
    builtin-swiftTaskExecution -- /Applications/Xcode-14.3.1.app/Contents/Developer/Toolchains/XcodeDefault.xctoolchain/usr/bin/swift-frontend -frontend -c /Users/admin/builds/vMd7uqzK/1/finestructure/swiftpackageindex-builder/spi-builder-workspace/Tests/UserDefaultsSnapshotLibTests/UserDefaultsBackingTests.swift -primary-file /Users/admin/builds/vMd7uqzK/1/finestructure/swiftpackageindex-builder/spi-builder-workspace/Tests/UserDefaultsSnapshotLibTests/XCTestManifests.swift -emit-dependencies-path /Users/admin/builds/vMd7uqzK/1/finestructure/swiftpackageindex-builder/spi-builder-workspace/.derivedData/Build/Intermediates.noindex/UserDefaultsSnapshotLib.build/Debug-watchos/UserDefaultsSnapshotLibTests.build/Objects-normal/arm64_32/XCTestManifests.d -emit-reference-dependencies-path /Users/admin/builds/vMd7uqzK/1/finestructure/swiftpackageindex-builder/spi-builder-workspace/.derivedData/Build/Intermediates.noindex/UserDefaultsSnapshotLib.build/Debug-watchos/UserDefaultsSnapshotLibTests.build/Objects-normal/arm64_32/XCTestManifests.swiftdeps -serialize-diagnostics-path /Users/admin/builds/vMd7uqzK/1/finestructure/swiftpackageindex-builder/spi-builder-workspace/.derivedData/Build/Intermediates.noindex/UserDefaultsSnapshotLib.build/Debug-watchos/UserDefaultsSnapshotLibTests.build/Objects-normal/arm64_32/XCTestManifests.dia -target arm64_32-apple-watchos6.0 -enable-objc-interop -sdk /Applications/Xcode-14.3.1.app/Contents/Developer/Platforms/WatchOS.platform/Developer/SDKs/WatchOS9.4.sdk -I /Users/admin/builds/vMd7uqzK/1/finestructure/swiftpackageindex-builder/spi-builder-workspace/.derivedData/Build/Products/Debug-watchos -I /Applications/Xcode-14.3.1.app/Contents/Developer/Platforms/WatchOS.platform/Developer/usr/lib -F /Users/admin/builds/vMd7uqzK/1/finestructure/swiftpackageindex-builder/spi-builder-workspace/.derivedData/Build/Products/Debug-watchos/PackageFrameworks -F /Users/admin/builds/vMd7uqzK/1/finestructure/swiftpackageindex-builder/spi-builder-workspace/.derivedData/Build/Products/Debug-watchos -F /Applications/Xcode-14.3.1.app/Contents/Developer/Platforms/WatchOS.platform/Developer/Library/Frameworks -F /Applications/Xcode-14.3.1.app/Contents/Developer/Platforms/WatchOS.platform/Developer/SDKs/WatchOS9.4.sdk/Developer/Library/Frameworks -no-color-diagnostics -enable-testing -g -module-cache-path /Users/admin/builds/vMd7uqzK/1/finestructure/swiftpackageindex-builder/spi-builder-workspace/.derivedData/ModuleCache.noindex -swift-version 5 -enforce-exclusivity\=checked -Onone -D SWIFT_PACKAGE -D DEBUG -D Xcode -serialize-debugging-options -empty-abi-descriptor -Xcc -working-directory -Xcc /Users/admin/builds/vMd7uqzK/1/finestructure/swiftpackageindex-builder/spi-builder-workspace -resource-dir /Applications/Xcode-14.3.1.app/Contents/Developer/Toolchains/XcodeDefault.xctoolchain/usr/lib/swift -enable-anonymous-context-mangled-names -Xcc -ivfsstatcache -Xcc /Users/admin/builds/vMd7uqzK/1/finestructure/swiftpackageindex-builder/spi-builder-workspace/.derivedData/SDKStatCaches.noindex/watchos9.4-20T248-.sdkstatcache -Xcc -I/Users/admin/builds/vMd7uqzK/1/finestructure/swiftpackageindex-builder/spi-builder-workspace/.derivedData/Build/Products/Debug-watchos/include -Xcc -I/Users/admin/builds/vMd7uqzK/1/finestructure/swiftpackageindex-builder/spi-builder-workspace/.derivedData/Build/Intermediates.noindex/UserDefaultsSnapshotLib.build/Debug-watchos/UserDefaultsSnapshotLibTests.build/DerivedSources-normal/arm64_32 -Xcc -I/Users/admin/builds/vMd7uqzK/1/finestructure/swiftpackageindex-builder/spi-builder-workspace/.derivedData/Build/Intermediates.noindex/UserDefaultsSnapshotLib.build/Debug-watchos/UserDefaultsSnapshotLibTests.build/DerivedSources/arm64_32 -Xcc -I/Users/admin/builds/vMd7uqzK/1/finestructure/swiftpackageindex-builder/spi-builder-workspace/.derivedData/Build/Intermediates.noindex/UserDefaultsSnapshotLib.build/Debug-watchos/UserDefaultsSnapshotLibTests.build/DerivedSources -Xcc -DSWIFT_PACKAGE -Xcc -DDEBUG\=1 -module-name UserDefaultsSnapshotLibTests -frontend-parseable-output -disable-clang-spi -target-sdk-version 9.4 -target-sdk-name watchos9.4 -o /Users/admin/builds/vMd7uqzK/1/finestructure/swiftpackageindex-builder/spi-builder-workspace/.derivedData/Build/Intermediates.noindex/UserDefaultsSnapshotLib.build/Debug-watchos/UserDefaultsSnapshotLibTests.build/Objects-normal/arm64_32/XCTestManifests.o -index-unit-output-path /UserDefaultsSnapshotLib.build/Debug-watchos/UserDefaultsSnapshotLibTests.build/Objects-normal/arm64_32/XCTestManifests.o -index-store-path /Users/admin/builds/vMd7uqzK/1/finestructure/swiftpackageindex-builder/spi-builder-workspace/.derivedData/Index.noindex/DataStore -index-system-modules
SwiftCompile normal arm64_32 /Users/admin/builds/vMd7uqzK/1/finestructure/swiftpackageindex-builder/spi-builder-workspace/Tests/UserDefaultsSnapshotLibTests/XCTestManifests.swift (in target 'UserDefaultsSnapshotLibTests' from project 'UserDefaultsSnapshotLib')
    cd /Users/admin/builds/vMd7uqzK/1/finestructure/swiftpackageindex-builder/spi-builder-workspace
    /Applications/Xcode-14.3.1.app/Contents/Developer/Toolchains/XcodeDefault.xctoolchain/usr/bin/swift-frontend -c /Users/admin/builds/vMd7uqzK/1/finestructure/swiftpackageindex-builder/spi-builder-workspace/Tests/UserDefaultsSnapshotLibTests/UserDefaultsBackingTests.swift -primary-file /Users/admin/builds/vMd7uqzK/1/finestructure/swiftpackageindex-builder/spi-builder-workspace/Tests/UserDefaultsSnapshotLibTests/XCTestManifests.swift -emit-dependencies-path /Users/admin/builds/vMd7uqzK/1/finestructure/swiftpackageindex-builder/spi-builder-workspace/.derivedData/Build/Intermediates.noindex/UserDefaultsSnapshotLib.build/Debug-watchos/UserDefaultsSnapshotLibTests.build/Objects-normal/arm64_32/XCTestManifests.d -emit-reference-dependencies-path /Users/admin/builds/vMd7uqzK/1/finestructure/swiftpackageindex-builder/spi-builder-workspace/.derivedData/Build/Intermediates.noindex/UserDefaultsSnapshotLib.build/Debug-watchos/UserDefaultsSnapshotLibTests.build/Objects-normal/arm64_32/XCTestManifests.swiftdeps -serialize-diagnostics-path /Users/admin/builds/vMd7uqzK/1/finestructure/swiftpackageindex-builder/spi-builder-workspace/.derivedData/Build/Intermediates.noindex/UserDefaultsSnapshotLib.build/Debug-watchos/UserDefaultsSnapshotLibTests.build/Objects-normal/arm64_32/XCTestManifests.dia -target arm64_32-apple-watchos6.0 -enable-objc-interop -sdk /Applications/Xcode-14.3.1.app/Contents/Developer/Platforms/WatchOS.platform/Developer/SDKs/WatchOS9.4.sdk -I /Users/admin/builds/vMd7uqzK/1/finestructure/swiftpackageindex-builder/spi-builder-workspace/.derivedData/Build/Products/Debug-watchos -I /Applications/Xcode-14.3.1.app/Contents/Developer/Platforms/WatchOS.platform/Developer/usr/lib -F /Users/admin/builds/vMd7uqzK/1/finestructure/swiftpackageindex-builder/spi-builder-workspace/.derivedData/Build/Products/Debug-watchos/PackageFrameworks -F /Users/admin/builds/vMd7uqzK/1/finestructure/swiftpackageindex-builder/spi-builder-workspace/.derivedData/Build/Products/Debug-watchos -F /Applications/Xcode-14.3.1.app/Contents/Developer/Platforms/WatchOS.platform/Developer/Library/Frameworks -F /Applications/Xcode-14.3.1.app/Contents/Developer/Platforms/WatchOS.platform/Developer/SDKs/WatchOS9.4.sdk/Developer/Library/Frameworks -no-color-diagnostics -enable-testing -g -module-cache-path /Users/admin/builds/vMd7uqzK/1/finestructure/swiftpackageindex-builder/spi-builder-workspace/.derivedData/ModuleCache.noindex -swift-version 5 -enforce-exclusivity\=checked -Onone -D SWIFT_PACKAGE -D DEBUG -D Xcode -serialize-debugging-options -empty-abi-descriptor -Xcc -working-directory -Xcc /Users/admin/builds/vMd7uqzK/1/finestructure/swiftpackageindex-builder/spi-builder-workspace -resource-dir /Applications/Xcode-14.3.1.app/Contents/Developer/Toolchains/XcodeDefault.xctoolchain/usr/lib/swift -enable-anonymous-context-mangled-names -Xcc -ivfsstatcache -Xcc /Users/admin/builds/vMd7uqzK/1/finestructure/swiftpackageindex-builder/spi-builder-workspace/.derivedData/SDKStatCaches.noindex/watchos9.4-20T248-.sdkstatcache -Xcc -I/Users/admin/builds/vMd7uqzK/1/finestructure/swiftpackageindex-builder/spi-builder-workspace/.derivedData/Build/Products/Debug-watchos/include -Xcc -I/Users/admin/builds/vMd7uqzK/1/finestructure/swiftpackageindex-builder/spi-builder-workspace/.derivedData/Build/Intermediates.noindex/UserDefaultsSnapshotLib.build/Debug-watchos/UserDefaultsSnapshotLibTests.build/DerivedSources-normal/arm64_32 -Xcc -I/Users/admin/builds/vMd7uqzK/1/finestructure/swiftpackageindex-builder/spi-builder-workspace/.derivedData/Build/Intermediates.noindex/UserDefaultsSnapshotLib.build/Debug-watchos/UserDefaultsSnapshotLibTests.build/DerivedSources/arm64_32 -Xcc -I/Users/admin/builds/vMd7uqzK/1/finestructure/swiftpackageindex-builder/spi-builder-workspace/.derivedData/Build/Intermediates.noindex/UserDefaultsSnapshotLib.build/Debug-watchos/UserDefaultsSnapshotLibTests.build/DerivedSources -Xcc -DSWIFT_PACKAGE -Xcc -DDEBUG\=1 -module-name UserDefaultsSnapshotLibTests -frontend-parseable-output -disable-clang-spi -target-sdk-version 9.4 -target-sdk-name watchos9.4 -o /Users/admin/builds/vMd7uqzK/1/finestructure/swiftpackageindex-builder/spi-builder-workspace/.derivedData/Build/Intermediates.noindex/UserDefaultsSnapshotLib.build/Debug-watchos/UserDefaultsSnapshotLibTests.build/Objects-normal/arm64_32/XCTestManifests.o -index-unit-output-path /UserDefaultsSnapshotLib.build/Debug-watchos/UserDefaultsSnapshotLibTests.build/Objects-normal/arm64_32/XCTestManifests.o -index-store-path /Users/admin/builds/vMd7uqzK/1/finestructure/swiftpackageindex-builder/spi-builder-workspace/.derivedData/Index.noindex/DataStore -index-system-modules
SwiftDriverJobDiscovery normal arm64_32 Compiling UserDefaultsSnapshot.swift (in target 'UserDefaultsSnapshotLib' from project 'UserDefaultsSnapshotLib')
SwiftDriverJobDiscovery normal armv7k Emitting module for UserDefaultsSnapshotLibTests (in target 'UserDefaultsSnapshotLibTests' from project 'UserDefaultsSnapshotLib')
SwiftCompile normal armv7k Compiling\ UserDefaultsBackingTests.swift /Users/admin/builds/vMd7uqzK/1/finestructure/swiftpackageindex-builder/spi-builder-workspace/Tests/UserDefaultsSnapshotLibTests/UserDefaultsBackingTests.swift (in target 'UserDefaultsSnapshotLibTests' from project 'UserDefaultsSnapshotLib')
    cd /Users/admin/builds/vMd7uqzK/1/finestructure/swiftpackageindex-builder/spi-builder-workspace
    builtin-swiftTaskExecution -- /Applications/Xcode-14.3.1.app/Contents/Developer/Toolchains/XcodeDefault.xctoolchain/usr/bin/swift-frontend -frontend -c -primary-file /Users/admin/builds/vMd7uqzK/1/finestructure/swiftpackageindex-builder/spi-builder-workspace/Tests/UserDefaultsSnapshotLibTests/UserDefaultsBackingTests.swift /Users/admin/builds/vMd7uqzK/1/finestructure/swiftpackageindex-builder/spi-builder-workspace/Tests/UserDefaultsSnapshotLibTests/XCTestManifests.swift -emit-dependencies-path /Users/admin/builds/vMd7uqzK/1/finestructure/swiftpackageindex-builder/spi-builder-workspace/.derivedData/Build/Intermediates.noindex/UserDefaultsSnapshotLib.build/Debug-watchos/UserDefaultsSnapshotLibTests.build/Objects-normal/armv7k/UserDefaultsBackingTests.d -emit-reference-dependencies-path /Users/admin/builds/vMd7uqzK/1/finestructure/swiftpackageindex-builder/spi-builder-workspace/.derivedData/Build/Intermediates.noindex/UserDefaultsSnapshotLib.build/Debug-watchos/UserDefaultsSnapshotLibTests.build/Objects-normal/armv7k/UserDefaultsBackingTests.swiftdeps -serialize-diagnostics-path /Users/admin/builds/vMd7uqzK/1/finestructure/swiftpackageindex-builder/spi-builder-workspace/.derivedData/Build/Intermediates.noindex/UserDefaultsSnapshotLib.build/Debug-watchos/UserDefaultsSnapshotLibTests.build/Objects-normal/armv7k/UserDefaultsBackingTests.dia -target armv7k-apple-watchos6.0 -enable-objc-interop -stack-check -sdk /Applications/Xcode-14.3.1.app/Contents/Developer/Platforms/WatchOS.platform/Developer/SDKs/WatchOS9.4.sdk -I /Users/admin/builds/vMd7uqzK/1/finestructure/swiftpackageindex-builder/spi-builder-workspace/.derivedData/Build/Products/Debug-watchos -I /Applications/Xcode-14.3.1.app/Contents/Developer/Platforms/WatchOS.platform/Developer/usr/lib -F /Users/admin/builds/vMd7uqzK/1/finestructure/swiftpackageindex-builder/spi-builder-workspace/.derivedData/Build/Products/Debug-watchos/PackageFrameworks -F /Users/admin/builds/vMd7uqzK/1/finestructure/swiftpackageindex-builder/spi-builder-workspace/.derivedData/Build/Products/Debug-watchos -F /Applications/Xcode-14.3.1.app/Contents/Developer/Platforms/WatchOS.platform/Developer/Library/Frameworks -F /Applications/Xcode-14.3.1.app/Contents/Developer/Platforms/WatchOS.platform/Developer/SDKs/WatchOS9.4.sdk/Developer/Library/Frameworks -no-color-diagnostics -enable-testing -g -module-cache-path /Users/admin/builds/vMd7uqzK/1/finestructure/swiftpackageindex-builder/spi-builder-workspace/.derivedData/ModuleCache.noindex -swift-version 5 -enforce-exclusivity\=checked -Onone -D SWIFT_PACKAGE -D DEBUG -D Xcode -serialize-debugging-options -empty-abi-descriptor -Xcc -working-directory -Xcc /Users/admin/builds/vMd7uqzK/1/finestructure/swiftpackageindex-builder/spi-builder-workspace -resource-dir /Applications/Xcode-14.3.1.app/Contents/Developer/Toolchains/XcodeDefault.xctoolchain/usr/lib/swift -enable-anonymous-context-mangled-names -Xcc -ivfsstatcache -Xcc /Users/admin/builds/vMd7uqzK/1/finestructure/swiftpackageindex-builder/spi-builder-workspace/.derivedData/SDKStatCaches.noindex/watchos9.4-20T248-.sdkstatcache -Xcc -I/Users/admin/builds/vMd7uqzK/1/finestructure/swiftpackageindex-builder/spi-builder-workspace/.derivedData/Build/Products/Debug-watchos/include -Xcc -I/Users/admin/builds/vMd7uqzK/1/finestructure/swiftpackageindex-builder/spi-builder-workspace/.derivedData/Build/Intermediates.noindex/UserDefaultsSnapshotLib.build/Debug-watchos/UserDefaultsSnapshotLibTests.build/DerivedSources-normal/armv7k -Xcc -I/Users/admin/builds/vMd7uqzK/1/finestructure/swiftpackageindex-builder/spi-builder-workspace/.derivedData/Build/Intermediates.noindex/UserDefaultsSnapshotLib.build/Debug-watchos/UserDefaultsSnapshotLibTests.build/DerivedSources/armv7k -Xcc -I/Users/admin/builds/vMd7uqzK/1/finestructure/swiftpackageindex-builder/spi-builder-workspace/.derivedData/Build/Intermediates.noindex/UserDefaultsSnapshotLib.build/Debug-watchos/UserDefaultsSnapshotLibTests.build/DerivedSources -Xcc -DSWIFT_PACKAGE -Xcc -DDEBUG\=1 -module-name UserDefaultsSnapshotLibTests -frontend-parseable-output -disable-clang-spi -target-sdk-version 9.4 -target-sdk-name watchos9.4 -o /Users/admin/builds/vMd7uqzK/1/finestructure/swiftpackageindex-builder/spi-builder-workspace/.derivedData/Build/Intermediates.noindex/UserDefaultsSnapshotLib.build/Debug-watchos/UserDefaultsSnapshotLibTests.build/Objects-normal/armv7k/UserDefaultsBackingTests.o -index-unit-output-path /UserDefaultsSnapshotLib.build/Debug-watchos/UserDefaultsSnapshotLibTests.build/Objects-normal/armv7k/UserDefaultsBackingTests.o -index-store-path /Users/admin/builds/vMd7uqzK/1/finestructure/swiftpackageindex-builder/spi-builder-workspace/.derivedData/Index.noindex/DataStore -index-system-modules
SwiftCompile normal armv7k /Users/admin/builds/vMd7uqzK/1/finestructure/swiftpackageindex-builder/spi-builder-workspace/Tests/UserDefaultsSnapshotLibTests/UserDefaultsBackingTests.swift (in target 'UserDefaultsSnapshotLibTests' from project 'UserDefaultsSnapshotLib')
    cd /Users/admin/builds/vMd7uqzK/1/finestructure/swiftpackageindex-builder/spi-builder-workspace
    /Applications/Xcode-14.3.1.app/Contents/Developer/Toolchains/XcodeDefault.xctoolchain/usr/bin/swift-frontend -c -primary-file /Users/admin/builds/vMd7uqzK/1/finestructure/swiftpackageindex-builder/spi-builder-workspace/Tests/UserDefaultsSnapshotLibTests/UserDefaultsBackingTests.swift /Users/admin/builds/vMd7uqzK/1/finestructure/swiftpackageindex-builder/spi-builder-workspace/Tests/UserDefaultsSnapshotLibTests/XCTestManifests.swift -emit-dependencies-path /Users/admin/builds/vMd7uqzK/1/finestructure/swiftpackageindex-builder/spi-builder-workspace/.derivedData/Build/Intermediates.noindex/UserDefaultsSnapshotLib.build/Debug-watchos/UserDefaultsSnapshotLibTests.build/Objects-normal/armv7k/UserDefaultsBackingTests.d -emit-reference-dependencies-path /Users/admin/builds/vMd7uqzK/1/finestructure/swiftpackageindex-builder/spi-builder-workspace/.derivedData/Build/Intermediates.noindex/UserDefaultsSnapshotLib.build/Debug-watchos/UserDefaultsSnapshotLibTests.build/Objects-normal/armv7k/UserDefaultsBackingTests.swiftdeps -serialize-diagnostics-path /Users/admin/builds/vMd7uqzK/1/finestructure/swiftpackageindex-builder/spi-builder-workspace/.derivedData/Build/Intermediates.noindex/UserDefaultsSnapshotLib.build/Debug-watchos/UserDefaultsSnapshotLibTests.build/Objects-normal/armv7k/UserDefaultsBackingTests.dia -target armv7k-apple-watchos6.0 -enable-objc-interop -stack-check -sdk /Applications/Xcode-14.3.1.app/Contents/Developer/Platforms/WatchOS.platform/Developer/SDKs/WatchOS9.4.sdk -I /Users/admin/builds/vMd7uqzK/1/finestructure/swiftpackageindex-builder/spi-builder-workspace/.derivedData/Build/Products/Debug-watchos -I /Applications/Xcode-14.3.1.app/Contents/Developer/Platforms/WatchOS.platform/Developer/usr/lib -F /Users/admin/builds/vMd7uqzK/1/finestructure/swiftpackageindex-builder/spi-builder-workspace/.derivedData/Build/Products/Debug-watchos/PackageFrameworks -F /Users/admin/builds/vMd7uqzK/1/finestructure/swiftpackageindex-builder/spi-builder-workspace/.derivedData/Build/Products/Debug-watchos -F /Applications/Xcode-14.3.1.app/Contents/Developer/Platforms/WatchOS.platform/Developer/Library/Frameworks -F /Applications/Xcode-14.3.1.app/Contents/Developer/Platforms/WatchOS.platform/Developer/SDKs/WatchOS9.4.sdk/Developer/Library/Frameworks -no-color-diagnostics -enable-testing -g -module-cache-path /Users/admin/builds/vMd7uqzK/1/finestructure/swiftpackageindex-builder/spi-builder-workspace/.derivedData/ModuleCache.noindex -swift-version 5 -enforce-exclusivity\=checked -Onone -D SWIFT_PACKAGE -D DEBUG -D Xcode -serialize-debugging-options -empty-abi-descriptor -Xcc -working-directory -Xcc /Users/admin/builds/vMd7uqzK/1/finestructure/swiftpackageindex-builder/spi-builder-workspace -resource-dir /Applications/Xcode-14.3.1.app/Contents/Developer/Toolchains/XcodeDefault.xctoolchain/usr/lib/swift -enable-anonymous-context-mangled-names -Xcc -ivfsstatcache -Xcc /Users/admin/builds/vMd7uqzK/1/finestructure/swiftpackageindex-builder/spi-builder-workspace/.derivedData/SDKStatCaches.noindex/watchos9.4-20T248-.sdkstatcache -Xcc -I/Users/admin/builds/vMd7uqzK/1/finestructure/swiftpackageindex-builder/spi-builder-workspace/.derivedData/Build/Products/Debug-watchos/include -Xcc -I/Users/admin/builds/vMd7uqzK/1/finestructure/swiftpackageindex-builder/spi-builder-workspace/.derivedData/Build/Intermediates.noindex/UserDefaultsSnapshotLib.build/Debug-watchos/UserDefaultsSnapshotLibTests.build/DerivedSources-normal/armv7k -Xcc -I/Users/admin/builds/vMd7uqzK/1/finestructure/swiftpackageindex-builder/spi-builder-workspace/.derivedData/Build/Intermediates.noindex/UserDefaultsSnapshotLib.build/Debug-watchos/UserDefaultsSnapshotLibTests.build/DerivedSources/armv7k -Xcc -I/Users/admin/builds/vMd7uqzK/1/finestructure/swiftpackageindex-builder/spi-builder-workspace/.derivedData/Build/Intermediates.noindex/UserDefaultsSnapshotLib.build/Debug-watchos/UserDefaultsSnapshotLibTests.build/DerivedSources -Xcc -DSWIFT_PACKAGE -Xcc -DDEBUG\=1 -module-name UserDefaultsSnapshotLibTests -frontend-parseable-output -disable-clang-spi -target-sdk-version 9.4 -target-sdk-name watchos9.4 -o /Users/admin/builds/vMd7uqzK/1/finestructure/swiftpackageindex-builder/spi-builder-workspace/.derivedData/Build/Intermediates.noindex/UserDefaultsSnapshotLib.build/Debug-watchos/UserDefaultsSnapshotLibTests.build/Objects-normal/armv7k/UserDefaultsBackingTests.o -index-unit-output-path /UserDefaultsSnapshotLib.build/Debug-watchos/UserDefaultsSnapshotLibTests.build/Objects-normal/armv7k/UserDefaultsBackingTests.o -index-store-path /Users/admin/builds/vMd7uqzK/1/finestructure/swiftpackageindex-builder/spi-builder-workspace/.derivedData/Index.noindex/DataStore -index-system-modules
SwiftCompile normal arm64_32 Compiling\ UserDefaultsBackingTests.swift /Users/admin/builds/vMd7uqzK/1/finestructure/swiftpackageindex-builder/spi-builder-workspace/Tests/UserDefaultsSnapshotLibTests/UserDefaultsBackingTests.swift (in target 'UserDefaultsSnapshotLibTests' from project 'UserDefaultsSnapshotLib')
    cd /Users/admin/builds/vMd7uqzK/1/finestructure/swiftpackageindex-builder/spi-builder-workspace
    builtin-swiftTaskExecution -- /Applications/Xcode-14.3.1.app/Contents/Developer/Toolchains/XcodeDefault.xctoolchain/usr/bin/swift-frontend -frontend -c -primary-file /Users/admin/builds/vMd7uqzK/1/finestructure/swiftpackageindex-builder/spi-builder-workspace/Tests/UserDefaultsSnapshotLibTests/UserDefaultsBackingTests.swift /Users/admin/builds/vMd7uqzK/1/finestructure/swiftpackageindex-builder/spi-builder-workspace/Tests/UserDefaultsSnapshotLibTests/XCTestManifests.swift -emit-dependencies-path /Users/admin/builds/vMd7uqzK/1/finestructure/swiftpackageindex-builder/spi-builder-workspace/.derivedData/Build/Intermediates.noindex/UserDefaultsSnapshotLib.build/Debug-watchos/UserDefaultsSnapshotLibTests.build/Objects-normal/arm64_32/UserDefaultsBackingTests.d -emit-reference-dependencies-path /Users/admin/builds/vMd7uqzK/1/finestructure/swiftpackageindex-builder/spi-builder-workspace/.derivedData/Build/Intermediates.noindex/UserDefaultsSnapshotLib.build/Debug-watchos/UserDefaultsSnapshotLibTests.build/Objects-normal/arm64_32/UserDefaultsBackingTests.swiftdeps -serialize-diagnostics-path /Users/admin/builds/vMd7uqzK/1/finestructure/swiftpackageindex-builder/spi-builder-workspace/.derivedData/Build/Intermediates.noindex/UserDefaultsSnapshotLib.build/Debug-watchos/UserDefaultsSnapshotLibTests.build/Objects-normal/arm64_32/UserDefaultsBackingTests.dia -target arm64_32-apple-watchos6.0 -enable-objc-interop -sdk /Applications/Xcode-14.3.1.app/Contents/Developer/Platforms/WatchOS.platform/Developer/SDKs/WatchOS9.4.sdk -I /Users/admin/builds/vMd7uqzK/1/finestructure/swiftpackageindex-builder/spi-builder-workspace/.derivedData/Build/Products/Debug-watchos -I /Applications/Xcode-14.3.1.app/Contents/Developer/Platforms/WatchOS.platform/Developer/usr/lib -F /Users/admin/builds/vMd7uqzK/1/finestructure/swiftpackageindex-builder/spi-builder-workspace/.derivedData/Build/Products/Debug-watchos/PackageFrameworks -F /Users/admin/builds/vMd7uqzK/1/finestructure/swiftpackageindex-builder/spi-builder-workspace/.derivedData/Build/Products/Debug-watchos -F /Applications/Xcode-14.3.1.app/Contents/Developer/Platforms/WatchOS.platform/Developer/Library/Frameworks -F /Applications/Xcode-14.3.1.app/Contents/Developer/Platforms/WatchOS.platform/Developer/SDKs/WatchOS9.4.sdk/Developer/Library/Frameworks -no-color-diagnostics -enable-testing -g -module-cache-path /Users/admin/builds/vMd7uqzK/1/finestructure/swiftpackageindex-builder/spi-builder-workspace/.derivedData/ModuleCache.noindex -swift-version 5 -enforce-exclusivity\=checked -Onone -D SWIFT_PACKAGE -D DEBUG -D Xcode -serialize-debugging-options -empty-abi-descriptor -Xcc -working-directory -Xcc /Users/admin/builds/vMd7uqzK/1/finestructure/swiftpackageindex-builder/spi-builder-workspace -resource-dir /Applications/Xcode-14.3.1.app/Contents/Developer/Toolchains/XcodeDefault.xctoolchain/usr/lib/swift -enable-anonymous-context-mangled-names -Xcc -ivfsstatcache -Xcc /Users/admin/builds/vMd7uqzK/1/finestructure/swiftpackageindex-builder/spi-builder-workspace/.derivedData/SDKStatCaches.noindex/watchos9.4-20T248-.sdkstatcache -Xcc -I/Users/admin/builds/vMd7uqzK/1/finestructure/swiftpackageindex-builder/spi-builder-workspace/.derivedData/Build/Products/Debug-watchos/include -Xcc -I/Users/admin/builds/vMd7uqzK/1/finestructure/swiftpackageindex-builder/spi-builder-workspace/.derivedData/Build/Intermediates.noindex/UserDefaultsSnapshotLib.build/Debug-watchos/UserDefaultsSnapshotLibTests.build/DerivedSources-normal/arm64_32 -Xcc -I/Users/admin/builds/vMd7uqzK/1/finestructure/swiftpackageindex-builder/spi-builder-workspace/.derivedData/Build/Intermediates.noindex/UserDefaultsSnapshotLib.build/Debug-watchos/UserDefaultsSnapshotLibTests.build/DerivedSources/arm64_32 -Xcc -I/Users/admin/builds/vMd7uqzK/1/finestructure/swiftpackageindex-builder/spi-builder-workspace/.derivedData/Build/Intermediates.noindex/UserDefaultsSnapshotLib.build/Debug-watchos/UserDefaultsSnapshotLibTests.build/DerivedSources -Xcc -DSWIFT_PACKAGE -Xcc -DDEBUG\=1 -module-name UserDefaultsSnapshotLibTests -frontend-parseable-output -disable-clang-spi -target-sdk-version 9.4 -target-sdk-name watchos9.4 -o /Users/admin/builds/vMd7uqzK/1/finestructure/swiftpackageindex-builder/spi-builder-workspace/.derivedData/Build/Intermediates.noindex/UserDefaultsSnapshotLib.build/Debug-watchos/UserDefaultsSnapshotLibTests.build/Objects-normal/arm64_32/UserDefaultsBackingTests.o -index-unit-output-path /UserDefaultsSnapshotLib.build/Debug-watchos/UserDefaultsSnapshotLibTests.build/Objects-normal/arm64_32/UserDefaultsBackingTests.o -index-store-path /Users/admin/builds/vMd7uqzK/1/finestructure/swiftpackageindex-builder/spi-builder-workspace/.derivedData/Index.noindex/DataStore -index-system-modules
SwiftCompile normal arm64_32 /Users/admin/builds/vMd7uqzK/1/finestructure/swiftpackageindex-builder/spi-builder-workspace/Tests/UserDefaultsSnapshotLibTests/UserDefaultsBackingTests.swift (in target 'UserDefaultsSnapshotLibTests' from project 'UserDefaultsSnapshotLib')
    cd /Users/admin/builds/vMd7uqzK/1/finestructure/swiftpackageindex-builder/spi-builder-workspace
    /Applications/Xcode-14.3.1.app/Contents/Developer/Toolchains/XcodeDefault.xctoolchain/usr/bin/swift-frontend -c -primary-file /Users/admin/builds/vMd7uqzK/1/finestructure/swiftpackageindex-builder/spi-builder-workspace/Tests/UserDefaultsSnapshotLibTests/UserDefaultsBackingTests.swift /Users/admin/builds/vMd7uqzK/1/finestructure/swiftpackageindex-builder/spi-builder-workspace/Tests/UserDefaultsSnapshotLibTests/XCTestManifests.swift -emit-dependencies-path /Users/admin/builds/vMd7uqzK/1/finestructure/swiftpackageindex-builder/spi-builder-workspace/.derivedData/Build/Intermediates.noindex/UserDefaultsSnapshotLib.build/Debug-watchos/UserDefaultsSnapshotLibTests.build/Objects-normal/arm64_32/UserDefaultsBackingTests.d -emit-reference-dependencies-path /Users/admin/builds/vMd7uqzK/1/finestructure/swiftpackageindex-builder/spi-builder-workspace/.derivedData/Build/Intermediates.noindex/UserDefaultsSnapshotLib.build/Debug-watchos/UserDefaultsSnapshotLibTests.build/Objects-normal/arm64_32/UserDefaultsBackingTests.swiftdeps -serialize-diagnostics-path /Users/admin/builds/vMd7uqzK/1/finestructure/swiftpackageindex-builder/spi-builder-workspace/.derivedData/Build/Intermediates.noindex/UserDefaultsSnapshotLib.build/Debug-watchos/UserDefaultsSnapshotLibTests.build/Objects-normal/arm64_32/UserDefaultsBackingTests.dia -target arm64_32-apple-watchos6.0 -enable-objc-interop -sdk /Applications/Xcode-14.3.1.app/Contents/Developer/Platforms/WatchOS.platform/Developer/SDKs/WatchOS9.4.sdk -I /Users/admin/builds/vMd7uqzK/1/finestructure/swiftpackageindex-builder/spi-builder-workspace/.derivedData/Build/Products/Debug-watchos -I /Applications/Xcode-14.3.1.app/Contents/Developer/Platforms/WatchOS.platform/Developer/usr/lib -F /Users/admin/builds/vMd7uqzK/1/finestructure/swiftpackageindex-builder/spi-builder-workspace/.derivedData/Build/Products/Debug-watchos/PackageFrameworks -F /Users/admin/builds/vMd7uqzK/1/finestructure/swiftpackageindex-builder/spi-builder-workspace/.derivedData/Build/Products/Debug-watchos -F /Applications/Xcode-14.3.1.app/Contents/Developer/Platforms/WatchOS.platform/Developer/Library/Frameworks -F /Applications/Xcode-14.3.1.app/Contents/Developer/Platforms/WatchOS.platform/Developer/SDKs/WatchOS9.4.sdk/Developer/Library/Frameworks -no-color-diagnostics -enable-testing -g -module-cache-path /Users/admin/builds/vMd7uqzK/1/finestructure/swiftpackageindex-builder/spi-builder-workspace/.derivedData/ModuleCache.noindex -swift-version 5 -enforce-exclusivity\=checked -Onone -D SWIFT_PACKAGE -D DEBUG -D Xcode -serialize-debugging-options -empty-abi-descriptor -Xcc -working-directory -Xcc /Users/admin/builds/vMd7uqzK/1/finestructure/swiftpackageindex-builder/spi-builder-workspace -resource-dir /Applications/Xcode-14.3.1.app/Contents/Developer/Toolchains/XcodeDefault.xctoolchain/usr/lib/swift -enable-anonymous-context-mangled-names -Xcc -ivfsstatcache -Xcc /Users/admin/builds/vMd7uqzK/1/finestructure/swiftpackageindex-builder/spi-builder-workspace/.derivedData/SDKStatCaches.noindex/watchos9.4-20T248-.sdkstatcache -Xcc -I/Users/admin/builds/vMd7uqzK/1/finestructure/swiftpackageindex-builder/spi-builder-workspace/.derivedData/Build/Products/Debug-watchos/include -Xcc -I/Users/admin/builds/vMd7uqzK/1/finestructure/swiftpackageindex-builder/spi-builder-workspace/.derivedData/Build/Intermediates.noindex/UserDefaultsSnapshotLib.build/Debug-watchos/UserDefaultsSnapshotLibTests.build/DerivedSources-normal/arm64_32 -Xcc -I/Users/admin/builds/vMd7uqzK/1/finestructure/swiftpackageindex-builder/spi-builder-workspace/.derivedData/Build/Intermediates.noindex/UserDefaultsSnapshotLib.build/Debug-watchos/UserDefaultsSnapshotLibTests.build/DerivedSources/arm64_32 -Xcc -I/Users/admin/builds/vMd7uqzK/1/finestructure/swiftpackageindex-builder/spi-builder-workspace/.derivedData/Build/Intermediates.noindex/UserDefaultsSnapshotLib.build/Debug-watchos/UserDefaultsSnapshotLibTests.build/DerivedSources -Xcc -DSWIFT_PACKAGE -Xcc -DDEBUG\=1 -module-name UserDefaultsSnapshotLibTests -frontend-parseable-output -disable-clang-spi -target-sdk-version 9.4 -target-sdk-name watchos9.4 -o /Users/admin/builds/vMd7uqzK/1/finestructure/swiftpackageindex-builder/spi-builder-workspace/.derivedData/Build/Intermediates.noindex/UserDefaultsSnapshotLib.build/Debug-watchos/UserDefaultsSnapshotLibTests.build/Objects-normal/arm64_32/UserDefaultsBackingTests.o -index-unit-output-path /UserDefaultsSnapshotLib.build/Debug-watchos/UserDefaultsSnapshotLibTests.build/Objects-normal/arm64_32/UserDefaultsBackingTests.o -index-store-path /Users/admin/builds/vMd7uqzK/1/finestructure/swiftpackageindex-builder/spi-builder-workspace/.derivedData/Index.noindex/DataStore -index-system-modules
/Users/admin/builds/vMd7uqzK/1/finestructure/swiftpackageindex-builder/spi-builder-workspace/Tests/UserDefaultsSnapshotLibTests/UserDefaultsBackingTests.swift:127:5: warning: instance method 'wait' is unavailable from asynchronous contexts; Use await fulfillment(of:timeout:enforceOrder:) instead; this is an error in Swift 6
    wait(for: [exp], timeout: 1)
    ^
XCTest.XCTestCase:11:15: note: 'wait(for:timeout:)' declared here
    open func wait(for expectations: [XCTestExpectation], timeout seconds: TimeInterval)
              ^
SwiftDriverJobDiscovery normal arm64_32 Compiling XCTestManifests.swift (in target 'UserDefaultsSnapshotLibTests' from project 'UserDefaultsSnapshotLib')
SwiftDriverJobDiscovery normal arm64_32 Emitting module for UserDefaultsSnapshotLibTests (in target 'UserDefaultsSnapshotLibTests' from project 'UserDefaultsSnapshotLib')
SwiftDriver\ Compilation\ Requirements UserDefaultsSnapshotLibTests normal armv7k com.apple.xcode.tools.swift.compiler (in target 'UserDefaultsSnapshotLibTests' from project 'UserDefaultsSnapshotLib')
    cd /Users/admin/builds/vMd7uqzK/1/finestructure/swiftpackageindex-builder/spi-builder-workspace
    builtin-Swift-Compilation-Requirements -- /Applications/Xcode-14.3.1.app/Contents/Developer/Toolchains/XcodeDefault.xctoolchain/usr/bin/swiftc -module-name UserDefaultsSnapshotLibTests -Onone -enforce-exclusivity\=checked @/Users/admin/builds/vMd7uqzK/1/finestructure/swiftpackageindex-builder/spi-builder-workspace/.derivedData/Build/Intermediates.noindex/UserDefaultsSnapshotLib.build/Debug-watchos/UserDefaultsSnapshotLibTests.build/Objects-normal/armv7k/UserDefaultsSnapshotLibTests.SwiftFileList -DSWIFT_PACKAGE -DDEBUG -DXcode -sdk /Applications/Xcode-14.3.1.app/Contents/Developer/Platforms/WatchOS.platform/Developer/SDKs/WatchOS9.4.sdk -target armv7k-apple-watchos6.0 -g -module-cache-path /Users/admin/builds/vMd7uqzK/1/finestructure/swiftpackageindex-builder/spi-builder-workspace/.derivedData/ModuleCache.noindex -Xfrontend -serialize-debugging-options -enable-testing -index-store-path /Users/admin/builds/vMd7uqzK/1/finestructure/swiftpackageindex-builder/spi-builder-workspace/.derivedData/Index.noindex/DataStore -swift-version 5 -I /Users/admin/builds/vMd7uqzK/1/finestructure/swiftpackageindex-builder/spi-builder-workspace/.derivedData/Build/Products/Debug-watchos -I /Applications/Xcode-14.3.1.app/Contents/Developer/Platforms/WatchOS.platform/Developer/usr/lib -F /Users/admin/builds/vMd7uqzK/1/finestructure/swiftpackageindex-builder/spi-builder-workspace/.derivedData/Build/Products/Debug-watchos/PackageFrameworks -F /Users/admin/builds/vMd7uqzK/1/finestructure/swiftpackageindex-builder/spi-builder-workspace/.derivedData/Build/Products/Debug-watchos -F /Applications/Xcode-14.3.1.app/Contents/Developer/Platforms/WatchOS.platform/Developer/Library/Frameworks -F /Applications/Xcode-14.3.1.app/Contents/Developer/Platforms/WatchOS.platform/Developer/SDKs/WatchOS9.4.sdk/Developer/Library/Frameworks -c -j4 -enable-batch-mode -incremental -Xcc -ivfsstatcache -Xcc /Users/admin/builds/vMd7uqzK/1/finestructure/swiftpackageindex-builder/spi-builder-workspace/.derivedData/SDKStatCaches.noindex/watchos9.4-20T248-.sdkstatcache -output-file-map /Users/admin/builds/vMd7uqzK/1/finestructure/swiftpackageindex-builder/spi-builder-workspace/.derivedData/Build/Intermediates.noindex/UserDefaultsSnapshotLib.build/Debug-watchos/UserDefaultsSnapshotLibTests.build/Objects-normal/armv7k/UserDefaultsSnapshotLibTests-OutputFileMap.json -use-frontend-parseable-output -save-temps -no-color-diagnostics -serialize-diagnostics -emit-dependencies -emit-module -emit-module-path /Users/admin/builds/vMd7uqzK/1/finestructure/swiftpackageindex-builder/spi-builder-workspace/.derivedData/Build/Intermediates.noindex/UserDefaultsSnapshotLib.build/Debug-watchos/UserDefaultsSnapshotLibTests.build/Objects-normal/armv7k/UserDefaultsSnapshotLibTests.swiftmodule -Xcc -I/Users/admin/builds/vMd7uqzK/1/finestructure/swiftpackageindex-builder/spi-builder-workspace/.derivedData/Build/Products/Debug-watchos/include -Xcc -I/Users/admin/builds/vMd7uqzK/1/finestructure/swiftpackageindex-builder/spi-builder-workspace/.derivedData/Build/Intermediates.noindex/UserDefaultsSnapshotLib.build/Debug-watchos/UserDefaultsSnapshotLibTests.build/DerivedSources-normal/armv7k -Xcc -I/Users/admin/builds/vMd7uqzK/1/finestructure/swiftpackageindex-builder/spi-builder-workspace/.derivedData/Build/Intermediates.noindex/UserDefaultsSnapshotLib.build/Debug-watchos/UserDefaultsSnapshotLibTests.build/DerivedSources/armv7k -Xcc -I/Users/admin/builds/vMd7uqzK/1/finestructure/swiftpackageindex-builder/spi-builder-workspace/.derivedData/Build/Intermediates.noindex/UserDefaultsSnapshotLib.build/Debug-watchos/UserDefaultsSnapshotLibTests.build/DerivedSources -Xcc -DSWIFT_PACKAGE -Xcc -DDEBUG\=1 -working-directory /Users/admin/builds/vMd7uqzK/1/finestructure/swiftpackageindex-builder/spi-builder-workspace -experimental-emit-module-separately -disable-cmo
SwiftCompile normal arm64 Compiling\ XCTestManifests.swift /Users/admin/builds/vMd7uqzK/1/finestructure/swiftpackageindex-builder/spi-builder-workspace/Tests/UserDefaultsSnapshotLibTests/XCTestManifests.swift (in target 'UserDefaultsSnapshotLibTests' from project 'UserDefaultsSnapshotLib')
    cd /Users/admin/builds/vMd7uqzK/1/finestructure/swiftpackageindex-builder/spi-builder-workspace
    builtin-swiftTaskExecution -- /Applications/Xcode-14.3.1.app/Contents/Developer/Toolchains/XcodeDefault.xctoolchain/usr/bin/swift-frontend -frontend -c /Users/admin/builds/vMd7uqzK/1/finestructure/swiftpackageindex-builder/spi-builder-workspace/Tests/UserDefaultsSnapshotLibTests/UserDefaultsBackingTests.swift -primary-file /Users/admin/builds/vMd7uqzK/1/finestructure/swiftpackageindex-builder/spi-builder-workspace/Tests/UserDefaultsSnapshotLibTests/XCTestManifests.swift -emit-dependencies-path /Users/admin/builds/vMd7uqzK/1/finestructure/swiftpackageindex-builder/spi-builder-workspace/.derivedData/Build/Intermediates.noindex/UserDefaultsSnapshotLib.build/Debug-watchos/UserDefaultsSnapshotLibTests.build/Objects-normal/arm64/XCTestManifests.d -emit-reference-dependencies-path /Users/admin/builds/vMd7uqzK/1/finestructure/swiftpackageindex-builder/spi-builder-workspace/.derivedData/Build/Intermediates.noindex/UserDefaultsSnapshotLib.build/Debug-watchos/UserDefaultsSnapshotLibTests.build/Objects-normal/arm64/XCTestManifests.swiftdeps -serialize-diagnostics-path /Users/admin/builds/vMd7uqzK/1/finestructure/swiftpackageindex-builder/spi-builder-workspace/.derivedData/Build/Intermediates.noindex/UserDefaultsSnapshotLib.build/Debug-watchos/UserDefaultsSnapshotLibTests.build/Objects-normal/arm64/XCTestManifests.dia -target arm64-apple-watchos6.0 -Xllvm -aarch64-use-tbi -enable-objc-interop -stack-check -sdk /Applications/Xcode-14.3.1.app/Contents/Developer/Platforms/WatchOS.platform/Developer/SDKs/WatchOS9.4.sdk -I /Users/admin/builds/vMd7uqzK/1/finestructure/swiftpackageindex-builder/spi-builder-workspace/.derivedData/Build/Products/Debug-watchos -I /Applications/Xcode-14.3.1.app/Contents/Developer/Platforms/WatchOS.platform/Developer/usr/lib -F /Users/admin/builds/vMd7uqzK/1/finestructure/swiftpackageindex-builder/spi-builder-workspace/.derivedData/Build/Products/Debug-watchos/PackageFrameworks -F /Users/admin/builds/vMd7uqzK/1/finestructure/swiftpackageindex-builder/spi-builder-workspace/.derivedData/Build/Products/Debug-watchos -F /Applications/Xcode-14.3.1.app/Contents/Developer/Platforms/WatchOS.platform/Developer/Library/Frameworks -F /Applications/Xcode-14.3.1.app/Contents/Developer/Platforms/WatchOS.platform/Developer/SDKs/WatchOS9.4.sdk/Developer/Library/Frameworks -no-color-diagnostics -enable-testing -g -module-cache-path /Users/admin/builds/vMd7uqzK/1/finestructure/swiftpackageindex-builder/spi-builder-workspace/.derivedData/ModuleCache.noindex -swift-version 5 -enforce-exclusivity\=checked -Onone -D SWIFT_PACKAGE -D DEBUG -D Xcode -serialize-debugging-options -empty-abi-descriptor -Xcc -working-directory -Xcc /Users/admin/builds/vMd7uqzK/1/finestructure/swiftpackageindex-builder/spi-builder-workspace -resource-dir /Applications/Xcode-14.3.1.app/Contents/Developer/Toolchains/XcodeDefault.xctoolchain/usr/lib/swift -enable-anonymous-context-mangled-names -Xcc -ivfsstatcache -Xcc /Users/admin/builds/vMd7uqzK/1/finestructure/swiftpackageindex-builder/spi-builder-workspace/.derivedData/SDKStatCaches.noindex/watchos9.4-20T248-.sdkstatcache -Xcc -I/Users/admin/builds/vMd7uqzK/1/finestructure/swiftpackageindex-builder/spi-builder-workspace/.derivedData/Build/Products/Debug-watchos/include -Xcc -I/Users/admin/builds/vMd7uqzK/1/finestructure/swiftpackageindex-builder/spi-builder-workspace/.derivedData/Build/Intermediates.noindex/UserDefaultsSnapshotLib.build/Debug-watchos/UserDefaultsSnapshotLibTests.build/DerivedSources-normal/arm64 -Xcc -I/Users/admin/builds/vMd7uqzK/1/finestructure/swiftpackageindex-builder/spi-builder-workspace/.derivedData/Build/Intermediates.noindex/UserDefaultsSnapshotLib.build/Debug-watchos/UserDefaultsSnapshotLibTests.build/DerivedSources/arm64 -Xcc -I/Users/admin/builds/vMd7uqzK/1/finestructure/swiftpackageindex-builder/spi-builder-workspace/.derivedData/Build/Intermediates.noindex/UserDefaultsSnapshotLib.build/Debug-watchos/UserDefaultsSnapshotLibTests.build/DerivedSources -Xcc -DSWIFT_PACKAGE -Xcc -DDEBUG\=1 -module-name UserDefaultsSnapshotLibTests -frontend-parseable-output -disable-clang-spi -target-sdk-version 9.4 -target-sdk-name watchos9.4 -o /Users/admin/builds/vMd7uqzK/1/finestructure/swiftpackageindex-builder/spi-builder-workspace/.derivedData/Build/Intermediates.noindex/UserDefaultsSnapshotLib.build/Debug-watchos/UserDefaultsSnapshotLibTests.build/Objects-normal/arm64/XCTestManifests.o -index-unit-output-path /UserDefaultsSnapshotLib.build/Debug-watchos/UserDefaultsSnapshotLibTests.build/Objects-normal/arm64/XCTestManifests.o -index-store-path /Users/admin/builds/vMd7uqzK/1/finestructure/swiftpackageindex-builder/spi-builder-workspace/.derivedData/Index.noindex/DataStore -index-system-modules
SwiftCompile normal arm64 /Users/admin/builds/vMd7uqzK/1/finestructure/swiftpackageindex-builder/spi-builder-workspace/Tests/UserDefaultsSnapshotLibTests/XCTestManifests.swift (in target 'UserDefaultsSnapshotLibTests' from project 'UserDefaultsSnapshotLib')
    cd /Users/admin/builds/vMd7uqzK/1/finestructure/swiftpackageindex-builder/spi-builder-workspace
    /Applications/Xcode-14.3.1.app/Contents/Developer/Toolchains/XcodeDefault.xctoolchain/usr/bin/swift-frontend -c /Users/admin/builds/vMd7uqzK/1/finestructure/swiftpackageindex-builder/spi-builder-workspace/Tests/UserDefaultsSnapshotLibTests/UserDefaultsBackingTests.swift -primary-file /Users/admin/builds/vMd7uqzK/1/finestructure/swiftpackageindex-builder/spi-builder-workspace/Tests/UserDefaultsSnapshotLibTests/XCTestManifests.swift -emit-dependencies-path /Users/admin/builds/vMd7uqzK/1/finestructure/swiftpackageindex-builder/spi-builder-workspace/.derivedData/Build/Intermediates.noindex/UserDefaultsSnapshotLib.build/Debug-watchos/UserDefaultsSnapshotLibTests.build/Objects-normal/arm64/XCTestManifests.d -emit-reference-dependencies-path /Users/admin/builds/vMd7uqzK/1/finestructure/swiftpackageindex-builder/spi-builder-workspace/.derivedData/Build/Intermediates.noindex/UserDefaultsSnapshotLib.build/Debug-watchos/UserDefaultsSnapshotLibTests.build/Objects-normal/arm64/XCTestManifests.swiftdeps -serialize-diagnostics-path /Users/admin/builds/vMd7uqzK/1/finestructure/swiftpackageindex-builder/spi-builder-workspace/.derivedData/Build/Intermediates.noindex/UserDefaultsSnapshotLib.build/Debug-watchos/UserDefaultsSnapshotLibTests.build/Objects-normal/arm64/XCTestManifests.dia -target arm64-apple-watchos6.0 -Xllvm -aarch64-use-tbi -enable-objc-interop -stack-check -sdk /Applications/Xcode-14.3.1.app/Contents/Developer/Platforms/WatchOS.platform/Developer/SDKs/WatchOS9.4.sdk -I /Users/admin/builds/vMd7uqzK/1/finestructure/swiftpackageindex-builder/spi-builder-workspace/.derivedData/Build/Products/Debug-watchos -I /Applications/Xcode-14.3.1.app/Contents/Developer/Platforms/WatchOS.platform/Developer/usr/lib -F /Users/admin/builds/vMd7uqzK/1/finestructure/swiftpackageindex-builder/spi-builder-workspace/.derivedData/Build/Products/Debug-watchos/PackageFrameworks -F /Users/admin/builds/vMd7uqzK/1/finestructure/swiftpackageindex-builder/spi-builder-workspace/.derivedData/Build/Products/Debug-watchos -F /Applications/Xcode-14.3.1.app/Contents/Developer/Platforms/WatchOS.platform/Developer/Library/Frameworks -F /Applications/Xcode-14.3.1.app/Contents/Developer/Platforms/WatchOS.platform/Developer/SDKs/WatchOS9.4.sdk/Developer/Library/Frameworks -no-color-diagnostics -enable-testing -g -module-cache-path /Users/admin/builds/vMd7uqzK/1/finestructure/swiftpackageindex-builder/spi-builder-workspace/.derivedData/ModuleCache.noindex -swift-version 5 -enforce-exclusivity\=checked -Onone -D SWIFT_PACKAGE -D DEBUG -D Xcode -serialize-debugging-options -empty-abi-descriptor -Xcc -working-directory -Xcc /Users/admin/builds/vMd7uqzK/1/finestructure/swiftpackageindex-builder/spi-builder-workspace -resource-dir /Applications/Xcode-14.3.1.app/Contents/Developer/Toolchains/XcodeDefault.xctoolchain/usr/lib/swift -enable-anonymous-context-mangled-names -Xcc -ivfsstatcache -Xcc /Users/admin/builds/vMd7uqzK/1/finestructure/swiftpackageindex-builder/spi-builder-workspace/.derivedData/SDKStatCaches.noindex/watchos9.4-20T248-.sdkstatcache -Xcc -I/Users/admin/builds/vMd7uqzK/1/finestructure/swiftpackageindex-builder/spi-builder-workspace/.derivedData/Build/Products/Debug-watchos/include -Xcc -I/Users/admin/builds/vMd7uqzK/1/finestructure/swiftpackageindex-builder/spi-builder-workspace/.derivedData/Build/Intermediates.noindex/UserDefaultsSnapshotLib.build/Debug-watchos/UserDefaultsSnapshotLibTests.build/DerivedSources-normal/arm64 -Xcc -I/Users/admin/builds/vMd7uqzK/1/finestructure/swiftpackageindex-builder/spi-builder-workspace/.derivedData/Build/Intermediates.noindex/UserDefaultsSnapshotLib.build/Debug-watchos/UserDefaultsSnapshotLibTests.build/DerivedSources/arm64 -Xcc -I/Users/admin/builds/vMd7uqzK/1/finestructure/swiftpackageindex-builder/spi-builder-workspace/.derivedData/Build/Intermediates.noindex/UserDefaultsSnapshotLib.build/Debug-watchos/UserDefaultsSnapshotLibTests.build/DerivedSources -Xcc -DSWIFT_PACKAGE -Xcc -DDEBUG\=1 -module-name UserDefaultsSnapshotLibTests -frontend-parseable-output -disable-clang-spi -target-sdk-version 9.4 -target-sdk-name watchos9.4 -o /Users/admin/builds/vMd7uqzK/1/finestructure/swiftpackageindex-builder/spi-builder-workspace/.derivedData/Build/Intermediates.noindex/UserDefaultsSnapshotLib.build/Debug-watchos/UserDefaultsSnapshotLibTests.build/Objects-normal/arm64/XCTestManifests.o -index-unit-output-path /UserDefaultsSnapshotLib.build/Debug-watchos/UserDefaultsSnapshotLibTests.build/Objects-normal/arm64/XCTestManifests.o -index-store-path /Users/admin/builds/vMd7uqzK/1/finestructure/swiftpackageindex-builder/spi-builder-workspace/.derivedData/Index.noindex/DataStore -index-system-modules
SwiftDriverJobDiscovery normal arm64 Emitting module for UserDefaultsSnapshotLibTests (in target 'UserDefaultsSnapshotLibTests' from project 'UserDefaultsSnapshotLib')
SwiftDriver\ Compilation\ Requirements UserDefaultsSnapshotLibTests normal arm64_32 com.apple.xcode.tools.swift.compiler (in target 'UserDefaultsSnapshotLibTests' from project 'UserDefaultsSnapshotLib')
    cd /Users/admin/builds/vMd7uqzK/1/finestructure/swiftpackageindex-builder/spi-builder-workspace
    builtin-Swift-Compilation-Requirements -- /Applications/Xcode-14.3.1.app/Contents/Developer/Toolchains/XcodeDefault.xctoolchain/usr/bin/swiftc -module-name UserDefaultsSnapshotLibTests -Onone -enforce-exclusivity\=checked @/Users/admin/builds/vMd7uqzK/1/finestructure/swiftpackageindex-builder/spi-builder-workspace/.derivedData/Build/Intermediates.noindex/UserDefaultsSnapshotLib.build/Debug-watchos/UserDefaultsSnapshotLibTests.build/Objects-normal/arm64_32/UserDefaultsSnapshotLibTests.SwiftFileList -DSWIFT_PACKAGE -DDEBUG -DXcode -sdk /Applications/Xcode-14.3.1.app/Contents/Developer/Platforms/WatchOS.platform/Developer/SDKs/WatchOS9.4.sdk -target arm64_32-apple-watchos6.0 -g -module-cache-path /Users/admin/builds/vMd7uqzK/1/finestructure/swiftpackageindex-builder/spi-builder-workspace/.derivedData/ModuleCache.noindex -Xfrontend -serialize-debugging-options -enable-testing -index-store-path /Users/admin/builds/vMd7uqzK/1/finestructure/swiftpackageindex-builder/spi-builder-workspace/.derivedData/Index.noindex/DataStore -swift-version 5 -I /Users/admin/builds/vMd7uqzK/1/finestructure/swiftpackageindex-builder/spi-builder-workspace/.derivedData/Build/Products/Debug-watchos -I /Applications/Xcode-14.3.1.app/Contents/Developer/Platforms/WatchOS.platform/Developer/usr/lib -F /Users/admin/builds/vMd7uqzK/1/finestructure/swiftpackageindex-builder/spi-builder-workspace/.derivedData/Build/Products/Debug-watchos/PackageFrameworks -F /Users/admin/builds/vMd7uqzK/1/finestructure/swiftpackageindex-builder/spi-builder-workspace/.derivedData/Build/Products/Debug-watchos -F /Applications/Xcode-14.3.1.app/Contents/Developer/Platforms/WatchOS.platform/Developer/Library/Frameworks -F /Applications/Xcode-14.3.1.app/Contents/Developer/Platforms/WatchOS.platform/Developer/SDKs/WatchOS9.4.sdk/Developer/Library/Frameworks -c -j4 -enable-batch-mode -incremental -Xcc -ivfsstatcache -Xcc /Users/admin/builds/vMd7uqzK/1/finestructure/swiftpackageindex-builder/spi-builder-workspace/.derivedData/SDKStatCaches.noindex/watchos9.4-20T248-.sdkstatcache -output-file-map /Users/admin/builds/vMd7uqzK/1/finestructure/swiftpackageindex-builder/spi-builder-workspace/.derivedData/Build/Intermediates.noindex/UserDefaultsSnapshotLib.build/Debug-watchos/UserDefaultsSnapshotLibTests.build/Objects-normal/arm64_32/UserDefaultsSnapshotLibTests-OutputFileMap.json -use-frontend-parseable-output -save-temps -no-color-diagnostics -serialize-diagnostics -emit-dependencies -emit-module -emit-module-path /Users/admin/builds/vMd7uqzK/1/finestructure/swiftpackageindex-builder/spi-builder-workspace/.derivedData/Build/Intermediates.noindex/UserDefaultsSnapshotLib.build/Debug-watchos/UserDefaultsSnapshotLibTests.build/Objects-normal/arm64_32/UserDefaultsSnapshotLibTests.swiftmodule -Xcc -I/Users/admin/builds/vMd7uqzK/1/finestructure/swiftpackageindex-builder/spi-builder-workspace/.derivedData/Build/Products/Debug-watchos/include -Xcc -I/Users/admin/builds/vMd7uqzK/1/finestructure/swiftpackageindex-builder/spi-builder-workspace/.derivedData/Build/Intermediates.noindex/UserDefaultsSnapshotLib.build/Debug-watchos/UserDefaultsSnapshotLibTests.build/DerivedSources-normal/arm64_32 -Xcc -I/Users/admin/builds/vMd7uqzK/1/finestructure/swiftpackageindex-builder/spi-builder-workspace/.derivedData/Build/Intermediates.noindex/UserDefaultsSnapshotLib.build/Debug-watchos/UserDefaultsSnapshotLibTests.build/DerivedSources/arm64_32 -Xcc -I/Users/admin/builds/vMd7uqzK/1/finestructure/swiftpackageindex-builder/spi-builder-workspace/.derivedData/Build/Intermediates.noindex/UserDefaultsSnapshotLib.build/Debug-watchos/UserDefaultsSnapshotLibTests.build/DerivedSources -Xcc -DSWIFT_PACKAGE -Xcc -DDEBUG\=1 -working-directory /Users/admin/builds/vMd7uqzK/1/finestructure/swiftpackageindex-builder/spi-builder-workspace -experimental-emit-module-separately -disable-cmo
SwiftDriver\ Compilation\ Requirements UserDefaultsSnapshotLibTests normal arm64 com.apple.xcode.tools.swift.compiler (in target 'UserDefaultsSnapshotLibTests' from project 'UserDefaultsSnapshotLib')
    cd /Users/admin/builds/vMd7uqzK/1/finestructure/swiftpackageindex-builder/spi-builder-workspace
    builtin-Swift-Compilation-Requirements -- /Applications/Xcode-14.3.1.app/Contents/Developer/Toolchains/XcodeDefault.xctoolchain/usr/bin/swiftc -module-name UserDefaultsSnapshotLibTests -Onone -enforce-exclusivity\=checked @/Users/admin/builds/vMd7uqzK/1/finestructure/swiftpackageindex-builder/spi-builder-workspace/.derivedData/Build/Intermediates.noindex/UserDefaultsSnapshotLib.build/Debug-watchos/UserDefaultsSnapshotLibTests.build/Objects-normal/arm64/UserDefaultsSnapshotLibTests.SwiftFileList -DSWIFT_PACKAGE -DDEBUG -DXcode -sdk /Applications/Xcode-14.3.1.app/Contents/Developer/Platforms/WatchOS.platform/Developer/SDKs/WatchOS9.4.sdk -target arm64-apple-watchos6.0 -g -module-cache-path /Users/admin/builds/vMd7uqzK/1/finestructure/swiftpackageindex-builder/spi-builder-workspace/.derivedData/ModuleCache.noindex -Xfrontend -serialize-debugging-options -enable-testing -index-store-path /Users/admin/builds/vMd7uqzK/1/finestructure/swiftpackageindex-builder/spi-builder-workspace/.derivedData/Index.noindex/DataStore -swift-version 5 -I /Users/admin/builds/vMd7uqzK/1/finestructure/swiftpackageindex-builder/spi-builder-workspace/.derivedData/Build/Products/Debug-watchos -I /Applications/Xcode-14.3.1.app/Contents/Developer/Platforms/WatchOS.platform/Developer/usr/lib -F /Users/admin/builds/vMd7uqzK/1/finestructure/swiftpackageindex-builder/spi-builder-workspace/.derivedData/Build/Products/Debug-watchos/PackageFrameworks -F /Users/admin/builds/vMd7uqzK/1/finestructure/swiftpackageindex-builder/spi-builder-workspace/.derivedData/Build/Products/Debug-watchos -F /Applications/Xcode-14.3.1.app/Contents/Developer/Platforms/WatchOS.platform/Developer/Library/Frameworks -F /Applications/Xcode-14.3.1.app/Contents/Developer/Platforms/WatchOS.platform/Developer/SDKs/WatchOS9.4.sdk/Developer/Library/Frameworks -c -j4 -enable-batch-mode -incremental -Xcc -ivfsstatcache -Xcc /Users/admin/builds/vMd7uqzK/1/finestructure/swiftpackageindex-builder/spi-builder-workspace/.derivedData/SDKStatCaches.noindex/watchos9.4-20T248-.sdkstatcache -output-file-map /Users/admin/builds/vMd7uqzK/1/finestructure/swiftpackageindex-builder/spi-builder-workspace/.derivedData/Build/Intermediates.noindex/UserDefaultsSnapshotLib.build/Debug-watchos/UserDefaultsSnapshotLibTests.build/Objects-normal/arm64/UserDefaultsSnapshotLibTests-OutputFileMap.json -use-frontend-parseable-output -save-temps -no-color-diagnostics -serialize-diagnostics -emit-dependencies -emit-module -emit-module-path /Users/admin/builds/vMd7uqzK/1/finestructure/swiftpackageindex-builder/spi-builder-workspace/.derivedData/Build/Intermediates.noindex/UserDefaultsSnapshotLib.build/Debug-watchos/UserDefaultsSnapshotLibTests.build/Objects-normal/arm64/UserDefaultsSnapshotLibTests.swiftmodule -Xcc -I/Users/admin/builds/vMd7uqzK/1/finestructure/swiftpackageindex-builder/spi-builder-workspace/.derivedData/Build/Products/Debug-watchos/include -Xcc -I/Users/admin/builds/vMd7uqzK/1/finestructure/swiftpackageindex-builder/spi-builder-workspace/.derivedData/Build/Intermediates.noindex/UserDefaultsSnapshotLib.build/Debug-watchos/UserDefaultsSnapshotLibTests.build/DerivedSources-normal/arm64 -Xcc -I/Users/admin/builds/vMd7uqzK/1/finestructure/swiftpackageindex-builder/spi-builder-workspace/.derivedData/Build/Intermediates.noindex/UserDefaultsSnapshotLib.build/Debug-watchos/UserDefaultsSnapshotLibTests.build/DerivedSources/arm64 -Xcc -I/Users/admin/builds/vMd7uqzK/1/finestructure/swiftpackageindex-builder/spi-builder-workspace/.derivedData/Build/Intermediates.noindex/UserDefaultsSnapshotLib.build/Debug-watchos/UserDefaultsSnapshotLibTests.build/DerivedSources -Xcc -DSWIFT_PACKAGE -Xcc -DDEBUG\=1 -working-directory /Users/admin/builds/vMd7uqzK/1/finestructure/swiftpackageindex-builder/spi-builder-workspace -experimental-emit-module-separately -disable-cmo
Copy /Users/admin/builds/vMd7uqzK/1/finestructure/swiftpackageindex-builder/spi-builder-workspace/.derivedData/Build/Products/Debug-watchos/UserDefaultsSnapshotLibTests.swiftmodule/armv7k-apple-watchos.swiftmodule /Users/admin/builds/vMd7uqzK/1/finestructure/swiftpackageindex-builder/spi-builder-workspace/.derivedData/Build/Intermediates.noindex/UserDefaultsSnapshotLib.build/Debug-watchos/UserDefaultsSnapshotLibTests.build/Objects-normal/armv7k/UserDefaultsSnapshotLibTests.swiftmodule (in target 'UserDefaultsSnapshotLibTests' from project 'UserDefaultsSnapshotLib')
    cd /Users/admin/builds/vMd7uqzK/1/finestructure/swiftpackageindex-builder/spi-builder-workspace
    builtin-copy -exclude .DS_Store -exclude CVS -exclude .svn -exclude .git -exclude .hg -resolve-src-symlinks -rename /Users/admin/builds/vMd7uqzK/1/finestructure/swiftpackageindex-builder/spi-builder-workspace/.derivedData/Build/Intermediates.noindex/UserDefaultsSnapshotLib.build/Debug-watchos/UserDefaultsSnapshotLibTests.build/Objects-normal/armv7k/UserDefaultsSnapshotLibTests.swiftmodule /Users/admin/builds/vMd7uqzK/1/finestructure/swiftpackageindex-builder/spi-builder-workspace/.derivedData/Build/Products/Debug-watchos/UserDefaultsSnapshotLibTests.swiftmodule/armv7k-apple-watchos.swiftmodule
Copy /Users/admin/builds/vMd7uqzK/1/finestructure/swiftpackageindex-builder/spi-builder-workspace/.derivedData/Build/Products/Debug-watchos/UserDefaultsSnapshotLibTests.swiftmodule/armv7k-apple-watchos.swiftdoc /Users/admin/builds/vMd7uqzK/1/finestructure/swiftpackageindex-builder/spi-builder-workspace/.derivedData/Build/Intermediates.noindex/UserDefaultsSnapshotLib.build/Debug-watchos/UserDefaultsSnapshotLibTests.build/Objects-normal/armv7k/UserDefaultsSnapshotLibTests.swiftdoc (in target 'UserDefaultsSnapshotLibTests' from project 'UserDefaultsSnapshotLib')
    cd /Users/admin/builds/vMd7uqzK/1/finestructure/swiftpackageindex-builder/spi-builder-workspace
    builtin-copy -exclude .DS_Store -exclude CVS -exclude .svn -exclude .git -exclude .hg -resolve-src-symlinks -rename /Users/admin/builds/vMd7uqzK/1/finestructure/swiftpackageindex-builder/spi-builder-workspace/.derivedData/Build/Intermediates.noindex/UserDefaultsSnapshotLib.build/Debug-watchos/UserDefaultsSnapshotLibTests.build/Objects-normal/armv7k/UserDefaultsSnapshotLibTests.swiftdoc /Users/admin/builds/vMd7uqzK/1/finestructure/swiftpackageindex-builder/spi-builder-workspace/.derivedData/Build/Products/Debug-watchos/UserDefaultsSnapshotLibTests.swiftmodule/armv7k-apple-watchos.swiftdoc
Copy /Users/admin/builds/vMd7uqzK/1/finestructure/swiftpackageindex-builder/spi-builder-workspace/.derivedData/Build/Products/Debug-watchos/UserDefaultsSnapshotLibTests.swiftmodule/armv7k-apple-watchos.abi.json /Users/admin/builds/vMd7uqzK/1/finestructure/swiftpackageindex-builder/spi-builder-workspace/.derivedData/Build/Intermediates.noindex/UserDefaultsSnapshotLib.build/Debug-watchos/UserDefaultsSnapshotLibTests.build/Objects-normal/armv7k/UserDefaultsSnapshotLibTests.abi.json (in target 'UserDefaultsSnapshotLibTests' from project 'UserDefaultsSnapshotLib')
    cd /Users/admin/builds/vMd7uqzK/1/finestructure/swiftpackageindex-builder/spi-builder-workspace
    builtin-copy -exclude .DS_Store -exclude CVS -exclude .svn -exclude .git -exclude .hg -resolve-src-symlinks -rename /Users/admin/builds/vMd7uqzK/1/finestructure/swiftpackageindex-builder/spi-builder-workspace/.derivedData/Build/Intermediates.noindex/UserDefaultsSnapshotLib.build/Debug-watchos/UserDefaultsSnapshotLibTests.build/Objects-normal/armv7k/UserDefaultsSnapshotLibTests.abi.json /Users/admin/builds/vMd7uqzK/1/finestructure/swiftpackageindex-builder/spi-builder-workspace/.derivedData/Build/Products/Debug-watchos/UserDefaultsSnapshotLibTests.swiftmodule/armv7k-apple-watchos.abi.json
Copy /Users/admin/builds/vMd7uqzK/1/finestructure/swiftpackageindex-builder/spi-builder-workspace/.derivedData/Build/Products/Debug-watchos/UserDefaultsSnapshotLibTests.swiftmodule/arm64_32-apple-watchos.swiftmodule /Users/admin/builds/vMd7uqzK/1/finestructure/swiftpackageindex-builder/spi-builder-workspace/.derivedData/Build/Intermediates.noindex/UserDefaultsSnapshotLib.build/Debug-watchos/UserDefaultsSnapshotLibTests.build/Objects-normal/arm64_32/UserDefaultsSnapshotLibTests.swiftmodule (in target 'UserDefaultsSnapshotLibTests' from project 'UserDefaultsSnapshotLib')
    cd /Users/admin/builds/vMd7uqzK/1/finestructure/swiftpackageindex-builder/spi-builder-workspace
    builtin-copy -exclude .DS_Store -exclude CVS -exclude .svn -exclude .git -exclude .hg -resolve-src-symlinks -rename /Users/admin/builds/vMd7uqzK/1/finestructure/swiftpackageindex-builder/spi-builder-workspace/.derivedData/Build/Intermediates.noindex/UserDefaultsSnapshotLib.build/Debug-watchos/UserDefaultsSnapshotLibTests.build/Objects-normal/arm64_32/UserDefaultsSnapshotLibTests.swiftmodule /Users/admin/builds/vMd7uqzK/1/finestructure/swiftpackageindex-builder/spi-builder-workspace/.derivedData/Build/Products/Debug-watchos/UserDefaultsSnapshotLibTests.swiftmodule/arm64_32-apple-watchos.swiftmodule
Copy /Users/admin/builds/vMd7uqzK/1/finestructure/swiftpackageindex-builder/spi-builder-workspace/.derivedData/Build/Products/Debug-watchos/UserDefaultsSnapshotLibTests.swiftmodule/arm64_32-apple-watchos.swiftdoc /Users/admin/builds/vMd7uqzK/1/finestructure/swiftpackageindex-builder/spi-builder-workspace/.derivedData/Build/Intermediates.noindex/UserDefaultsSnapshotLib.build/Debug-watchos/UserDefaultsSnapshotLibTests.build/Objects-normal/arm64_32/UserDefaultsSnapshotLibTests.swiftdoc (in target 'UserDefaultsSnapshotLibTests' from project 'UserDefaultsSnapshotLib')
    cd /Users/admin/builds/vMd7uqzK/1/finestructure/swiftpackageindex-builder/spi-builder-workspace
    builtin-copy -exclude .DS_Store -exclude CVS -exclude .svn -exclude .git -exclude .hg -resolve-src-symlinks -rename /Users/admin/builds/vMd7uqzK/1/finestructure/swiftpackageindex-builder/spi-builder-workspace/.derivedData/Build/Intermediates.noindex/UserDefaultsSnapshotLib.build/Debug-watchos/UserDefaultsSnapshotLibTests.build/Objects-normal/arm64_32/UserDefaultsSnapshotLibTests.swiftdoc /Users/admin/builds/vMd7uqzK/1/finestructure/swiftpackageindex-builder/spi-builder-workspace/.derivedData/Build/Products/Debug-watchos/UserDefaultsSnapshotLibTests.swiftmodule/arm64_32-apple-watchos.swiftdoc
Copy /Users/admin/builds/vMd7uqzK/1/finestructure/swiftpackageindex-builder/spi-builder-workspace/.derivedData/Build/Products/Debug-watchos/UserDefaultsSnapshotLibTests.swiftmodule/arm64_32-apple-watchos.abi.json /Users/admin/builds/vMd7uqzK/1/finestructure/swiftpackageindex-builder/spi-builder-workspace/.derivedData/Build/Intermediates.noindex/UserDefaultsSnapshotLib.build/Debug-watchos/UserDefaultsSnapshotLibTests.build/Objects-normal/arm64_32/UserDefaultsSnapshotLibTests.abi.json (in target 'UserDefaultsSnapshotLibTests' from project 'UserDefaultsSnapshotLib')
    cd /Users/admin/builds/vMd7uqzK/1/finestructure/swiftpackageindex-builder/spi-builder-workspace
    builtin-copy -exclude .DS_Store -exclude CVS -exclude .svn -exclude .git -exclude .hg -resolve-src-symlinks -rename /Users/admin/builds/vMd7uqzK/1/finestructure/swiftpackageindex-builder/spi-builder-workspace/.derivedData/Build/Intermediates.noindex/UserDefaultsSnapshotLib.build/Debug-watchos/UserDefaultsSnapshotLibTests.build/Objects-normal/arm64_32/UserDefaultsSnapshotLibTests.abi.json /Users/admin/builds/vMd7uqzK/1/finestructure/swiftpackageindex-builder/spi-builder-workspace/.derivedData/Build/Products/Debug-watchos/UserDefaultsSnapshotLibTests.swiftmodule/arm64_32-apple-watchos.abi.json
Copy /Users/admin/builds/vMd7uqzK/1/finestructure/swiftpackageindex-builder/spi-builder-workspace/.derivedData/Build/Products/Debug-watchos/UserDefaultsSnapshotLibTests.swiftmodule/arm64-apple-watchos.swiftmodule /Users/admin/builds/vMd7uqzK/1/finestructure/swiftpackageindex-builder/spi-builder-workspace/.derivedData/Build/Intermediates.noindex/UserDefaultsSnapshotLib.build/Debug-watchos/UserDefaultsSnapshotLibTests.build/Objects-normal/arm64/UserDefaultsSnapshotLibTests.swiftmodule (in target 'UserDefaultsSnapshotLibTests' from project 'UserDefaultsSnapshotLib')
    cd /Users/admin/builds/vMd7uqzK/1/finestructure/swiftpackageindex-builder/spi-builder-workspace
    builtin-copy -exclude .DS_Store -exclude CVS -exclude .svn -exclude .git -exclude .hg -resolve-src-symlinks -rename /Users/admin/builds/vMd7uqzK/1/finestructure/swiftpackageindex-builder/spi-builder-workspace/.derivedData/Build/Intermediates.noindex/UserDefaultsSnapshotLib.build/Debug-watchos/UserDefaultsSnapshotLibTests.build/Objects-normal/arm64/UserDefaultsSnapshotLibTests.swiftmodule /Users/admin/builds/vMd7uqzK/1/finestructure/swiftpackageindex-builder/spi-builder-workspace/.derivedData/Build/Products/Debug-watchos/UserDefaultsSnapshotLibTests.swiftmodule/arm64-apple-watchos.swiftmodule
Copy /Users/admin/builds/vMd7uqzK/1/finestructure/swiftpackageindex-builder/spi-builder-workspace/.derivedData/Build/Products/Debug-watchos/UserDefaultsSnapshotLibTests.swiftmodule/arm64-apple-watchos.swiftdoc /Users/admin/builds/vMd7uqzK/1/finestructure/swiftpackageindex-builder/spi-builder-workspace/.derivedData/Build/Intermediates.noindex/UserDefaultsSnapshotLib.build/Debug-watchos/UserDefaultsSnapshotLibTests.build/Objects-normal/arm64/UserDefaultsSnapshotLibTests.swiftdoc (in target 'UserDefaultsSnapshotLibTests' from project 'UserDefaultsSnapshotLib')
    cd /Users/admin/builds/vMd7uqzK/1/finestructure/swiftpackageindex-builder/spi-builder-workspace
    builtin-copy -exclude .DS_Store -exclude CVS -exclude .svn -exclude .git -exclude .hg -resolve-src-symlinks -rename /Users/admin/builds/vMd7uqzK/1/finestructure/swiftpackageindex-builder/spi-builder-workspace/.derivedData/Build/Intermediates.noindex/UserDefaultsSnapshotLib.build/Debug-watchos/UserDefaultsSnapshotLibTests.build/Objects-normal/arm64/UserDefaultsSnapshotLibTests.swiftdoc /Users/admin/builds/vMd7uqzK/1/finestructure/swiftpackageindex-builder/spi-builder-workspace/.derivedData/Build/Products/Debug-watchos/UserDefaultsSnapshotLibTests.swiftmodule/arm64-apple-watchos.swiftdoc
Copy /Users/admin/builds/vMd7uqzK/1/finestructure/swiftpackageindex-builder/spi-builder-workspace/.derivedData/Build/Products/Debug-watchos/UserDefaultsSnapshotLibTests.swiftmodule/arm64-apple-watchos.abi.json /Users/admin/builds/vMd7uqzK/1/finestructure/swiftpackageindex-builder/spi-builder-workspace/.derivedData/Build/Intermediates.noindex/UserDefaultsSnapshotLib.build/Debug-watchos/UserDefaultsSnapshotLibTests.build/Objects-normal/arm64/UserDefaultsSnapshotLibTests.abi.json (in target 'UserDefaultsSnapshotLibTests' from project 'UserDefaultsSnapshotLib')
    cd /Users/admin/builds/vMd7uqzK/1/finestructure/swiftpackageindex-builder/spi-builder-workspace
    builtin-copy -exclude .DS_Store -exclude CVS -exclude .svn -exclude .git -exclude .hg -resolve-src-symlinks -rename /Users/admin/builds/vMd7uqzK/1/finestructure/swiftpackageindex-builder/spi-builder-workspace/.derivedData/Build/Intermediates.noindex/UserDefaultsSnapshotLib.build/Debug-watchos/UserDefaultsSnapshotLibTests.build/Objects-normal/arm64/UserDefaultsSnapshotLibTests.abi.json /Users/admin/builds/vMd7uqzK/1/finestructure/swiftpackageindex-builder/spi-builder-workspace/.derivedData/Build/Products/Debug-watchos/UserDefaultsSnapshotLibTests.swiftmodule/arm64-apple-watchos.abi.json
Copy /Users/admin/builds/vMd7uqzK/1/finestructure/swiftpackageindex-builder/spi-builder-workspace/.derivedData/Build/Products/Debug-watchos/UserDefaultsSnapshotLibTests.swiftmodule/Project/armv7k-apple-watchos.swiftsourceinfo /Users/admin/builds/vMd7uqzK/1/finestructure/swiftpackageindex-builder/spi-builder-workspace/.derivedData/Build/Intermediates.noindex/UserDefaultsSnapshotLib.build/Debug-watchos/UserDefaultsSnapshotLibTests.build/Objects-normal/armv7k/UserDefaultsSnapshotLibTests.swiftsourceinfo (in target 'UserDefaultsSnapshotLibTests' from project 'UserDefaultsSnapshotLib')
    cd /Users/admin/builds/vMd7uqzK/1/finestructure/swiftpackageindex-builder/spi-builder-workspace
    builtin-copy -exclude .DS_Store -exclude CVS -exclude .svn -exclude .git -exclude .hg -resolve-src-symlinks -rename /Users/admin/builds/vMd7uqzK/1/finestructure/swiftpackageindex-builder/spi-builder-workspace/.derivedData/Build/Intermediates.noindex/UserDefaultsSnapshotLib.build/Debug-watchos/UserDefaultsSnapshotLibTests.build/Objects-normal/armv7k/UserDefaultsSnapshotLibTests.swiftsourceinfo /Users/admin/builds/vMd7uqzK/1/finestructure/swiftpackageindex-builder/spi-builder-workspace/.derivedData/Build/Products/Debug-watchos/UserDefaultsSnapshotLibTests.swiftmodule/Project/armv7k-apple-watchos.swiftsourceinfo
Copy /Users/admin/builds/vMd7uqzK/1/finestructure/swiftpackageindex-builder/spi-builder-workspace/.derivedData/Build/Products/Debug-watchos/UserDefaultsSnapshotLibTests.swiftmodule/Project/arm64_32-apple-watchos.swiftsourceinfo /Users/admin/builds/vMd7uqzK/1/finestructure/swiftpackageindex-builder/spi-builder-workspace/.derivedData/Build/Intermediates.noindex/UserDefaultsSnapshotLib.build/Debug-watchos/UserDefaultsSnapshotLibTests.build/Objects-normal/arm64_32/UserDefaultsSnapshotLibTests.swiftsourceinfo (in target 'UserDefaultsSnapshotLibTests' from project 'UserDefaultsSnapshotLib')
    cd /Users/admin/builds/vMd7uqzK/1/finestructure/swiftpackageindex-builder/spi-builder-workspace
    builtin-copy -exclude .DS_Store -exclude CVS -exclude .svn -exclude .git -exclude .hg -resolve-src-symlinks -rename /Users/admin/builds/vMd7uqzK/1/finestructure/swiftpackageindex-builder/spi-builder-workspace/.derivedData/Build/Intermediates.noindex/UserDefaultsSnapshotLib.build/Debug-watchos/UserDefaultsSnapshotLibTests.build/Objects-normal/arm64_32/UserDefaultsSnapshotLibTests.swiftsourceinfo /Users/admin/builds/vMd7uqzK/1/finestructure/swiftpackageindex-builder/spi-builder-workspace/.derivedData/Build/Products/Debug-watchos/UserDefaultsSnapshotLibTests.swiftmodule/Project/arm64_32-apple-watchos.swiftsourceinfo
Copy /Users/admin/builds/vMd7uqzK/1/finestructure/swiftpackageindex-builder/spi-builder-workspace/.derivedData/Build/Products/Debug-watchos/UserDefaultsSnapshotLibTests.swiftmodule/Project/arm64-apple-watchos.swiftsourceinfo /Users/admin/builds/vMd7uqzK/1/finestructure/swiftpackageindex-builder/spi-builder-workspace/.derivedData/Build/Intermediates.noindex/UserDefaultsSnapshotLib.build/Debug-watchos/UserDefaultsSnapshotLibTests.build/Objects-normal/arm64/UserDefaultsSnapshotLibTests.swiftsourceinfo (in target 'UserDefaultsSnapshotLibTests' from project 'UserDefaultsSnapshotLib')
    cd /Users/admin/builds/vMd7uqzK/1/finestructure/swiftpackageindex-builder/spi-builder-workspace
    builtin-copy -exclude .DS_Store -exclude CVS -exclude .svn -exclude .git -exclude .hg -resolve-src-symlinks -rename /Users/admin/builds/vMd7uqzK/1/finestructure/swiftpackageindex-builder/spi-builder-workspace/.derivedData/Build/Intermediates.noindex/UserDefaultsSnapshotLib.build/Debug-watchos/UserDefaultsSnapshotLibTests.build/Objects-normal/arm64/UserDefaultsSnapshotLibTests.swiftsourceinfo /Users/admin/builds/vMd7uqzK/1/finestructure/swiftpackageindex-builder/spi-builder-workspace/.derivedData/Build/Products/Debug-watchos/UserDefaultsSnapshotLibTests.swiftmodule/Project/arm64-apple-watchos.swiftsourceinfo
SwiftCompile normal armv7k Compiling\ XCTestManifests.swift /Users/admin/builds/vMd7uqzK/1/finestructure/swiftpackageindex-builder/spi-builder-workspace/Tests/UserDefaultsSnapshotLibTests/XCTestManifests.swift (in target 'UserDefaultsSnapshotLibTests' from project 'UserDefaultsSnapshotLib')
    cd /Users/admin/builds/vMd7uqzK/1/finestructure/swiftpackageindex-builder/spi-builder-workspace
    builtin-swiftTaskExecution -- /Applications/Xcode-14.3.1.app/Contents/Developer/Toolchains/XcodeDefault.xctoolchain/usr/bin/swift-frontend -frontend -c /Users/admin/builds/vMd7uqzK/1/finestructure/swiftpackageindex-builder/spi-builder-workspace/Tests/UserDefaultsSnapshotLibTests/UserDefaultsBackingTests.swift -primary-file /Users/admin/builds/vMd7uqzK/1/finestructure/swiftpackageindex-builder/spi-builder-workspace/Tests/UserDefaultsSnapshotLibTests/XCTestManifests.swift -emit-dependencies-path /Users/admin/builds/vMd7uqzK/1/finestructure/swiftpackageindex-builder/spi-builder-workspace/.derivedData/Build/Intermediates.noindex/UserDefaultsSnapshotLib.build/Debug-watchos/UserDefaultsSnapshotLibTests.build/Objects-normal/armv7k/XCTestManifests.d -emit-reference-dependencies-path /Users/admin/builds/vMd7uqzK/1/finestructure/swiftpackageindex-builder/spi-builder-workspace/.derivedData/Build/Intermediates.noindex/UserDefaultsSnapshotLib.build/Debug-watchos/UserDefaultsSnapshotLibTests.build/Objects-normal/armv7k/XCTestManifests.swiftdeps -serialize-diagnostics-path /Users/admin/builds/vMd7uqzK/1/finestructure/swiftpackageindex-builder/spi-builder-workspace/.derivedData/Build/Intermediates.noindex/UserDefaultsSnapshotLib.build/Debug-watchos/UserDefaultsSnapshotLibTests.build/Objects-normal/armv7k/XCTestManifests.dia -target armv7k-apple-watchos6.0 -enable-objc-interop -stack-check -sdk /Applications/Xcode-14.3.1.app/Contents/Developer/Platforms/WatchOS.platform/Developer/SDKs/WatchOS9.4.sdk -I /Users/admin/builds/vMd7uqzK/1/finestructure/swiftpackageindex-builder/spi-builder-workspace/.derivedData/Build/Products/Debug-watchos -I /Applications/Xcode-14.3.1.app/Contents/Developer/Platforms/WatchOS.platform/Developer/usr/lib -F /Users/admin/builds/vMd7uqzK/1/finestructure/swiftpackageindex-builder/spi-builder-workspace/.derivedData/Build/Products/Debug-watchos/PackageFrameworks -F /Users/admin/builds/vMd7uqzK/1/finestructure/swiftpackageindex-builder/spi-builder-workspace/.derivedData/Build/Products/Debug-watchos -F /Applications/Xcode-14.3.1.app/Contents/Developer/Platforms/WatchOS.platform/Developer/Library/Frameworks -F /Applications/Xcode-14.3.1.app/Contents/Developer/Platforms/WatchOS.platform/Developer/SDKs/WatchOS9.4.sdk/Developer/Library/Frameworks -no-color-diagnostics -enable-testing -g -module-cache-path /Users/admin/builds/vMd7uqzK/1/finestructure/swiftpackageindex-builder/spi-builder-workspace/.derivedData/ModuleCache.noindex -swift-version 5 -enforce-exclusivity\=checked -Onone -D SWIFT_PACKAGE -D DEBUG -D Xcode -serialize-debugging-options -empty-abi-descriptor -Xcc -working-directory -Xcc /Users/admin/builds/vMd7uqzK/1/finestructure/swiftpackageindex-builder/spi-builder-workspace -resource-dir /Applications/Xcode-14.3.1.app/Contents/Developer/Toolchains/XcodeDefault.xctoolchain/usr/lib/swift -enable-anonymous-context-mangled-names -Xcc -ivfsstatcache -Xcc /Users/admin/builds/vMd7uqzK/1/finestructure/swiftpackageindex-builder/spi-builder-workspace/.derivedData/SDKStatCaches.noindex/watchos9.4-20T248-.sdkstatcache -Xcc -I/Users/admin/builds/vMd7uqzK/1/finestructure/swiftpackageindex-builder/spi-builder-workspace/.derivedData/Build/Products/Debug-watchos/include -Xcc -I/Users/admin/builds/vMd7uqzK/1/finestructure/swiftpackageindex-builder/spi-builder-workspace/.derivedData/Build/Intermediates.noindex/UserDefaultsSnapshotLib.build/Debug-watchos/UserDefaultsSnapshotLibTests.build/DerivedSources-normal/armv7k -Xcc -I/Users/admin/builds/vMd7uqzK/1/finestructure/swiftpackageindex-builder/spi-builder-workspace/.derivedData/Build/Intermediates.noindex/UserDefaultsSnapshotLib.build/Debug-watchos/UserDefaultsSnapshotLibTests.build/DerivedSources/armv7k -Xcc -I/Users/admin/builds/vMd7uqzK/1/finestructure/swiftpackageindex-builder/spi-builder-workspace/.derivedData/Build/Intermediates.noindex/UserDefaultsSnapshotLib.build/Debug-watchos/UserDefaultsSnapshotLibTests.build/DerivedSources -Xcc -DSWIFT_PACKAGE -Xcc -DDEBUG\=1 -module-name UserDefaultsSnapshotLibTests -frontend-parseable-output -disable-clang-spi -target-sdk-version 9.4 -target-sdk-name watchos9.4 -o /Users/admin/builds/vMd7uqzK/1/finestructure/swiftpackageindex-builder/spi-builder-workspace/.derivedData/Build/Intermediates.noindex/UserDefaultsSnapshotLib.build/Debug-watchos/UserDefaultsSnapshotLibTests.build/Objects-normal/armv7k/XCTestManifests.o -index-unit-output-path /UserDefaultsSnapshotLib.build/Debug-watchos/UserDefaultsSnapshotLibTests.build/Objects-normal/armv7k/XCTestManifests.o -index-store-path /Users/admin/builds/vMd7uqzK/1/finestructure/swiftpackageindex-builder/spi-builder-workspace/.derivedData/Index.noindex/DataStore -index-system-modules
SwiftCompile normal armv7k /Users/admin/builds/vMd7uqzK/1/finestructure/swiftpackageindex-builder/spi-builder-workspace/Tests/UserDefaultsSnapshotLibTests/XCTestManifests.swift (in target 'UserDefaultsSnapshotLibTests' from project 'UserDefaultsSnapshotLib')
    cd /Users/admin/builds/vMd7uqzK/1/finestructure/swiftpackageindex-builder/spi-builder-workspace
    /Applications/Xcode-14.3.1.app/Contents/Developer/Toolchains/XcodeDefault.xctoolchain/usr/bin/swift-frontend -c /Users/admin/builds/vMd7uqzK/1/finestructure/swiftpackageindex-builder/spi-builder-workspace/Tests/UserDefaultsSnapshotLibTests/UserDefaultsBackingTests.swift -primary-file /Users/admin/builds/vMd7uqzK/1/finestructure/swiftpackageindex-builder/spi-builder-workspace/Tests/UserDefaultsSnapshotLibTests/XCTestManifests.swift -emit-dependencies-path /Users/admin/builds/vMd7uqzK/1/finestructure/swiftpackageindex-builder/spi-builder-workspace/.derivedData/Build/Intermediates.noindex/UserDefaultsSnapshotLib.build/Debug-watchos/UserDefaultsSnapshotLibTests.build/Objects-normal/armv7k/XCTestManifests.d -emit-reference-dependencies-path /Users/admin/builds/vMd7uqzK/1/finestructure/swiftpackageindex-builder/spi-builder-workspace/.derivedData/Build/Intermediates.noindex/UserDefaultsSnapshotLib.build/Debug-watchos/UserDefaultsSnapshotLibTests.build/Objects-normal/armv7k/XCTestManifests.swiftdeps -serialize-diagnostics-path /Users/admin/builds/vMd7uqzK/1/finestructure/swiftpackageindex-builder/spi-builder-workspace/.derivedData/Build/Intermediates.noindex/UserDefaultsSnapshotLib.build/Debug-watchos/UserDefaultsSnapshotLibTests.build/Objects-normal/armv7k/XCTestManifests.dia -target armv7k-apple-watchos6.0 -enable-objc-interop -stack-check -sdk /Applications/Xcode-14.3.1.app/Contents/Developer/Platforms/WatchOS.platform/Developer/SDKs/WatchOS9.4.sdk -I /Users/admin/builds/vMd7uqzK/1/finestructure/swiftpackageindex-builder/spi-builder-workspace/.derivedData/Build/Products/Debug-watchos -I /Applications/Xcode-14.3.1.app/Contents/Developer/Platforms/WatchOS.platform/Developer/usr/lib -F /Users/admin/builds/vMd7uqzK/1/finestructure/swiftpackageindex-builder/spi-builder-workspace/.derivedData/Build/Products/Debug-watchos/PackageFrameworks -F /Users/admin/builds/vMd7uqzK/1/finestructure/swiftpackageindex-builder/spi-builder-workspace/.derivedData/Build/Products/Debug-watchos -F /Applications/Xcode-14.3.1.app/Contents/Developer/Platforms/WatchOS.platform/Developer/Library/Frameworks -F /Applications/Xcode-14.3.1.app/Contents/Developer/Platforms/WatchOS.platform/Developer/SDKs/WatchOS9.4.sdk/Developer/Library/Frameworks -no-color-diagnostics -enable-testing -g -module-cache-path /Users/admin/builds/vMd7uqzK/1/finestructure/swiftpackageindex-builder/spi-builder-workspace/.derivedData/ModuleCache.noindex -swift-version 5 -enforce-exclusivity\=checked -Onone -D SWIFT_PACKAGE -D DEBUG -D Xcode -serialize-debugging-options -empty-abi-descriptor -Xcc -working-directory -Xcc /Users/admin/builds/vMd7uqzK/1/finestructure/swiftpackageindex-builder/spi-builder-workspace -resource-dir /Applications/Xcode-14.3.1.app/Contents/Developer/Toolchains/XcodeDefault.xctoolchain/usr/lib/swift -enable-anonymous-context-mangled-names -Xcc -ivfsstatcache -Xcc /Users/admin/builds/vMd7uqzK/1/finestructure/swiftpackageindex-builder/spi-builder-workspace/.derivedData/SDKStatCaches.noindex/watchos9.4-20T248-.sdkstatcache -Xcc -I/Users/admin/builds/vMd7uqzK/1/finestructure/swiftpackageindex-builder/spi-builder-workspace/.derivedData/Build/Products/Debug-watchos/include -Xcc -I/Users/admin/builds/vMd7uqzK/1/finestructure/swiftpackageindex-builder/spi-builder-workspace/.derivedData/Build/Intermediates.noindex/UserDefaultsSnapshotLib.build/Debug-watchos/UserDefaultsSnapshotLibTests.build/DerivedSources-normal/armv7k -Xcc -I/Users/admin/builds/vMd7uqzK/1/finestructure/swiftpackageindex-builder/spi-builder-workspace/.derivedData/Build/Intermediates.noindex/UserDefaultsSnapshotLib.build/Debug-watchos/UserDefaultsSnapshotLibTests.build/DerivedSources/armv7k -Xcc -I/Users/admin/builds/vMd7uqzK/1/finestructure/swiftpackageindex-builder/spi-builder-workspace/.derivedData/Build/Intermediates.noindex/UserDefaultsSnapshotLib.build/Debug-watchos/UserDefaultsSnapshotLibTests.build/DerivedSources -Xcc -DSWIFT_PACKAGE -Xcc -DDEBUG\=1 -module-name UserDefaultsSnapshotLibTests -frontend-parseable-output -disable-clang-spi -target-sdk-version 9.4 -target-sdk-name watchos9.4 -o /Users/admin/builds/vMd7uqzK/1/finestructure/swiftpackageindex-builder/spi-builder-workspace/.derivedData/Build/Intermediates.noindex/UserDefaultsSnapshotLib.build/Debug-watchos/UserDefaultsSnapshotLibTests.build/Objects-normal/armv7k/XCTestManifests.o -index-unit-output-path /UserDefaultsSnapshotLib.build/Debug-watchos/UserDefaultsSnapshotLibTests.build/Objects-normal/armv7k/XCTestManifests.o -index-store-path /Users/admin/builds/vMd7uqzK/1/finestructure/swiftpackageindex-builder/spi-builder-workspace/.derivedData/Index.noindex/DataStore -index-system-modules
SwiftCompile normal arm64 Compiling\ UserDefaultsBackingTests.swift /Users/admin/builds/vMd7uqzK/1/finestructure/swiftpackageindex-builder/spi-builder-workspace/Tests/UserDefaultsSnapshotLibTests/UserDefaultsBackingTests.swift (in target 'UserDefaultsSnapshotLibTests' from project 'UserDefaultsSnapshotLib')
    cd /Users/admin/builds/vMd7uqzK/1/finestructure/swiftpackageindex-builder/spi-builder-workspace
    builtin-swiftTaskExecution -- /Applications/Xcode-14.3.1.app/Contents/Developer/Toolchains/XcodeDefault.xctoolchain/usr/bin/swift-frontend -frontend -c -primary-file /Users/admin/builds/vMd7uqzK/1/finestructure/swiftpackageindex-builder/spi-builder-workspace/Tests/UserDefaultsSnapshotLibTests/UserDefaultsBackingTests.swift /Users/admin/builds/vMd7uqzK/1/finestructure/swiftpackageindex-builder/spi-builder-workspace/Tests/UserDefaultsSnapshotLibTests/XCTestManifests.swift -emit-dependencies-path /Users/admin/builds/vMd7uqzK/1/finestructure/swiftpackageindex-builder/spi-builder-workspace/.derivedData/Build/Intermediates.noindex/UserDefaultsSnapshotLib.build/Debug-watchos/UserDefaultsSnapshotLibTests.build/Objects-normal/arm64/UserDefaultsBackingTests.d -emit-reference-dependencies-path /Users/admin/builds/vMd7uqzK/1/finestructure/swiftpackageindex-builder/spi-builder-workspace/.derivedData/Build/Intermediates.noindex/UserDefaultsSnapshotLib.build/Debug-watchos/UserDefaultsSnapshotLibTests.build/Objects-normal/arm64/UserDefaultsBackingTests.swiftdeps -serialize-diagnostics-path /Users/admin/builds/vMd7uqzK/1/finestructure/swiftpackageindex-builder/spi-builder-workspace/.derivedData/Build/Intermediates.noindex/UserDefaultsSnapshotLib.build/Debug-watchos/UserDefaultsSnapshotLibTests.build/Objects-normal/arm64/UserDefaultsBackingTests.dia -target arm64-apple-watchos6.0 -Xllvm -aarch64-use-tbi -enable-objc-interop -stack-check -sdk /Applications/Xcode-14.3.1.app/Contents/Developer/Platforms/WatchOS.platform/Developer/SDKs/WatchOS9.4.sdk -I /Users/admin/builds/vMd7uqzK/1/finestructure/swiftpackageindex-builder/spi-builder-workspace/.derivedData/Build/Products/Debug-watchos -I /Applications/Xcode-14.3.1.app/Contents/Developer/Platforms/WatchOS.platform/Developer/usr/lib -F /Users/admin/builds/vMd7uqzK/1/finestructure/swiftpackageindex-builder/spi-builder-workspace/.derivedData/Build/Products/Debug-watchos/PackageFrameworks -F /Users/admin/builds/vMd7uqzK/1/finestructure/swiftpackageindex-builder/spi-builder-workspace/.derivedData/Build/Products/Debug-watchos -F /Applications/Xcode-14.3.1.app/Contents/Developer/Platforms/WatchOS.platform/Developer/Library/Frameworks -F /Applications/Xcode-14.3.1.app/Contents/Developer/Platforms/WatchOS.platform/Developer/SDKs/WatchOS9.4.sdk/Developer/Library/Frameworks -no-color-diagnostics -enable-testing -g -module-cache-path /Users/admin/builds/vMd7uqzK/1/finestructure/swiftpackageindex-builder/spi-builder-workspace/.derivedData/ModuleCache.noindex -swift-version 5 -enforce-exclusivity\=checked -Onone -D SWIFT_PACKAGE -D DEBUG -D Xcode -serialize-debugging-options -empty-abi-descriptor -Xcc -working-directory -Xcc /Users/admin/builds/vMd7uqzK/1/finestructure/swiftpackageindex-builder/spi-builder-workspace -resource-dir /Applications/Xcode-14.3.1.app/Contents/Developer/Toolchains/XcodeDefault.xctoolchain/usr/lib/swift -enable-anonymous-context-mangled-names -Xcc -ivfsstatcache -Xcc /Users/admin/builds/vMd7uqzK/1/finestructure/swiftpackageindex-builder/spi-builder-workspace/.derivedData/SDKStatCaches.noindex/watchos9.4-20T248-.sdkstatcache -Xcc -I/Users/admin/builds/vMd7uqzK/1/finestructure/swiftpackageindex-builder/spi-builder-workspace/.derivedData/Build/Products/Debug-watchos/include -Xcc -I/Users/admin/builds/vMd7uqzK/1/finestructure/swiftpackageindex-builder/spi-builder-workspace/.derivedData/Build/Intermediates.noindex/UserDefaultsSnapshotLib.build/Debug-watchos/UserDefaultsSnapshotLibTests.build/DerivedSources-normal/arm64 -Xcc -I/Users/admin/builds/vMd7uqzK/1/finestructure/swiftpackageindex-builder/spi-builder-workspace/.derivedData/Build/Intermediates.noindex/UserDefaultsSnapshotLib.build/Debug-watchos/UserDefaultsSnapshotLibTests.build/DerivedSources/arm64 -Xcc -I/Users/admin/builds/vMd7uqzK/1/finestructure/swiftpackageindex-builder/spi-builder-workspace/.derivedData/Build/Intermediates.noindex/UserDefaultsSnapshotLib.build/Debug-watchos/UserDefaultsSnapshotLibTests.build/DerivedSources -Xcc -DSWIFT_PACKAGE -Xcc -DDEBUG\=1 -module-name UserDefaultsSnapshotLibTests -frontend-parseable-output -disable-clang-spi -target-sdk-version 9.4 -target-sdk-name watchos9.4 -o /Users/admin/builds/vMd7uqzK/1/finestructure/swiftpackageindex-builder/spi-builder-workspace/.derivedData/Build/Intermediates.noindex/UserDefaultsSnapshotLib.build/Debug-watchos/UserDefaultsSnapshotLibTests.build/Objects-normal/arm64/UserDefaultsBackingTests.o -index-unit-output-path /UserDefaultsSnapshotLib.build/Debug-watchos/UserDefaultsSnapshotLibTests.build/Objects-normal/arm64/UserDefaultsBackingTests.o -index-store-path /Users/admin/builds/vMd7uqzK/1/finestructure/swiftpackageindex-builder/spi-builder-workspace/.derivedData/Index.noindex/DataStore -index-system-modules
SwiftCompile normal arm64 /Users/admin/builds/vMd7uqzK/1/finestructure/swiftpackageindex-builder/spi-builder-workspace/Tests/UserDefaultsSnapshotLibTests/UserDefaultsBackingTests.swift (in target 'UserDefaultsSnapshotLibTests' from project 'UserDefaultsSnapshotLib')
    cd /Users/admin/builds/vMd7uqzK/1/finestructure/swiftpackageindex-builder/spi-builder-workspace
    /Applications/Xcode-14.3.1.app/Contents/Developer/Toolchains/XcodeDefault.xctoolchain/usr/bin/swift-frontend -c -primary-file /Users/admin/builds/vMd7uqzK/1/finestructure/swiftpackageindex-builder/spi-builder-workspace/Tests/UserDefaultsSnapshotLibTests/UserDefaultsBackingTests.swift /Users/admin/builds/vMd7uqzK/1/finestructure/swiftpackageindex-builder/spi-builder-workspace/Tests/UserDefaultsSnapshotLibTests/XCTestManifests.swift -emit-dependencies-path /Users/admin/builds/vMd7uqzK/1/finestructure/swiftpackageindex-builder/spi-builder-workspace/.derivedData/Build/Intermediates.noindex/UserDefaultsSnapshotLib.build/Debug-watchos/UserDefaultsSnapshotLibTests.build/Objects-normal/arm64/UserDefaultsBackingTests.d -emit-reference-dependencies-path /Users/admin/builds/vMd7uqzK/1/finestructure/swiftpackageindex-builder/spi-builder-workspace/.derivedData/Build/Intermediates.noindex/UserDefaultsSnapshotLib.build/Debug-watchos/UserDefaultsSnapshotLibTests.build/Objects-normal/arm64/UserDefaultsBackingTests.swiftdeps -serialize-diagnostics-path /Users/admin/builds/vMd7uqzK/1/finestructure/swiftpackageindex-builder/spi-builder-workspace/.derivedData/Build/Intermediates.noindex/UserDefaultsSnapshotLib.build/Debug-watchos/UserDefaultsSnapshotLibTests.build/Objects-normal/arm64/UserDefaultsBackingTests.dia -target arm64-apple-watchos6.0 -Xllvm -aarch64-use-tbi -enable-objc-interop -stack-check -sdk /Applications/Xcode-14.3.1.app/Contents/Developer/Platforms/WatchOS.platform/Developer/SDKs/WatchOS9.4.sdk -I /Users/admin/builds/vMd7uqzK/1/finestructure/swiftpackageindex-builder/spi-builder-workspace/.derivedData/Build/Products/Debug-watchos -I /Applications/Xcode-14.3.1.app/Contents/Developer/Platforms/WatchOS.platform/Developer/usr/lib -F /Users/admin/builds/vMd7uqzK/1/finestructure/swiftpackageindex-builder/spi-builder-workspace/.derivedData/Build/Products/Debug-watchos/PackageFrameworks -F /Users/admin/builds/vMd7uqzK/1/finestructure/swiftpackageindex-builder/spi-builder-workspace/.derivedData/Build/Products/Debug-watchos -F /Applications/Xcode-14.3.1.app/Contents/Developer/Platforms/WatchOS.platform/Developer/Library/Frameworks -F /Applications/Xcode-14.3.1.app/Contents/Developer/Platforms/WatchOS.platform/Developer/SDKs/WatchOS9.4.sdk/Developer/Library/Frameworks -no-color-diagnostics -enable-testing -g -module-cache-path /Users/admin/builds/vMd7uqzK/1/finestructure/swiftpackageindex-builder/spi-builder-workspace/.derivedData/ModuleCache.noindex -swift-version 5 -enforce-exclusivity\=checked -Onone -D SWIFT_PACKAGE -D DEBUG -D Xcode -serialize-debugging-options -empty-abi-descriptor -Xcc -working-directory -Xcc /Users/admin/builds/vMd7uqzK/1/finestructure/swiftpackageindex-builder/spi-builder-workspace -resource-dir /Applications/Xcode-14.3.1.app/Contents/Developer/Toolchains/XcodeDefault.xctoolchain/usr/lib/swift -enable-anonymous-context-mangled-names -Xcc -ivfsstatcache -Xcc /Users/admin/builds/vMd7uqzK/1/finestructure/swiftpackageindex-builder/spi-builder-workspace/.derivedData/SDKStatCaches.noindex/watchos9.4-20T248-.sdkstatcache -Xcc -I/Users/admin/builds/vMd7uqzK/1/finestructure/swiftpackageindex-builder/spi-builder-workspace/.derivedData/Build/Products/Debug-watchos/include -Xcc -I/Users/admin/builds/vMd7uqzK/1/finestructure/swiftpackageindex-builder/spi-builder-workspace/.derivedData/Build/Intermediates.noindex/UserDefaultsSnapshotLib.build/Debug-watchos/UserDefaultsSnapshotLibTests.build/DerivedSources-normal/arm64 -Xcc -I/Users/admin/builds/vMd7uqzK/1/finestructure/swiftpackageindex-builder/spi-builder-workspace/.derivedData/Build/Intermediates.noindex/UserDefaultsSnapshotLib.build/Debug-watchos/UserDefaultsSnapshotLibTests.build/DerivedSources/arm64 -Xcc -I/Users/admin/builds/vMd7uqzK/1/finestructure/swiftpackageindex-builder/spi-builder-workspace/.derivedData/Build/Intermediates.noindex/UserDefaultsSnapshotLib.build/Debug-watchos/UserDefaultsSnapshotLibTests.build/DerivedSources -Xcc -DSWIFT_PACKAGE -Xcc -DDEBUG\=1 -module-name UserDefaultsSnapshotLibTests -frontend-parseable-output -disable-clang-spi -target-sdk-version 9.4 -target-sdk-name watchos9.4 -o /Users/admin/builds/vMd7uqzK/1/finestructure/swiftpackageindex-builder/spi-builder-workspace/.derivedData/Build/Intermediates.noindex/UserDefaultsSnapshotLib.build/Debug-watchos/UserDefaultsSnapshotLibTests.build/Objects-normal/arm64/UserDefaultsBackingTests.o -index-unit-output-path /UserDefaultsSnapshotLib.build/Debug-watchos/UserDefaultsSnapshotLibTests.build/Objects-normal/arm64/UserDefaultsBackingTests.o -index-store-path /Users/admin/builds/vMd7uqzK/1/finestructure/swiftpackageindex-builder/spi-builder-workspace/.derivedData/Index.noindex/DataStore -index-system-modules
/Users/admin/builds/vMd7uqzK/1/finestructure/swiftpackageindex-builder/spi-builder-workspace/Tests/UserDefaultsSnapshotLibTests/UserDefaultsBackingTests.swift:127:5: warning: instance method 'wait' is unavailable from asynchronous contexts; Use await fulfillment(of:timeout:enforceOrder:) instead; this is an error in Swift 6
    wait(for: [exp], timeout: 1)
    ^
XCTest.XCTestCase:11:15: note: 'wait(for:timeout:)' declared here
    open func wait(for expectations: [XCTestExpectation], timeout seconds: TimeInterval)
              ^
SwiftDriverJobDiscovery normal arm64 Compiling XCTestManifests.swift (in target 'UserDefaultsSnapshotLibTests' from project 'UserDefaultsSnapshotLib')
SwiftCompile normal arm64 Compiling\ UserDefaultsObject.swift,\ UserDefaultsPersistentStore.swift /Users/admin/builds/vMd7uqzK/1/finestructure/swiftpackageindex-builder/spi-builder-workspace/Sources/UserDefaultsSnapshotLib/UserDefaultsObject.swift /Users/admin/builds/vMd7uqzK/1/finestructure/swiftpackageindex-builder/spi-builder-workspace/Sources/UserDefaultsSnapshotLib/UserDefaultsPersistentStore.swift (in target 'UserDefaultsSnapshotLib' from project 'UserDefaultsSnapshotLib')
    cd /Users/admin/builds/vMd7uqzK/1/finestructure/swiftpackageindex-builder/spi-builder-workspace
    builtin-swiftTaskExecution -- /Applications/Xcode-14.3.1.app/Contents/Developer/Toolchains/XcodeDefault.xctoolchain/usr/bin/swift-frontend -frontend -c -primary-file /Users/admin/builds/vMd7uqzK/1/finestructure/swiftpackageindex-builder/spi-builder-workspace/Sources/UserDefaultsSnapshotLib/UserDefaultsObject.swift -primary-file /Users/admin/builds/vMd7uqzK/1/finestructure/swiftpackageindex-builder/spi-builder-workspace/Sources/UserDefaultsSnapshotLib/UserDefaultsPersistentStore.swift /Users/admin/builds/vMd7uqzK/1/finestructure/swiftpackageindex-builder/spi-builder-workspace/Sources/UserDefaultsSnapshotLib/UserDefaultsPersistentStoreBase.swift /Users/admin/builds/vMd7uqzK/1/finestructure/swiftpackageindex-builder/spi-builder-workspace/Sources/UserDefaultsSnapshotLib/UserDefaultsPersistentStoreSinkCancellable.swift /Users/admin/builds/vMd7uqzK/1/finestructure/swiftpackageindex-builder/spi-builder-workspace/Sources/UserDefaultsSnapshotLib/UserDefaultsSnapshot.swift /Users/admin/builds/vMd7uqzK/1/finestructure/swiftpackageindex-builder/spi-builder-workspace/Sources/UserDefaultsSnapshotLib/_UserDefaultsPrimitiveValueType.swift -emit-dependencies-path /Users/admin/builds/vMd7uqzK/1/finestructure/swiftpackageindex-builder/spi-builder-workspace/.derivedData/Build/Intermediates.noindex/UserDefaultsSnapshotLib.build/Debug-watchos/UserDefaultsSnapshotLib.build/Objects-normal/arm64/UserDefaultsObject.d -emit-reference-dependencies-path /Users/admin/builds/vMd7uqzK/1/finestructure/swiftpackageindex-builder/spi-builder-workspace/.derivedData/Build/Intermediates.noindex/UserDefaultsSnapshotLib.build/Debug-watchos/UserDefaultsSnapshotLib.build/Objects-normal/arm64/UserDefaultsObject.swiftdeps -serialize-diagnostics-path /Users/admin/builds/vMd7uqzK/1/finestructure/swiftpackageindex-builder/spi-builder-workspace/.derivedData/Build/Intermediates.noindex/UserDefaultsSnapshotLib.build/Debug-watchos/UserDefaultsSnapshotLib.build/Objects-normal/arm64/UserDefaultsObject.dia -emit-dependencies-path /Users/admin/builds/vMd7uqzK/1/finestructure/swiftpackageindex-builder/spi-builder-workspace/.derivedData/Build/Intermediates.noindex/UserDefaultsSnapshotLib.build/Debug-watchos/UserDefaultsSnapshotLib.build/Objects-normal/arm64/UserDefaultsPersistentStore.d -emit-reference-dependencies-path /Users/admin/builds/vMd7uqzK/1/finestructure/swiftpackageindex-builder/spi-builder-workspace/.derivedData/Build/Intermediates.noindex/UserDefaultsSnapshotLib.build/Debug-watchos/UserDefaultsSnapshotLib.build/Objects-normal/arm64/UserDefaultsPersistentStore.swiftdeps -serialize-diagnostics-path /Users/admin/builds/vMd7uqzK/1/finestructure/swiftpackageindex-builder/spi-builder-workspace/.derivedData/Build/Intermediates.noindex/UserDefaultsSnapshotLib.build/Debug-watchos/UserDefaultsSnapshotLib.build/Objects-normal/arm64/UserDefaultsPersistentStore.dia -target arm64-apple-watchos6.0 -Xllvm -aarch64-use-tbi -enable-objc-interop -stack-check -sdk /Applications/Xcode-14.3.1.app/Contents/Developer/Platforms/WatchOS.platform/Developer/SDKs/WatchOS9.4.sdk -I /Users/admin/builds/vMd7uqzK/1/finestructure/swiftpackageindex-builder/spi-builder-workspace/.derivedData/Build/Products/Debug-watchos -I /Applications/Xcode-14.3.1.app/Contents/Developer/Platforms/WatchOS.platform/Developer/usr/lib -F /Users/admin/builds/vMd7uqzK/1/finestructure/swiftpackageindex-builder/spi-builder-workspace/.derivedData/Build/Products/Debug-watchos -F /Applications/Xcode-14.3.1.app/Contents/Developer/Platforms/WatchOS.platform/Developer/Library/Frameworks -F /Applications/Xcode-14.3.1.app/Contents/Developer/Platforms/WatchOS.platform/Developer/SDKs/WatchOS9.4.sdk/Developer/Library/Frameworks -no-color-diagnostics -enable-testing -g -module-cache-path /Users/admin/builds/vMd7uqzK/1/finestructure/swiftpackageindex-builder/spi-builder-workspace/.derivedData/ModuleCache.noindex -swift-version 5 -enforce-exclusivity\=checked -Onone -D SWIFT_PACKAGE -D DEBUG -D Xcode -serialize-debugging-options -empty-abi-descriptor -Xcc -working-directory -Xcc /Users/admin/builds/vMd7uqzK/1/finestructure/swiftpackageindex-builder/spi-builder-workspace -resource-dir /Applications/Xcode-14.3.1.app/Contents/Developer/Toolchains/XcodeDefault.xctoolchain/usr/lib/swift -enable-anonymous-context-mangled-names -Xcc -ivfsstatcache -Xcc /Users/admin/builds/vMd7uqzK/1/finestructure/swiftpackageindex-builder/spi-builder-workspace/.derivedData/SDKStatCaches.noindex/watchos9.4-20T248-.sdkstatcache -Xcc -I/Users/admin/builds/vMd7uqzK/1/finestructure/swiftpackageindex-builder/spi-builder-workspace/.derivedData/Build/Intermediates.noindex/UserDefaultsSnapshotLib.build/Debug-watchos/UserDefaultsSnapshotLib.build/swift-overrides.hmap -Xcc -I/Users/admin/builds/vMd7uqzK/1/finestructure/swiftpackageindex-builder/spi-builder-workspace/.derivedData/Build/Products/Debug-watchos/include -Xcc -I/Users/admin/builds/vMd7uqzK/1/finestructure/swiftpackageindex-builder/spi-builder-workspace/.derivedData/Build/Intermediates.noindex/UserDefaultsSnapshotLib.build/Debug-watchos/UserDefaultsSnapshotLib.build/DerivedSources-normal/arm64 -Xcc -I/Users/admin/builds/vMd7uqzK/1/finestructure/swiftpackageindex-builder/spi-builder-workspace/.derivedData/Build/Intermediates.noindex/UserDefaultsSnapshotLib.build/Debug-watchos/UserDefaultsSnapshotLib.build/DerivedSources/arm64 -Xcc -I/Users/admin/builds/vMd7uqzK/1/finestructure/swiftpackageindex-builder/spi-builder-workspace/.derivedData/Build/Intermediates.noindex/UserDefaultsSnapshotLib.build/Debug-watchos/UserDefaultsSnapshotLib.build/DerivedSources -Xcc -DSWIFT_PACKAGE -Xcc -DDEBUG\=1 -module-name UserDefaultsSnapshotLib -frontend-parseable-output -disable-clang-spi -target-sdk-version 9.4 -target-sdk-name watchos9.4 -o /Users/admin/builds/vMd7uqzK/1/finestructure/swiftpackageindex-builder/spi-builder-workspace/.derivedData/Build/Intermediates.noindex/UserDefaultsSnapshotLib.build/Debug-watchos/UserDefaultsSnapshotLib.build/Objects-normal/arm64/UserDefaultsObject.o -o /Users/admin/builds/vMd7uqzK/1/finestructure/swiftpackageindex-builder/spi-builder-workspace/.derivedData/Build/Intermediates.noindex/UserDefaultsSnapshotLib.build/Debug-watchos/UserDefaultsSnapshotLib.build/Objects-normal/arm64/UserDefaultsPersistentStore.o -index-unit-output-path /UserDefaultsSnapshotLib.build/Debug-watchos/UserDefaultsSnapshotLib.build/Objects-normal/arm64/UserDefaultsObject.o -index-unit-output-path /UserDefaultsSnapshotLib.build/Debug-watchos/UserDefaultsSnapshotLib.build/Objects-normal/arm64/UserDefaultsPersistentStore.o -index-store-path /Users/admin/builds/vMd7uqzK/1/finestructure/swiftpackageindex-builder/spi-builder-workspace/.derivedData/Index.noindex/DataStore -index-system-modules
SwiftCompile normal arm64 /Users/admin/builds/vMd7uqzK/1/finestructure/swiftpackageindex-builder/spi-builder-workspace/Sources/UserDefaultsSnapshotLib/UserDefaultsObject.swift (in target 'UserDefaultsSnapshotLib' from project 'UserDefaultsSnapshotLib')
    cd /Users/admin/builds/vMd7uqzK/1/finestructure/swiftpackageindex-builder/spi-builder-workspace
    /Applications/Xcode-14.3.1.app/Contents/Developer/Toolchains/XcodeDefault.xctoolchain/usr/bin/swift-frontend -c -primary-file /Users/admin/builds/vMd7uqzK/1/finestructure/swiftpackageindex-builder/spi-builder-workspace/Sources/UserDefaultsSnapshotLib/UserDefaultsObject.swift -primary-file /Users/admin/builds/vMd7uqzK/1/finestructure/swiftpackageindex-builder/spi-builder-workspace/Sources/UserDefaultsSnapshotLib/UserDefaultsPersistentStore.swift /Users/admin/builds/vMd7uqzK/1/finestructure/swiftpackageindex-builder/spi-builder-workspace/Sources/UserDefaultsSnapshotLib/UserDefaultsPersistentStoreBase.swift /Users/admin/builds/vMd7uqzK/1/finestructure/swiftpackageindex-builder/spi-builder-workspace/Sources/UserDefaultsSnapshotLib/UserDefaultsPersistentStoreSinkCancellable.swift /Users/admin/builds/vMd7uqzK/1/finestructure/swiftpackageindex-builder/spi-builder-workspace/Sources/UserDefaultsSnapshotLib/UserDefaultsSnapshot.swift /Users/admin/builds/vMd7uqzK/1/finestructure/swiftpackageindex-builder/spi-builder-workspace/Sources/UserDefaultsSnapshotLib/_UserDefaultsPrimitiveValueType.swift -emit-dependencies-path /Users/admin/builds/vMd7uqzK/1/finestructure/swiftpackageindex-builder/spi-builder-workspace/.derivedData/Build/Intermediates.noindex/UserDefaultsSnapshotLib.build/Debug-watchos/UserDefaultsSnapshotLib.build/Objects-normal/arm64/UserDefaultsObject.d -emit-reference-dependencies-path /Users/admin/builds/vMd7uqzK/1/finestructure/swiftpackageindex-builder/spi-builder-workspace/.derivedData/Build/Intermediates.noindex/UserDefaultsSnapshotLib.build/Debug-watchos/UserDefaultsSnapshotLib.build/Objects-normal/arm64/UserDefaultsObject.swiftdeps -serialize-diagnostics-path /Users/admin/builds/vMd7uqzK/1/finestructure/swiftpackageindex-builder/spi-builder-workspace/.derivedData/Build/Intermediates.noindex/UserDefaultsSnapshotLib.build/Debug-watchos/UserDefaultsSnapshotLib.build/Objects-normal/arm64/UserDefaultsObject.dia -emit-dependencies-path /Users/admin/builds/vMd7uqzK/1/finestructure/swiftpackageindex-builder/spi-builder-workspace/.derivedData/Build/Intermediates.noindex/UserDefaultsSnapshotLib.build/Debug-watchos/UserDefaultsSnapshotLib.build/Objects-normal/arm64/UserDefaultsPersistentStore.d -emit-reference-dependencies-path /Users/admin/builds/vMd7uqzK/1/finestructure/swiftpackageindex-builder/spi-builder-workspace/.derivedData/Build/Intermediates.noindex/UserDefaultsSnapshotLib.build/Debug-watchos/UserDefaultsSnapshotLib.build/Objects-normal/arm64/UserDefaultsPersistentStore.swiftdeps -serialize-diagnostics-path /Users/admin/builds/vMd7uqzK/1/finestructure/swiftpackageindex-builder/spi-builder-workspace/.derivedData/Build/Intermediates.noindex/UserDefaultsSnapshotLib.build/Debug-watchos/UserDefaultsSnapshotLib.build/Objects-normal/arm64/UserDefaultsPersistentStore.dia -target arm64-apple-watchos6.0 -Xllvm -aarch64-use-tbi -enable-objc-interop -stack-check -sdk /Applications/Xcode-14.3.1.app/Contents/Developer/Platforms/WatchOS.platform/Developer/SDKs/WatchOS9.4.sdk -I /Users/admin/builds/vMd7uqzK/1/finestructure/swiftpackageindex-builder/spi-builder-workspace/.derivedData/Build/Products/Debug-watchos -I /Applications/Xcode-14.3.1.app/Contents/Developer/Platforms/WatchOS.platform/Developer/usr/lib -F /Users/admin/builds/vMd7uqzK/1/finestructure/swiftpackageindex-builder/spi-builder-workspace/.derivedData/Build/Products/Debug-watchos -F /Applications/Xcode-14.3.1.app/Contents/Developer/Platforms/WatchOS.platform/Developer/Library/Frameworks -F /Applications/Xcode-14.3.1.app/Contents/Developer/Platforms/WatchOS.platform/Developer/SDKs/WatchOS9.4.sdk/Developer/Library/Frameworks -no-color-diagnostics -enable-testing -g -module-cache-path /Users/admin/builds/vMd7uqzK/1/finestructure/swiftpackageindex-builder/spi-builder-workspace/.derivedData/ModuleCache.noindex -swift-version 5 -enforce-exclusivity\=checked -Onone -D SWIFT_PACKAGE -D DEBUG -D Xcode -serialize-debugging-options -empty-abi-descriptor -Xcc -working-directory -Xcc /Users/admin/builds/vMd7uqzK/1/finestructure/swiftpackageindex-builder/spi-builder-workspace -resource-dir /Applications/Xcode-14.3.1.app/Contents/Developer/Toolchains/XcodeDefault.xctoolchain/usr/lib/swift -enable-anonymous-context-mangled-names -Xcc -ivfsstatcache -Xcc /Users/admin/builds/vMd7uqzK/1/finestructure/swiftpackageindex-builder/spi-builder-workspace/.derivedData/SDKStatCaches.noindex/watchos9.4-20T248-.sdkstatcache -Xcc -I/Users/admin/builds/vMd7uqzK/1/finestructure/swiftpackageindex-builder/spi-builder-workspace/.derivedData/Build/Intermediates.noindex/UserDefaultsSnapshotLib.build/Debug-watchos/UserDefaultsSnapshotLib.build/swift-overrides.hmap -Xcc -I/Users/admin/builds/vMd7uqzK/1/finestructure/swiftpackageindex-builder/spi-builder-workspace/.derivedData/Build/Products/Debug-watchos/include -Xcc -I/Users/admin/builds/vMd7uqzK/1/finestructure/swiftpackageindex-builder/spi-builder-workspace/.derivedData/Build/Intermediates.noindex/UserDefaultsSnapshotLib.build/Debug-watchos/UserDefaultsSnapshotLib.build/DerivedSources-normal/arm64 -Xcc -I/Users/admin/builds/vMd7uqzK/1/finestructure/swiftpackageindex-builder/spi-builder-workspace/.derivedData/Build/Intermediates.noindex/UserDefaultsSnapshotLib.build/Debug-watchos/UserDefaultsSnapshotLib.build/DerivedSources/arm64 -Xcc -I/Users/admin/builds/vMd7uqzK/1/finestructure/swiftpackageindex-builder/spi-builder-workspace/.derivedData/Build/Intermediates.noindex/UserDefaultsSnapshotLib.build/Debug-watchos/UserDefaultsSnapshotLib.build/DerivedSources -Xcc -DSWIFT_PACKAGE -Xcc -DDEBUG\=1 -module-name UserDefaultsSnapshotLib -frontend-parseable-output -disable-clang-spi -target-sdk-version 9.4 -target-sdk-name watchos9.4 -o /Users/admin/builds/vMd7uqzK/1/finestructure/swiftpackageindex-builder/spi-builder-workspace/.derivedData/Build/Intermediates.noindex/UserDefaultsSnapshotLib.build/Debug-watchos/UserDefaultsSnapshotLib.build/Objects-normal/arm64/UserDefaultsObject.o -o /Users/admin/builds/vMd7uqzK/1/finestructure/swiftpackageindex-builder/spi-builder-workspace/.derivedData/Build/Intermediates.noindex/UserDefaultsSnapshotLib.build/Debug-watchos/UserDefaultsSnapshotLib.build/Objects-normal/arm64/UserDefaultsPersistentStore.o -index-unit-output-path /UserDefaultsSnapshotLib.build/Debug-watchos/UserDefaultsSnapshotLib.build/Objects-normal/arm64/UserDefaultsObject.o -index-unit-output-path /UserDefaultsSnapshotLib.build/Debug-watchos/UserDefaultsSnapshotLib.build/Objects-normal/arm64/UserDefaultsPersistentStore.o -index-store-path /Users/admin/builds/vMd7uqzK/1/finestructure/swiftpackageindex-builder/spi-builder-workspace/.derivedData/Index.noindex/DataStore -index-system-modules
SwiftCompile normal arm64 /Users/admin/builds/vMd7uqzK/1/finestructure/swiftpackageindex-builder/spi-builder-workspace/Sources/UserDefaultsSnapshotLib/UserDefaultsPersistentStore.swift (in target 'UserDefaultsSnapshotLib' from project 'UserDefaultsSnapshotLib')
    cd /Users/admin/builds/vMd7uqzK/1/finestructure/swiftpackageindex-builder/spi-builder-workspace
    /Applications/Xcode-14.3.1.app/Contents/Developer/Toolchains/XcodeDefault.xctoolchain/usr/bin/swift-frontend -c -primary-file /Users/admin/builds/vMd7uqzK/1/finestructure/swiftpackageindex-builder/spi-builder-workspace/Sources/UserDefaultsSnapshotLib/UserDefaultsObject.swift -primary-file /Users/admin/builds/vMd7uqzK/1/finestructure/swiftpackageindex-builder/spi-builder-workspace/Sources/UserDefaultsSnapshotLib/UserDefaultsPersistentStore.swift /Users/admin/builds/vMd7uqzK/1/finestructure/swiftpackageindex-builder/spi-builder-workspace/Sources/UserDefaultsSnapshotLib/UserDefaultsPersistentStoreBase.swift /Users/admin/builds/vMd7uqzK/1/finestructure/swiftpackageindex-builder/spi-builder-workspace/Sources/UserDefaultsSnapshotLib/UserDefaultsPersistentStoreSinkCancellable.swift /Users/admin/builds/vMd7uqzK/1/finestructure/swiftpackageindex-builder/spi-builder-workspace/Sources/UserDefaultsSnapshotLib/UserDefaultsSnapshot.swift /Users/admin/builds/vMd7uqzK/1/finestructure/swiftpackageindex-builder/spi-builder-workspace/Sources/UserDefaultsSnapshotLib/_UserDefaultsPrimitiveValueType.swift -emit-dependencies-path /Users/admin/builds/vMd7uqzK/1/finestructure/swiftpackageindex-builder/spi-builder-workspace/.derivedData/Build/Intermediates.noindex/UserDefaultsSnapshotLib.build/Debug-watchos/UserDefaultsSnapshotLib.build/Objects-normal/arm64/UserDefaultsObject.d -emit-reference-dependencies-path /Users/admin/builds/vMd7uqzK/1/finestructure/swiftpackageindex-builder/spi-builder-workspace/.derivedData/Build/Intermediates.noindex/UserDefaultsSnapshotLib.build/Debug-watchos/UserDefaultsSnapshotLib.build/Objects-normal/arm64/UserDefaultsObject.swiftdeps -serialize-diagnostics-path /Users/admin/builds/vMd7uqzK/1/finestructure/swiftpackageindex-builder/spi-builder-workspace/.derivedData/Build/Intermediates.noindex/UserDefaultsSnapshotLib.build/Debug-watchos/UserDefaultsSnapshotLib.build/Objects-normal/arm64/UserDefaultsObject.dia -emit-dependencies-path /Users/admin/builds/vMd7uqzK/1/finestructure/swiftpackageindex-builder/spi-builder-workspace/.derivedData/Build/Intermediates.noindex/UserDefaultsSnapshotLib.build/Debug-watchos/UserDefaultsSnapshotLib.build/Objects-normal/arm64/UserDefaultsPersistentStore.d -emit-reference-dependencies-path /Users/admin/builds/vMd7uqzK/1/finestructure/swiftpackageindex-builder/spi-builder-workspace/.derivedData/Build/Intermediates.noindex/UserDefaultsSnapshotLib.build/Debug-watchos/UserDefaultsSnapshotLib.build/Objects-normal/arm64/UserDefaultsPersistentStore.swiftdeps -serialize-diagnostics-path /Users/admin/builds/vMd7uqzK/1/finestructure/swiftpackageindex-builder/spi-builder-workspace/.derivedData/Build/Intermediates.noindex/UserDefaultsSnapshotLib.build/Debug-watchos/UserDefaultsSnapshotLib.build/Objects-normal/arm64/UserDefaultsPersistentStore.dia -target arm64-apple-watchos6.0 -Xllvm -aarch64-use-tbi -enable-objc-interop -stack-check -sdk /Applications/Xcode-14.3.1.app/Contents/Developer/Platforms/WatchOS.platform/Developer/SDKs/WatchOS9.4.sdk -I /Users/admin/builds/vMd7uqzK/1/finestructure/swiftpackageindex-builder/spi-builder-workspace/.derivedData/Build/Products/Debug-watchos -I /Applications/Xcode-14.3.1.app/Contents/Developer/Platforms/WatchOS.platform/Developer/usr/lib -F /Users/admin/builds/vMd7uqzK/1/finestructure/swiftpackageindex-builder/spi-builder-workspace/.derivedData/Build/Products/Debug-watchos -F /Applications/Xcode-14.3.1.app/Contents/Developer/Platforms/WatchOS.platform/Developer/Library/Frameworks -F /Applications/Xcode-14.3.1.app/Contents/Developer/Platforms/WatchOS.platform/Developer/SDKs/WatchOS9.4.sdk/Developer/Library/Frameworks -no-color-diagnostics -enable-testing -g -module-cache-path /Users/admin/builds/vMd7uqzK/1/finestructure/swiftpackageindex-builder/spi-builder-workspace/.derivedData/ModuleCache.noindex -swift-version 5 -enforce-exclusivity\=checked -Onone -D SWIFT_PACKAGE -D DEBUG -D Xcode -serialize-debugging-options -empty-abi-descriptor -Xcc -working-directory -Xcc /Users/admin/builds/vMd7uqzK/1/finestructure/swiftpackageindex-builder/spi-builder-workspace -resource-dir /Applications/Xcode-14.3.1.app/Contents/Developer/Toolchains/XcodeDefault.xctoolchain/usr/lib/swift -enable-anonymous-context-mangled-names -Xcc -ivfsstatcache -Xcc /Users/admin/builds/vMd7uqzK/1/finestructure/swiftpackageindex-builder/spi-builder-workspace/.derivedData/SDKStatCaches.noindex/watchos9.4-20T248-.sdkstatcache -Xcc -I/Users/admin/builds/vMd7uqzK/1/finestructure/swiftpackageindex-builder/spi-builder-workspace/.derivedData/Build/Intermediates.noindex/UserDefaultsSnapshotLib.build/Debug-watchos/UserDefaultsSnapshotLib.build/swift-overrides.hmap -Xcc -I/Users/admin/builds/vMd7uqzK/1/finestructure/swiftpackageindex-builder/spi-builder-workspace/.derivedData/Build/Products/Debug-watchos/include -Xcc -I/Users/admin/builds/vMd7uqzK/1/finestructure/swiftpackageindex-builder/spi-builder-workspace/.derivedData/Build/Intermediates.noindex/UserDefaultsSnapshotLib.build/Debug-watchos/UserDefaultsSnapshotLib.build/DerivedSources-normal/arm64 -Xcc -I/Users/admin/builds/vMd7uqzK/1/finestructure/swiftpackageindex-builder/spi-builder-workspace/.derivedData/Build/Intermediates.noindex/UserDefaultsSnapshotLib.build/Debug-watchos/UserDefaultsSnapshotLib.build/DerivedSources/arm64 -Xcc -I/Users/admin/builds/vMd7uqzK/1/finestructure/swiftpackageindex-builder/spi-builder-workspace/.derivedData/Build/Intermediates.noindex/UserDefaultsSnapshotLib.build/Debug-watchos/UserDefaultsSnapshotLib.build/DerivedSources -Xcc -DSWIFT_PACKAGE -Xcc -DDEBUG\=1 -module-name UserDefaultsSnapshotLib -frontend-parseable-output -disable-clang-spi -target-sdk-version 9.4 -target-sdk-name watchos9.4 -o /Users/admin/builds/vMd7uqzK/1/finestructure/swiftpackageindex-builder/spi-builder-workspace/.derivedData/Build/Intermediates.noindex/UserDefaultsSnapshotLib.build/Debug-watchos/UserDefaultsSnapshotLib.build/Objects-normal/arm64/UserDefaultsObject.o -o /Users/admin/builds/vMd7uqzK/1/finestructure/swiftpackageindex-builder/spi-builder-workspace/.derivedData/Build/Intermediates.noindex/UserDefaultsSnapshotLib.build/Debug-watchos/UserDefaultsSnapshotLib.build/Objects-normal/arm64/UserDefaultsPersistentStore.o -index-unit-output-path /UserDefaultsSnapshotLib.build/Debug-watchos/UserDefaultsSnapshotLib.build/Objects-normal/arm64/UserDefaultsObject.o -index-unit-output-path /UserDefaultsSnapshotLib.build/Debug-watchos/UserDefaultsSnapshotLib.build/Objects-normal/arm64/UserDefaultsPersistentStore.o -index-store-path /Users/admin/builds/vMd7uqzK/1/finestructure/swiftpackageindex-builder/spi-builder-workspace/.derivedData/Index.noindex/DataStore -index-system-modules
/Users/admin/builds/vMd7uqzK/1/finestructure/swiftpackageindex-builder/spi-builder-workspace/Sources/UserDefaultsSnapshotLib/UserDefaultsPersistentStore.swift:88:19: error: type 'MainActor' has no member 'assumeIsolated'
        MainActor.assumeIsolated {
        ~~~~~~~~~ ^~~~~~~~~~~~~~
SwiftDriverJobDiscovery normal arm64 Compiling UserDefaultsBackingTests.swift (in target 'UserDefaultsSnapshotLibTests' from project 'UserDefaultsSnapshotLib')
SwiftCompile normal armv7k Compiling\ UserDefaultsObject.swift,\ UserDefaultsPersistentStore.swift /Users/admin/builds/vMd7uqzK/1/finestructure/swiftpackageindex-builder/spi-builder-workspace/Sources/UserDefaultsSnapshotLib/UserDefaultsObject.swift /Users/admin/builds/vMd7uqzK/1/finestructure/swiftpackageindex-builder/spi-builder-workspace/Sources/UserDefaultsSnapshotLib/UserDefaultsPersistentStore.swift (in target 'UserDefaultsSnapshotLib' from project 'UserDefaultsSnapshotLib')
    cd /Users/admin/builds/vMd7uqzK/1/finestructure/swiftpackageindex-builder/spi-builder-workspace
    builtin-swiftTaskExecution -- /Applications/Xcode-14.3.1.app/Contents/Developer/Toolchains/XcodeDefault.xctoolchain/usr/bin/swift-frontend -frontend -c -primary-file /Users/admin/builds/vMd7uqzK/1/finestructure/swiftpackageindex-builder/spi-builder-workspace/Sources/UserDefaultsSnapshotLib/UserDefaultsObject.swift -primary-file /Users/admin/builds/vMd7uqzK/1/finestructure/swiftpackageindex-builder/spi-builder-workspace/Sources/UserDefaultsSnapshotLib/UserDefaultsPersistentStore.swift /Users/admin/builds/vMd7uqzK/1/finestructure/swiftpackageindex-builder/spi-builder-workspace/Sources/UserDefaultsSnapshotLib/UserDefaultsPersistentStoreBase.swift /Users/admin/builds/vMd7uqzK/1/finestructure/swiftpackageindex-builder/spi-builder-workspace/Sources/UserDefaultsSnapshotLib/UserDefaultsPersistentStoreSinkCancellable.swift /Users/admin/builds/vMd7uqzK/1/finestructure/swiftpackageindex-builder/spi-builder-workspace/Sources/UserDefaultsSnapshotLib/UserDefaultsSnapshot.swift /Users/admin/builds/vMd7uqzK/1/finestructure/swiftpackageindex-builder/spi-builder-workspace/Sources/UserDefaultsSnapshotLib/_UserDefaultsPrimitiveValueType.swift -emit-dependencies-path /Users/admin/builds/vMd7uqzK/1/finestructure/swiftpackageindex-builder/spi-builder-workspace/.derivedData/Build/Intermediates.noindex/UserDefaultsSnapshotLib.build/Debug-watchos/UserDefaultsSnapshotLib.build/Objects-normal/armv7k/UserDefaultsObject.d -emit-reference-dependencies-path /Users/admin/builds/vMd7uqzK/1/finestructure/swiftpackageindex-builder/spi-builder-workspace/.derivedData/Build/Intermediates.noindex/UserDefaultsSnapshotLib.build/Debug-watchos/UserDefaultsSnapshotLib.build/Objects-normal/armv7k/UserDefaultsObject.swiftdeps -serialize-diagnostics-path /Users/admin/builds/vMd7uqzK/1/finestructure/swiftpackageindex-builder/spi-builder-workspace/.derivedData/Build/Intermediates.noindex/UserDefaultsSnapshotLib.build/Debug-watchos/UserDefaultsSnapshotLib.build/Objects-normal/armv7k/UserDefaultsObject.dia -emit-dependencies-path /Users/admin/builds/vMd7uqzK/1/finestructure/swiftpackageindex-builder/spi-builder-workspace/.derivedData/Build/Intermediates.noindex/UserDefaultsSnapshotLib.build/Debug-watchos/UserDefaultsSnapshotLib.build/Objects-normal/armv7k/UserDefaultsPersistentStore.d -emit-reference-dependencies-path /Users/admin/builds/vMd7uqzK/1/finestructure/swiftpackageindex-builder/spi-builder-workspace/.derivedData/Build/Intermediates.noindex/UserDefaultsSnapshotLib.build/Debug-watchos/UserDefaultsSnapshotLib.build/Objects-normal/armv7k/UserDefaultsPersistentStore.swiftdeps -serialize-diagnostics-path /Users/admin/builds/vMd7uqzK/1/finestructure/swiftpackageindex-builder/spi-builder-workspace/.derivedData/Build/Intermediates.noindex/UserDefaultsSnapshotLib.build/Debug-watchos/UserDefaultsSnapshotLib.build/Objects-normal/armv7k/UserDefaultsPersistentStore.dia -target armv7k-apple-watchos6.0 -enable-objc-interop -stack-check -sdk /Applications/Xcode-14.3.1.app/Contents/Developer/Platforms/WatchOS.platform/Developer/SDKs/WatchOS9.4.sdk -I /Users/admin/builds/vMd7uqzK/1/finestructure/swiftpackageindex-builder/spi-builder-workspace/.derivedData/Build/Products/Debug-watchos -I /Applications/Xcode-14.3.1.app/Contents/Developer/Platforms/WatchOS.platform/Developer/usr/lib -F /Users/admin/builds/vMd7uqzK/1/finestructure/swiftpackageindex-builder/spi-builder-workspace/.derivedData/Build/Products/Debug-watchos -F /Applications/Xcode-14.3.1.app/Contents/Developer/Platforms/WatchOS.platform/Developer/Library/Frameworks -F /Applications/Xcode-14.3.1.app/Contents/Developer/Platforms/WatchOS.platform/Developer/SDKs/WatchOS9.4.sdk/Developer/Library/Frameworks -no-color-diagnostics -enable-testing -g -module-cache-path /Users/admin/builds/vMd7uqzK/1/finestructure/swiftpackageindex-builder/spi-builder-workspace/.derivedData/ModuleCache.noindex -swift-version 5 -enforce-exclusivity\=checked -Onone -D SWIFT_PACKAGE -D DEBUG -D Xcode -serialize-debugging-options -empty-abi-descriptor -Xcc -working-directory -Xcc /Users/admin/builds/vMd7uqzK/1/finestructure/swiftpackageindex-builder/spi-builder-workspace -resource-dir /Applications/Xcode-14.3.1.app/Contents/Developer/Toolchains/XcodeDefault.xctoolchain/usr/lib/swift -enable-anonymous-context-mangled-names -Xcc -ivfsstatcache -Xcc /Users/admin/builds/vMd7uqzK/1/finestructure/swiftpackageindex-builder/spi-builder-workspace/.derivedData/SDKStatCaches.noindex/watchos9.4-20T248-.sdkstatcache -Xcc -I/Users/admin/builds/vMd7uqzK/1/finestructure/swiftpackageindex-builder/spi-builder-workspace/.derivedData/Build/Intermediates.noindex/UserDefaultsSnapshotLib.build/Debug-watchos/UserDefaultsSnapshotLib.build/swift-overrides.hmap -Xcc -I/Users/admin/builds/vMd7uqzK/1/finestructure/swiftpackageindex-builder/spi-builder-workspace/.derivedData/Build/Products/Debug-watchos/include -Xcc -I/Users/admin/builds/vMd7uqzK/1/finestructure/swiftpackageindex-builder/spi-builder-workspace/.derivedData/Build/Intermediates.noindex/UserDefaultsSnapshotLib.build/Debug-watchos/UserDefaultsSnapshotLib.build/DerivedSources-normal/armv7k -Xcc -I/Users/admin/builds/vMd7uqzK/1/finestructure/swiftpackageindex-builder/spi-builder-workspace/.derivedData/Build/Intermediates.noindex/UserDefaultsSnapshotLib.build/Debug-watchos/UserDefaultsSnapshotLib.build/DerivedSources/armv7k -Xcc -I/Users/admin/builds/vMd7uqzK/1/finestructure/swiftpackageindex-builder/spi-builder-workspace/.derivedData/Build/Intermediates.noindex/UserDefaultsSnapshotLib.build/Debug-watchos/UserDefaultsSnapshotLib.build/DerivedSources -Xcc -DSWIFT_PACKAGE -Xcc -DDEBUG\=1 -module-name UserDefaultsSnapshotLib -frontend-parseable-output -disable-clang-spi -target-sdk-version 9.4 -target-sdk-name watchos9.4 -o /Users/admin/builds/vMd7uqzK/1/finestructure/swiftpackageindex-builder/spi-builder-workspace/.derivedData/Build/Intermediates.noindex/UserDefaultsSnapshotLib.build/Debug-watchos/UserDefaultsSnapshotLib.build/Objects-normal/armv7k/UserDefaultsObject.o -o /Users/admin/builds/vMd7uqzK/1/finestructure/swiftpackageindex-builder/spi-builder-workspace/.derivedData/Build/Intermediates.noindex/UserDefaultsSnapshotLib.build/Debug-watchos/UserDefaultsSnapshotLib.build/Objects-normal/armv7k/UserDefaultsPersistentStore.o -index-unit-output-path /UserDefaultsSnapshotLib.build/Debug-watchos/UserDefaultsSnapshotLib.build/Objects-normal/armv7k/UserDefaultsObject.o -index-unit-output-path /UserDefaultsSnapshotLib.build/Debug-watchos/UserDefaultsSnapshotLib.build/Objects-normal/armv7k/UserDefaultsPersistentStore.o -index-store-path /Users/admin/builds/vMd7uqzK/1/finestructure/swiftpackageindex-builder/spi-builder-workspace/.derivedData/Index.noindex/DataStore -index-system-modules
SwiftCompile normal armv7k /Users/admin/builds/vMd7uqzK/1/finestructure/swiftpackageindex-builder/spi-builder-workspace/Sources/UserDefaultsSnapshotLib/UserDefaultsObject.swift (in target 'UserDefaultsSnapshotLib' from project 'UserDefaultsSnapshotLib')
    cd /Users/admin/builds/vMd7uqzK/1/finestructure/swiftpackageindex-builder/spi-builder-workspace
    /Applications/Xcode-14.3.1.app/Contents/Developer/Toolchains/XcodeDefault.xctoolchain/usr/bin/swift-frontend -c -primary-file /Users/admin/builds/vMd7uqzK/1/finestructure/swiftpackageindex-builder/spi-builder-workspace/Sources/UserDefaultsSnapshotLib/UserDefaultsObject.swift -primary-file /Users/admin/builds/vMd7uqzK/1/finestructure/swiftpackageindex-builder/spi-builder-workspace/Sources/UserDefaultsSnapshotLib/UserDefaultsPersistentStore.swift /Users/admin/builds/vMd7uqzK/1/finestructure/swiftpackageindex-builder/spi-builder-workspace/Sources/UserDefaultsSnapshotLib/UserDefaultsPersistentStoreBase.swift /Users/admin/builds/vMd7uqzK/1/finestructure/swiftpackageindex-builder/spi-builder-workspace/Sources/UserDefaultsSnapshotLib/UserDefaultsPersistentStoreSinkCancellable.swift /Users/admin/builds/vMd7uqzK/1/finestructure/swiftpackageindex-builder/spi-builder-workspace/Sources/UserDefaultsSnapshotLib/UserDefaultsSnapshot.swift /Users/admin/builds/vMd7uqzK/1/finestructure/swiftpackageindex-builder/spi-builder-workspace/Sources/UserDefaultsSnapshotLib/_UserDefaultsPrimitiveValueType.swift -emit-dependencies-path /Users/admin/builds/vMd7uqzK/1/finestructure/swiftpackageindex-builder/spi-builder-workspace/.derivedData/Build/Intermediates.noindex/UserDefaultsSnapshotLib.build/Debug-watchos/UserDefaultsSnapshotLib.build/Objects-normal/armv7k/UserDefaultsObject.d -emit-reference-dependencies-path /Users/admin/builds/vMd7uqzK/1/finestructure/swiftpackageindex-builder/spi-builder-workspace/.derivedData/Build/Intermediates.noindex/UserDefaultsSnapshotLib.build/Debug-watchos/UserDefaultsSnapshotLib.build/Objects-normal/armv7k/UserDefaultsObject.swiftdeps -serialize-diagnostics-path /Users/admin/builds/vMd7uqzK/1/finestructure/swiftpackageindex-builder/spi-builder-workspace/.derivedData/Build/Intermediates.noindex/UserDefaultsSnapshotLib.build/Debug-watchos/UserDefaultsSnapshotLib.build/Objects-normal/armv7k/UserDefaultsObject.dia -emit-dependencies-path /Users/admin/builds/vMd7uqzK/1/finestructure/swiftpackageindex-builder/spi-builder-workspace/.derivedData/Build/Intermediates.noindex/UserDefaultsSnapshotLib.build/Debug-watchos/UserDefaultsSnapshotLib.build/Objects-normal/armv7k/UserDefaultsPersistentStore.d -emit-reference-dependencies-path /Users/admin/builds/vMd7uqzK/1/finestructure/swiftpackageindex-builder/spi-builder-workspace/.derivedData/Build/Intermediates.noindex/UserDefaultsSnapshotLib.build/Debug-watchos/UserDefaultsSnapshotLib.build/Objects-normal/armv7k/UserDefaultsPersistentStore.swiftdeps -serialize-diagnostics-path /Users/admin/builds/vMd7uqzK/1/finestructure/swiftpackageindex-builder/spi-builder-workspace/.derivedData/Build/Intermediates.noindex/UserDefaultsSnapshotLib.build/Debug-watchos/UserDefaultsSnapshotLib.build/Objects-normal/armv7k/UserDefaultsPersistentStore.dia -target armv7k-apple-watchos6.0 -enable-objc-interop -stack-check -sdk /Applications/Xcode-14.3.1.app/Contents/Developer/Platforms/WatchOS.platform/Developer/SDKs/WatchOS9.4.sdk -I /Users/admin/builds/vMd7uqzK/1/finestructure/swiftpackageindex-builder/spi-builder-workspace/.derivedData/Build/Products/Debug-watchos -I /Applications/Xcode-14.3.1.app/Contents/Developer/Platforms/WatchOS.platform/Developer/usr/lib -F /Users/admin/builds/vMd7uqzK/1/finestructure/swiftpackageindex-builder/spi-builder-workspace/.derivedData/Build/Products/Debug-watchos -F /Applications/Xcode-14.3.1.app/Contents/Developer/Platforms/WatchOS.platform/Developer/Library/Frameworks -F /Applications/Xcode-14.3.1.app/Contents/Developer/Platforms/WatchOS.platform/Developer/SDKs/WatchOS9.4.sdk/Developer/Library/Frameworks -no-color-diagnostics -enable-testing -g -module-cache-path /Users/admin/builds/vMd7uqzK/1/finestructure/swiftpackageindex-builder/spi-builder-workspace/.derivedData/ModuleCache.noindex -swift-version 5 -enforce-exclusivity\=checked -Onone -D SWIFT_PACKAGE -D DEBUG -D Xcode -serialize-debugging-options -empty-abi-descriptor -Xcc -working-directory -Xcc /Users/admin/builds/vMd7uqzK/1/finestructure/swiftpackageindex-builder/spi-builder-workspace -resource-dir /Applications/Xcode-14.3.1.app/Contents/Developer/Toolchains/XcodeDefault.xctoolchain/usr/lib/swift -enable-anonymous-context-mangled-names -Xcc -ivfsstatcache -Xcc /Users/admin/builds/vMd7uqzK/1/finestructure/swiftpackageindex-builder/spi-builder-workspace/.derivedData/SDKStatCaches.noindex/watchos9.4-20T248-.sdkstatcache -Xcc -I/Users/admin/builds/vMd7uqzK/1/finestructure/swiftpackageindex-builder/spi-builder-workspace/.derivedData/Build/Intermediates.noindex/UserDefaultsSnapshotLib.build/Debug-watchos/UserDefaultsSnapshotLib.build/swift-overrides.hmap -Xcc -I/Users/admin/builds/vMd7uqzK/1/finestructure/swiftpackageindex-builder/spi-builder-workspace/.derivedData/Build/Products/Debug-watchos/include -Xcc -I/Users/admin/builds/vMd7uqzK/1/finestructure/swiftpackageindex-builder/spi-builder-workspace/.derivedData/Build/Intermediates.noindex/UserDefaultsSnapshotLib.build/Debug-watchos/UserDefaultsSnapshotLib.build/DerivedSources-normal/armv7k -Xcc -I/Users/admin/builds/vMd7uqzK/1/finestructure/swiftpackageindex-builder/spi-builder-workspace/.derivedData/Build/Intermediates.noindex/UserDefaultsSnapshotLib.build/Debug-watchos/UserDefaultsSnapshotLib.build/DerivedSources/armv7k -Xcc -I/Users/admin/builds/vMd7uqzK/1/finestructure/swiftpackageindex-builder/spi-builder-workspace/.derivedData/Build/Intermediates.noindex/UserDefaultsSnapshotLib.build/Debug-watchos/UserDefaultsSnapshotLib.build/DerivedSources -Xcc -DSWIFT_PACKAGE -Xcc -DDEBUG\=1 -module-name UserDefaultsSnapshotLib -frontend-parseable-output -disable-clang-spi -target-sdk-version 9.4 -target-sdk-name watchos9.4 -o /Users/admin/builds/vMd7uqzK/1/finestructure/swiftpackageindex-builder/spi-builder-workspace/.derivedData/Build/Intermediates.noindex/UserDefaultsSnapshotLib.build/Debug-watchos/UserDefaultsSnapshotLib.build/Objects-normal/armv7k/UserDefaultsObject.o -o /Users/admin/builds/vMd7uqzK/1/finestructure/swiftpackageindex-builder/spi-builder-workspace/.derivedData/Build/Intermediates.noindex/UserDefaultsSnapshotLib.build/Debug-watchos/UserDefaultsSnapshotLib.build/Objects-normal/armv7k/UserDefaultsPersistentStore.o -index-unit-output-path /UserDefaultsSnapshotLib.build/Debug-watchos/UserDefaultsSnapshotLib.build/Objects-normal/armv7k/UserDefaultsObject.o -index-unit-output-path /UserDefaultsSnapshotLib.build/Debug-watchos/UserDefaultsSnapshotLib.build/Objects-normal/armv7k/UserDefaultsPersistentStore.o -index-store-path /Users/admin/builds/vMd7uqzK/1/finestructure/swiftpackageindex-builder/spi-builder-workspace/.derivedData/Index.noindex/DataStore -index-system-modules
SwiftCompile normal armv7k /Users/admin/builds/vMd7uqzK/1/finestructure/swiftpackageindex-builder/spi-builder-workspace/Sources/UserDefaultsSnapshotLib/UserDefaultsPersistentStore.swift (in target 'UserDefaultsSnapshotLib' from project 'UserDefaultsSnapshotLib')
    cd /Users/admin/builds/vMd7uqzK/1/finestructure/swiftpackageindex-builder/spi-builder-workspace
    /Applications/Xcode-14.3.1.app/Contents/Developer/Toolchains/XcodeDefault.xctoolchain/usr/bin/swift-frontend -c -primary-file /Users/admin/builds/vMd7uqzK/1/finestructure/swiftpackageindex-builder/spi-builder-workspace/Sources/UserDefaultsSnapshotLib/UserDefaultsObject.swift -primary-file /Users/admin/builds/vMd7uqzK/1/finestructure/swiftpackageindex-builder/spi-builder-workspace/Sources/UserDefaultsSnapshotLib/UserDefaultsPersistentStore.swift /Users/admin/builds/vMd7uqzK/1/finestructure/swiftpackageindex-builder/spi-builder-workspace/Sources/UserDefaultsSnapshotLib/UserDefaultsPersistentStoreBase.swift /Users/admin/builds/vMd7uqzK/1/finestructure/swiftpackageindex-builder/spi-builder-workspace/Sources/UserDefaultsSnapshotLib/UserDefaultsPersistentStoreSinkCancellable.swift /Users/admin/builds/vMd7uqzK/1/finestructure/swiftpackageindex-builder/spi-builder-workspace/Sources/UserDefaultsSnapshotLib/UserDefaultsSnapshot.swift /Users/admin/builds/vMd7uqzK/1/finestructure/swiftpackageindex-builder/spi-builder-workspace/Sources/UserDefaultsSnapshotLib/_UserDefaultsPrimitiveValueType.swift -emit-dependencies-path /Users/admin/builds/vMd7uqzK/1/finestructure/swiftpackageindex-builder/spi-builder-workspace/.derivedData/Build/Intermediates.noindex/UserDefaultsSnapshotLib.build/Debug-watchos/UserDefaultsSnapshotLib.build/Objects-normal/armv7k/UserDefaultsObject.d -emit-reference-dependencies-path /Users/admin/builds/vMd7uqzK/1/finestructure/swiftpackageindex-builder/spi-builder-workspace/.derivedData/Build/Intermediates.noindex/UserDefaultsSnapshotLib.build/Debug-watchos/UserDefaultsSnapshotLib.build/Objects-normal/armv7k/UserDefaultsObject.swiftdeps -serialize-diagnostics-path /Users/admin/builds/vMd7uqzK/1/finestructure/swiftpackageindex-builder/spi-builder-workspace/.derivedData/Build/Intermediates.noindex/UserDefaultsSnapshotLib.build/Debug-watchos/UserDefaultsSnapshotLib.build/Objects-normal/armv7k/UserDefaultsObject.dia -emit-dependencies-path /Users/admin/builds/vMd7uqzK/1/finestructure/swiftpackageindex-builder/spi-builder-workspace/.derivedData/Build/Intermediates.noindex/UserDefaultsSnapshotLib.build/Debug-watchos/UserDefaultsSnapshotLib.build/Objects-normal/armv7k/UserDefaultsPersistentStore.d -emit-reference-dependencies-path /Users/admin/builds/vMd7uqzK/1/finestructure/swiftpackageindex-builder/spi-builder-workspace/.derivedData/Build/Intermediates.noindex/UserDefaultsSnapshotLib.build/Debug-watchos/UserDefaultsSnapshotLib.build/Objects-normal/armv7k/UserDefaultsPersistentStore.swiftdeps -serialize-diagnostics-path /Users/admin/builds/vMd7uqzK/1/finestructure/swiftpackageindex-builder/spi-builder-workspace/.derivedData/Build/Intermediates.noindex/UserDefaultsSnapshotLib.build/Debug-watchos/UserDefaultsSnapshotLib.build/Objects-normal/armv7k/UserDefaultsPersistentStore.dia -target armv7k-apple-watchos6.0 -enable-objc-interop -stack-check -sdk /Applications/Xcode-14.3.1.app/Contents/Developer/Platforms/WatchOS.platform/Developer/SDKs/WatchOS9.4.sdk -I /Users/admin/builds/vMd7uqzK/1/finestructure/swiftpackageindex-builder/spi-builder-workspace/.derivedData/Build/Products/Debug-watchos -I /Applications/Xcode-14.3.1.app/Contents/Developer/Platforms/WatchOS.platform/Developer/usr/lib -F /Users/admin/builds/vMd7uqzK/1/finestructure/swiftpackageindex-builder/spi-builder-workspace/.derivedData/Build/Products/Debug-watchos -F /Applications/Xcode-14.3.1.app/Contents/Developer/Platforms/WatchOS.platform/Developer/Library/Frameworks -F /Applications/Xcode-14.3.1.app/Contents/Developer/Platforms/WatchOS.platform/Developer/SDKs/WatchOS9.4.sdk/Developer/Library/Frameworks -no-color-diagnostics -enable-testing -g -module-cache-path /Users/admin/builds/vMd7uqzK/1/finestructure/swiftpackageindex-builder/spi-builder-workspace/.derivedData/ModuleCache.noindex -swift-version 5 -enforce-exclusivity\=checked -Onone -D SWIFT_PACKAGE -D DEBUG -D Xcode -serialize-debugging-options -empty-abi-descriptor -Xcc -working-directory -Xcc /Users/admin/builds/vMd7uqzK/1/finestructure/swiftpackageindex-builder/spi-builder-workspace -resource-dir /Applications/Xcode-14.3.1.app/Contents/Developer/Toolchains/XcodeDefault.xctoolchain/usr/lib/swift -enable-anonymous-context-mangled-names -Xcc -ivfsstatcache -Xcc /Users/admin/builds/vMd7uqzK/1/finestructure/swiftpackageindex-builder/spi-builder-workspace/.derivedData/SDKStatCaches.noindex/watchos9.4-20T248-.sdkstatcache -Xcc -I/Users/admin/builds/vMd7uqzK/1/finestructure/swiftpackageindex-builder/spi-builder-workspace/.derivedData/Build/Intermediates.noindex/UserDefaultsSnapshotLib.build/Debug-watchos/UserDefaultsSnapshotLib.build/swift-overrides.hmap -Xcc -I/Users/admin/builds/vMd7uqzK/1/finestructure/swiftpackageindex-builder/spi-builder-workspace/.derivedData/Build/Products/Debug-watchos/include -Xcc -I/Users/admin/builds/vMd7uqzK/1/finestructure/swiftpackageindex-builder/spi-builder-workspace/.derivedData/Build/Intermediates.noindex/UserDefaultsSnapshotLib.build/Debug-watchos/UserDefaultsSnapshotLib.build/DerivedSources-normal/armv7k -Xcc -I/Users/admin/builds/vMd7uqzK/1/finestructure/swiftpackageindex-builder/spi-builder-workspace/.derivedData/Build/Intermediates.noindex/UserDefaultsSnapshotLib.build/Debug-watchos/UserDefaultsSnapshotLib.build/DerivedSources/armv7k -Xcc -I/Users/admin/builds/vMd7uqzK/1/finestructure/swiftpackageindex-builder/spi-builder-workspace/.derivedData/Build/Intermediates.noindex/UserDefaultsSnapshotLib.build/Debug-watchos/UserDefaultsSnapshotLib.build/DerivedSources -Xcc -DSWIFT_PACKAGE -Xcc -DDEBUG\=1 -module-name UserDefaultsSnapshotLib -frontend-parseable-output -disable-clang-spi -target-sdk-version 9.4 -target-sdk-name watchos9.4 -o /Users/admin/builds/vMd7uqzK/1/finestructure/swiftpackageindex-builder/spi-builder-workspace/.derivedData/Build/Intermediates.noindex/UserDefaultsSnapshotLib.build/Debug-watchos/UserDefaultsSnapshotLib.build/Objects-normal/armv7k/UserDefaultsObject.o -o /Users/admin/builds/vMd7uqzK/1/finestructure/swiftpackageindex-builder/spi-builder-workspace/.derivedData/Build/Intermediates.noindex/UserDefaultsSnapshotLib.build/Debug-watchos/UserDefaultsSnapshotLib.build/Objects-normal/armv7k/UserDefaultsPersistentStore.o -index-unit-output-path /UserDefaultsSnapshotLib.build/Debug-watchos/UserDefaultsSnapshotLib.build/Objects-normal/armv7k/UserDefaultsObject.o -index-unit-output-path /UserDefaultsSnapshotLib.build/Debug-watchos/UserDefaultsSnapshotLib.build/Objects-normal/armv7k/UserDefaultsPersistentStore.o -index-store-path /Users/admin/builds/vMd7uqzK/1/finestructure/swiftpackageindex-builder/spi-builder-workspace/.derivedData/Index.noindex/DataStore -index-system-modules
SwiftDriverJobDiscovery normal arm64_32 Compiling UserDefaultsBackingTests.swift (in target 'UserDefaultsSnapshotLibTests' from project 'UserDefaultsSnapshotLib')
2024-04-20 05:19:21.888 xcodebuild[76564:4139241] DVTCoreDeviceEnabledState: DVTCoreDeviceEnabledState_Disabled set via user default (DVTEnableCoreDevice=disabled)
** BUILD FAILED **
The following build commands failed:
	SwiftCompile normal arm64 Compiling\ UserDefaultsObject.swift,\ UserDefaultsPersistentStore.swift /Users/admin/builds/vMd7uqzK/1/finestructure/swiftpackageindex-builder/spi-builder-workspace/Sources/UserDefaultsSnapshotLib/UserDefaultsObject.swift /Users/admin/builds/vMd7uqzK/1/finestructure/swiftpackageindex-builder/spi-builder-workspace/Sources/UserDefaultsSnapshotLib/UserDefaultsPersistentStore.swift (in target 'UserDefaultsSnapshotLib' from project 'UserDefaultsSnapshotLib')
	SwiftCompile normal arm64 /Users/admin/builds/vMd7uqzK/1/finestructure/swiftpackageindex-builder/spi-builder-workspace/Sources/UserDefaultsSnapshotLib/UserDefaultsPersistentStore.swift (in target 'UserDefaultsSnapshotLib' from project 'UserDefaultsSnapshotLib')
(2 failures)
BUILD FAILURE 5.8 watchOS