Build Information
Failed to build swift-mocking, reference 0.8.4 (7c6f4c), with Swift 6.2 for Wasm on 5 Oct 2026 08:32:18 UTC.
Build Command
bash -c docker run --pull=always --rm -v "checkouts-54344843-2":/host -w "$PWD" -e JAVA_HOME="/root/.sdkman/candidates/java/current" -e SPI_BUILD="1" -e SPI_PROCESSING="1" registry.gitlab.com/saguaro1/spi-images:wasm-6.2-latest swift build --swift-sdk swift-6.2-RELEASE_wasm 2>&1Build Log
========================================
RunAll
========================================
Builder version: 5.1.1
Interrupt handler set up.
========================================
Checkout
========================================
Clone URL: https://github.com/DanielCardonaRojas/swift-mocking.git
Reference: 0.8.4
Initialized empty Git repository in /host/spi-builder-workspace/.git/
hint: Using 'master' as the name for the initial branch. This default branch name
hint: is subject to change. To configure the initial branch name to use in all
hint: of your new repositories, which will suppress this warning, call:
hint:
hint: git config --global init.defaultBranch <name>
hint:
hint: Names commonly chosen instead of 'master' are 'main', 'trunk' and
hint: 'development'. The just-created branch can be renamed via this command:
hint:
hint: git branch -m <name>
From https://github.com/DanielCardonaRojas/swift-mocking
* tag 0.8.4 -> FETCH_HEAD
HEAD is now at 7c6f4c1 Add a tutorial for mocking without a protocol (#133)
Cloned https://github.com/DanielCardonaRojas/swift-mocking.git
Revision (git rev-parse @):
7c6f4c14a72f7c5cb6083d5249a3d61454c7263d
SPI manifest file found: $PWD/.spi.yml
SUCCESS checkout https://github.com/DanielCardonaRojas/swift-mocking.git at 0.8.4
========================================
Build
========================================
Selected platform: wasm
Swift version: 6.2
Building package at path: $PWD
https://github.com/DanielCardonaRojas/swift-mocking.git
Running build ...
bash -c docker run --pull=always --rm -v "checkouts-54344843-2":/host -w "$PWD" -e JAVA_HOME="/root/.sdkman/candidates/java/current" -e SPI_BUILD="1" -e SPI_PROCESSING="1" registry.gitlab.com/saguaro1/spi-images:wasm-6.2-latest swift build --swift-sdk swift-6.2-RELEASE_wasm 2>&1
wasm-6.2-latest: Pulling from saguaro1/spi-images
Digest: sha256:ff44196b45f83e5a0a99a627b185f548850d9bc1242e3dee2178fb1570812fe8
Status: Image is up to date for registry.gitlab.com/saguaro1/spi-images:wasm-6.2-latest
Fetching https://github.com/swiftlang/swift-syntax.git
Fetching https://github.com/apple/swift-docc-plugin
Fetching https://github.com/pointfreeco/swift-macro-testing.git
Fetching https://github.com/pointfreeco/xctest-dynamic-overlay
[1/1002] Fetching swift-macro-testing
[943/3347] Fetching swift-macro-testing, swift-docc-plugin
Fetched https://github.com/pointfreeco/swift-macro-testing.git from cache (0.47s)
[263/5072] Fetching swift-docc-plugin, xctest-dynamic-overlay
Fetched https://github.com/pointfreeco/xctest-dynamic-overlay from cache (0.75s)
[1/80269] Fetching swift-syntax
Fetched https://github.com/apple/swift-docc-plugin from cache (4.73s)
Fetched https://github.com/swiftlang/swift-syntax.git from cache (4.78s)
Computing version for https://github.com/pointfreeco/swift-macro-testing.git
Computed https://github.com/pointfreeco/swift-macro-testing.git at 0.7.0 (5.11s)
Fetching https://github.com/pointfreeco/swift-snapshot-testing
[1/16499] Fetching swift-snapshot-testing
Fetched https://github.com/pointfreeco/swift-snapshot-testing from cache (2.64s)
Computing version for https://github.com/pointfreeco/xctest-dynamic-overlay
Computed https://github.com/pointfreeco/xctest-dynamic-overlay at 1.13.1 (4.18s)
Computing version for https://github.com/apple/swift-docc-plugin
Computed https://github.com/apple/swift-docc-plugin at 1.5.0 (1.55s)
Fetching https://github.com/swiftlang/swift-docc-symbolkit
[1/3833] Fetching swift-docc-symbolkit
Fetched https://github.com/swiftlang/swift-docc-symbolkit from cache (0.59s)
Computing version for https://github.com/swiftlang/swift-docc-symbolkit
Computed https://github.com/swiftlang/swift-docc-symbolkit at 1.0.0 (1.20s)
Computing version for https://github.com/swiftlang/swift-syntax.git
Computed https://github.com/swiftlang/swift-syntax.git at 604.0.0 (0.52s)
Computing version for https://github.com/pointfreeco/swift-snapshot-testing
Computed https://github.com/pointfreeco/swift-snapshot-testing at 1.19.6 (0.41s)
Fetching https://github.com/pointfreeco/swift-custom-dump
[1/5669] Fetching swift-custom-dump
Fetched https://github.com/pointfreeco/swift-custom-dump from cache (0.94s)
Computing version for https://github.com/pointfreeco/swift-custom-dump
Computed https://github.com/pointfreeco/swift-custom-dump at 1.7.3 (1.37s)
Creating working copy for https://github.com/pointfreeco/swift-snapshot-testing
Working copy of https://github.com/pointfreeco/swift-snapshot-testing resolved at 1.19.6
Creating working copy for https://github.com/apple/swift-docc-plugin
Working copy of https://github.com/apple/swift-docc-plugin resolved at 1.5.0
Creating working copy for https://github.com/pointfreeco/swift-custom-dump
Working copy of https://github.com/pointfreeco/swift-custom-dump resolved at 1.7.3
Creating working copy for https://github.com/swiftlang/swift-syntax.git
Working copy of https://github.com/swiftlang/swift-syntax.git resolved at 604.0.0
Creating working copy for https://github.com/pointfreeco/swift-macro-testing.git
Working copy of https://github.com/pointfreeco/swift-macro-testing.git resolved at 0.7.0
Creating working copy for https://github.com/swiftlang/swift-docc-symbolkit
Working copy of https://github.com/swiftlang/swift-docc-symbolkit resolved at 1.0.0
Creating working copy for https://github.com/pointfreeco/xctest-dynamic-overlay
Working copy of https://github.com/pointfreeco/xctest-dynamic-overlay resolved at 1.13.1
[1/1] Compiling plugin Swift-DocC Preview
[2/2] Compiling plugin Swift-DocC
Building for debugging...
[2/105] Write sources
[51/105] Compiling _SwiftSyntaxCShims PlatformMutex.c
[53/105] Write swift-version-24593BA9C3E375BF.txt
[55/121] Emitting module SwiftSyntax509
[56/121] Emitting module SwiftSyntax600
[57/121] Emitting module SwiftSyntax604
[58/121] Compiling SwiftSyntax509 Empty.swift
[60/124] Compiling SwiftSyntax600 Empty.swift
[61/125] Emitting module SwiftSyntax603
[63/125] Emitting module SwiftSyntax510
[64/125] Compiling SwiftSyntax510 Empty.swift
[66/126] Emitting module SwiftSyntax604
[67/126] Compiling SwiftSyntax604 Empty.swift
[69/133] Compiling SwiftSyntax601 Empty.swift
[70/133] Emitting module SwiftSyntax601
[71/134] Emitting module SwiftSyntax602
[72/134] Compiling SwiftSyntax602 Empty.swift
[73/134] Emitting module SwiftSyntax602
[75/135] Compiling SwiftSyntax603 Empty.swift
[76/135] Emitting module SwiftSyntax603
[79/140] Emitting module SwiftSyntax510
[80/204] Compiling SwiftSyntax509 Empty.swift
[81/204] Emitting module SwiftSyntax509
[82/204] Compiling SwiftSyntax510 Empty.swift
[85/206] Compiling SwiftSyntax603 Empty.swift
[86/206] Compiling SwiftSyntax604 Empty.swift
[87/208] Compiling SwiftSyntax600 Empty.swift
[88/208] Emitting module SwiftSyntax600
[90/209] Emitting module SwiftSyntax601
[91/211] Compiling SwiftSyntax601 Empty.swift
[95/243] Compiling SwiftSyntax602 Empty.swift
[96/265] Wrapping AST for SwiftSyntax604 for debugging
[98/329] Compiling SwiftSyntax SyntaxKind.swift
[99/329] Compiling SwiftSyntax SyntaxRewriter.swift
[100/329] Compiling SwiftSyntax SyntaxTraits.swift
[101/329] Compiling SwiftSyntax SyntaxVisitor.swift
[102/329] Compiling SwiftSyntax TokenKind.swift
[103/329] Compiling SwiftSyntax Tokens.swift
[104/329] Compiling SwiftSyntax TriviaPieces.swift
[105/329] Compiling SwiftSyntax RawSyntaxNodesAB.swift
[106/329] Compiling SwiftSyntax RawSyntaxNodesC.swift
[107/337] Compiling IssueReportingTestSupport SwiftTesting.swift
/host/spi-builder-workspace/.build/checkouts/xctest-dynamic-overlay/Sources/IssueReportingTestSupport/SwiftTesting.swift:94:3: error: cannot convert '@Sendable (String?, Bool, String, String, Int, Int, nonisolated(nonsending) () async throws -> Void) async -> ()' to 'nonisolated(nonsending) @Sendable (String?, Bool, String, String, Int, Int, nonisolated(nonsending) () async throws -> Void) async -> ()' because crossing of an isolation boundary requires parameter and result types to conform to 'Sendable' protocol
92 |
93 | public func _withKnownIssueAsync() -> Any {
94 | __withKnownIssueAsync(_:isIntermittent:fileID:filePath:line:column:_:)
| |- error: cannot convert '@Sendable (String?, Bool, String, String, Int, Int, nonisolated(nonsending) () async throws -> Void) async -> ()' to 'nonisolated(nonsending) @Sendable (String?, Bool, String, String, Int, Int, nonisolated(nonsending) () async throws -> Void) async -> ()' because crossing of an isolation boundary requires parameter and result types to conform to 'Sendable' protocol
| `- note: type 'nonisolated(nonsending) () async throws -> Void' does not conform to 'Sendable' protocol
95 | }
96 | @Sendable
[108/337] Compiling SwiftSyntax SourceLength.swift
[109/337] Compiling SwiftSyntax SourceLocation.swift
[110/337] Compiling SwiftSyntax SourcePresence.swift
[114/339] Compiling SwiftSyntax SwiftSyntaxCompatibility.swift
[115/339] Compiling SwiftSyntax Syntax.swift
[116/339] Compiling SwiftSyntax SyntaxChildren.swift
[117/339] Compiling SwiftSyntax SyntaxCollection.swift
[118/339] Compiling SwiftSyntax SyntaxHashable.swift
[119/339] Compiling SwiftSyntax SyntaxIdentifier.swift
[120/339] Emitting module IssueReportingTestSupport
[121/339] Compiling SwiftSyntax Identifier.swift
[122/339] Compiling SwiftSyntax MemoryLayout.swift
[131/341] Compiling SwiftSyntax Utils.swift
[132/341] Compiling SwiftSyntax ChildNameForKeyPath.swift
[133/341] Compiling SwiftSyntax Keyword.swift
[134/341] Compiling SwiftSyntax RenamedChildrenCompatibility.swift
[135/341] Compiling SwiftSyntax RenamedNodesCompatibility.swift
[136/341] Compiling SwiftSyntax SyntaxAnyVisitor.swift
[137/341] Compiling SwiftSyntax SyntaxBaseNodes.swift
[138/341] Compiling SwiftSyntax SyntaxCollections.swift
[139/341] Compiling SwiftSyntax SyntaxEnum.swift
[140/341] Compiling IssueReporting WithExpectedIssue.swift
[141/341] Compiling IssueReporting WithIssueContext.swift
[142/341] Compiling IssueReportingTestSupport _Test.swift
[143/341] Compiling IssueReportingTestSupport XCTest.swift
[144/341] Emitting module IssueReportingTestSupport
[145/341] Compiling SwiftSyntax AbsolutePosition.swift
[146/341] Compiling SwiftSyntax AbsoluteSyntaxInfo.swift
[147/341] Compiling SwiftSyntax ArenaAllocatedBuffer.swift
[148/341] Compiling SwiftSyntax Assert.swift
[149/341] Compiling SwiftSyntax BumpPtrAllocator.swift
[150/341] Compiling SwiftSyntax CommonAncestor.swift
[151/341] Compiling SwiftSyntax Convenience.swift
[152/341] Compiling SwiftSyntax CustomTraits.swift
[153/341] Compiling SwiftSyntax EditorPlaceholder.swift
[154/341] Emitting module IssueReporting
[155/341] Compiling IssueReportingTestSupport SwiftTesting.swift
/host/spi-builder-workspace/.build/checkouts/xctest-dynamic-overlay/Sources/IssueReportingTestSupport/SwiftTesting.swift:94:3: error: cannot convert '@Sendable (String?, Bool, String, String, Int, Int, nonisolated(nonsending) () async throws -> Void) async -> ()' to 'nonisolated(nonsending) @Sendable (String?, Bool, String, String, Int, Int, nonisolated(nonsending) () async throws -> Void) async -> ()' because crossing of an isolation boundary requires parameter and result types to conform to 'Sendable' protocol
92 |
93 | public func _withKnownIssueAsync() -> Any {
94 | __withKnownIssueAsync(_:isIntermittent:fileID:filePath:line:column:_:)
| |- error: cannot convert '@Sendable (String?, Bool, String, String, Int, Int, nonisolated(nonsending) () async throws -> Void) async -> ()' to 'nonisolated(nonsending) @Sendable (String?, Bool, String, String, Int, Int, nonisolated(nonsending) () async throws -> Void) async -> ()' because crossing of an isolation boundary requires parameter and result types to conform to 'Sendable' protocol
| `- note: type 'nonisolated(nonsending) () async throws -> Void' does not conform to 'Sendable' protocol
95 | }
96 | @Sendable
BUILD FAILURE 6.2 wasm