The Swift Package Index logo.Swift Package Index

Track the adoption of Swift 6 strict concurrency checks for data race safety. How many packages are Ready for Swift 6?

Build Information

Failed to build SwiftSCAD, reference main (6943ae), with Swift 5.9 for watchOS using Xcode 15.2 on 10 Oct 2024 21:13:20 UTC.

Build Command

env DEVELOPER_DIR=/Applications/Xcode-15.2.0.app xcrun xcodebuild -IDEClonedSourcePackagesDirPathOverride=$PWD/.dependencies -skipMacroValidation -skipPackagePluginValidation -derivedDataPath $PWD/.derivedData build -scheme SwiftSCAD -destination generic/platform=watchOS

Build Log

SwiftCompile normal arm64_32 /Users/admin/builder/spi-builder-workspace/Tests/Tests/BezierPath.swift (in target 'Tests' from project 'SwiftSCAD')
    cd /Users/admin/builder/spi-builder-workspace
    /Applications/Xcode-15.2.0.app/Contents/Developer/Toolchains/XcodeDefault.xctoolchain/usr/bin/swift-frontend -c /Users/admin/builder/spi-builder-workspace/.derivedData/Build/Intermediates.noindex/SwiftSCAD.build/Debug-watchos/Tests.build/DerivedSources/resource_bundle_accessor.swift /Users/admin/builder/spi-builder-workspace/Tests/Tests/2D.swift /Users/admin/builder/spi-builder-workspace/Tests/Tests/3D.swift /Users/admin/builder/spi-builder-workspace/Tests/Tests/BezierCurve.swift -primary-file /Users/admin/builder/spi-builder-workspace/Tests/Tests/BezierPath.swift -primary-file /Users/admin/builder/spi-builder-workspace/Tests/Tests/Bounds.swift /Users/admin/builder/spi-builder-workspace/Tests/Tests/Common/ApproximatelyEquatable.swift /Users/admin/builder/spi-builder-workspace/Tests/Tests/Common/Helpers.swift /Users/admin/builder/spi-builder-workspace/Tests/Tests/Examples.swift /Users/admin/builder/spi-builder-workspace/Tests/Tests/Matrix.swift /Users/admin/builder/spi-builder-workspace/Tests/Tests/Operation.swift /Users/admin/builder/spi-builder-workspace/Tests/Tests/Result.swift /Users/admin/builder/spi-builder-workspace/Tests/Tests/Transform.swift -emit-dependencies-path /Users/admin/builder/spi-builder-workspace/.derivedData/Build/Intermediates.noindex/SwiftSCAD.build/Debug-watchos/Tests.build/Objects-normal/arm64_32/BezierPath.d -emit-const-values-path /Users/admin/builder/spi-builder-workspace/.derivedData/Build/Intermediates.noindex/SwiftSCAD.build/Debug-watchos/Tests.build/Objects-normal/arm64_32/BezierPath.swiftconstvalues -emit-reference-dependencies-path /Users/admin/builder/spi-builder-workspace/.derivedData/Build/Intermediates.noindex/SwiftSCAD.build/Debug-watchos/Tests.build/Objects-normal/arm64_32/BezierPath.swiftdeps -serialize-diagnostics-path /Users/admin/builder/spi-builder-workspace/.derivedData/Build/Intermediates.noindex/SwiftSCAD.build/Debug-watchos/Tests.build/Objects-normal/arm64_32/BezierPath.dia -emit-dependencies-path /Users/admin/builder/spi-builder-workspace/.derivedData/Build/Intermediates.noindex/SwiftSCAD.build/Debug-watchos/Tests.build/Objects-normal/arm64_32/Bounds.d -emit-const-values-path /Users/admin/builder/spi-builder-workspace/.derivedData/Build/Intermediates.noindex/SwiftSCAD.build/Debug-watchos/Tests.build/Objects-normal/arm64_32/Bounds.swiftconstvalues -emit-reference-dependencies-path /Users/admin/builder/spi-builder-workspace/.derivedData/Build/Intermediates.noindex/SwiftSCAD.build/Debug-watchos/Tests.build/Objects-normal/arm64_32/Bounds.swiftdeps -serialize-diagnostics-path /Users/admin/builder/spi-builder-workspace/.derivedData/Build/Intermediates.noindex/SwiftSCAD.build/Debug-watchos/Tests.build/Objects-normal/arm64_32/Bounds.dia -target arm64_32-apple-watchos5.0 -enable-objc-interop -sdk /Applications/Xcode-15.2.0.app/Contents/Developer/Platforms/WatchOS.platform/Developer/SDKs/WatchOS10.2.sdk -I /Users/admin/builder/spi-builder-workspace/.derivedData/Build/Products/Debug-watchos -I /Applications/Xcode-15.2.0.app/Contents/Developer/Platforms/WatchOS.platform/Developer/usr/lib -F /Users/admin/builder/spi-builder-workspace/.derivedData/Build/Products/Debug-watchos/PackageFrameworks -F /Users/admin/builder/spi-builder-workspace/.derivedData/Build/Products/Debug-watchos/PackageFrameworks -F /Users/admin/builder/spi-builder-workspace/.derivedData/Build/Products/Debug-watchos/PackageFrameworks -F /Users/admin/builder/spi-builder-workspace/.derivedData/Build/Products/Debug-watchos/PackageFrameworks -F /Users/admin/builder/spi-builder-workspace/.derivedData/Build/Products/Debug-watchos/PackageFrameworks -F /Users/admin/builder/spi-builder-workspace/.derivedData/Build/Products/Debug-watchos -F /Applications/Xcode-15.2.0.app/Contents/Developer/Platforms/WatchOS.platform/Developer/Library/Frameworks -F /Applications/Xcode-15.2.0.app/Contents/Developer/Platforms/WatchOS.platform/Developer/SDKs/WatchOS10.2.sdk/Developer/Library/Frameworks -no-color-diagnostics -enable-testing -g -module-cache-path /Users/admin/builder/spi-builder-workspace/.derivedData/ModuleCache.noindex -profile-generate -profile-coverage-mapping -swift-version 5 -enforce-exclusivity\=checked -Onone -D SWIFT_PACKAGE -D DEBUG -D Xcode -serialize-debugging-options -package-name spi_builder_workspace -const-gather-protocols-file /Users/admin/builder/spi-builder-workspace/.derivedData/Build/Intermediates.noindex/SwiftSCAD.build/Debug-watchos/Tests.build/Objects-normal/arm64_32/Tests_const_extract_protocols.json -enable-experimental-feature StrictConcurrency -enable-upcoming-feature ExistentialAny -empty-abi-descriptor -validate-clang-modules-once -clang-build-session-file /Users/admin/builder/spi-builder-workspace/.derivedData/ModuleCache.noindex/Session.modulevalidation -Xcc -working-directory -Xcc /Users/admin/builder/spi-builder-workspace -resource-dir /Applications/Xcode-15.2.0.app/Contents/Developer/Toolchains/XcodeDefault.xctoolchain/usr/lib/swift -enable-anonymous-context-mangled-names -Xcc -ivfsstatcache -Xcc /Users/admin/builder/spi-builder-workspace/.derivedData/SDKStatCaches.noindex/watchos10.2-21S355-1a03c8d25fc3596eb74c01d649b42752.sdkstatcache -Xcc -I/Users/admin/builder/spi-builder-workspace/.derivedData/Build/Products/Debug-watchos/include -Xcc -I/Users/admin/builder/spi-builder-workspace/.derivedData/Build/Intermediates.noindex/SwiftSCAD.build/Debug-watchos/Tests.build/DerivedSources-normal/arm64_32 -Xcc -I/Users/admin/builder/spi-builder-workspace/.derivedData/Build/Intermediates.noindex/SwiftSCAD.build/Debug-watchos/Tests.build/DerivedSources/arm64_32 -Xcc -I/Users/admin/builder/spi-builder-workspace/.derivedData/Build/Intermediates.noindex/SwiftSCAD.build/Debug-watchos/Tests.build/DerivedSources -Xcc -DSWIFT_PACKAGE -Xcc -DDEBUG\=1 -module-name Tests -frontend-parseable-output -disable-clang-spi -target-sdk-version 10.2 -target-sdk-name watchos10.2 -external-plugin-path /Applications/Xcode-15.2.0.app/Contents/Developer/Platforms/WatchOS.platform/Developer/SDKs/WatchOS10.2.sdk/usr/lib/swift/host/plugins\#/Applications/Xcode-15.2.0.app/Contents/Developer/Platforms/WatchOS.platform/Developer/SDKs/WatchOS10.2.sdk/usr/bin/swift-plugin-server -external-plugin-path /Applications/Xcode-15.2.0.app/Contents/Developer/Platforms/WatchOS.platform/Developer/SDKs/WatchOS10.2.sdk/usr/local/lib/swift/host/plugins\#/Applications/Xcode-15.2.0.app/Contents/Developer/Platforms/WatchOS.platform/Developer/SDKs/WatchOS10.2.sdk/usr/bin/swift-plugin-server -external-plugin-path /Applications/Xcode-15.2.0.app/Contents/Developer/Platforms/WatchOS.platform/Developer/usr/lib/swift/host/plugins\#/Applications/Xcode-15.2.0.app/Contents/Developer/Platforms/WatchOS.platform/Developer/usr/bin/swift-plugin-server -external-plugin-path /Applications/Xcode-15.2.0.app/Contents/Developer/Platforms/WatchOS.platform/Developer/usr/local/lib/swift/host/plugins\#/Applications/Xcode-15.2.0.app/Contents/Developer/Platforms/WatchOS.platform/Developer/usr/bin/swift-plugin-server -plugin-path /Applications/Xcode-15.2.0.app/Contents/Developer/Toolchains/XcodeDefault.xctoolchain/usr/lib/swift/host/plugins -plugin-path /Applications/Xcode-15.2.0.app/Contents/Developer/Toolchains/XcodeDefault.xctoolchain/usr/local/lib/swift/host/plugins -o /Users/admin/builder/spi-builder-workspace/.derivedData/Build/Intermediates.noindex/SwiftSCAD.build/Debug-watchos/Tests.build/Objects-normal/arm64_32/BezierPath.o -o /Users/admin/builder/spi-builder-workspace/.derivedData/Build/Intermediates.noindex/SwiftSCAD.build/Debug-watchos/Tests.build/Objects-normal/arm64_32/Bounds.o -index-unit-output-path /SwiftSCAD.build/Debug-watchos/Tests.build/Objects-normal/arm64_32/BezierPath.o -index-unit-output-path /SwiftSCAD.build/Debug-watchos/Tests.build/Objects-normal/arm64_32/Bounds.o -index-store-path /Users/admin/builder/spi-builder-workspace/.derivedData/Index.noindex/DataStore -index-system-modules
SwiftCompile normal arm64_32 /Users/admin/builder/spi-builder-workspace/Tests/Tests/Bounds.swift (in target 'Tests' from project 'SwiftSCAD')
    cd /Users/admin/builder/spi-builder-workspace
    /Applications/Xcode-15.2.0.app/Contents/Developer/Toolchains/XcodeDefault.xctoolchain/usr/bin/swift-frontend -c /Users/admin/builder/spi-builder-workspace/.derivedData/Build/Intermediates.noindex/SwiftSCAD.build/Debug-watchos/Tests.build/DerivedSources/resource_bundle_accessor.swift /Users/admin/builder/spi-builder-workspace/Tests/Tests/2D.swift /Users/admin/builder/spi-builder-workspace/Tests/Tests/3D.swift /Users/admin/builder/spi-builder-workspace/Tests/Tests/BezierCurve.swift -primary-file /Users/admin/builder/spi-builder-workspace/Tests/Tests/BezierPath.swift -primary-file /Users/admin/builder/spi-builder-workspace/Tests/Tests/Bounds.swift /Users/admin/builder/spi-builder-workspace/Tests/Tests/Common/ApproximatelyEquatable.swift /Users/admin/builder/spi-builder-workspace/Tests/Tests/Common/Helpers.swift /Users/admin/builder/spi-builder-workspace/Tests/Tests/Examples.swift /Users/admin/builder/spi-builder-workspace/Tests/Tests/Matrix.swift /Users/admin/builder/spi-builder-workspace/Tests/Tests/Operation.swift /Users/admin/builder/spi-builder-workspace/Tests/Tests/Result.swift /Users/admin/builder/spi-builder-workspace/Tests/Tests/Transform.swift -emit-dependencies-path /Users/admin/builder/spi-builder-workspace/.derivedData/Build/Intermediates.noindex/SwiftSCAD.build/Debug-watchos/Tests.build/Objects-normal/arm64_32/BezierPath.d -emit-const-values-path /Users/admin/builder/spi-builder-workspace/.derivedData/Build/Intermediates.noindex/SwiftSCAD.build/Debug-watchos/Tests.build/Objects-normal/arm64_32/BezierPath.swiftconstvalues -emit-reference-dependencies-path /Users/admin/builder/spi-builder-workspace/.derivedData/Build/Intermediates.noindex/SwiftSCAD.build/Debug-watchos/Tests.build/Objects-normal/arm64_32/BezierPath.swiftdeps -serialize-diagnostics-path /Users/admin/builder/spi-builder-workspace/.derivedData/Build/Intermediates.noindex/SwiftSCAD.build/Debug-watchos/Tests.build/Objects-normal/arm64_32/BezierPath.dia -emit-dependencies-path /Users/admin/builder/spi-builder-workspace/.derivedData/Build/Intermediates.noindex/SwiftSCAD.build/Debug-watchos/Tests.build/Objects-normal/arm64_32/Bounds.d -emit-const-values-path /Users/admin/builder/spi-builder-workspace/.derivedData/Build/Intermediates.noindex/SwiftSCAD.build/Debug-watchos/Tests.build/Objects-normal/arm64_32/Bounds.swiftconstvalues -emit-reference-dependencies-path /Users/admin/builder/spi-builder-workspace/.derivedData/Build/Intermediates.noindex/SwiftSCAD.build/Debug-watchos/Tests.build/Objects-normal/arm64_32/Bounds.swiftdeps -serialize-diagnostics-path /Users/admin/builder/spi-builder-workspace/.derivedData/Build/Intermediates.noindex/SwiftSCAD.build/Debug-watchos/Tests.build/Objects-normal/arm64_32/Bounds.dia -target arm64_32-apple-watchos5.0 -enable-objc-interop -sdk /Applications/Xcode-15.2.0.app/Contents/Developer/Platforms/WatchOS.platform/Developer/SDKs/WatchOS10.2.sdk -I /Users/admin/builder/spi-builder-workspace/.derivedData/Build/Products/Debug-watchos -I /Applications/Xcode-15.2.0.app/Contents/Developer/Platforms/WatchOS.platform/Developer/usr/lib -F /Users/admin/builder/spi-builder-workspace/.derivedData/Build/Products/Debug-watchos/PackageFrameworks -F /Users/admin/builder/spi-builder-workspace/.derivedData/Build/Products/Debug-watchos/PackageFrameworks -F /Users/admin/builder/spi-builder-workspace/.derivedData/Build/Products/Debug-watchos/PackageFrameworks -F /Users/admin/builder/spi-builder-workspace/.derivedData/Build/Products/Debug-watchos/PackageFrameworks -F /Users/admin/builder/spi-builder-workspace/.derivedData/Build/Products/Debug-watchos/PackageFrameworks -F /Users/admin/builder/spi-builder-workspace/.derivedData/Build/Products/Debug-watchos -F /Applications/Xcode-15.2.0.app/Contents/Developer/Platforms/WatchOS.platform/Developer/Library/Frameworks -F /Applications/Xcode-15.2.0.app/Contents/Developer/Platforms/WatchOS.platform/Developer/SDKs/WatchOS10.2.sdk/Developer/Library/Frameworks -no-color-diagnostics -enable-testing -g -module-cache-path /Users/admin/builder/spi-builder-workspace/.derivedData/ModuleCache.noindex -profile-generate -profile-coverage-mapping -swift-version 5 -enforce-exclusivity\=checked -Onone -D SWIFT_PACKAGE -D DEBUG -D Xcode -serialize-debugging-options -package-name spi_builder_workspace -const-gather-protocols-file /Users/admin/builder/spi-builder-workspace/.derivedData/Build/Intermediates.noindex/SwiftSCAD.build/Debug-watchos/Tests.build/Objects-normal/arm64_32/Tests_const_extract_protocols.json -enable-experimental-feature StrictConcurrency -enable-upcoming-feature ExistentialAny -empty-abi-descriptor -validate-clang-modules-once -clang-build-session-file /Users/admin/builder/spi-builder-workspace/.derivedData/ModuleCache.noindex/Session.modulevalidation -Xcc -working-directory -Xcc /Users/admin/builder/spi-builder-workspace -resource-dir /Applications/Xcode-15.2.0.app/Contents/Developer/Toolchains/XcodeDefault.xctoolchain/usr/lib/swift -enable-anonymous-context-mangled-names -Xcc -ivfsstatcache -Xcc /Users/admin/builder/spi-builder-workspace/.derivedData/SDKStatCaches.noindex/watchos10.2-21S355-1a03c8d25fc3596eb74c01d649b42752.sdkstatcache -Xcc -I/Users/admin/builder/spi-builder-workspace/.derivedData/Build/Products/Debug-watchos/include -Xcc -I/Users/admin/builder/spi-builder-workspace/.derivedData/Build/Intermediates.noindex/SwiftSCAD.build/Debug-watchos/Tests.build/DerivedSources-normal/arm64_32 -Xcc -I/Users/admin/builder/spi-builder-workspace/.derivedData/Build/Intermediates.noindex/SwiftSCAD.build/Debug-watchos/Tests.build/DerivedSources/arm64_32 -Xcc -I/Users/admin/builder/spi-builder-workspace/.derivedData/Build/Intermediates.noindex/SwiftSCAD.build/Debug-watchos/Tests.build/DerivedSources -Xcc -DSWIFT_PACKAGE -Xcc -DDEBUG\=1 -module-name Tests -frontend-parseable-output -disable-clang-spi -target-sdk-version 10.2 -target-sdk-name watchos10.2 -external-plugin-path /Applications/Xcode-15.2.0.app/Contents/Developer/Platforms/WatchOS.platform/Developer/SDKs/WatchOS10.2.sdk/usr/lib/swift/host/plugins\#/Applications/Xcode-15.2.0.app/Contents/Developer/Platforms/WatchOS.platform/Developer/SDKs/WatchOS10.2.sdk/usr/bin/swift-plugin-server -external-plugin-path /Applications/Xcode-15.2.0.app/Contents/Developer/Platforms/WatchOS.platform/Developer/SDKs/WatchOS10.2.sdk/usr/local/lib/swift/host/plugins\#/Applications/Xcode-15.2.0.app/Contents/Developer/Platforms/WatchOS.platform/Developer/SDKs/WatchOS10.2.sdk/usr/bin/swift-plugin-server -external-plugin-path /Applications/Xcode-15.2.0.app/Contents/Developer/Platforms/WatchOS.platform/Developer/usr/lib/swift/host/plugins\#/Applications/Xcode-15.2.0.app/Contents/Developer/Platforms/WatchOS.platform/Developer/usr/bin/swift-plugin-server -external-plugin-path /Applications/Xcode-15.2.0.app/Contents/Developer/Platforms/WatchOS.platform/Developer/usr/local/lib/swift/host/plugins\#/Applications/Xcode-15.2.0.app/Contents/Developer/Platforms/WatchOS.platform/Developer/usr/bin/swift-plugin-server -plugin-path /Applications/Xcode-15.2.0.app/Contents/Developer/Toolchains/XcodeDefault.xctoolchain/usr/lib/swift/host/plugins -plugin-path /Applications/Xcode-15.2.0.app/Contents/Developer/Toolchains/XcodeDefault.xctoolchain/usr/local/lib/swift/host/plugins -o /Users/admin/builder/spi-builder-workspace/.derivedData/Build/Intermediates.noindex/SwiftSCAD.build/Debug-watchos/Tests.build/Objects-normal/arm64_32/BezierPath.o -o /Users/admin/builder/spi-builder-workspace/.derivedData/Build/Intermediates.noindex/SwiftSCAD.build/Debug-watchos/Tests.build/Objects-normal/arm64_32/Bounds.o -index-unit-output-path /SwiftSCAD.build/Debug-watchos/Tests.build/Objects-normal/arm64_32/BezierPath.o -index-unit-output-path /SwiftSCAD.build/Debug-watchos/Tests.build/Objects-normal/arm64_32/Bounds.o -index-store-path /Users/admin/builder/spi-builder-workspace/.derivedData/Index.noindex/DataStore -index-system-modules
SwiftDriverJobDiscovery normal arm64_32 Compiling Axis.swift, BezierCurve.swift, BezierPath+Operations.swift, BezierPath+Visualization.swift, BezierPath.swift, Boundary+Shapes.swift, Boundary+Visualization.swift, Boundary.swift, BoundingBox+Visualization.swift, BoundingBox.swift, Color.swift, RectangleCornerRadii.swift, RectangleCorners.swift, RoundedCornerStyle.swift (in target 'SwiftSCAD' from project 'SwiftSCAD')
SwiftCompile normal arm64_32 Compiling\ Helpers.swift /Users/admin/builder/spi-builder-workspace/Tests/Tests/Common/Helpers.swift (in target 'Tests' from project 'SwiftSCAD')
    cd /Users/admin/builder/spi-builder-workspace
    builtin-swiftTaskExecution -- /Applications/Xcode-15.2.0.app/Contents/Developer/Toolchains/XcodeDefault.xctoolchain/usr/bin/swift-frontend -frontend -c /Users/admin/builder/spi-builder-workspace/.derivedData/Build/Intermediates.noindex/SwiftSCAD.build/Debug-watchos/Tests.build/DerivedSources/resource_bundle_accessor.swift /Users/admin/builder/spi-builder-workspace/Tests/Tests/2D.swift /Users/admin/builder/spi-builder-workspace/Tests/Tests/3D.swift /Users/admin/builder/spi-builder-workspace/Tests/Tests/BezierCurve.swift /Users/admin/builder/spi-builder-workspace/Tests/Tests/BezierPath.swift /Users/admin/builder/spi-builder-workspace/Tests/Tests/Bounds.swift /Users/admin/builder/spi-builder-workspace/Tests/Tests/Common/ApproximatelyEquatable.swift -primary-file /Users/admin/builder/spi-builder-workspace/Tests/Tests/Common/Helpers.swift /Users/admin/builder/spi-builder-workspace/Tests/Tests/Examples.swift /Users/admin/builder/spi-builder-workspace/Tests/Tests/Matrix.swift /Users/admin/builder/spi-builder-workspace/Tests/Tests/Operation.swift /Users/admin/builder/spi-builder-workspace/Tests/Tests/Result.swift /Users/admin/builder/spi-builder-workspace/Tests/Tests/Transform.swift -emit-dependencies-path /Users/admin/builder/spi-builder-workspace/.derivedData/Build/Intermediates.noindex/SwiftSCAD.build/Debug-watchos/Tests.build/Objects-normal/arm64_32/Helpers.d -emit-const-values-path /Users/admin/builder/spi-builder-workspace/.derivedData/Build/Intermediates.noindex/SwiftSCAD.build/Debug-watchos/Tests.build/Objects-normal/arm64_32/Helpers.swiftconstvalues -emit-reference-dependencies-path /Users/admin/builder/spi-builder-workspace/.derivedData/Build/Intermediates.noindex/SwiftSCAD.build/Debug-watchos/Tests.build/Objects-normal/arm64_32/Helpers.swiftdeps -serialize-diagnostics-path /Users/admin/builder/spi-builder-workspace/.derivedData/Build/Intermediates.noindex/SwiftSCAD.build/Debug-watchos/Tests.build/Objects-normal/arm64_32/Helpers.dia -target arm64_32-apple-watchos5.0 -enable-objc-interop -sdk /Applications/Xcode-15.2.0.app/Contents/Developer/Platforms/WatchOS.platform/Developer/SDKs/WatchOS10.2.sdk -I /Users/admin/builder/spi-builder-workspace/.derivedData/Build/Products/Debug-watchos -I /Applications/Xcode-15.2.0.app/Contents/Developer/Platforms/WatchOS.platform/Developer/usr/lib -F /Users/admin/builder/spi-builder-workspace/.derivedData/Build/Products/Debug-watchos/PackageFrameworks -F /Users/admin/builder/spi-builder-workspace/.derivedData/Build/Products/Debug-watchos/PackageFrameworks -F /Users/admin/builder/spi-builder-workspace/.derivedData/Build/Products/Debug-watchos/PackageFrameworks -F /Users/admin/builder/spi-builder-workspace/.derivedData/Build/Products/Debug-watchos/PackageFrameworks -F /Users/admin/builder/spi-builder-workspace/.derivedData/Build/Products/Debug-watchos/PackageFrameworks -F /Users/admin/builder/spi-builder-workspace/.derivedData/Build/Products/Debug-watchos -F /Applications/Xcode-15.2.0.app/Contents/Developer/Platforms/WatchOS.platform/Developer/Library/Frameworks -F /Applications/Xcode-15.2.0.app/Contents/Developer/Platforms/WatchOS.platform/Developer/SDKs/WatchOS10.2.sdk/Developer/Library/Frameworks -no-color-diagnostics -enable-testing -g -module-cache-path /Users/admin/builder/spi-builder-workspace/.derivedData/ModuleCache.noindex -profile-generate -profile-coverage-mapping -swift-version 5 -enforce-exclusivity\=checked -Onone -D SWIFT_PACKAGE -D DEBUG -D Xcode -serialize-debugging-options -package-name spi_builder_workspace -const-gather-protocols-file /Users/admin/builder/spi-builder-workspace/.derivedData/Build/Intermediates.noindex/SwiftSCAD.build/Debug-watchos/Tests.build/Objects-normal/arm64_32/Tests_const_extract_protocols.json -enable-experimental-feature StrictConcurrency -enable-upcoming-feature ExistentialAny -empty-abi-descriptor -validate-clang-modules-once -clang-build-session-file /Users/admin/builder/spi-builder-workspace/.derivedData/ModuleCache.noindex/Session.modulevalidation -Xcc -working-directory -Xcc /Users/admin/builder/spi-builder-workspace -resource-dir /Applications/Xcode-15.2.0.app/Contents/Developer/Toolchains/XcodeDefault.xctoolchain/usr/lib/swift -enable-anonymous-context-mangled-names -Xcc -ivfsstatcache -Xcc /Users/admin/builder/spi-builder-workspace/.derivedData/SDKStatCaches.noindex/watchos10.2-21S355-1a03c8d25fc3596eb74c01d649b42752.sdkstatcache -Xcc -I/Users/admin/builder/spi-builder-workspace/.derivedData/Build/Products/Debug-watchos/include -Xcc -I/Users/admin/builder/spi-builder-workspace/.derivedData/Build/Intermediates.noindex/SwiftSCAD.build/Debug-watchos/Tests.build/DerivedSources-normal/arm64_32 -Xcc -I/Users/admin/builder/spi-builder-workspace/.derivedData/Build/Intermediates.noindex/SwiftSCAD.build/Debug-watchos/Tests.build/DerivedSources/arm64_32 -Xcc -I/Users/admin/builder/spi-builder-workspace/.derivedData/Build/Intermediates.noindex/SwiftSCAD.build/Debug-watchos/Tests.build/DerivedSources -Xcc -DSWIFT_PACKAGE -Xcc -DDEBUG\=1 -module-name Tests -frontend-parseable-output -disable-clang-spi -target-sdk-version 10.2 -target-sdk-name watchos10.2 -external-plugin-path /Applications/Xcode-15.2.0.app/Contents/Developer/Platforms/WatchOS.platform/Developer/SDKs/WatchOS10.2.sdk/usr/lib/swift/host/plugins\#/Applications/Xcode-15.2.0.app/Contents/Developer/Platforms/WatchOS.platform/Developer/SDKs/WatchOS10.2.sdk/usr/bin/swift-plugin-server -external-plugin-path /Applications/Xcode-15.2.0.app/Contents/Developer/Platforms/WatchOS.platform/Developer/SDKs/WatchOS10.2.sdk/usr/local/lib/swift/host/plugins\#/Applications/Xcode-15.2.0.app/Contents/Developer/Platforms/WatchOS.platform/Developer/SDKs/WatchOS10.2.sdk/usr/bin/swift-plugin-server -external-plugin-path /Applications/Xcode-15.2.0.app/Contents/Developer/Platforms/WatchOS.platform/Developer/usr/lib/swift/host/plugins\#/Applications/Xcode-15.2.0.app/Contents/Developer/Platforms/WatchOS.platform/Developer/usr/bin/swift-plugin-server -external-plugin-path /Applications/Xcode-15.2.0.app/Contents/Developer/Platforms/WatchOS.platform/Developer/usr/local/lib/swift/host/plugins\#/Applications/Xcode-15.2.0.app/Contents/Developer/Platforms/WatchOS.platform/Developer/usr/bin/swift-plugin-server -plugin-path /Applications/Xcode-15.2.0.app/Contents/Developer/Toolchains/XcodeDefault.xctoolchain/usr/lib/swift/host/plugins -plugin-path /Applications/Xcode-15.2.0.app/Contents/Developer/Toolchains/XcodeDefault.xctoolchain/usr/local/lib/swift/host/plugins -o /Users/admin/builder/spi-builder-workspace/.derivedData/Build/Intermediates.noindex/SwiftSCAD.build/Debug-watchos/Tests.build/Objects-normal/arm64_32/Helpers.o -index-unit-output-path /SwiftSCAD.build/Debug-watchos/Tests.build/Objects-normal/arm64_32/Helpers.o -index-store-path /Users/admin/builder/spi-builder-workspace/.derivedData/Index.noindex/DataStore -index-system-modules
SwiftCompile normal arm64_32 /Users/admin/builder/spi-builder-workspace/Tests/Tests/Common/Helpers.swift (in target 'Tests' from project 'SwiftSCAD')
    cd /Users/admin/builder/spi-builder-workspace
    /Applications/Xcode-15.2.0.app/Contents/Developer/Toolchains/XcodeDefault.xctoolchain/usr/bin/swift-frontend -c /Users/admin/builder/spi-builder-workspace/.derivedData/Build/Intermediates.noindex/SwiftSCAD.build/Debug-watchos/Tests.build/DerivedSources/resource_bundle_accessor.swift /Users/admin/builder/spi-builder-workspace/Tests/Tests/2D.swift /Users/admin/builder/spi-builder-workspace/Tests/Tests/3D.swift /Users/admin/builder/spi-builder-workspace/Tests/Tests/BezierCurve.swift /Users/admin/builder/spi-builder-workspace/Tests/Tests/BezierPath.swift /Users/admin/builder/spi-builder-workspace/Tests/Tests/Bounds.swift /Users/admin/builder/spi-builder-workspace/Tests/Tests/Common/ApproximatelyEquatable.swift -primary-file /Users/admin/builder/spi-builder-workspace/Tests/Tests/Common/Helpers.swift /Users/admin/builder/spi-builder-workspace/Tests/Tests/Examples.swift /Users/admin/builder/spi-builder-workspace/Tests/Tests/Matrix.swift /Users/admin/builder/spi-builder-workspace/Tests/Tests/Operation.swift /Users/admin/builder/spi-builder-workspace/Tests/Tests/Result.swift /Users/admin/builder/spi-builder-workspace/Tests/Tests/Transform.swift -emit-dependencies-path /Users/admin/builder/spi-builder-workspace/.derivedData/Build/Intermediates.noindex/SwiftSCAD.build/Debug-watchos/Tests.build/Objects-normal/arm64_32/Helpers.d -emit-const-values-path /Users/admin/builder/spi-builder-workspace/.derivedData/Build/Intermediates.noindex/SwiftSCAD.build/Debug-watchos/Tests.build/Objects-normal/arm64_32/Helpers.swiftconstvalues -emit-reference-dependencies-path /Users/admin/builder/spi-builder-workspace/.derivedData/Build/Intermediates.noindex/SwiftSCAD.build/Debug-watchos/Tests.build/Objects-normal/arm64_32/Helpers.swiftdeps -serialize-diagnostics-path /Users/admin/builder/spi-builder-workspace/.derivedData/Build/Intermediates.noindex/SwiftSCAD.build/Debug-watchos/Tests.build/Objects-normal/arm64_32/Helpers.dia -target arm64_32-apple-watchos5.0 -enable-objc-interop -sdk /Applications/Xcode-15.2.0.app/Contents/Developer/Platforms/WatchOS.platform/Developer/SDKs/WatchOS10.2.sdk -I /Users/admin/builder/spi-builder-workspace/.derivedData/Build/Products/Debug-watchos -I /Applications/Xcode-15.2.0.app/Contents/Developer/Platforms/WatchOS.platform/Developer/usr/lib -F /Users/admin/builder/spi-builder-workspace/.derivedData/Build/Products/Debug-watchos/PackageFrameworks -F /Users/admin/builder/spi-builder-workspace/.derivedData/Build/Products/Debug-watchos/PackageFrameworks -F /Users/admin/builder/spi-builder-workspace/.derivedData/Build/Products/Debug-watchos/PackageFrameworks -F /Users/admin/builder/spi-builder-workspace/.derivedData/Build/Products/Debug-watchos/PackageFrameworks -F /Users/admin/builder/spi-builder-workspace/.derivedData/Build/Products/Debug-watchos/PackageFrameworks -F /Users/admin/builder/spi-builder-workspace/.derivedData/Build/Products/Debug-watchos -F /Applications/Xcode-15.2.0.app/Contents/Developer/Platforms/WatchOS.platform/Developer/Library/Frameworks -F /Applications/Xcode-15.2.0.app/Contents/Developer/Platforms/WatchOS.platform/Developer/SDKs/WatchOS10.2.sdk/Developer/Library/Frameworks -no-color-diagnostics -enable-testing -g -module-cache-path /Users/admin/builder/spi-builder-workspace/.derivedData/ModuleCache.noindex -profile-generate -profile-coverage-mapping -swift-version 5 -enforce-exclusivity\=checked -Onone -D SWIFT_PACKAGE -D DEBUG -D Xcode -serialize-debugging-options -package-name spi_builder_workspace -const-gather-protocols-file /Users/admin/builder/spi-builder-workspace/.derivedData/Build/Intermediates.noindex/SwiftSCAD.build/Debug-watchos/Tests.build/Objects-normal/arm64_32/Tests_const_extract_protocols.json -enable-experimental-feature StrictConcurrency -enable-upcoming-feature ExistentialAny -empty-abi-descriptor -validate-clang-modules-once -clang-build-session-file /Users/admin/builder/spi-builder-workspace/.derivedData/ModuleCache.noindex/Session.modulevalidation -Xcc -working-directory -Xcc /Users/admin/builder/spi-builder-workspace -resource-dir /Applications/Xcode-15.2.0.app/Contents/Developer/Toolchains/XcodeDefault.xctoolchain/usr/lib/swift -enable-anonymous-context-mangled-names -Xcc -ivfsstatcache -Xcc /Users/admin/builder/spi-builder-workspace/.derivedData/SDKStatCaches.noindex/watchos10.2-21S355-1a03c8d25fc3596eb74c01d649b42752.sdkstatcache -Xcc -I/Users/admin/builder/spi-builder-workspace/.derivedData/Build/Products/Debug-watchos/include -Xcc -I/Users/admin/builder/spi-builder-workspace/.derivedData/Build/Intermediates.noindex/SwiftSCAD.build/Debug-watchos/Tests.build/DerivedSources-normal/arm64_32 -Xcc -I/Users/admin/builder/spi-builder-workspace/.derivedData/Build/Intermediates.noindex/SwiftSCAD.build/Debug-watchos/Tests.build/DerivedSources/arm64_32 -Xcc -I/Users/admin/builder/spi-builder-workspace/.derivedData/Build/Intermediates.noindex/SwiftSCAD.build/Debug-watchos/Tests.build/DerivedSources -Xcc -DSWIFT_PACKAGE -Xcc -DDEBUG\=1 -module-name Tests -frontend-parseable-output -disable-clang-spi -target-sdk-version 10.2 -target-sdk-name watchos10.2 -external-plugin-path /Applications/Xcode-15.2.0.app/Contents/Developer/Platforms/WatchOS.platform/Developer/SDKs/WatchOS10.2.sdk/usr/lib/swift/host/plugins\#/Applications/Xcode-15.2.0.app/Contents/Developer/Platforms/WatchOS.platform/Developer/SDKs/WatchOS10.2.sdk/usr/bin/swift-plugin-server -external-plugin-path /Applications/Xcode-15.2.0.app/Contents/Developer/Platforms/WatchOS.platform/Developer/SDKs/WatchOS10.2.sdk/usr/local/lib/swift/host/plugins\#/Applications/Xcode-15.2.0.app/Contents/Developer/Platforms/WatchOS.platform/Developer/SDKs/WatchOS10.2.sdk/usr/bin/swift-plugin-server -external-plugin-path /Applications/Xcode-15.2.0.app/Contents/Developer/Platforms/WatchOS.platform/Developer/usr/lib/swift/host/plugins\#/Applications/Xcode-15.2.0.app/Contents/Developer/Platforms/WatchOS.platform/Developer/usr/bin/swift-plugin-server -external-plugin-path /Applications/Xcode-15.2.0.app/Contents/Developer/Platforms/WatchOS.platform/Developer/usr/local/lib/swift/host/plugins\#/Applications/Xcode-15.2.0.app/Contents/Developer/Platforms/WatchOS.platform/Developer/usr/bin/swift-plugin-server -plugin-path /Applications/Xcode-15.2.0.app/Contents/Developer/Toolchains/XcodeDefault.xctoolchain/usr/lib/swift/host/plugins -plugin-path /Applications/Xcode-15.2.0.app/Contents/Developer/Toolchains/XcodeDefault.xctoolchain/usr/local/lib/swift/host/plugins -o /Users/admin/builder/spi-builder-workspace/.derivedData/Build/Intermediates.noindex/SwiftSCAD.build/Debug-watchos/Tests.build/Objects-normal/arm64_32/Helpers.o -index-unit-output-path /SwiftSCAD.build/Debug-watchos/Tests.build/Objects-normal/arm64_32/Helpers.o -index-store-path /Users/admin/builder/spi-builder-workspace/.derivedData/Index.noindex/DataStore -index-system-modules
SwiftDriverJobDiscovery normal arm64 Compiling Rotation3D.swift, SCADValue.swift, AffineTransform.swift, AffineTransform2D.swift, AffineTransform3D.swift, BasicMatrix3x3.swift, BasicMatrix4x4.swift, Matrix.swift, Vector.swift, Vector2D+Operators.swift, Vector2D.swift, Vector3D+Directions.swift, Vector3D+Operators.swift, Vector3D.swift (in target 'SwiftSCAD' from project 'SwiftSCAD')
SwiftCompile normal arm64 Compiling\ Helpers.swift /Users/admin/builder/spi-builder-workspace/Tests/Tests/Common/Helpers.swift (in target 'Tests' from project 'SwiftSCAD')
    cd /Users/admin/builder/spi-builder-workspace
    builtin-swiftTaskExecution -- /Applications/Xcode-15.2.0.app/Contents/Developer/Toolchains/XcodeDefault.xctoolchain/usr/bin/swift-frontend -frontend -c /Users/admin/builder/spi-builder-workspace/.derivedData/Build/Intermediates.noindex/SwiftSCAD.build/Debug-watchos/Tests.build/DerivedSources/resource_bundle_accessor.swift /Users/admin/builder/spi-builder-workspace/Tests/Tests/2D.swift /Users/admin/builder/spi-builder-workspace/Tests/Tests/3D.swift /Users/admin/builder/spi-builder-workspace/Tests/Tests/BezierCurve.swift /Users/admin/builder/spi-builder-workspace/Tests/Tests/BezierPath.swift /Users/admin/builder/spi-builder-workspace/Tests/Tests/Bounds.swift /Users/admin/builder/spi-builder-workspace/Tests/Tests/Common/ApproximatelyEquatable.swift -primary-file /Users/admin/builder/spi-builder-workspace/Tests/Tests/Common/Helpers.swift /Users/admin/builder/spi-builder-workspace/Tests/Tests/Examples.swift /Users/admin/builder/spi-builder-workspace/Tests/Tests/Matrix.swift /Users/admin/builder/spi-builder-workspace/Tests/Tests/Operation.swift /Users/admin/builder/spi-builder-workspace/Tests/Tests/Result.swift /Users/admin/builder/spi-builder-workspace/Tests/Tests/Transform.swift -emit-dependencies-path /Users/admin/builder/spi-builder-workspace/.derivedData/Build/Intermediates.noindex/SwiftSCAD.build/Debug-watchos/Tests.build/Objects-normal/arm64/Helpers.d -emit-const-values-path /Users/admin/builder/spi-builder-workspace/.derivedData/Build/Intermediates.noindex/SwiftSCAD.build/Debug-watchos/Tests.build/Objects-normal/arm64/Helpers.swiftconstvalues -emit-reference-dependencies-path /Users/admin/builder/spi-builder-workspace/.derivedData/Build/Intermediates.noindex/SwiftSCAD.build/Debug-watchos/Tests.build/Objects-normal/arm64/Helpers.swiftdeps -serialize-diagnostics-path /Users/admin/builder/spi-builder-workspace/.derivedData/Build/Intermediates.noindex/SwiftSCAD.build/Debug-watchos/Tests.build/Objects-normal/arm64/Helpers.dia -target arm64-apple-watchos5.0 -Xllvm -aarch64-use-tbi -enable-objc-interop -sdk /Applications/Xcode-15.2.0.app/Contents/Developer/Platforms/WatchOS.platform/Developer/SDKs/WatchOS10.2.sdk -I /Users/admin/builder/spi-builder-workspace/.derivedData/Build/Products/Debug-watchos -I /Applications/Xcode-15.2.0.app/Contents/Developer/Platforms/WatchOS.platform/Developer/usr/lib -F /Users/admin/builder/spi-builder-workspace/.derivedData/Build/Products/Debug-watchos/PackageFrameworks -F /Users/admin/builder/spi-builder-workspace/.derivedData/Build/Products/Debug-watchos/PackageFrameworks -F /Users/admin/builder/spi-builder-workspace/.derivedData/Build/Products/Debug-watchos/PackageFrameworks -F /Users/admin/builder/spi-builder-workspace/.derivedData/Build/Products/Debug-watchos/PackageFrameworks -F /Users/admin/builder/spi-builder-workspace/.derivedData/Build/Products/Debug-watchos/PackageFrameworks -F /Users/admin/builder/spi-builder-workspace/.derivedData/Build/Products/Debug-watchos -F /Applications/Xcode-15.2.0.app/Contents/Developer/Platforms/WatchOS.platform/Developer/Library/Frameworks -F /Applications/Xcode-15.2.0.app/Contents/Developer/Platforms/WatchOS.platform/Developer/SDKs/WatchOS10.2.sdk/Developer/Library/Frameworks -no-color-diagnostics -enable-testing -g -module-cache-path /Users/admin/builder/spi-builder-workspace/.derivedData/ModuleCache.noindex -profile-generate -profile-coverage-mapping -swift-version 5 -enforce-exclusivity\=checked -Onone -D SWIFT_PACKAGE -D DEBUG -D Xcode -serialize-debugging-options -package-name spi_builder_workspace -const-gather-protocols-file /Users/admin/builder/spi-builder-workspace/.derivedData/Build/Intermediates.noindex/SwiftSCAD.build/Debug-watchos/Tests.build/Objects-normal/arm64/Tests_const_extract_protocols.json -enable-experimental-feature StrictConcurrency -enable-upcoming-feature ExistentialAny -empty-abi-descriptor -validate-clang-modules-once -clang-build-session-file /Users/admin/builder/spi-builder-workspace/.derivedData/ModuleCache.noindex/Session.modulevalidation -Xcc -working-directory -Xcc /Users/admin/builder/spi-builder-workspace -resource-dir /Applications/Xcode-15.2.0.app/Contents/Developer/Toolchains/XcodeDefault.xctoolchain/usr/lib/swift -enable-anonymous-context-mangled-names -Xcc -ivfsstatcache -Xcc /Users/admin/builder/spi-builder-workspace/.derivedData/SDKStatCaches.noindex/watchos10.2-21S355-1a03c8d25fc3596eb74c01d649b42752.sdkstatcache -Xcc -I/Users/admin/builder/spi-builder-workspace/.derivedData/Build/Products/Debug-watchos/include -Xcc -I/Users/admin/builder/spi-builder-workspace/.derivedData/Build/Intermediates.noindex/SwiftSCAD.build/Debug-watchos/Tests.build/DerivedSources-normal/arm64 -Xcc -I/Users/admin/builder/spi-builder-workspace/.derivedData/Build/Intermediates.noindex/SwiftSCAD.build/Debug-watchos/Tests.build/DerivedSources/arm64 -Xcc -I/Users/admin/builder/spi-builder-workspace/.derivedData/Build/Intermediates.noindex/SwiftSCAD.build/Debug-watchos/Tests.build/DerivedSources -Xcc -DSWIFT_PACKAGE -Xcc -DDEBUG\=1 -module-name Tests -frontend-parseable-output -disable-clang-spi -target-sdk-version 10.2 -target-sdk-name watchos10.2 -external-plugin-path /Applications/Xcode-15.2.0.app/Contents/Developer/Platforms/WatchOS.platform/Developer/SDKs/WatchOS10.2.sdk/usr/lib/swift/host/plugins\#/Applications/Xcode-15.2.0.app/Contents/Developer/Platforms/WatchOS.platform/Developer/SDKs/WatchOS10.2.sdk/usr/bin/swift-plugin-server -external-plugin-path /Applications/Xcode-15.2.0.app/Contents/Developer/Platforms/WatchOS.platform/Developer/SDKs/WatchOS10.2.sdk/usr/local/lib/swift/host/plugins\#/Applications/Xcode-15.2.0.app/Contents/Developer/Platforms/WatchOS.platform/Developer/SDKs/WatchOS10.2.sdk/usr/bin/swift-plugin-server -external-plugin-path /Applications/Xcode-15.2.0.app/Contents/Developer/Platforms/WatchOS.platform/Developer/usr/lib/swift/host/plugins\#/Applications/Xcode-15.2.0.app/Contents/Developer/Platforms/WatchOS.platform/Developer/usr/bin/swift-plugin-server -external-plugin-path /Applications/Xcode-15.2.0.app/Contents/Developer/Platforms/WatchOS.platform/Developer/usr/local/lib/swift/host/plugins\#/Applications/Xcode-15.2.0.app/Contents/Developer/Platforms/WatchOS.platform/Developer/usr/bin/swift-plugin-server -plugin-path /Applications/Xcode-15.2.0.app/Contents/Developer/Toolchains/XcodeDefault.xctoolchain/usr/lib/swift/host/plugins -plugin-path /Applications/Xcode-15.2.0.app/Contents/Developer/Toolchains/XcodeDefault.xctoolchain/usr/local/lib/swift/host/plugins -o /Users/admin/builder/spi-builder-workspace/.derivedData/Build/Intermediates.noindex/SwiftSCAD.build/Debug-watchos/Tests.build/Objects-normal/arm64/Helpers.o -index-unit-output-path /SwiftSCAD.build/Debug-watchos/Tests.build/Objects-normal/arm64/Helpers.o -index-store-path /Users/admin/builder/spi-builder-workspace/.derivedData/Index.noindex/DataStore -index-system-modules
SwiftCompile normal arm64 /Users/admin/builder/spi-builder-workspace/Tests/Tests/Common/Helpers.swift (in target 'Tests' from project 'SwiftSCAD')
    cd /Users/admin/builder/spi-builder-workspace
    /Applications/Xcode-15.2.0.app/Contents/Developer/Toolchains/XcodeDefault.xctoolchain/usr/bin/swift-frontend -c /Users/admin/builder/spi-builder-workspace/.derivedData/Build/Intermediates.noindex/SwiftSCAD.build/Debug-watchos/Tests.build/DerivedSources/resource_bundle_accessor.swift /Users/admin/builder/spi-builder-workspace/Tests/Tests/2D.swift /Users/admin/builder/spi-builder-workspace/Tests/Tests/3D.swift /Users/admin/builder/spi-builder-workspace/Tests/Tests/BezierCurve.swift /Users/admin/builder/spi-builder-workspace/Tests/Tests/BezierPath.swift /Users/admin/builder/spi-builder-workspace/Tests/Tests/Bounds.swift /Users/admin/builder/spi-builder-workspace/Tests/Tests/Common/ApproximatelyEquatable.swift -primary-file /Users/admin/builder/spi-builder-workspace/Tests/Tests/Common/Helpers.swift /Users/admin/builder/spi-builder-workspace/Tests/Tests/Examples.swift /Users/admin/builder/spi-builder-workspace/Tests/Tests/Matrix.swift /Users/admin/builder/spi-builder-workspace/Tests/Tests/Operation.swift /Users/admin/builder/spi-builder-workspace/Tests/Tests/Result.swift /Users/admin/builder/spi-builder-workspace/Tests/Tests/Transform.swift -emit-dependencies-path /Users/admin/builder/spi-builder-workspace/.derivedData/Build/Intermediates.noindex/SwiftSCAD.build/Debug-watchos/Tests.build/Objects-normal/arm64/Helpers.d -emit-const-values-path /Users/admin/builder/spi-builder-workspace/.derivedData/Build/Intermediates.noindex/SwiftSCAD.build/Debug-watchos/Tests.build/Objects-normal/arm64/Helpers.swiftconstvalues -emit-reference-dependencies-path /Users/admin/builder/spi-builder-workspace/.derivedData/Build/Intermediates.noindex/SwiftSCAD.build/Debug-watchos/Tests.build/Objects-normal/arm64/Helpers.swiftdeps -serialize-diagnostics-path /Users/admin/builder/spi-builder-workspace/.derivedData/Build/Intermediates.noindex/SwiftSCAD.build/Debug-watchos/Tests.build/Objects-normal/arm64/Helpers.dia -target arm64-apple-watchos5.0 -Xllvm -aarch64-use-tbi -enable-objc-interop -sdk /Applications/Xcode-15.2.0.app/Contents/Developer/Platforms/WatchOS.platform/Developer/SDKs/WatchOS10.2.sdk -I /Users/admin/builder/spi-builder-workspace/.derivedData/Build/Products/Debug-watchos -I /Applications/Xcode-15.2.0.app/Contents/Developer/Platforms/WatchOS.platform/Developer/usr/lib -F /Users/admin/builder/spi-builder-workspace/.derivedData/Build/Products/Debug-watchos/PackageFrameworks -F /Users/admin/builder/spi-builder-workspace/.derivedData/Build/Products/Debug-watchos/PackageFrameworks -F /Users/admin/builder/spi-builder-workspace/.derivedData/Build/Products/Debug-watchos/PackageFrameworks -F /Users/admin/builder/spi-builder-workspace/.derivedData/Build/Products/Debug-watchos/PackageFrameworks -F /Users/admin/builder/spi-builder-workspace/.derivedData/Build/Products/Debug-watchos/PackageFrameworks -F /Users/admin/builder/spi-builder-workspace/.derivedData/Build/Products/Debug-watchos -F /Applications/Xcode-15.2.0.app/Contents/Developer/Platforms/WatchOS.platform/Developer/Library/Frameworks -F /Applications/Xcode-15.2.0.app/Contents/Developer/Platforms/WatchOS.platform/Developer/SDKs/WatchOS10.2.sdk/Developer/Library/Frameworks -no-color-diagnostics -enable-testing -g -module-cache-path /Users/admin/builder/spi-builder-workspace/.derivedData/ModuleCache.noindex -profile-generate -profile-coverage-mapping -swift-version 5 -enforce-exclusivity\=checked -Onone -D SWIFT_PACKAGE -D DEBUG -D Xcode -serialize-debugging-options -package-name spi_builder_workspace -const-gather-protocols-file /Users/admin/builder/spi-builder-workspace/.derivedData/Build/Intermediates.noindex/SwiftSCAD.build/Debug-watchos/Tests.build/Objects-normal/arm64/Tests_const_extract_protocols.json -enable-experimental-feature StrictConcurrency -enable-upcoming-feature ExistentialAny -empty-abi-descriptor -validate-clang-modules-once -clang-build-session-file /Users/admin/builder/spi-builder-workspace/.derivedData/ModuleCache.noindex/Session.modulevalidation -Xcc -working-directory -Xcc /Users/admin/builder/spi-builder-workspace -resource-dir /Applications/Xcode-15.2.0.app/Contents/Developer/Toolchains/XcodeDefault.xctoolchain/usr/lib/swift -enable-anonymous-context-mangled-names -Xcc -ivfsstatcache -Xcc /Users/admin/builder/spi-builder-workspace/.derivedData/SDKStatCaches.noindex/watchos10.2-21S355-1a03c8d25fc3596eb74c01d649b42752.sdkstatcache -Xcc -I/Users/admin/builder/spi-builder-workspace/.derivedData/Build/Products/Debug-watchos/include -Xcc -I/Users/admin/builder/spi-builder-workspace/.derivedData/Build/Intermediates.noindex/SwiftSCAD.build/Debug-watchos/Tests.build/DerivedSources-normal/arm64 -Xcc -I/Users/admin/builder/spi-builder-workspace/.derivedData/Build/Intermediates.noindex/SwiftSCAD.build/Debug-watchos/Tests.build/DerivedSources/arm64 -Xcc -I/Users/admin/builder/spi-builder-workspace/.derivedData/Build/Intermediates.noindex/SwiftSCAD.build/Debug-watchos/Tests.build/DerivedSources -Xcc -DSWIFT_PACKAGE -Xcc -DDEBUG\=1 -module-name Tests -frontend-parseable-output -disable-clang-spi -target-sdk-version 10.2 -target-sdk-name watchos10.2 -external-plugin-path /Applications/Xcode-15.2.0.app/Contents/Developer/Platforms/WatchOS.platform/Developer/SDKs/WatchOS10.2.sdk/usr/lib/swift/host/plugins\#/Applications/Xcode-15.2.0.app/Contents/Developer/Platforms/WatchOS.platform/Developer/SDKs/WatchOS10.2.sdk/usr/bin/swift-plugin-server -external-plugin-path /Applications/Xcode-15.2.0.app/Contents/Developer/Platforms/WatchOS.platform/Developer/SDKs/WatchOS10.2.sdk/usr/local/lib/swift/host/plugins\#/Applications/Xcode-15.2.0.app/Contents/Developer/Platforms/WatchOS.platform/Developer/SDKs/WatchOS10.2.sdk/usr/bin/swift-plugin-server -external-plugin-path /Applications/Xcode-15.2.0.app/Contents/Developer/Platforms/WatchOS.platform/Developer/usr/lib/swift/host/plugins\#/Applications/Xcode-15.2.0.app/Contents/Developer/Platforms/WatchOS.platform/Developer/usr/bin/swift-plugin-server -external-plugin-path /Applications/Xcode-15.2.0.app/Contents/Developer/Platforms/WatchOS.platform/Developer/usr/local/lib/swift/host/plugins\#/Applications/Xcode-15.2.0.app/Contents/Developer/Platforms/WatchOS.platform/Developer/usr/bin/swift-plugin-server -plugin-path /Applications/Xcode-15.2.0.app/Contents/Developer/Toolchains/XcodeDefault.xctoolchain/usr/lib/swift/host/plugins -plugin-path /Applications/Xcode-15.2.0.app/Contents/Developer/Toolchains/XcodeDefault.xctoolchain/usr/local/lib/swift/host/plugins -o /Users/admin/builder/spi-builder-workspace/.derivedData/Build/Intermediates.noindex/SwiftSCAD.build/Debug-watchos/Tests.build/Objects-normal/arm64/Helpers.o -index-unit-output-path /SwiftSCAD.build/Debug-watchos/Tests.build/Objects-normal/arm64/Helpers.o -index-store-path /Users/admin/builder/spi-builder-workspace/.derivedData/Index.noindex/DataStore -index-system-modules
SwiftDriverJobDiscovery normal armv7k Compiling Axis.swift, BezierCurve.swift, BezierPath+Operations.swift, BezierPath+Visualization.swift, BezierPath.swift, Boundary+Shapes.swift, Boundary+Visualization.swift, Boundary.swift, BoundingBox+Visualization.swift, BoundingBox.swift, Color.swift, RectangleCornerRadii.swift, RectangleCorners.swift, RoundedCornerStyle.swift (in target 'SwiftSCAD' from project 'SwiftSCAD')
SwiftCompile normal armv7k Compiling\ resource_bundle_accessor.swift,\ 2D.swift /Users/admin/builder/spi-builder-workspace/.derivedData/Build/Intermediates.noindex/SwiftSCAD.build/Debug-watchos/Tests.build/DerivedSources/resource_bundle_accessor.swift /Users/admin/builder/spi-builder-workspace/Tests/Tests/2D.swift (in target 'Tests' from project 'SwiftSCAD')
    cd /Users/admin/builder/spi-builder-workspace
    builtin-swiftTaskExecution -- /Applications/Xcode-15.2.0.app/Contents/Developer/Toolchains/XcodeDefault.xctoolchain/usr/bin/swift-frontend -frontend -c -primary-file /Users/admin/builder/spi-builder-workspace/.derivedData/Build/Intermediates.noindex/SwiftSCAD.build/Debug-watchos/Tests.build/DerivedSources/resource_bundle_accessor.swift -primary-file /Users/admin/builder/spi-builder-workspace/Tests/Tests/2D.swift /Users/admin/builder/spi-builder-workspace/Tests/Tests/3D.swift /Users/admin/builder/spi-builder-workspace/Tests/Tests/BezierCurve.swift /Users/admin/builder/spi-builder-workspace/Tests/Tests/BezierPath.swift /Users/admin/builder/spi-builder-workspace/Tests/Tests/Bounds.swift /Users/admin/builder/spi-builder-workspace/Tests/Tests/Common/ApproximatelyEquatable.swift /Users/admin/builder/spi-builder-workspace/Tests/Tests/Common/Helpers.swift /Users/admin/builder/spi-builder-workspace/Tests/Tests/Examples.swift /Users/admin/builder/spi-builder-workspace/Tests/Tests/Matrix.swift /Users/admin/builder/spi-builder-workspace/Tests/Tests/Operation.swift /Users/admin/builder/spi-builder-workspace/Tests/Tests/Result.swift /Users/admin/builder/spi-builder-workspace/Tests/Tests/Transform.swift -emit-dependencies-path /Users/admin/builder/spi-builder-workspace/.derivedData/Build/Intermediates.noindex/SwiftSCAD.build/Debug-watchos/Tests.build/Objects-normal/armv7k/resource_bundle_accessor.d -emit-const-values-path /Users/admin/builder/spi-builder-workspace/.derivedData/Build/Intermediates.noindex/SwiftSCAD.build/Debug-watchos/Tests.build/Objects-normal/armv7k/resource_bundle_accessor.swiftconstvalues -emit-reference-dependencies-path /Users/admin/builder/spi-builder-workspace/.derivedData/Build/Intermediates.noindex/SwiftSCAD.build/Debug-watchos/Tests.build/Objects-normal/armv7k/resource_bundle_accessor.swiftdeps -serialize-diagnostics-path /Users/admin/builder/spi-builder-workspace/.derivedData/Build/Intermediates.noindex/SwiftSCAD.build/Debug-watchos/Tests.build/Objects-normal/armv7k/resource_bundle_accessor.dia -emit-dependencies-path /Users/admin/builder/spi-builder-workspace/.derivedData/Build/Intermediates.noindex/SwiftSCAD.build/Debug-watchos/Tests.build/Objects-normal/armv7k/2D.d -emit-const-values-path /Users/admin/builder/spi-builder-workspace/.derivedData/Build/Intermediates.noindex/SwiftSCAD.build/Debug-watchos/Tests.build/Objects-normal/armv7k/2D.swiftconstvalues -emit-reference-dependencies-path /Users/admin/builder/spi-builder-workspace/.derivedData/Build/Intermediates.noindex/SwiftSCAD.build/Debug-watchos/Tests.build/Objects-normal/armv7k/2D.swiftdeps -serialize-diagnostics-path /Users/admin/builder/spi-builder-workspace/.derivedData/Build/Intermediates.noindex/SwiftSCAD.build/Debug-watchos/Tests.build/Objects-normal/armv7k/2D.dia -target armv7k-apple-watchos5.0 -enable-objc-interop -sdk /Applications/Xcode-15.2.0.app/Contents/Developer/Platforms/WatchOS.platform/Developer/SDKs/WatchOS10.2.sdk -I /Users/admin/builder/spi-builder-workspace/.derivedData/Build/Products/Debug-watchos -I /Applications/Xcode-15.2.0.app/Contents/Developer/Platforms/WatchOS.platform/Developer/usr/lib -F /Users/admin/builder/spi-builder-workspace/.derivedData/Build/Products/Debug-watchos/PackageFrameworks -F /Users/admin/builder/spi-builder-workspace/.derivedData/Build/Products/Debug-watchos/PackageFrameworks -F /Users/admin/builder/spi-builder-workspace/.derivedData/Build/Products/Debug-watchos/PackageFrameworks -F /Users/admin/builder/spi-builder-workspace/.derivedData/Build/Products/Debug-watchos/PackageFrameworks -F /Users/admin/builder/spi-builder-workspace/.derivedData/Build/Products/Debug-watchos/PackageFrameworks -F /Users/admin/builder/spi-builder-workspace/.derivedData/Build/Products/Debug-watchos -F /Applications/Xcode-15.2.0.app/Contents/Developer/Platforms/WatchOS.platform/Developer/Library/Frameworks -F /Applications/Xcode-15.2.0.app/Contents/Developer/Platforms/WatchOS.platform/Developer/SDKs/WatchOS10.2.sdk/Developer/Library/Frameworks -no-color-diagnostics -enable-testing -g -module-cache-path /Users/admin/builder/spi-builder-workspace/.derivedData/ModuleCache.noindex -profile-generate -profile-coverage-mapping -swift-version 5 -enforce-exclusivity\=checked -Onone -D SWIFT_PACKAGE -D DEBUG -D Xcode -serialize-debugging-options -package-name spi_builder_workspace -const-gather-protocols-file /Users/admin/builder/spi-builder-workspace/.derivedData/Build/Intermediates.noindex/SwiftSCAD.build/Debug-watchos/Tests.build/Objects-normal/armv7k/Tests_const_extract_protocols.json -enable-experimental-feature StrictConcurrency -enable-upcoming-feature ExistentialAny -empty-abi-descriptor -validate-clang-modules-once -clang-build-session-file /Users/admin/builder/spi-builder-workspace/.derivedData/ModuleCache.noindex/Session.modulevalidation -Xcc -working-directory -Xcc /Users/admin/builder/spi-builder-workspace -resource-dir /Applications/Xcode-15.2.0.app/Contents/Developer/Toolchains/XcodeDefault.xctoolchain/usr/lib/swift -enable-anonymous-context-mangled-names -Xcc -ivfsstatcache -Xcc /Users/admin/builder/spi-builder-workspace/.derivedData/SDKStatCaches.noindex/watchos10.2-21S355-1a03c8d25fc3596eb74c01d649b42752.sdkstatcache -Xcc -I/Users/admin/builder/spi-builder-workspace/.derivedData/Build/Products/Debug-watchos/include -Xcc -I/Users/admin/builder/spi-builder-workspace/.derivedData/Build/Intermediates.noindex/SwiftSCAD.build/Debug-watchos/Tests.build/DerivedSources-normal/armv7k -Xcc -I/Users/admin/builder/spi-builder-workspace/.derivedData/Build/Intermediates.noindex/SwiftSCAD.build/Debug-watchos/Tests.build/DerivedSources/armv7k -Xcc -I/Users/admin/builder/spi-builder-workspace/.derivedData/Build/Intermediates.noindex/SwiftSCAD.build/Debug-watchos/Tests.build/DerivedSources -Xcc -DSWIFT_PACKAGE -Xcc -DDEBUG\=1 -module-name Tests -frontend-parseable-output -disable-clang-spi -target-sdk-version 10.2 -target-sdk-name watchos10.2 -external-plugin-path /Applications/Xcode-15.2.0.app/Contents/Developer/Platforms/WatchOS.platform/Developer/SDKs/WatchOS10.2.sdk/usr/lib/swift/host/plugins\#/Applications/Xcode-15.2.0.app/Contents/Developer/Platforms/WatchOS.platform/Developer/SDKs/WatchOS10.2.sdk/usr/bin/swift-plugin-server -external-plugin-path /Applications/Xcode-15.2.0.app/Contents/Developer/Platforms/WatchOS.platform/Developer/SDKs/WatchOS10.2.sdk/usr/local/lib/swift/host/plugins\#/Applications/Xcode-15.2.0.app/Contents/Developer/Platforms/WatchOS.platform/Developer/SDKs/WatchOS10.2.sdk/usr/bin/swift-plugin-server -external-plugin-path /Applications/Xcode-15.2.0.app/Contents/Developer/Platforms/WatchOS.platform/Developer/usr/lib/swift/host/plugins\#/Applications/Xcode-15.2.0.app/Contents/Developer/Platforms/WatchOS.platform/Developer/usr/bin/swift-plugin-server -external-plugin-path /Applications/Xcode-15.2.0.app/Contents/Developer/Platforms/WatchOS.platform/Developer/usr/local/lib/swift/host/plugins\#/Applications/Xcode-15.2.0.app/Contents/Developer/Platforms/WatchOS.platform/Developer/usr/bin/swift-plugin-server -plugin-path /Applications/Xcode-15.2.0.app/Contents/Developer/Toolchains/XcodeDefault.xctoolchain/usr/lib/swift/host/plugins -plugin-path /Applications/Xcode-15.2.0.app/Contents/Developer/Toolchains/XcodeDefault.xctoolchain/usr/local/lib/swift/host/plugins -o /Users/admin/builder/spi-builder-workspace/.derivedData/Build/Intermediates.noindex/SwiftSCAD.build/Debug-watchos/Tests.build/Objects-normal/armv7k/resource_bundle_accessor.o -o /Users/admin/builder/spi-builder-workspace/.derivedData/Build/Intermediates.noindex/SwiftSCAD.build/Debug-watchos/Tests.build/Objects-normal/armv7k/2D.o -index-unit-output-path /SwiftSCAD.build/Debug-watchos/Tests.build/Objects-normal/armv7k/resource_bundle_accessor.o -index-unit-output-path /SwiftSCAD.build/Debug-watchos/Tests.build/Objects-normal/armv7k/2D.o -index-store-path /Users/admin/builder/spi-builder-workspace/.derivedData/Index.noindex/DataStore -index-system-modules
Command SwiftCompile failed with a nonzero exit code
SwiftDriver\ Compilation\ Requirements Tests normal armv7k com.apple.xcode.tools.swift.compiler (in target 'Tests' from project 'SwiftSCAD')
    cd /Users/admin/builder/spi-builder-workspace
    builtin-Swift-Compilation-Requirements -- /Applications/Xcode-15.2.0.app/Contents/Developer/Toolchains/XcodeDefault.xctoolchain/usr/bin/swiftc -module-name Tests -Onone -enforce-exclusivity\=checked @/Users/admin/builder/spi-builder-workspace/.derivedData/Build/Intermediates.noindex/SwiftSCAD.build/Debug-watchos/Tests.build/Objects-normal/armv7k/Tests.SwiftFileList -DSWIFT_PACKAGE -DDEBUG -DXcode -enable-upcoming-feature ExistentialAny -enable-experimental-feature StrictConcurrency -sdk /Applications/Xcode-15.2.0.app/Contents/Developer/Platforms/WatchOS.platform/Developer/SDKs/WatchOS10.2.sdk -target armv7k-apple-watchos5.0 -g -module-cache-path /Users/admin/builder/spi-builder-workspace/.derivedData/ModuleCache.noindex -Xfrontend -serialize-debugging-options -profile-coverage-mapping -profile-generate -enable-testing -index-store-path /Users/admin/builder/spi-builder-workspace/.derivedData/Index.noindex/DataStore -swift-version 5 -I /Users/admin/builder/spi-builder-workspace/.derivedData/Build/Products/Debug-watchos -I /Applications/Xcode-15.2.0.app/Contents/Developer/Platforms/WatchOS.platform/Developer/usr/lib -F /Users/admin/builder/spi-builder-workspace/.derivedData/Build/Products/Debug-watchos/PackageFrameworks -F /Users/admin/builder/spi-builder-workspace/.derivedData/Build/Products/Debug-watchos/PackageFrameworks -F /Users/admin/builder/spi-builder-workspace/.derivedData/Build/Products/Debug-watchos/PackageFrameworks -F /Users/admin/builder/spi-builder-workspace/.derivedData/Build/Products/Debug-watchos/PackageFrameworks -F /Users/admin/builder/spi-builder-workspace/.derivedData/Build/Products/Debug-watchos/PackageFrameworks -F /Users/admin/builder/spi-builder-workspace/.derivedData/Build/Products/Debug-watchos -F /Applications/Xcode-15.2.0.app/Contents/Developer/Platforms/WatchOS.platform/Developer/Library/Frameworks -F /Applications/Xcode-15.2.0.app/Contents/Developer/Platforms/WatchOS.platform/Developer/SDKs/WatchOS10.2.sdk/Developer/Library/Frameworks -c -j10 -enable-batch-mode -incremental -Xcc -ivfsstatcache -Xcc /Users/admin/builder/spi-builder-workspace/.derivedData/SDKStatCaches.noindex/watchos10.2-21S355-1a03c8d25fc3596eb74c01d649b42752.sdkstatcache -output-file-map /Users/admin/builder/spi-builder-workspace/.derivedData/Build/Intermediates.noindex/SwiftSCAD.build/Debug-watchos/Tests.build/Objects-normal/armv7k/Tests-OutputFileMap.json -use-frontend-parseable-output -save-temps -no-color-diagnostics -serialize-diagnostics -emit-dependencies -emit-module -emit-module-path /Users/admin/builder/spi-builder-workspace/.derivedData/Build/Intermediates.noindex/SwiftSCAD.build/Debug-watchos/Tests.build/Objects-normal/armv7k/Tests.swiftmodule -validate-clang-modules-once -clang-build-session-file /Users/admin/builder/spi-builder-workspace/.derivedData/ModuleCache.noindex/Session.modulevalidation -Xfrontend -package-name -Xfrontend spi_builder_workspace -emit-const-values -Xfrontend -const-gather-protocols-file -Xfrontend /Users/admin/builder/spi-builder-workspace/.derivedData/Build/Intermediates.noindex/SwiftSCAD.build/Debug-watchos/Tests.build/Objects-normal/armv7k/Tests_const_extract_protocols.json -Xcc -I/Users/admin/builder/spi-builder-workspace/.derivedData/Build/Products/Debug-watchos/include -Xcc -I/Users/admin/builder/spi-builder-workspace/.derivedData/Build/Intermediates.noindex/SwiftSCAD.build/Debug-watchos/Tests.build/DerivedSources-normal/armv7k -Xcc -I/Users/admin/builder/spi-builder-workspace/.derivedData/Build/Intermediates.noindex/SwiftSCAD.build/Debug-watchos/Tests.build/DerivedSources/armv7k -Xcc -I/Users/admin/builder/spi-builder-workspace/.derivedData/Build/Intermediates.noindex/SwiftSCAD.build/Debug-watchos/Tests.build/DerivedSources -Xcc -DSWIFT_PACKAGE -Xcc -DDEBUG\=1 -working-directory /Users/admin/builder/spi-builder-workspace -experimental-emit-module-separately -disable-cmo
Resolve Package Graph
** BUILD FAILED **
The following build commands failed:
	SwiftEmitModule normal armv7k Emitting\ module\ for\ Tests (in target 'Tests' from project 'SwiftSCAD')
	SwiftCompile normal armv7k /Users/admin/builder/spi-builder-workspace/Tests/Tests/3D.swift (in target 'Tests' from project 'SwiftSCAD')
	SwiftCompile normal armv7k /Users/admin/builder/spi-builder-workspace/Tests/Tests/BezierCurve.swift (in target 'Tests' from project 'SwiftSCAD')
	SwiftCompile normal armv7k Compiling\ 3D.swift,\ BezierCurve.swift /Users/admin/builder/spi-builder-workspace/Tests/Tests/3D.swift /Users/admin/builder/spi-builder-workspace/Tests/Tests/BezierCurve.swift (in target 'Tests' from project 'SwiftSCAD')
	SwiftCompile normal armv7k Compiling\ resource_bundle_accessor.swift,\ 2D.swift /Users/admin/builder/spi-builder-workspace/.derivedData/Build/Intermediates.noindex/SwiftSCAD.build/Debug-watchos/Tests.build/DerivedSources/resource_bundle_accessor.swift /Users/admin/builder/spi-builder-workspace/Tests/Tests/2D.swift (in target 'Tests' from project 'SwiftSCAD')
(5 failures)
Command line invocation:
    /Applications/Xcode-15.2.0.app/Contents/Developer/usr/bin/xcodebuild -IDEClonedSourcePackagesDirPathOverride=/Users/admin/builder/spi-builder-workspace/.dependencies -skipMacroValidation -skipPackagePluginValidation -derivedDataPath /Users/admin/builder/spi-builder-workspace/.derivedData build -scheme SwiftSCAD -destination generic/platform=watchOS
User defaults from command line:
    IDEClonedSourcePackagesDirPathOverride = /Users/admin/builder/spi-builder-workspace/.dependencies
    IDEDerivedDataPathOverride = /Users/admin/builder/spi-builder-workspace/.derivedData
    IDEPackageSupportUseBuiltinSCM = YES
Resolve Package Graph
Resolved source packages:
  swift-collections: https://github.com/apple/swift-collections.git @ 1.0.2
  SwiftSCAD: /Users/admin/builder/spi-builder-workspace
  swift-log: https://github.com/apple/swift-log.git @ 1.5.4
Prepare packages
ComputeTargetDependencyGraph
note: Building targets in dependency order
note: Target dependency graph (10 targets)
    Target 'Tests' in project 'SwiftSCAD'
        ➜ Explicit dependency on target 'SwiftSCAD_Tests' in project 'SwiftSCAD'
        ➜ Explicit dependency on target 'SwiftSCAD' in project 'SwiftSCAD'
        ➜ Explicit dependency on target 'Collections' in project 'swift-collections'
        ➜ Explicit dependency on target 'Logging' in project 'swift-log'
    Target 'SwiftSCAD_Tests' in project 'SwiftSCAD' (no dependencies)
    Target 'SwiftSCAD' in project 'SwiftSCAD'
        ➜ Explicit dependency on target 'SwiftSCAD' in project 'SwiftSCAD'
        ➜ Explicit dependency on target 'Collections' in project 'swift-collections'
        ➜ Explicit dependency on target 'Logging' in project 'swift-log'
    Target 'SwiftSCAD' in project 'SwiftSCAD'
        ➜ Explicit dependency on target 'Collections' in project 'swift-collections'
        ➜ Explicit dependency on target 'Logging' in project 'swift-log'
    Target 'Logging' in project 'swift-log'
        ➜ Explicit dependency on target 'Logging' in project 'swift-log'
    Target 'Logging' in project 'swift-log' (no dependencies)
    Target 'Collections' in project 'swift-collections'
        ➜ Explicit dependency on target 'Collections' in project 'swift-collections'
        ➜ Explicit dependency on target 'DequeModule' in project 'swift-collections'
        ➜ Explicit dependency on target 'OrderedCollections' in project 'swift-collections'
    Target 'Collections' in project 'swift-collections'
        ➜ Explicit dependency on target 'DequeModule' in project 'swift-collections'
        ➜ Explicit dependency on target 'OrderedCollections' in project 'swift-collections'
    Target 'OrderedCollections' in project 'swift-collections' (no dependencies)
    Target 'DequeModule' in project 'swift-collections' (no dependencies)
GatherProvisioningInputs
CreateBuildDescription
ClangStatCache /Applications/Xcode-15.2.0.app/Contents/Developer/Toolchains/XcodeDefault.xctoolchain/usr/bin/clang-stat-cache /Applications/Xcode-15.2.0.app/Contents/Developer/Platforms/WatchOS.platform/Developer/SDKs/WatchOS10.2.sdk /Users/admin/builder/spi-builder-workspace/.derivedData/SDKStatCaches.noindex/watchos10.2-21S355-1a03c8d25fc3596eb74c01d649b42752.sdkstatcache
    cd /Users/admin/builder/spi-builder-workspace/.swiftpm/xcode
    /Applications/Xcode-15.2.0.app/Contents/Developer/Toolchains/XcodeDefault.xctoolchain/usr/bin/clang-stat-cache /Applications/Xcode-15.2.0.app/Contents/Developer/Platforms/WatchOS.platform/Developer/SDKs/WatchOS10.2.sdk -o /Users/admin/builder/spi-builder-workspace/.derivedData/SDKStatCaches.noindex/watchos10.2-21S355-1a03c8d25fc3596eb74c01d649b42752.sdkstatcache
SwiftDriver Tests normal armv7k com.apple.xcode.tools.swift.compiler (in target 'Tests' from project 'SwiftSCAD')
    cd /Users/admin/builder/spi-builder-workspace
    builtin-SwiftDriver -- /Applications/Xcode-15.2.0.app/Contents/Developer/Toolchains/XcodeDefault.xctoolchain/usr/bin/swiftc -module-name Tests -Onone -enforce-exclusivity\=checked @/Users/admin/builder/spi-builder-workspace/.derivedData/Build/Intermediates.noindex/SwiftSCAD.build/Debug-watchos/Tests.build/Objects-normal/armv7k/Tests.SwiftFileList -DSWIFT_PACKAGE -DDEBUG -DXcode -enable-upcoming-feature ExistentialAny -enable-experimental-feature StrictConcurrency -sdk /Applications/Xcode-15.2.0.app/Contents/Developer/Platforms/WatchOS.platform/Developer/SDKs/WatchOS10.2.sdk -target armv7k-apple-watchos5.0 -g -module-cache-path /Users/admin/builder/spi-builder-workspace/.derivedData/ModuleCache.noindex -Xfrontend -serialize-debugging-options -profile-coverage-mapping -profile-generate -enable-testing -index-store-path /Users/admin/builder/spi-builder-workspace/.derivedData/Index.noindex/DataStore -swift-version 5 -I /Users/admin/builder/spi-builder-workspace/.derivedData/Build/Products/Debug-watchos -I /Applications/Xcode-15.2.0.app/Contents/Developer/Platforms/WatchOS.platform/Developer/usr/lib -F /Users/admin/builder/spi-builder-workspace/.derivedData/Build/Products/Debug-watchos/PackageFrameworks -F /Users/admin/builder/spi-builder-workspace/.derivedData/Build/Products/Debug-watchos/PackageFrameworks -F /Users/admin/builder/spi-builder-workspace/.derivedData/Build/Products/Debug-watchos/PackageFrameworks -F /Users/admin/builder/spi-builder-workspace/.derivedData/Build/Products/Debug-watchos/PackageFrameworks -F /Users/admin/builder/spi-builder-workspace/.derivedData/Build/Products/Debug-watchos/PackageFrameworks -F /Users/admin/builder/spi-builder-workspace/.derivedData/Build/Products/Debug-watchos -F /Applications/Xcode-15.2.0.app/Contents/Developer/Platforms/WatchOS.platform/Developer/Library/Frameworks -F /Applications/Xcode-15.2.0.app/Contents/Developer/Platforms/WatchOS.platform/Developer/SDKs/WatchOS10.2.sdk/Developer/Library/Frameworks -c -j10 -enable-batch-mode -incremental -Xcc -ivfsstatcache -Xcc /Users/admin/builder/spi-builder-workspace/.derivedData/SDKStatCaches.noindex/watchos10.2-21S355-1a03c8d25fc3596eb74c01d649b42752.sdkstatcache -output-file-map /Users/admin/builder/spi-builder-workspace/.derivedData/Build/Intermediates.noindex/SwiftSCAD.build/Debug-watchos/Tests.build/Objects-normal/armv7k/Tests-OutputFileMap.json -use-frontend-parseable-output -save-temps -no-color-diagnostics -serialize-diagnostics -emit-dependencies -emit-module -emit-module-path /Users/admin/builder/spi-builder-workspace/.derivedData/Build/Intermediates.noindex/SwiftSCAD.build/Debug-watchos/Tests.build/Objects-normal/armv7k/Tests.swiftmodule -validate-clang-modules-once -clang-build-session-file /Users/admin/builder/spi-builder-workspace/.derivedData/ModuleCache.noindex/Session.modulevalidation -Xfrontend -package-name -Xfrontend spi_builder_workspace -emit-const-values -Xfrontend -const-gather-protocols-file -Xfrontend /Users/admin/builder/spi-builder-workspace/.derivedData/Build/Intermediates.noindex/SwiftSCAD.build/Debug-watchos/Tests.build/Objects-normal/armv7k/Tests_const_extract_protocols.json -Xcc -I/Users/admin/builder/spi-builder-workspace/.derivedData/Build/Products/Debug-watchos/include -Xcc -I/Users/admin/builder/spi-builder-workspace/.derivedData/Build/Intermediates.noindex/SwiftSCAD.build/Debug-watchos/Tests.build/DerivedSources-normal/armv7k -Xcc -I/Users/admin/builder/spi-builder-workspace/.derivedData/Build/Intermediates.noindex/SwiftSCAD.build/Debug-watchos/Tests.build/DerivedSources/armv7k -Xcc -I/Users/admin/builder/spi-builder-workspace/.derivedData/Build/Intermediates.noindex/SwiftSCAD.build/Debug-watchos/Tests.build/DerivedSources -Xcc -DSWIFT_PACKAGE -Xcc -DDEBUG\=1 -working-directory /Users/admin/builder/spi-builder-workspace -experimental-emit-module-separately -disable-cmo
SwiftDriver Tests normal arm64_32 com.apple.xcode.tools.swift.compiler (in target 'Tests' from project 'SwiftSCAD')
    cd /Users/admin/builder/spi-builder-workspace
    builtin-SwiftDriver -- /Applications/Xcode-15.2.0.app/Contents/Developer/Toolchains/XcodeDefault.xctoolchain/usr/bin/swiftc -module-name Tests -Onone -enforce-exclusivity\=checked @/Users/admin/builder/spi-builder-workspace/.derivedData/Build/Intermediates.noindex/SwiftSCAD.build/Debug-watchos/Tests.build/Objects-normal/arm64_32/Tests.SwiftFileList -DSWIFT_PACKAGE -DDEBUG -DXcode -enable-upcoming-feature ExistentialAny -enable-experimental-feature StrictConcurrency -sdk /Applications/Xcode-15.2.0.app/Contents/Developer/Platforms/WatchOS.platform/Developer/SDKs/WatchOS10.2.sdk -target arm64_32-apple-watchos5.0 -g -module-cache-path /Users/admin/builder/spi-builder-workspace/.derivedData/ModuleCache.noindex -Xfrontend -serialize-debugging-options -profile-coverage-mapping -profile-generate -enable-testing -index-store-path /Users/admin/builder/spi-builder-workspace/.derivedData/Index.noindex/DataStore -swift-version 5 -I /Users/admin/builder/spi-builder-workspace/.derivedData/Build/Products/Debug-watchos -I /Applications/Xcode-15.2.0.app/Contents/Developer/Platforms/WatchOS.platform/Developer/usr/lib -F /Users/admin/builder/spi-builder-workspace/.derivedData/Build/Products/Debug-watchos/PackageFrameworks -F /Users/admin/builder/spi-builder-workspace/.derivedData/Build/Products/Debug-watchos/PackageFrameworks -F /Users/admin/builder/spi-builder-workspace/.derivedData/Build/Products/Debug-watchos/PackageFrameworks -F /Users/admin/builder/spi-builder-workspace/.derivedData/Build/Products/Debug-watchos/PackageFrameworks -F /Users/admin/builder/spi-builder-workspace/.derivedData/Build/Products/Debug-watchos/PackageFrameworks -F /Users/admin/builder/spi-builder-workspace/.derivedData/Build/Products/Debug-watchos -F /Applications/Xcode-15.2.0.app/Contents/Developer/Platforms/WatchOS.platform/Developer/Library/Frameworks -F /Applications/Xcode-15.2.0.app/Contents/Developer/Platforms/WatchOS.platform/Developer/SDKs/WatchOS10.2.sdk/Developer/Library/Frameworks -c -j10 -enable-batch-mode -incremental -Xcc -ivfsstatcache -Xcc /Users/admin/builder/spi-builder-workspace/.derivedData/SDKStatCaches.noindex/watchos10.2-21S355-1a03c8d25fc3596eb74c01d649b42752.sdkstatcache -output-file-map /Users/admin/builder/spi-builder-workspace/.derivedData/Build/Intermediates.noindex/SwiftSCAD.build/Debug-watchos/Tests.build/Objects-normal/arm64_32/Tests-OutputFileMap.json -use-frontend-parseable-output -save-temps -no-color-diagnostics -serialize-diagnostics -emit-dependencies -emit-module -emit-module-path /Users/admin/builder/spi-builder-workspace/.derivedData/Build/Intermediates.noindex/SwiftSCAD.build/Debug-watchos/Tests.build/Objects-normal/arm64_32/Tests.swiftmodule -validate-clang-modules-once -clang-build-session-file /Users/admin/builder/spi-builder-workspace/.derivedData/ModuleCache.noindex/Session.modulevalidation -Xfrontend -package-name -Xfrontend spi_builder_workspace -emit-const-values -Xfrontend -const-gather-protocols-file -Xfrontend /Users/admin/builder/spi-builder-workspace/.derivedData/Build/Intermediates.noindex/SwiftSCAD.build/Debug-watchos/Tests.build/Objects-normal/arm64_32/Tests_const_extract_protocols.json -Xcc -I/Users/admin/builder/spi-builder-workspace/.derivedData/Build/Products/Debug-watchos/include -Xcc -I/Users/admin/builder/spi-builder-workspace/.derivedData/Build/Intermediates.noindex/SwiftSCAD.build/Debug-watchos/Tests.build/DerivedSources-normal/arm64_32 -Xcc -I/Users/admin/builder/spi-builder-workspace/.derivedData/Build/Intermediates.noindex/SwiftSCAD.build/Debug-watchos/Tests.build/DerivedSources/arm64_32 -Xcc -I/Users/admin/builder/spi-builder-workspace/.derivedData/Build/Intermediates.noindex/SwiftSCAD.build/Debug-watchos/Tests.build/DerivedSources -Xcc -DSWIFT_PACKAGE -Xcc -DDEBUG\=1 -working-directory /Users/admin/builder/spi-builder-workspace -experimental-emit-module-separately -disable-cmo
SwiftDriver SwiftSCAD normal arm64_32 com.apple.xcode.tools.swift.compiler (in target 'SwiftSCAD' from project 'SwiftSCAD')
    cd /Users/admin/builder/spi-builder-workspace
    builtin-SwiftDriver -- /Applications/Xcode-15.2.0.app/Contents/Developer/Toolchains/XcodeDefault.xctoolchain/usr/bin/swiftc -module-name SwiftSCAD -Onone -enforce-exclusivity\=checked @/Users/admin/builder/spi-builder-workspace/.derivedData/Build/Intermediates.noindex/SwiftSCAD.build/Debug-watchos/SwiftSCAD.build/Objects-normal/arm64_32/SwiftSCAD.SwiftFileList -DSWIFT_PACKAGE -DDEBUG -DXcode -enable-upcoming-feature ExistentialAny -enable-experimental-feature StrictConcurrency -sdk /Applications/Xcode-15.2.0.app/Contents/Developer/Platforms/WatchOS.platform/Developer/SDKs/WatchOS10.2.sdk -target arm64_32-apple-watchos5.0 -g -module-cache-path /Users/admin/builder/spi-builder-workspace/.derivedData/ModuleCache.noindex -Xfrontend -serialize-debugging-options -profile-coverage-mapping -profile-generate -enable-testing -index-store-path /Users/admin/builder/spi-builder-workspace/.derivedData/Index.noindex/DataStore -swift-version 5 -I /Users/admin/builder/spi-builder-workspace/.derivedData/Build/Products/Debug-watchos -I /Applications/Xcode-15.2.0.app/Contents/Developer/Platforms/WatchOS.platform/Developer/usr/lib -F /Users/admin/builder/spi-builder-workspace/.derivedData/Build/Products/Debug-watchos/PackageFrameworks -F /Users/admin/builder/spi-builder-workspace/.derivedData/Build/Products/Debug-watchos/PackageFrameworks -F /Users/admin/builder/spi-builder-workspace/.derivedData/Build/Products/Debug-watchos/PackageFrameworks -F /Users/admin/builder/spi-builder-workspace/.derivedData/Build/Products/Debug-watchos/PackageFrameworks -F /Users/admin/builder/spi-builder-workspace/.derivedData/Build/Products/Debug-watchos -F /Applications/Xcode-15.2.0.app/Contents/Developer/Platforms/WatchOS.platform/Developer/Library/Frameworks -F /Applications/Xcode-15.2.0.app/Contents/Developer/Platforms/WatchOS.platform/Developer/SDKs/WatchOS10.2.sdk/Developer/Library/Frameworks -c -j10 -enable-batch-mode -incremental -Xcc -ivfsstatcache -Xcc /Users/admin/builder/spi-builder-workspace/.derivedData/SDKStatCaches.noindex/watchos10.2-21S355-1a03c8d25fc3596eb74c01d649b42752.sdkstatcache -output-file-map /Users/admin/builder/spi-builder-workspace/.derivedData/Build/Intermediates.noindex/SwiftSCAD.build/Debug-watchos/SwiftSCAD.build/Objects-normal/arm64_32/SwiftSCAD-OutputFileMap.json -use-frontend-parseable-output -save-temps -no-color-diagnostics -serialize-diagnostics -emit-dependencies -emit-module -emit-module-path /Users/admin/builder/spi-builder-workspace/.derivedData/Build/Intermediates.noindex/SwiftSCAD.build/Debug-watchos/SwiftSCAD.build/Objects-normal/arm64_32/SwiftSCAD.swiftmodule -validate-clang-modules-once -clang-build-session-file /Users/admin/builder/spi-builder-workspace/.derivedData/ModuleCache.noindex/Session.modulevalidation -Xfrontend -package-name -Xfrontend spi_builder_workspace -Xcc -I/Users/admin/builder/spi-builder-workspace/.derivedData/Build/Intermediates.noindex/SwiftSCAD.build/Debug-watchos/SwiftSCAD.build/swift-overrides.hmap -emit-const-values -Xfrontend -const-gather-protocols-file -Xfrontend /Users/admin/builder/spi-builder-workspace/.derivedData/Build/Intermediates.noindex/SwiftSCAD.build/Debug-watchos/SwiftSCAD.build/Objects-normal/arm64_32/SwiftSCAD_const_extract_protocols.json -Xcc -I/Users/admin/builder/spi-builder-workspace/.derivedData/Build/Products/Debug-watchos/include -Xcc -I/Users/admin/builder/spi-builder-workspace/.derivedData/Build/Intermediates.noindex/SwiftSCAD.build/Debug-watchos/SwiftSCAD.build/DerivedSources-normal/arm64_32 -Xcc -I/Users/admin/builder/spi-builder-workspace/.derivedData/Build/Intermediates.noindex/SwiftSCAD.build/Debug-watchos/SwiftSCAD.build/DerivedSources/arm64_32 -Xcc -I/Users/admin/builder/spi-builder-workspace/.derivedData/Build/Intermediates.noindex/SwiftSCAD.build/Debug-watchos/SwiftSCAD.build/DerivedSources -Xcc -DSWIFT_PACKAGE -Xcc -DDEBUG\=1 -emit-objc-header -emit-objc-header-path /Users/admin/builder/spi-builder-workspace/.derivedData/Build/Intermediates.noindex/SwiftSCAD.build/Debug-watchos/SwiftSCAD.build/Objects-normal/arm64_32/SwiftSCAD-Swift.h -working-directory /Users/admin/builder/spi-builder-workspace -experimental-emit-module-separately -disable-cmo
SwiftDriver SwiftSCAD normal armv7k com.apple.xcode.tools.swift.compiler (in target 'SwiftSCAD' from project 'SwiftSCAD')
    cd /Users/admin/builder/spi-builder-workspace
    builtin-SwiftDriver -- /Applications/Xcode-15.2.0.app/Contents/Developer/Toolchains/XcodeDefault.xctoolchain/usr/bin/swiftc -module-name SwiftSCAD -Onone -enforce-exclusivity\=checked @/Users/admin/builder/spi-builder-workspace/.derivedData/Build/Intermediates.noindex/SwiftSCAD.build/Debug-watchos/SwiftSCAD.build/Objects-normal/armv7k/SwiftSCAD.SwiftFileList -DSWIFT_PACKAGE -DDEBUG -DXcode -enable-upcoming-feature ExistentialAny -enable-experimental-feature StrictConcurrency -sdk /Applications/Xcode-15.2.0.app/Contents/Developer/Platforms/WatchOS.platform/Developer/SDKs/WatchOS10.2.sdk -target armv7k-apple-watchos5.0 -g -module-cache-path /Users/admin/builder/spi-builder-workspace/.derivedData/ModuleCache.noindex -Xfrontend -serialize-debugging-options -profile-coverage-mapping -profile-generate -enable-testing -index-store-path /Users/admin/builder/spi-builder-workspace/.derivedData/Index.noindex/DataStore -swift-version 5 -I /Users/admin/builder/spi-builder-workspace/.derivedData/Build/Products/Debug-watchos -I /Applications/Xcode-15.2.0.app/Contents/Developer/Platforms/WatchOS.platform/Developer/usr/lib -F /Users/admin/builder/spi-builder-workspace/.derivedData/Build/Products/Debug-watchos/PackageFrameworks -F /Users/admin/builder/spi-builder-workspace/.derivedData/Build/Products/Debug-watchos/PackageFrameworks -F /Users/admin/builder/spi-builder-workspace/.derivedData/Build/Products/Debug-watchos/PackageFrameworks -F /Users/admin/builder/spi-builder-workspace/.derivedData/Build/Products/Debug-watchos/PackageFrameworks -F /Users/admin/builder/spi-builder-workspace/.derivedData/Build/Products/Debug-watchos -F /Applications/Xcode-15.2.0.app/Contents/Developer/Platforms/WatchOS.platform/Developer/Library/Frameworks -F /Applications/Xcode-15.2.0.app/Contents/Developer/Platforms/WatchOS.platform/Developer/SDKs/WatchOS10.2.sdk/Developer/Library/Frameworks -c -j10 -enable-batch-mode -incremental -Xcc -ivfsstatcache -Xcc /Users/admin/builder/spi-builder-workspace/.derivedData/SDKStatCaches.noindex/watchos10.2-21S355-1a03c8d25fc3596eb74c01d649b42752.sdkstatcache -output-file-map /Users/admin/builder/spi-builder-workspace/.derivedData/Build/Intermediates.noindex/SwiftSCAD.build/Debug-watchos/SwiftSCAD.build/Objects-normal/armv7k/SwiftSCAD-OutputFileMap.json -use-frontend-parseable-output -save-temps -no-color-diagnostics -serialize-diagnostics -emit-dependencies -emit-module -emit-module-path /Users/admin/builder/spi-builder-workspace/.derivedData/Build/Intermediates.noindex/SwiftSCAD.build/Debug-watchos/SwiftSCAD.build/Objects-normal/armv7k/SwiftSCAD.swiftmodule -validate-clang-modules-once -clang-build-session-file /Users/admin/builder/spi-builder-workspace/.derivedData/ModuleCache.noindex/Session.modulevalidation -Xfrontend -package-name -Xfrontend spi_builder_workspace -Xcc -I/Users/admin/builder/spi-builder-workspace/.derivedData/Build/Intermediates.noindex/SwiftSCAD.build/Debug-watchos/SwiftSCAD.build/swift-overrides.hmap -emit-const-values -Xfrontend -const-gather-protocols-file -Xfrontend /Users/admin/builder/spi-builder-workspace/.derivedData/Build/Intermediates.noindex/SwiftSCAD.build/Debug-watchos/SwiftSCAD.build/Objects-normal/armv7k/SwiftSCAD_const_extract_protocols.json -Xcc -I/Users/admin/builder/spi-builder-workspace/.derivedData/Build/Products/Debug-watchos/include -Xcc -I/Users/admin/builder/spi-builder-workspace/.derivedData/Build/Intermediates.noindex/SwiftSCAD.build/Debug-watchos/SwiftSCAD.build/DerivedSources-normal/armv7k -Xcc -I/Users/admin/builder/spi-builder-workspace/.derivedData/Build/Intermediates.noindex/SwiftSCAD.build/Debug-watchos/SwiftSCAD.build/DerivedSources/armv7k -Xcc -I/Users/admin/builder/spi-builder-workspace/.derivedData/Build/Intermediates.noindex/SwiftSCAD.build/Debug-watchos/SwiftSCAD.build/DerivedSources -Xcc -DSWIFT_PACKAGE -Xcc -DDEBUG\=1 -emit-objc-header -emit-objc-header-path /Users/admin/builder/spi-builder-workspace/.derivedData/Build/Intermediates.noindex/SwiftSCAD.build/Debug-watchos/SwiftSCAD.build/Objects-normal/armv7k/SwiftSCAD-Swift.h -working-directory /Users/admin/builder/spi-builder-workspace -experimental-emit-module-separately -disable-cmo
SwiftDriver SwiftSCAD normal arm64 com.apple.xcode.tools.swift.compiler (in target 'SwiftSCAD' from project 'SwiftSCAD')
    cd /Users/admin/builder/spi-builder-workspace
    builtin-SwiftDriver -- /Applications/Xcode-15.2.0.app/Contents/Developer/Toolchains/XcodeDefault.xctoolchain/usr/bin/swiftc -module-name SwiftSCAD -Onone -enforce-exclusivity\=checked @/Users/admin/builder/spi-builder-workspace/.derivedData/Build/Intermediates.noindex/SwiftSCAD.build/Debug-watchos/SwiftSCAD.build/Objects-normal/arm64/SwiftSCAD.SwiftFileList -DSWIFT_PACKAGE -DDEBUG -DXcode -enable-upcoming-feature ExistentialAny -enable-experimental-feature StrictConcurrency -sdk /Applications/Xcode-15.2.0.app/Contents/Developer/Platforms/WatchOS.platform/Developer/SDKs/WatchOS10.2.sdk -target arm64-apple-watchos5.0 -g -module-cache-path /Users/admin/builder/spi-builder-workspace/.derivedData/ModuleCache.noindex -Xfrontend -serialize-debugging-options -profile-coverage-mapping -profile-generate -enable-testing -index-store-path /Users/admin/builder/spi-builder-workspace/.derivedData/Index.noindex/DataStore -swift-version 5 -I /Users/admin/builder/spi-builder-workspace/.derivedData/Build/Products/Debug-watchos -I /Applications/Xcode-15.2.0.app/Contents/Developer/Platforms/WatchOS.platform/Developer/usr/lib -F /Users/admin/builder/spi-builder-workspace/.derivedData/Build/Products/Debug-watchos/PackageFrameworks -F /Users/admin/builder/spi-builder-workspace/.derivedData/Build/Products/Debug-watchos/PackageFrameworks -F /Users/admin/builder/spi-builder-workspace/.derivedData/Build/Products/Debug-watchos/PackageFrameworks -F /Users/admin/builder/spi-builder-workspace/.derivedData/Build/Products/Debug-watchos/PackageFrameworks -F /Users/admin/builder/spi-builder-workspace/.derivedData/Build/Products/Debug-watchos -F /Applications/Xcode-15.2.0.app/Contents/Developer/Platforms/WatchOS.platform/Developer/Library/Frameworks -F /Applications/Xcode-15.2.0.app/Contents/Developer/Platforms/WatchOS.platform/Developer/SDKs/WatchOS10.2.sdk/Developer/Library/Frameworks -c -j10 -enable-batch-mode -incremental -Xcc -ivfsstatcache -Xcc /Users/admin/builder/spi-builder-workspace/.derivedData/SDKStatCaches.noindex/watchos10.2-21S355-1a03c8d25fc3596eb74c01d649b42752.sdkstatcache -output-file-map /Users/admin/builder/spi-builder-workspace/.derivedData/Build/Intermediates.noindex/SwiftSCAD.build/Debug-watchos/SwiftSCAD.build/Objects-normal/arm64/SwiftSCAD-OutputFileMap.json -use-frontend-parseable-output -save-temps -no-color-diagnostics -serialize-diagnostics -emit-dependencies -emit-module -emit-module-path /Users/admin/builder/spi-builder-workspace/.derivedData/Build/Intermediates.noindex/SwiftSCAD.build/Debug-watchos/SwiftSCAD.build/Objects-normal/arm64/SwiftSCAD.swiftmodule -validate-clang-modules-once -clang-build-session-file /Users/admin/builder/spi-builder-workspace/.derivedData/ModuleCache.noindex/Session.modulevalidation -Xfrontend -package-name -Xfrontend spi_builder_workspace -Xcc -I/Users/admin/builder/spi-builder-workspace/.derivedData/Build/Intermediates.noindex/SwiftSCAD.build/Debug-watchos/SwiftSCAD.build/swift-overrides.hmap -emit-const-values -Xfrontend -const-gather-protocols-file -Xfrontend /Users/admin/builder/spi-builder-workspace/.derivedData/Build/Intermediates.noindex/SwiftSCAD.build/Debug-watchos/SwiftSCAD.build/Objects-normal/arm64/SwiftSCAD_const_extract_protocols.json -Xcc -I/Users/admin/builder/spi-builder-workspace/.derivedData/Build/Products/Debug-watchos/include -Xcc -I/Users/admin/builder/spi-builder-workspace/.derivedData/Build/Intermediates.noindex/SwiftSCAD.build/Debug-watchos/SwiftSCAD.build/DerivedSources-normal/arm64 -Xcc -I/Users/admin/builder/spi-builder-workspace/.derivedData/Build/Intermediates.noindex/SwiftSCAD.build/Debug-watchos/SwiftSCAD.build/DerivedSources/arm64 -Xcc -I/Users/admin/builder/spi-builder-workspace/.derivedData/Build/Intermediates.noindex/SwiftSCAD.build/Debug-watchos/SwiftSCAD.build/DerivedSources -Xcc -DSWIFT_PACKAGE -Xcc -DDEBUG\=1 -emit-objc-header -emit-objc-header-path /Users/admin/builder/spi-builder-workspace/.derivedData/Build/Intermediates.noindex/SwiftSCAD.build/Debug-watchos/SwiftSCAD.build/Objects-normal/arm64/SwiftSCAD-Swift.h -working-directory /Users/admin/builder/spi-builder-workspace -experimental-emit-module-separately -disable-cmo
SwiftDriver Tests normal arm64 com.apple.xcode.tools.swift.compiler (in target 'Tests' from project 'SwiftSCAD')
    cd /Users/admin/builder/spi-builder-workspace
    builtin-SwiftDriver -- /Applications/Xcode-15.2.0.app/Contents/Developer/Toolchains/XcodeDefault.xctoolchain/usr/bin/swiftc -module-name Tests -Onone -enforce-exclusivity\=checked @/Users/admin/builder/spi-builder-workspace/.derivedData/Build/Intermediates.noindex/SwiftSCAD.build/Debug-watchos/Tests.build/Objects-normal/arm64/Tests.SwiftFileList -DSWIFT_PACKAGE -DDEBUG -DXcode -enable-upcoming-feature ExistentialAny -enable-experimental-feature StrictConcurrency -sdk /Applications/Xcode-15.2.0.app/Contents/Developer/Platforms/WatchOS.platform/Developer/SDKs/WatchOS10.2.sdk -target arm64-apple-watchos5.0 -g -module-cache-path /Users/admin/builder/spi-builder-workspace/.derivedData/ModuleCache.noindex -Xfrontend -serialize-debugging-options -profile-coverage-mapping -profile-generate -enable-testing -index-store-path /Users/admin/builder/spi-builder-workspace/.derivedData/Index.noindex/DataStore -swift-version 5 -I /Users/admin/builder/spi-builder-workspace/.derivedData/Build/Products/Debug-watchos -I /Applications/Xcode-15.2.0.app/Contents/Developer/Platforms/WatchOS.platform/Developer/usr/lib -F /Users/admin/builder/spi-builder-workspace/.derivedData/Build/Products/Debug-watchos/PackageFrameworks -F /Users/admin/builder/spi-builder-workspace/.derivedData/Build/Products/Debug-watchos/PackageFrameworks -F /Users/admin/builder/spi-builder-workspace/.derivedData/Build/Products/Debug-watchos/PackageFrameworks -F /Users/admin/builder/spi-builder-workspace/.derivedData/Build/Products/Debug-watchos/PackageFrameworks -F /Users/admin/builder/spi-builder-workspace/.derivedData/Build/Products/Debug-watchos/PackageFrameworks -F /Users/admin/builder/spi-builder-workspace/.derivedData/Build/Products/Debug-watchos -F /Applications/Xcode-15.2.0.app/Contents/Developer/Platforms/WatchOS.platform/Developer/Library/Frameworks -F /Applications/Xcode-15.2.0.app/Contents/Developer/Platforms/WatchOS.platform/Developer/SDKs/WatchOS10.2.sdk/Developer/Library/Frameworks -c -j10 -enable-batch-mode -incremental -Xcc -ivfsstatcache -Xcc /Users/admin/builder/spi-builder-workspace/.derivedData/SDKStatCaches.noindex/watchos10.2-21S355-1a03c8d25fc3596eb74c01d649b42752.sdkstatcache -output-file-map /Users/admin/builder/spi-builder-workspace/.derivedData/Build/Intermediates.noindex/SwiftSCAD.build/Debug-watchos/Tests.build/Objects-normal/arm64/Tests-OutputFileMap.json -use-frontend-parseable-output -save-temps -no-color-diagnostics -serialize-diagnostics -emit-dependencies -emit-module -emit-module-path /Users/admin/builder/spi-builder-workspace/.derivedData/Build/Intermediates.noindex/SwiftSCAD.build/Debug-watchos/Tests.build/Objects-normal/arm64/Tests.swiftmodule -validate-clang-modules-once -clang-build-session-file /Users/admin/builder/spi-builder-workspace/.derivedData/ModuleCache.noindex/Session.modulevalidation -Xfrontend -package-name -Xfrontend spi_builder_workspace -emit-const-values -Xfrontend -const-gather-protocols-file -Xfrontend /Users/admin/builder/spi-builder-workspace/.derivedData/Build/Intermediates.noindex/SwiftSCAD.build/Debug-watchos/Tests.build/Objects-normal/arm64/Tests_const_extract_protocols.json -Xcc -I/Users/admin/builder/spi-builder-workspace/.derivedData/Build/Products/Debug-watchos/include -Xcc -I/Users/admin/builder/spi-builder-workspace/.derivedData/Build/Intermediates.noindex/SwiftSCAD.build/Debug-watchos/Tests.build/DerivedSources-normal/arm64 -Xcc -I/Users/admin/builder/spi-builder-workspace/.derivedData/Build/Intermediates.noindex/SwiftSCAD.build/Debug-watchos/Tests.build/DerivedSources/arm64 -Xcc -I/Users/admin/builder/spi-builder-workspace/.derivedData/Build/Intermediates.noindex/SwiftSCAD.build/Debug-watchos/Tests.build/DerivedSources -Xcc -DSWIFT_PACKAGE -Xcc -DDEBUG\=1 -working-directory /Users/admin/builder/spi-builder-workspace -experimental-emit-module-separately -disable-cmo
SwiftEmitModule normal arm64_32 Emitting\ module\ for\ Tests (in target 'Tests' from project 'SwiftSCAD')
    cd /Users/admin/builder/spi-builder-workspace
    builtin-swiftTaskExecution -- /Applications/Xcode-15.2.0.app/Contents/Developer/Toolchains/XcodeDefault.xctoolchain/usr/bin/swift-frontend -frontend -emit-module -experimental-skip-non-inlinable-function-bodies-without-types /Users/admin/builder/spi-builder-workspace/.derivedData/Build/Intermediates.noindex/SwiftSCAD.build/Debug-watchos/Tests.build/DerivedSources/resource_bundle_accessor.swift /Users/admin/builder/spi-builder-workspace/Tests/Tests/2D.swift /Users/admin/builder/spi-builder-workspace/Tests/Tests/3D.swift /Users/admin/builder/spi-builder-workspace/Tests/Tests/BezierCurve.swift /Users/admin/builder/spi-builder-workspace/Tests/Tests/BezierPath.swift /Users/admin/builder/spi-builder-workspace/Tests/Tests/Bounds.swift /Users/admin/builder/spi-builder-workspace/Tests/Tests/Common/ApproximatelyEquatable.swift /Users/admin/builder/spi-builder-workspace/Tests/Tests/Common/Helpers.swift /Users/admin/builder/spi-builder-workspace/Tests/Tests/Examples.swift /Users/admin/builder/spi-builder-workspace/Tests/Tests/Matrix.swift /Users/admin/builder/spi-builder-workspace/Tests/Tests/Operation.swift /Users/admin/builder/spi-builder-workspace/Tests/Tests/Result.swift /Users/admin/builder/spi-builder-workspace/Tests/Tests/Transform.swift -target arm64_32-apple-watchos5.0 -enable-objc-interop -sdk /Applications/Xcode-15.2.0.app/Contents/Developer/Platforms/WatchOS.platform/Developer/SDKs/WatchOS10.2.sdk -I /Users/admin/builder/spi-builder-workspace/.derivedData/Build/Products/Debug-watchos -I /Applications/Xcode-15.2.0.app/Contents/Developer/Platforms/WatchOS.platform/Developer/usr/lib -F /Users/admin/builder/spi-builder-workspace/.derivedData/Build/Products/Debug-watchos/PackageFrameworks -F /Users/admin/builder/spi-builder-workspace/.derivedData/Build/Products/Debug-watchos/PackageFrameworks -F /Users/admin/builder/spi-builder-workspace/.derivedData/Build/Products/Debug-watchos/PackageFrameworks -F /Users/admin/builder/spi-builder-workspace/.derivedData/Build/Products/Debug-watchos/PackageFrameworks -F /Users/admin/builder/spi-builder-workspace/.derivedData/Build/Products/Debug-watchos/PackageFrameworks -F /Users/admin/builder/spi-builder-workspace/.derivedData/Build/Products/Debug-watchos -F /Applications/Xcode-15.2.0.app/Contents/Developer/Platforms/WatchOS.platform/Developer/Library/Frameworks -F /Applications/Xcode-15.2.0.app/Contents/Developer/Platforms/WatchOS.platform/Developer/SDKs/WatchOS10.2.sdk/Developer/Library/Frameworks -no-color-diagnostics -enable-testing -g -module-cache-path /Users/admin/builder/spi-builder-workspace/.derivedData/ModuleCache.noindex -profile-generate -profile-coverage-mapping -swift-version 5 -enforce-exclusivity\=checked -Onone -D SWIFT_PACKAGE -D DEBUG -D Xcode -serialize-debugging-options -package-name spi_builder_workspace -const-gather-protocols-file /Users/admin/builder/spi-builder-workspace/.derivedData/Build/Intermediates.noindex/SwiftSCAD.build/Debug-watchos/Tests.build/Objects-normal/arm64_32/Tests_const_extract_protocols.json -enable-experimental-feature StrictConcurrency -enable-upcoming-feature ExistentialAny -empty-abi-descriptor -validate-clang-modules-once -clang-build-session-file /Users/admin/builder/spi-builder-workspace/.derivedData/ModuleCache.noindex/Session.modulevalidation -Xcc -working-directory -Xcc /Users/admin/builder/spi-builder-workspace -resource-dir /Applications/Xcode-15.2.0.app/Contents/Developer/Toolchains/XcodeDefault.xctoolchain/usr/lib/swift -enable-anonymous-context-mangled-names -Xcc -ivfsstatcache -Xcc /Users/admin/builder/spi-builder-workspace/.derivedData/SDKStatCaches.noindex/watchos10.2-21S355-1a03c8d25fc3596eb74c01d649b42752.sdkstatcache -Xcc -I/Users/admin/builder/spi-builder-workspace/.derivedData/Build/Products/Debug-watchos/include -Xcc -I/Users/admin/builder/spi-builder-workspace/.derivedData/Build/Intermediates.noindex/SwiftSCAD.build/Debug-watchos/Tests.build/DerivedSources-normal/arm64_32 -Xcc -I/Users/admin/builder/spi-builder-workspace/.derivedData/Build/Intermediates.noindex/SwiftSCAD.build/Debug-watchos/Tests.build/DerivedSources/arm64_32 -Xcc -I/Users/admin/builder/spi-builder-workspace/.derivedData/Build/Intermediates.noindex/SwiftSCAD.build/Debug-watchos/Tests.build/DerivedSources -Xcc -DSWIFT_PACKAGE -Xcc -DDEBUG\=1 -module-name Tests -disable-clang-spi -target-sdk-version 10.2 -target-sdk-name watchos10.2 -external-plugin-path /Applications/Xcode-15.2.0.app/Contents/Developer/Platforms/WatchOS.platform/Developer/SDKs/WatchOS10.2.sdk/usr/lib/swift/host/plugins\#/Applications/Xcode-15.2.0.app/Contents/Developer/Platforms/WatchOS.platform/Developer/SDKs/WatchOS10.2.sdk/usr/bin/swift-plugin-server -external-plugin-path /Applications/Xcode-15.2.0.app/Contents/Developer/Platforms/WatchOS.platform/Developer/SDKs/WatchOS10.2.sdk/usr/local/lib/swift/host/plugins\#/Applications/Xcode-15.2.0.app/Contents/Developer/Platforms/WatchOS.platform/Developer/SDKs/WatchOS10.2.sdk/usr/bin/swift-plugin-server -external-plugin-path /Applications/Xcode-15.2.0.app/Contents/Developer/Platforms/WatchOS.platform/Developer/usr/lib/swift/host/plugins\#/Applications/Xcode-15.2.0.app/Contents/Developer/Platforms/WatchOS.platform/Developer/usr/bin/swift-plugin-server -external-plugin-path /Applications/Xcode-15.2.0.app/Contents/Developer/Platforms/WatchOS.platform/Developer/usr/local/lib/swift/host/plugins\#/Applications/Xcode-15.2.0.app/Contents/Developer/Platforms/WatchOS.platform/Developer/usr/bin/swift-plugin-server -plugin-path /Applications/Xcode-15.2.0.app/Contents/Developer/Toolchains/XcodeDefault.xctoolchain/usr/lib/swift/host/plugins -plugin-path /Applications/Xcode-15.2.0.app/Contents/Developer/Toolchains/XcodeDefault.xctoolchain/usr/local/lib/swift/host/plugins -emit-module-doc-path /Users/admin/builder/spi-builder-workspace/.derivedData/Build/Intermediates.noindex/SwiftSCAD.build/Debug-watchos/Tests.build/Objects-normal/arm64_32/Tests.swiftdoc -emit-module-source-info-path /Users/admin/builder/spi-builder-workspace/.derivedData/Build/Intermediates.noindex/SwiftSCAD.build/Debug-watchos/Tests.build/Objects-normal/arm64_32/Tests.swiftsourceinfo -serialize-diagnostics-path /Users/admin/builder/spi-builder-workspace/.derivedData/Build/Intermediates.noindex/SwiftSCAD.build/Debug-watchos/Tests.build/Objects-normal/arm64_32/Tests-master-emit-module.dia -emit-dependencies-path /Users/admin/builder/spi-builder-workspace/.derivedData/Build/Intermediates.noindex/SwiftSCAD.build/Debug-watchos/Tests.build/Objects-normal/arm64_32/Tests-master-emit-module.d -o /Users/admin/builder/spi-builder-workspace/.derivedData/Build/Intermediates.noindex/SwiftSCAD.build/Debug-watchos/Tests.build/Objects-normal/arm64_32/Tests.swiftmodule -emit-abi-descriptor-path /Users/admin/builder/spi-builder-workspace/.derivedData/Build/Intermediates.noindex/SwiftSCAD.build/Debug-watchos/Tests.build/Objects-normal/arm64_32/Tests.abi.json
/Users/admin/builder/spi-builder-workspace/Tests/Tests/2D.swift:1:8: error: no such module 'Testing'
import Testing
       ^
SwiftCompile normal arm64_32 Compiling\ Result.swift /Users/admin/builder/spi-builder-workspace/Tests/Tests/Result.swift (in target 'Tests' from project 'SwiftSCAD')
    cd /Users/admin/builder/spi-builder-workspace
    builtin-swiftTaskExecution -- /Applications/Xcode-15.2.0.app/Contents/Developer/Toolchains/XcodeDefault.xctoolchain/usr/bin/swift-frontend -frontend -c /Users/admin/builder/spi-builder-workspace/.derivedData/Build/Intermediates.noindex/SwiftSCAD.build/Debug-watchos/Tests.build/DerivedSources/resource_bundle_accessor.swift /Users/admin/builder/spi-builder-workspace/Tests/Tests/2D.swift /Users/admin/builder/spi-builder-workspace/Tests/Tests/3D.swift /Users/admin/builder/spi-builder-workspace/Tests/Tests/BezierCurve.swift /Users/admin/builder/spi-builder-workspace/Tests/Tests/BezierPath.swift /Users/admin/builder/spi-builder-workspace/Tests/Tests/Bounds.swift /Users/admin/builder/spi-builder-workspace/Tests/Tests/Common/ApproximatelyEquatable.swift /Users/admin/builder/spi-builder-workspace/Tests/Tests/Common/Helpers.swift /Users/admin/builder/spi-builder-workspace/Tests/Tests/Examples.swift /Users/admin/builder/spi-builder-workspace/Tests/Tests/Matrix.swift /Users/admin/builder/spi-builder-workspace/Tests/Tests/Operation.swift -primary-file /Users/admin/builder/spi-builder-workspace/Tests/Tests/Result.swift /Users/admin/builder/spi-builder-workspace/Tests/Tests/Transform.swift -emit-dependencies-path /Users/admin/builder/spi-builder-workspace/.derivedData/Build/Intermediates.noindex/SwiftSCAD.build/Debug-watchos/Tests.build/Objects-normal/arm64_32/Result.d -emit-const-values-path /Users/admin/builder/spi-builder-workspace/.derivedData/Build/Intermediates.noindex/SwiftSCAD.build/Debug-watchos/Tests.build/Objects-normal/arm64_32/Result.swiftconstvalues -emit-reference-dependencies-path /Users/admin/builder/spi-builder-workspace/.derivedData/Build/Intermediates.noindex/SwiftSCAD.build/Debug-watchos/Tests.build/Objects-normal/arm64_32/Result.swiftdeps -serialize-diagnostics-path /Users/admin/builder/spi-builder-workspace/.derivedData/Build/Intermediates.noindex/SwiftSCAD.build/Debug-watchos/Tests.build/Objects-normal/arm64_32/Result.dia -target arm64_32-apple-watchos5.0 -enable-objc-interop -sdk /Applications/Xcode-15.2.0.app/Contents/Developer/Platforms/WatchOS.platform/Developer/SDKs/WatchOS10.2.sdk -I /Users/admin/builder/spi-builder-workspace/.derivedData/Build/Products/Debug-watchos -I /Applications/Xcode-15.2.0.app/Contents/Developer/Platforms/WatchOS.platform/Developer/usr/lib -F /Users/admin/builder/spi-builder-workspace/.derivedData/Build/Products/Debug-watchos/PackageFrameworks -F /Users/admin/builder/spi-builder-workspace/.derivedData/Build/Products/Debug-watchos/PackageFrameworks -F /Users/admin/builder/spi-builder-workspace/.derivedData/Build/Products/Debug-watchos/PackageFrameworks -F /Users/admin/builder/spi-builder-workspace/.derivedData/Build/Products/Debug-watchos/PackageFrameworks -F /Users/admin/builder/spi-builder-workspace/.derivedData/Build/Products/Debug-watchos/PackageFrameworks -F /Users/admin/builder/spi-builder-workspace/.derivedData/Build/Products/Debug-watchos -F /Applications/Xcode-15.2.0.app/Contents/Developer/Platforms/WatchOS.platform/Developer/Library/Frameworks -F /Applications/Xcode-15.2.0.app/Contents/Developer/Platforms/WatchOS.platform/Developer/SDKs/WatchOS10.2.sdk/Developer/Library/Frameworks -no-color-diagnostics -enable-testing -g -module-cache-path /Users/admin/builder/spi-builder-workspace/.derivedData/ModuleCache.noindex -profile-generate -profile-coverage-mapping -swift-version 5 -enforce-exclusivity\=checked -Onone -D SWIFT_PACKAGE -D DEBUG -D Xcode -serialize-debugging-options -package-name spi_builder_workspace -const-gather-protocols-file /Users/admin/builder/spi-builder-workspace/.derivedData/Build/Intermediates.noindex/SwiftSCAD.build/Debug-watchos/Tests.build/Objects-normal/arm64_32/Tests_const_extract_protocols.json -enable-experimental-feature StrictConcurrency -enable-upcoming-feature ExistentialAny -empty-abi-descriptor -validate-clang-modules-once -clang-build-session-file /Users/admin/builder/spi-builder-workspace/.derivedData/ModuleCache.noindex/Session.modulevalidation -Xcc -working-directory -Xcc /Users/admin/builder/spi-builder-workspace -resource-dir /Applications/Xcode-15.2.0.app/Contents/Developer/Toolchains/XcodeDefault.xctoolchain/usr/lib/swift -enable-anonymous-context-mangled-names -Xcc -ivfsstatcache -Xcc /Users/admin/builder/spi-builder-workspace/.derivedData/SDKStatCaches.noindex/watchos10.2-21S355-1a03c8d25fc3596eb74c01d649b42752.sdkstatcache -Xcc -I/Users/admin/builder/spi-builder-workspace/.derivedData/Build/Products/Debug-watchos/include -Xcc -I/Users/admin/builder/spi-builder-workspace/.derivedData/Build/Intermediates.noindex/SwiftSCAD.build/Debug-watchos/Tests.build/DerivedSources-normal/arm64_32 -Xcc -I/Users/admin/builder/spi-builder-workspace/.derivedData/Build/Intermediates.noindex/SwiftSCAD.build/Debug-watchos/Tests.build/DerivedSources/arm64_32 -Xcc -I/Users/admin/builder/spi-builder-workspace/.derivedData/Build/Intermediates.noindex/SwiftSCAD.build/Debug-watchos/Tests.build/DerivedSources -Xcc -DSWIFT_PACKAGE -Xcc -DDEBUG\=1 -module-name Tests -frontend-parseable-output -disable-clang-spi -target-sdk-version 10.2 -target-sdk-name watchos10.2 -external-plugin-path /Applications/Xcode-15.2.0.app/Contents/Developer/Platforms/WatchOS.platform/Developer/SDKs/WatchOS10.2.sdk/usr/lib/swift/host/plugins\#/Applications/Xcode-15.2.0.app/Contents/Developer/Platforms/WatchOS.platform/Developer/SDKs/WatchOS10.2.sdk/usr/bin/swift-plugin-server -external-plugin-path /Applications/Xcode-15.2.0.app/Contents/Developer/Platforms/WatchOS.platform/Developer/SDKs/WatchOS10.2.sdk/usr/local/lib/swift/host/plugins\#/Applications/Xcode-15.2.0.app/Contents/Developer/Platforms/WatchOS.platform/Developer/SDKs/WatchOS10.2.sdk/usr/bin/swift-plugin-server -external-plugin-path /Applications/Xcode-15.2.0.app/Contents/Developer/Platforms/WatchOS.platform/Developer/usr/lib/swift/host/plugins\#/Applications/Xcode-15.2.0.app/Contents/Developer/Platforms/WatchOS.platform/Developer/usr/bin/swift-plugin-server -external-plugin-path /Applications/Xcode-15.2.0.app/Contents/Developer/Platforms/WatchOS.platform/Developer/usr/local/lib/swift/host/plugins\#/Applications/Xcode-15.2.0.app/Contents/Developer/Platforms/WatchOS.platform/Developer/usr/bin/swift-plugin-server -plugin-path /Applications/Xcode-15.2.0.app/Contents/Developer/Toolchains/XcodeDefault.xctoolchain/usr/lib/swift/host/plugins -plugin-path /Applications/Xcode-15.2.0.app/Contents/Developer/Toolchains/XcodeDefault.xctoolchain/usr/local/lib/swift/host/plugins -o /Users/admin/builder/spi-builder-workspace/.derivedData/Build/Intermediates.noindex/SwiftSCAD.build/Debug-watchos/Tests.build/Objects-normal/arm64_32/Result.o -index-unit-output-path /SwiftSCAD.build/Debug-watchos/Tests.build/Objects-normal/arm64_32/Result.o -index-store-path /Users/admin/builder/spi-builder-workspace/.derivedData/Index.noindex/DataStore -index-system-modules
SwiftCompile normal arm64_32 /Users/admin/builder/spi-builder-workspace/Tests/Tests/Result.swift (in target 'Tests' from project 'SwiftSCAD')
    cd /Users/admin/builder/spi-builder-workspace
    /Applications/Xcode-15.2.0.app/Contents/Developer/Toolchains/XcodeDefault.xctoolchain/usr/bin/swift-frontend -c /Users/admin/builder/spi-builder-workspace/.derivedData/Build/Intermediates.noindex/SwiftSCAD.build/Debug-watchos/Tests.build/DerivedSources/resource_bundle_accessor.swift /Users/admin/builder/spi-builder-workspace/Tests/Tests/2D.swift /Users/admin/builder/spi-builder-workspace/Tests/Tests/3D.swift /Users/admin/builder/spi-builder-workspace/Tests/Tests/BezierCurve.swift /Users/admin/builder/spi-builder-workspace/Tests/Tests/BezierPath.swift /Users/admin/builder/spi-builder-workspace/Tests/Tests/Bounds.swift /Users/admin/builder/spi-builder-workspace/Tests/Tests/Common/ApproximatelyEquatable.swift /Users/admin/builder/spi-builder-workspace/Tests/Tests/Common/Helpers.swift /Users/admin/builder/spi-builder-workspace/Tests/Tests/Examples.swift /Users/admin/builder/spi-builder-workspace/Tests/Tests/Matrix.swift /Users/admin/builder/spi-builder-workspace/Tests/Tests/Operation.swift -primary-file /Users/admin/builder/spi-builder-workspace/Tests/Tests/Result.swift /Users/admin/builder/spi-builder-workspace/Tests/Tests/Transform.swift -emit-dependencies-path /Users/admin/builder/spi-builder-workspace/.derivedData/Build/Intermediates.noindex/SwiftSCAD.build/Debug-watchos/Tests.build/Objects-normal/arm64_32/Result.d -emit-const-values-path /Users/admin/builder/spi-builder-workspace/.derivedData/Build/Intermediates.noindex/SwiftSCAD.build/Debug-watchos/Tests.build/Objects-normal/arm64_32/Result.swiftconstvalues -emit-reference-dependencies-path /Users/admin/builder/spi-builder-workspace/.derivedData/Build/Intermediates.noindex/SwiftSCAD.build/Debug-watchos/Tests.build/Objects-normal/arm64_32/Result.swiftdeps -serialize-diagnostics-path /Users/admin/builder/spi-builder-workspace/.derivedData/Build/Intermediates.noindex/SwiftSCAD.build/Debug-watchos/Tests.build/Objects-normal/arm64_32/Result.dia -target arm64_32-apple-watchos5.0 -enable-objc-interop -sdk /Applications/Xcode-15.2.0.app/Contents/Developer/Platforms/WatchOS.platform/Developer/SDKs/WatchOS10.2.sdk -I /Users/admin/builder/spi-builder-workspace/.derivedData/Build/Products/Debug-watchos -I /Applications/Xcode-15.2.0.app/Contents/Developer/Platforms/WatchOS.platform/Developer/usr/lib -F /Users/admin/builder/spi-builder-workspace/.derivedData/Build/Products/Debug-watchos/PackageFrameworks -F /Users/admin/builder/spi-builder-workspace/.derivedData/Build/Products/Debug-watchos/PackageFrameworks -F /Users/admin/builder/spi-builder-workspace/.derivedData/Build/Products/Debug-watchos/PackageFrameworks -F /Users/admin/builder/spi-builder-workspace/.derivedData/Build/Products/Debug-watchos/PackageFrameworks -F /Users/admin/builder/spi-builder-workspace/.derivedData/Build/Products/Debug-watchos/PackageFrameworks -F /Users/admin/builder/spi-builder-workspace/.derivedData/Build/Products/Debug-watchos -F /Applications/Xcode-15.2.0.app/Contents/Developer/Platforms/WatchOS.platform/Developer/Library/Frameworks -F /Applications/Xcode-15.2.0.app/Contents/Developer/Platforms/WatchOS.platform/Developer/SDKs/WatchOS10.2.sdk/Developer/Library/Frameworks -no-color-diagnostics -enable-testing -g -module-cache-path /Users/admin/builder/spi-builder-workspace/.derivedData/ModuleCache.noindex -profile-generate -profile-coverage-mapping -swift-version 5 -enforce-exclusivity\=checked -Onone -D SWIFT_PACKAGE -D DEBUG -D Xcode -serialize-debugging-options -package-name spi_builder_workspace -const-gather-protocols-file /Users/admin/builder/spi-builder-workspace/.derivedData/Build/Intermediates.noindex/SwiftSCAD.build/Debug-watchos/Tests.build/Objects-normal/arm64_32/Tests_const_extract_protocols.json -enable-experimental-feature StrictConcurrency -enable-upcoming-feature ExistentialAny -empty-abi-descriptor -validate-clang-modules-once -clang-build-session-file /Users/admin/builder/spi-builder-workspace/.derivedData/ModuleCache.noindex/Session.modulevalidation -Xcc -working-directory -Xcc /Users/admin/builder/spi-builder-workspace -resource-dir /Applications/Xcode-15.2.0.app/Contents/Developer/Toolchains/XcodeDefault.xctoolchain/usr/lib/swift -enable-anonymous-context-mangled-names -Xcc -ivfsstatcache -Xcc /Users/admin/builder/spi-builder-workspace/.derivedData/SDKStatCaches.noindex/watchos10.2-21S355-1a03c8d25fc3596eb74c01d649b42752.sdkstatcache -Xcc -I/Users/admin/builder/spi-builder-workspace/.derivedData/Build/Products/Debug-watchos/include -Xcc -I/Users/admin/builder/spi-builder-workspace/.derivedData/Build/Intermediates.noindex/SwiftSCAD.build/Debug-watchos/Tests.build/DerivedSources-normal/arm64_32 -Xcc -I/Users/admin/builder/spi-builder-workspace/.derivedData/Build/Intermediates.noindex/SwiftSCAD.build/Debug-watchos/Tests.build/DerivedSources/arm64_32 -Xcc -I/Users/admin/builder/spi-builder-workspace/.derivedData/Build/Intermediates.noindex/SwiftSCAD.build/Debug-watchos/Tests.build/DerivedSources -Xcc -DSWIFT_PACKAGE -Xcc -DDEBUG\=1 -module-name Tests -frontend-parseable-output -disable-clang-spi -target-sdk-version 10.2 -target-sdk-name watchos10.2 -external-plugin-path /Applications/Xcode-15.2.0.app/Contents/Developer/Platforms/WatchOS.platform/Developer/SDKs/WatchOS10.2.sdk/usr/lib/swift/host/plugins\#/Applications/Xcode-15.2.0.app/Contents/Developer/Platforms/WatchOS.platform/Developer/SDKs/WatchOS10.2.sdk/usr/bin/swift-plugin-server -external-plugin-path /Applications/Xcode-15.2.0.app/Contents/Developer/Platforms/WatchOS.platform/Developer/SDKs/WatchOS10.2.sdk/usr/local/lib/swift/host/plugins\#/Applications/Xcode-15.2.0.app/Contents/Developer/Platforms/WatchOS.platform/Developer/SDKs/WatchOS10.2.sdk/usr/bin/swift-plugin-server -external-plugin-path /Applications/Xcode-15.2.0.app/Contents/Developer/Platforms/WatchOS.platform/Developer/usr/lib/swift/host/plugins\#/Applications/Xcode-15.2.0.app/Contents/Developer/Platforms/WatchOS.platform/Developer/usr/bin/swift-plugin-server -external-plugin-path /Applications/Xcode-15.2.0.app/Contents/Developer/Platforms/WatchOS.platform/Developer/usr/local/lib/swift/host/plugins\#/Applications/Xcode-15.2.0.app/Contents/Developer/Platforms/WatchOS.platform/Developer/usr/bin/swift-plugin-server -plugin-path /Applications/Xcode-15.2.0.app/Contents/Developer/Toolchains/XcodeDefault.xctoolchain/usr/lib/swift/host/plugins -plugin-path /Applications/Xcode-15.2.0.app/Contents/Developer/Toolchains/XcodeDefault.xctoolchain/usr/local/lib/swift/host/plugins -o /Users/admin/builder/spi-builder-workspace/.derivedData/Build/Intermediates.noindex/SwiftSCAD.build/Debug-watchos/Tests.build/Objects-normal/arm64_32/Result.o -index-unit-output-path /SwiftSCAD.build/Debug-watchos/Tests.build/Objects-normal/arm64_32/Result.o -index-store-path /Users/admin/builder/spi-builder-workspace/.derivedData/Index.noindex/DataStore -index-system-modules
SwiftCompile normal arm64_32 Compiling\ Operation.swift /Users/admin/builder/spi-builder-workspace/Tests/Tests/Operation.swift (in target 'Tests' from project 'SwiftSCAD')
    cd /Users/admin/builder/spi-builder-workspace
    builtin-swiftTaskExecution -- /Applications/Xcode-15.2.0.app/Contents/Developer/Toolchains/XcodeDefault.xctoolchain/usr/bin/swift-frontend -frontend -c /Users/admin/builder/spi-builder-workspace/.derivedData/Build/Intermediates.noindex/SwiftSCAD.build/Debug-watchos/Tests.build/DerivedSources/resource_bundle_accessor.swift /Users/admin/builder/spi-builder-workspace/Tests/Tests/2D.swift /Users/admin/builder/spi-builder-workspace/Tests/Tests/3D.swift /Users/admin/builder/spi-builder-workspace/Tests/Tests/BezierCurve.swift /Users/admin/builder/spi-builder-workspace/Tests/Tests/BezierPath.swift /Users/admin/builder/spi-builder-workspace/Tests/Tests/Bounds.swift /Users/admin/builder/spi-builder-workspace/Tests/Tests/Common/ApproximatelyEquatable.swift /Users/admin/builder/spi-builder-workspace/Tests/Tests/Common/Helpers.swift /Users/admin/builder/spi-builder-workspace/Tests/Tests/Examples.swift /Users/admin/builder/spi-builder-workspace/Tests/Tests/Matrix.swift -primary-file /Users/admin/builder/spi-builder-workspace/Tests/Tests/Operation.swift /Users/admin/builder/spi-builder-workspace/Tests/Tests/Result.swift /Users/admin/builder/spi-builder-workspace/Tests/Tests/Transform.swift -emit-dependencies-path /Users/admin/builder/spi-builder-workspace/.derivedData/Build/Intermediates.noindex/SwiftSCAD.build/Debug-watchos/Tests.build/Objects-normal/arm64_32/Operation.d -emit-const-values-path /Users/admin/builder/spi-builder-workspace/.derivedData/Build/Intermediates.noindex/SwiftSCAD.build/Debug-watchos/Tests.build/Objects-normal/arm64_32/Operation.swiftconstvalues -emit-reference-dependencies-path /Users/admin/builder/spi-builder-workspace/.derivedData/Build/Intermediates.noindex/SwiftSCAD.build/Debug-watchos/Tests.build/Objects-normal/arm64_32/Operation.swiftdeps -serialize-diagnostics-path /Users/admin/builder/spi-builder-workspace/.derivedData/Build/Intermediates.noindex/SwiftSCAD.build/Debug-watchos/Tests.build/Objects-normal/arm64_32/Operation.dia -target arm64_32-apple-watchos5.0 -enable-objc-interop -sdk /Applications/Xcode-15.2.0.app/Contents/Developer/Platforms/WatchOS.platform/Developer/SDKs/WatchOS10.2.sdk -I /Users/admin/builder/spi-builder-workspace/.derivedData/Build/Products/Debug-watchos -I /Applications/Xcode-15.2.0.app/Contents/Developer/Platforms/WatchOS.platform/Developer/usr/lib -F /Users/admin/builder/spi-builder-workspace/.derivedData/Build/Products/Debug-watchos/PackageFrameworks -F /Users/admin/builder/spi-builder-workspace/.derivedData/Build/Products/Debug-watchos/PackageFrameworks -F /Users/admin/builder/spi-builder-workspace/.derivedData/Build/Products/Debug-watchos/PackageFrameworks -F /Users/admin/builder/spi-builder-workspace/.derivedData/Build/Products/Debug-watchos/PackageFrameworks -F /Users/admin/builder/spi-builder-workspace/.derivedData/Build/Products/Debug-watchos/PackageFrameworks -F /Users/admin/builder/spi-builder-workspace/.derivedData/Build/Products/Debug-watchos -F /Applications/Xcode-15.2.0.app/Contents/Developer/Platforms/WatchOS.platform/Developer/Library/Frameworks -F /Applications/Xcode-15.2.0.app/Contents/Developer/Platforms/WatchOS.platform/Developer/SDKs/WatchOS10.2.sdk/Developer/Library/Frameworks -no-color-diagnostics -enable-testing -g -module-cache-path /Users/admin/builder/spi-builder-workspace/.derivedData/ModuleCache.noindex -profile-generate -profile-coverage-mapping -swift-version 5 -enforce-exclusivity\=checked -Onone -D SWIFT_PACKAGE -D DEBUG -D Xcode -serialize-debugging-options -package-name spi_builder_workspace -const-gather-protocols-file /Users/admin/builder/spi-builder-workspace/.derivedData/Build/Intermediates.noindex/SwiftSCAD.build/Debug-watchos/Tests.build/Objects-normal/arm64_32/Tests_const_extract_protocols.json -enable-experimental-feature StrictConcurrency -enable-upcoming-feature ExistentialAny -empty-abi-descriptor -validate-clang-modules-once -clang-build-session-file /Users/admin/builder/spi-builder-workspace/.derivedData/ModuleCache.noindex/Session.modulevalidation -Xcc -working-directory -Xcc /Users/admin/builder/spi-builder-workspace -resource-dir /Applications/Xcode-15.2.0.app/Contents/Developer/Toolchains/XcodeDefault.xctoolchain/usr/lib/swift -enable-anonymous-context-mangled-names -Xcc -ivfsstatcache -Xcc /Users/admin/builder/spi-builder-workspace/.derivedData/SDKStatCaches.noindex/watchos10.2-21S355-1a03c8d25fc3596eb74c01d649b42752.sdkstatcache -Xcc -I/Users/admin/builder/spi-builder-workspace/.derivedData/Build/Products/Debug-watchos/include -Xcc -I/Users/admin/builder/spi-builder-workspace/.derivedData/Build/Intermediates.noindex/SwiftSCAD.build/Debug-watchos/Tests.build/DerivedSources-normal/arm64_32 -Xcc -I/Users/admin/builder/spi-builder-workspace/.derivedData/Build/Intermediates.noindex/SwiftSCAD.build/Debug-watchos/Tests.build/DerivedSources/arm64_32 -Xcc -I/Users/admin/builder/spi-builder-workspace/.derivedData/Build/Intermediates.noindex/SwiftSCAD.build/Debug-watchos/Tests.build/DerivedSources -Xcc -DSWIFT_PACKAGE -Xcc -DDEBUG\=1 -module-name Tests -frontend-parseable-output -disable-clang-spi -target-sdk-version 10.2 -target-sdk-name watchos10.2 -external-plugin-path /Applications/Xcode-15.2.0.app/Contents/Developer/Platforms/WatchOS.platform/Developer/SDKs/WatchOS10.2.sdk/usr/lib/swift/host/plugins\#/Applications/Xcode-15.2.0.app/Contents/Developer/Platforms/WatchOS.platform/Developer/SDKs/WatchOS10.2.sdk/usr/bin/swift-plugin-server -external-plugin-path /Applications/Xcode-15.2.0.app/Contents/Developer/Platforms/WatchOS.platform/Developer/SDKs/WatchOS10.2.sdk/usr/local/lib/swift/host/plugins\#/Applications/Xcode-15.2.0.app/Contents/Developer/Platforms/WatchOS.platform/Developer/SDKs/WatchOS10.2.sdk/usr/bin/swift-plugin-server -external-plugin-path /Applications/Xcode-15.2.0.app/Contents/Developer/Platforms/WatchOS.platform/Developer/usr/lib/swift/host/plugins\#/Applications/Xcode-15.2.0.app/Contents/Developer/Platforms/WatchOS.platform/Developer/usr/bin/swift-plugin-server -external-plugin-path /Applications/Xcode-15.2.0.app/Contents/Developer/Platforms/WatchOS.platform/Developer/usr/local/lib/swift/host/plugins\#/Applications/Xcode-15.2.0.app/Contents/Developer/Platforms/WatchOS.platform/Developer/usr/bin/swift-plugin-server -plugin-path /Applications/Xcode-15.2.0.app/Contents/Developer/Toolchains/XcodeDefault.xctoolchain/usr/lib/swift/host/plugins -plugin-path /Applications/Xcode-15.2.0.app/Contents/Developer/Toolchains/XcodeDefault.xctoolchain/usr/local/lib/swift/host/plugins -o /Users/admin/builder/spi-builder-workspace/.derivedData/Build/Intermediates.noindex/SwiftSCAD.build/Debug-watchos/Tests.build/Objects-normal/arm64_32/Operation.o -index-unit-output-path /SwiftSCAD.build/Debug-watchos/Tests.build/Objects-normal/arm64_32/Operation.o -index-store-path /Users/admin/builder/spi-builder-workspace/.derivedData/Index.noindex/DataStore -index-system-modules
SwiftCompile normal arm64_32 /Users/admin/builder/spi-builder-workspace/Tests/Tests/Operation.swift (in target 'Tests' from project 'SwiftSCAD')
    cd /Users/admin/builder/spi-builder-workspace
    /Applications/Xcode-15.2.0.app/Contents/Developer/Toolchains/XcodeDefault.xctoolchain/usr/bin/swift-frontend -c /Users/admin/builder/spi-builder-workspace/.derivedData/Build/Intermediates.noindex/SwiftSCAD.build/Debug-watchos/Tests.build/DerivedSources/resource_bundle_accessor.swift /Users/admin/builder/spi-builder-workspace/Tests/Tests/2D.swift /Users/admin/builder/spi-builder-workspace/Tests/Tests/3D.swift /Users/admin/builder/spi-builder-workspace/Tests/Tests/BezierCurve.swift /Users/admin/builder/spi-builder-workspace/Tests/Tests/BezierPath.swift /Users/admin/builder/spi-builder-workspace/Tests/Tests/Bounds.swift /Users/admin/builder/spi-builder-workspace/Tests/Tests/Common/ApproximatelyEquatable.swift /Users/admin/builder/spi-builder-workspace/Tests/Tests/Common/Helpers.swift /Users/admin/builder/spi-builder-workspace/Tests/Tests/Examples.swift /Users/admin/builder/spi-builder-workspace/Tests/Tests/Matrix.swift -primary-file /Users/admin/builder/spi-builder-workspace/Tests/Tests/Operation.swift /Users/admin/builder/spi-builder-workspace/Tests/Tests/Result.swift /Users/admin/builder/spi-builder-workspace/Tests/Tests/Transform.swift -emit-dependencies-path /Users/admin/builder/spi-builder-workspace/.derivedData/Build/Intermediates.noindex/SwiftSCAD.build/Debug-watchos/Tests.build/Objects-normal/arm64_32/Operation.d -emit-const-values-path /Users/admin/builder/spi-builder-workspace/.derivedData/Build/Intermediates.noindex/SwiftSCAD.build/Debug-watchos/Tests.build/Objects-normal/arm64_32/Operation.swiftconstvalues -emit-reference-dependencies-path /Users/admin/builder/spi-builder-workspace/.derivedData/Build/Intermediates.noindex/SwiftSCAD.build/Debug-watchos/Tests.build/Objects-normal/arm64_32/Operation.swiftdeps -serialize-diagnostics-path /Users/admin/builder/spi-builder-workspace/.derivedData/Build/Intermediates.noindex/SwiftSCAD.build/Debug-watchos/Tests.build/Objects-normal/arm64_32/Operation.dia -target arm64_32-apple-watchos5.0 -enable-objc-interop -sdk /Applications/Xcode-15.2.0.app/Contents/Developer/Platforms/WatchOS.platform/Developer/SDKs/WatchOS10.2.sdk -I /Users/admin/builder/spi-builder-workspace/.derivedData/Build/Products/Debug-watchos -I /Applications/Xcode-15.2.0.app/Contents/Developer/Platforms/WatchOS.platform/Developer/usr/lib -F /Users/admin/builder/spi-builder-workspace/.derivedData/Build/Products/Debug-watchos/PackageFrameworks -F /Users/admin/builder/spi-builder-workspace/.derivedData/Build/Products/Debug-watchos/PackageFrameworks -F /Users/admin/builder/spi-builder-workspace/.derivedData/Build/Products/Debug-watchos/PackageFrameworks -F /Users/admin/builder/spi-builder-workspace/.derivedData/Build/Products/Debug-watchos/PackageFrameworks -F /Users/admin/builder/spi-builder-workspace/.derivedData/Build/Products/Debug-watchos/PackageFrameworks -F /Users/admin/builder/spi-builder-workspace/.derivedData/Build/Products/Debug-watchos -F /Applications/Xcode-15.2.0.app/Contents/Developer/Platforms/WatchOS.platform/Developer/Library/Frameworks -F /Applications/Xcode-15.2.0.app/Contents/Developer/Platforms/WatchOS.platform/Developer/SDKs/WatchOS10.2.sdk/Developer/Library/Frameworks -no-color-diagnostics -enable-testing -g -module-cache-path /Users/admin/builder/spi-builder-workspace/.derivedData/ModuleCache.noindex -profile-generate -profile-coverage-mapping -swift-version 5 -enforce-exclusivity\=checked -Onone -D SWIFT_PACKAGE -D DEBUG -D Xcode -serialize-debugging-options -package-name spi_builder_workspace -const-gather-protocols-file /Users/admin/builder/spi-builder-workspace/.derivedData/Build/Intermediates.noindex/SwiftSCAD.build/Debug-watchos/Tests.build/Objects-normal/arm64_32/Tests_const_extract_protocols.json -enable-experimental-feature StrictConcurrency -enable-upcoming-feature ExistentialAny -empty-abi-descriptor -validate-clang-modules-once -clang-build-session-file /Users/admin/builder/spi-builder-workspace/.derivedData/ModuleCache.noindex/Session.modulevalidation -Xcc -working-directory -Xcc /Users/admin/builder/spi-builder-workspace -resource-dir /Applications/Xcode-15.2.0.app/Contents/Developer/Toolchains/XcodeDefault.xctoolchain/usr/lib/swift -enable-anonymous-context-mangled-names -Xcc -ivfsstatcache -Xcc /Users/admin/builder/spi-builder-workspace/.derivedData/SDKStatCaches.noindex/watchos10.2-21S355-1a03c8d25fc3596eb74c01d649b42752.sdkstatcache -Xcc -I/Users/admin/builder/spi-builder-workspace/.derivedData/Build/Products/Debug-watchos/include -Xcc -I/Users/admin/builder/spi-builder-workspace/.derivedData/Build/Intermediates.noindex/SwiftSCAD.build/Debug-watchos/Tests.build/DerivedSources-normal/arm64_32 -Xcc -I/Users/admin/builder/spi-builder-workspace/.derivedData/Build/Intermediates.noindex/SwiftSCAD.build/Debug-watchos/Tests.build/DerivedSources/arm64_32 -Xcc -I/Users/admin/builder/spi-builder-workspace/.derivedData/Build/Intermediates.noindex/SwiftSCAD.build/Debug-watchos/Tests.build/DerivedSources -Xcc -DSWIFT_PACKAGE -Xcc -DDEBUG\=1 -module-name Tests -frontend-parseable-output -disable-clang-spi -target-sdk-version 10.2 -target-sdk-name watchos10.2 -external-plugin-path /Applications/Xcode-15.2.0.app/Contents/Developer/Platforms/WatchOS.platform/Developer/SDKs/WatchOS10.2.sdk/usr/lib/swift/host/plugins\#/Applications/Xcode-15.2.0.app/Contents/Developer/Platforms/WatchOS.platform/Developer/SDKs/WatchOS10.2.sdk/usr/bin/swift-plugin-server -external-plugin-path /Applications/Xcode-15.2.0.app/Contents/Developer/Platforms/WatchOS.platform/Developer/SDKs/WatchOS10.2.sdk/usr/local/lib/swift/host/plugins\#/Applications/Xcode-15.2.0.app/Contents/Developer/Platforms/WatchOS.platform/Developer/SDKs/WatchOS10.2.sdk/usr/bin/swift-plugin-server -external-plugin-path /Applications/Xcode-15.2.0.app/Contents/Developer/Platforms/WatchOS.platform/Developer/usr/lib/swift/host/plugins\#/Applications/Xcode-15.2.0.app/Contents/Developer/Platforms/WatchOS.platform/Developer/usr/bin/swift-plugin-server -external-plugin-path /Applications/Xcode-15.2.0.app/Contents/Developer/Platforms/WatchOS.platform/Developer/usr/local/lib/swift/host/plugins\#/Applications/Xcode-15.2.0.app/Contents/Developer/Platforms/WatchOS.platform/Developer/usr/bin/swift-plugin-server -plugin-path /Applications/Xcode-15.2.0.app/Contents/Developer/Toolchains/XcodeDefault.xctoolchain/usr/lib/swift/host/plugins -plugin-path /Applications/Xcode-15.2.0.app/Contents/Developer/Toolchains/XcodeDefault.xctoolchain/usr/local/lib/swift/host/plugins -o /Users/admin/builder/spi-builder-workspace/.derivedData/Build/Intermediates.noindex/SwiftSCAD.build/Debug-watchos/Tests.build/Objects-normal/arm64_32/Operation.o -index-unit-output-path /SwiftSCAD.build/Debug-watchos/Tests.build/Objects-normal/arm64_32/Operation.o -index-store-path /Users/admin/builder/spi-builder-workspace/.derivedData/Index.noindex/DataStore -index-system-modules
SwiftCompile normal arm64_32 Compiling\ Transform.swift /Users/admin/builder/spi-builder-workspace/Tests/Tests/Transform.swift (in target 'Tests' from project 'SwiftSCAD')
    cd /Users/admin/builder/spi-builder-workspace
    builtin-swiftTaskExecution -- /Applications/Xcode-15.2.0.app/Contents/Developer/Toolchains/XcodeDefault.xctoolchain/usr/bin/swift-frontend -frontend -c /Users/admin/builder/spi-builder-workspace/.derivedData/Build/Intermediates.noindex/SwiftSCAD.build/Debug-watchos/Tests.build/DerivedSources/resource_bundle_accessor.swift /Users/admin/builder/spi-builder-workspace/Tests/Tests/2D.swift /Users/admin/builder/spi-builder-workspace/Tests/Tests/3D.swift /Users/admin/builder/spi-builder-workspace/Tests/Tests/BezierCurve.swift /Users/admin/builder/spi-builder-workspace/Tests/Tests/BezierPath.swift /Users/admin/builder/spi-builder-workspace/Tests/Tests/Bounds.swift /Users/admin/builder/spi-builder-workspace/Tests/Tests/Common/ApproximatelyEquatable.swift /Users/admin/builder/spi-builder-workspace/Tests/Tests/Common/Helpers.swift /Users/admin/builder/spi-builder-workspace/Tests/Tests/Examples.swift /Users/admin/builder/spi-builder-workspace/Tests/Tests/Matrix.swift /Users/admin/builder/spi-builder-workspace/Tests/Tests/Operation.swift /Users/admin/builder/spi-builder-workspace/Tests/Tests/Result.swift -primary-file /Users/admin/builder/spi-builder-workspace/Tests/Tests/Transform.swift -emit-dependencies-path /Users/admin/builder/spi-builder-workspace/.derivedData/Build/Intermediates.noindex/SwiftSCAD.build/Debug-watchos/Tests.build/Objects-normal/arm64_32/Transform.d -emit-const-values-path /Users/admin/builder/spi-builder-workspace/.derivedData/Build/Intermediates.noindex/SwiftSCAD.build/Debug-watchos/Tests.build/Objects-normal/arm64_32/Transform.swiftconstvalues -emit-reference-dependencies-path /Users/admin/builder/spi-builder-workspace/.derivedData/Build/Intermediates.noindex/SwiftSCAD.build/Debug-watchos/Tests.build/Objects-normal/arm64_32/Transform.swiftdeps -serialize-diagnostics-path /Users/admin/builder/spi-builder-workspace/.derivedData/Build/Intermediates.noindex/SwiftSCAD.build/Debug-watchos/Tests.build/Objects-normal/arm64_32/Transform.dia -target arm64_32-apple-watchos5.0 -enable-objc-interop -sdk /Applications/Xcode-15.2.0.app/Contents/Developer/Platforms/WatchOS.platform/Developer/SDKs/WatchOS10.2.sdk -I /Users/admin/builder/spi-builder-workspace/.derivedData/Build/Products/Debug-watchos -I /Applications/Xcode-15.2.0.app/Contents/Developer/Platforms/WatchOS.platform/Developer/usr/lib -F /Users/admin/builder/spi-builder-workspace/.derivedData/Build/Products/Debug-watchos/PackageFrameworks -F /Users/admin/builder/spi-builder-workspace/.derivedData/Build/Products/Debug-watchos/PackageFrameworks -F /Users/admin/builder/spi-builder-workspace/.derivedData/Build/Products/Debug-watchos/PackageFrameworks -F /Users/admin/builder/spi-builder-workspace/.derivedData/Build/Products/Debug-watchos/PackageFrameworks -F /Users/admin/builder/spi-builder-workspace/.derivedData/Build/Products/Debug-watchos/PackageFrameworks -F /Users/admin/builder/spi-builder-workspace/.derivedData/Build/Products/Debug-watchos -F /Applications/Xcode-15.2.0.app/Contents/Developer/Platforms/WatchOS.platform/Developer/Library/Frameworks -F /Applications/Xcode-15.2.0.app/Contents/Developer/Platforms/WatchOS.platform/Developer/SDKs/WatchOS10.2.sdk/Developer/Library/Frameworks -no-color-diagnostics -enable-testing -g -module-cache-path /Users/admin/builder/spi-builder-workspace/.derivedData/ModuleCache.noindex -profile-generate -profile-coverage-mapping -swift-version 5 -enforce-exclusivity\=checked -Onone -D SWIFT_PACKAGE -D DEBUG -D Xcode -serialize-debugging-options -package-name spi_builder_workspace -const-gather-protocols-file /Users/admin/builder/spi-builder-workspace/.derivedData/Build/Intermediates.noindex/SwiftSCAD.build/Debug-watchos/Tests.build/Objects-normal/arm64_32/Tests_const_extract_protocols.json -enable-experimental-feature StrictConcurrency -enable-upcoming-feature ExistentialAny -empty-abi-descriptor -validate-clang-modules-once -clang-build-session-file /Users/admin/builder/spi-builder-workspace/.derivedData/ModuleCache.noindex/Session.modulevalidation -Xcc -working-directory -Xcc /Users/admin/builder/spi-builder-workspace -resource-dir /Applications/Xcode-15.2.0.app/Contents/Developer/Toolchains/XcodeDefault.xctoolchain/usr/lib/swift -enable-anonymous-context-mangled-names -Xcc -ivfsstatcache -Xcc /Users/admin/builder/spi-builder-workspace/.derivedData/SDKStatCaches.noindex/watchos10.2-21S355-1a03c8d25fc3596eb74c01d649b42752.sdkstatcache -Xcc -I/Users/admin/builder/spi-builder-workspace/.derivedData/Build/Products/Debug-watchos/include -Xcc -I/Users/admin/builder/spi-builder-workspace/.derivedData/Build/Intermediates.noindex/SwiftSCAD.build/Debug-watchos/Tests.build/DerivedSources-normal/arm64_32 -Xcc -I/Users/admin/builder/spi-builder-workspace/.derivedData/Build/Intermediates.noindex/SwiftSCAD.build/Debug-watchos/Tests.build/DerivedSources/arm64_32 -Xcc -I/Users/admin/builder/spi-builder-workspace/.derivedData/Build/Intermediates.noindex/SwiftSCAD.build/Debug-watchos/Tests.build/DerivedSources -Xcc -DSWIFT_PACKAGE -Xcc -DDEBUG\=1 -module-name Tests -frontend-parseable-output -disable-clang-spi -target-sdk-version 10.2 -target-sdk-name watchos10.2 -external-plugin-path /Applications/Xcode-15.2.0.app/Contents/Developer/Platforms/WatchOS.platform/Developer/SDKs/WatchOS10.2.sdk/usr/lib/swift/host/plugins\#/Applications/Xcode-15.2.0.app/Contents/Developer/Platforms/WatchOS.platform/Developer/SDKs/WatchOS10.2.sdk/usr/bin/swift-plugin-server -external-plugin-path /Applications/Xcode-15.2.0.app/Contents/Developer/Platforms/WatchOS.platform/Developer/SDKs/WatchOS10.2.sdk/usr/local/lib/swift/host/plugins\#/Applications/Xcode-15.2.0.app/Contents/Developer/Platforms/WatchOS.platform/Developer/SDKs/WatchOS10.2.sdk/usr/bin/swift-plugin-server -external-plugin-path /Applications/Xcode-15.2.0.app/Contents/Developer/Platforms/WatchOS.platform/Developer/usr/lib/swift/host/plugins\#/Applications/Xcode-15.2.0.app/Contents/Developer/Platforms/WatchOS.platform/Developer/usr/bin/swift-plugin-server -external-plugin-path /Applications/Xcode-15.2.0.app/Contents/Developer/Platforms/WatchOS.platform/Developer/usr/local/lib/swift/host/plugins\#/Applications/Xcode-15.2.0.app/Contents/Developer/Platforms/WatchOS.platform/Developer/usr/bin/swift-plugin-server -plugin-path /Applications/Xcode-15.2.0.app/Contents/Developer/Toolchains/XcodeDefault.xctoolchain/usr/lib/swift/host/plugins -plugin-path /Applications/Xcode-15.2.0.app/Contents/Developer/Toolchains/XcodeDefault.xctoolchain/usr/local/lib/swift/host/plugins -o /Users/admin/builder/spi-builder-workspace/.derivedData/Build/Intermediates.noindex/SwiftSCAD.build/Debug-watchos/Tests.build/Objects-normal/arm64_32/Transform.o -index-unit-output-path /SwiftSCAD.build/Debug-watchos/Tests.build/Objects-normal/arm64_32/Transform.o -index-store-path /Users/admin/builder/spi-builder-workspace/.derivedData/Index.noindex/DataStore -index-system-modules
SwiftCompile normal arm64_32 /Users/admin/builder/spi-builder-workspace/Tests/Tests/Transform.swift (in target 'Tests' from project 'SwiftSCAD')
    cd /Users/admin/builder/spi-builder-workspace
    /Applications/Xcode-15.2.0.app/Contents/Developer/Toolchains/XcodeDefault.xctoolchain/usr/bin/swift-frontend -c /Users/admin/builder/spi-builder-workspace/.derivedData/Build/Intermediates.noindex/SwiftSCAD.build/Debug-watchos/Tests.build/DerivedSources/resource_bundle_accessor.swift /Users/admin/builder/spi-builder-workspace/Tests/Tests/2D.swift /Users/admin/builder/spi-builder-workspace/Tests/Tests/3D.swift /Users/admin/builder/spi-builder-workspace/Tests/Tests/BezierCurve.swift /Users/admin/builder/spi-builder-workspace/Tests/Tests/BezierPath.swift /Users/admin/builder/spi-builder-workspace/Tests/Tests/Bounds.swift /Users/admin/builder/spi-builder-workspace/Tests/Tests/Common/ApproximatelyEquatable.swift /Users/admin/builder/spi-builder-workspace/Tests/Tests/Common/Helpers.swift /Users/admin/builder/spi-builder-workspace/Tests/Tests/Examples.swift /Users/admin/builder/spi-builder-workspace/Tests/Tests/Matrix.swift /Users/admin/builder/spi-builder-workspace/Tests/Tests/Operation.swift /Users/admin/builder/spi-builder-workspace/Tests/Tests/Result.swift -primary-file /Users/admin/builder/spi-builder-workspace/Tests/Tests/Transform.swift -emit-dependencies-path /Users/admin/builder/spi-builder-workspace/.derivedData/Build/Intermediates.noindex/SwiftSCAD.build/Debug-watchos/Tests.build/Objects-normal/arm64_32/Transform.d -emit-const-values-path /Users/admin/builder/spi-builder-workspace/.derivedData/Build/Intermediates.noindex/SwiftSCAD.build/Debug-watchos/Tests.build/Objects-normal/arm64_32/Transform.swiftconstvalues -emit-reference-dependencies-path /Users/admin/builder/spi-builder-workspace/.derivedData/Build/Intermediates.noindex/SwiftSCAD.build/Debug-watchos/Tests.build/Objects-normal/arm64_32/Transform.swiftdeps -serialize-diagnostics-path /Users/admin/builder/spi-builder-workspace/.derivedData/Build/Intermediates.noindex/SwiftSCAD.build/Debug-watchos/Tests.build/Objects-normal/arm64_32/Transform.dia -target arm64_32-apple-watchos5.0 -enable-objc-interop -sdk /Applications/Xcode-15.2.0.app/Contents/Developer/Platforms/WatchOS.platform/Developer/SDKs/WatchOS10.2.sdk -I /Users/admin/builder/spi-builder-workspace/.derivedData/Build/Products/Debug-watchos -I /Applications/Xcode-15.2.0.app/Contents/Developer/Platforms/WatchOS.platform/Developer/usr/lib -F /Users/admin/builder/spi-builder-workspace/.derivedData/Build/Products/Debug-watchos/PackageFrameworks -F /Users/admin/builder/spi-builder-workspace/.derivedData/Build/Products/Debug-watchos/PackageFrameworks -F /Users/admin/builder/spi-builder-workspace/.derivedData/Build/Products/Debug-watchos/PackageFrameworks -F /Users/admin/builder/spi-builder-workspace/.derivedData/Build/Products/Debug-watchos/PackageFrameworks -F /Users/admin/builder/spi-builder-workspace/.derivedData/Build/Products/Debug-watchos/PackageFrameworks -F /Users/admin/builder/spi-builder-workspace/.derivedData/Build/Products/Debug-watchos -F /Applications/Xcode-15.2.0.app/Contents/Developer/Platforms/WatchOS.platform/Developer/Library/Frameworks -F /Applications/Xcode-15.2.0.app/Contents/Developer/Platforms/WatchOS.platform/Developer/SDKs/WatchOS10.2.sdk/Developer/Library/Frameworks -no-color-diagnostics -enable-testing -g -module-cache-path /Users/admin/builder/spi-builder-workspace/.derivedData/ModuleCache.noindex -profile-generate -profile-coverage-mapping -swift-version 5 -enforce-exclusivity\=checked -Onone -D SWIFT_PACKAGE -D DEBUG -D Xcode -serialize-debugging-options -package-name spi_builder_workspace -const-gather-protocols-file /Users/admin/builder/spi-builder-workspace/.derivedData/Build/Intermediates.noindex/SwiftSCAD.build/Debug-watchos/Tests.build/Objects-normal/arm64_32/Tests_const_extract_protocols.json -enable-experimental-feature StrictConcurrency -enable-upcoming-feature ExistentialAny -empty-abi-descriptor -validate-clang-modules-once -clang-build-session-file /Users/admin/builder/spi-builder-workspace/.derivedData/ModuleCache.noindex/Session.modulevalidation -Xcc -working-directory -Xcc /Users/admin/builder/spi-builder-workspace -resource-dir /Applications/Xcode-15.2.0.app/Contents/Developer/Toolchains/XcodeDefault.xctoolchain/usr/lib/swift -enable-anonymous-context-mangled-names -Xcc -ivfsstatcache -Xcc /Users/admin/builder/spi-builder-workspace/.derivedData/SDKStatCaches.noindex/watchos10.2-21S355-1a03c8d25fc3596eb74c01d649b42752.sdkstatcache -Xcc -I/Users/admin/builder/spi-builder-workspace/.derivedData/Build/Products/Debug-watchos/include -Xcc -I/Users/admin/builder/spi-builder-workspace/.derivedData/Build/Intermediates.noindex/SwiftSCAD.build/Debug-watchos/Tests.build/DerivedSources-normal/arm64_32 -Xcc -I/Users/admin/builder/spi-builder-workspace/.derivedData/Build/Intermediates.noindex/SwiftSCAD.build/Debug-watchos/Tests.build/DerivedSources/arm64_32 -Xcc -I/Users/admin/builder/spi-builder-workspace/.derivedData/Build/Intermediates.noindex/SwiftSCAD.build/Debug-watchos/Tests.build/DerivedSources -Xcc -DSWIFT_PACKAGE -Xcc -DDEBUG\=1 -module-name Tests -frontend-parseable-output -disable-clang-spi -target-sdk-version 10.2 -target-sdk-name watchos10.2 -external-plugin-path /Applications/Xcode-15.2.0.app/Contents/Developer/Platforms/WatchOS.platform/Developer/SDKs/WatchOS10.2.sdk/usr/lib/swift/host/plugins\#/Applications/Xcode-15.2.0.app/Contents/Developer/Platforms/WatchOS.platform/Developer/SDKs/WatchOS10.2.sdk/usr/bin/swift-plugin-server -external-plugin-path /Applications/Xcode-15.2.0.app/Contents/Developer/Platforms/WatchOS.platform/Developer/SDKs/WatchOS10.2.sdk/usr/local/lib/swift/host/plugins\#/Applications/Xcode-15.2.0.app/Contents/Developer/Platforms/WatchOS.platform/Developer/SDKs/WatchOS10.2.sdk/usr/bin/swift-plugin-server -external-plugin-path /Applications/Xcode-15.2.0.app/Contents/Developer/Platforms/WatchOS.platform/Developer/usr/lib/swift/host/plugins\#/Applications/Xcode-15.2.0.app/Contents/Developer/Platforms/WatchOS.platform/Developer/usr/bin/swift-plugin-server -external-plugin-path /Applications/Xcode-15.2.0.app/Contents/Developer/Platforms/WatchOS.platform/Developer/usr/local/lib/swift/host/plugins\#/Applications/Xcode-15.2.0.app/Contents/Developer/Platforms/WatchOS.platform/Developer/usr/bin/swift-plugin-server -plugin-path /Applications/Xcode-15.2.0.app/Contents/Developer/Toolchains/XcodeDefault.xctoolchain/usr/lib/swift/host/plugins -plugin-path /Applications/Xcode-15.2.0.app/Contents/Developer/Toolchains/XcodeDefault.xctoolchain/usr/local/lib/swift/host/plugins -o /Users/admin/builder/spi-builder-workspace/.derivedData/Build/Intermediates.noindex/SwiftSCAD.build/Debug-watchos/Tests.build/Objects-normal/arm64_32/Transform.o -index-unit-output-path /SwiftSCAD.build/Debug-watchos/Tests.build/Objects-normal/arm64_32/Transform.o -index-store-path /Users/admin/builder/spi-builder-workspace/.derivedData/Index.noindex/DataStore -index-system-modules
SwiftCompile normal arm64_32 Compiling\ Matrix.swift /Users/admin/builder/spi-builder-workspace/Tests/Tests/Matrix.swift (in target 'Tests' from project 'SwiftSCAD')
    cd /Users/admin/builder/spi-builder-workspace
    builtin-swiftTaskExecution -- /Applications/Xcode-15.2.0.app/Contents/Developer/Toolchains/XcodeDefault.xctoolchain/usr/bin/swift-frontend -frontend -c /Users/admin/builder/spi-builder-workspace/.derivedData/Build/Intermediates.noindex/SwiftSCAD.build/Debug-watchos/Tests.build/DerivedSources/resource_bundle_accessor.swift /Users/admin/builder/spi-builder-workspace/Tests/Tests/2D.swift /Users/admin/builder/spi-builder-workspace/Tests/Tests/3D.swift /Users/admin/builder/spi-builder-workspace/Tests/Tests/BezierCurve.swift /Users/admin/builder/spi-builder-workspace/Tests/Tests/BezierPath.swift /Users/admin/builder/spi-builder-workspace/Tests/Tests/Bounds.swift /Users/admin/builder/spi-builder-workspace/Tests/Tests/Common/ApproximatelyEquatable.swift /Users/admin/builder/spi-builder-workspace/Tests/Tests/Common/Helpers.swift /Users/admin/builder/spi-builder-workspace/Tests/Tests/Examples.swift -primary-file /Users/admin/builder/spi-builder-workspace/Tests/Tests/Matrix.swift /Users/admin/builder/spi-builder-workspace/Tests/Tests/Operation.swift /Users/admin/builder/spi-builder-workspace/Tests/Tests/Result.swift /Users/admin/builder/spi-builder-workspace/Tests/Tests/Transform.swift -emit-dependencies-path /Users/admin/builder/spi-builder-workspace/.derivedData/Build/Intermediates.noindex/SwiftSCAD.build/Debug-watchos/Tests.build/Objects-normal/arm64_32/Matrix.d -emit-const-values-path /Users/admin/builder/spi-builder-workspace/.derivedData/Build/Intermediates.noindex/SwiftSCAD.build/Debug-watchos/Tests.build/Objects-normal/arm64_32/Matrix.swiftconstvalues -emit-reference-dependencies-path /Users/admin/builder/spi-builder-workspace/.derivedData/Build/Intermediates.noindex/SwiftSCAD.build/Debug-watchos/Tests.build/Objects-normal/arm64_32/Matrix.swiftdeps -serialize-diagnostics-path /Users/admin/builder/spi-builder-workspace/.derivedData/Build/Intermediates.noindex/SwiftSCAD.build/Debug-watchos/Tests.build/Objects-normal/arm64_32/Matrix.dia -target arm64_32-apple-watchos5.0 -enable-objc-interop -sdk /Applications/Xcode-15.2.0.app/Contents/Developer/Platforms/WatchOS.platform/Developer/SDKs/WatchOS10.2.sdk -I /Users/admin/builder/spi-builder-workspace/.derivedData/Build/Products/Debug-watchos -I /Applications/Xcode-15.2.0.app/Contents/Developer/Platforms/WatchOS.platform/Developer/usr/lib -F /Users/admin/builder/spi-builder-workspace/.derivedData/Build/Products/Debug-watchos/PackageFrameworks -F /Users/admin/builder/spi-builder-workspace/.derivedData/Build/Products/Debug-watchos/PackageFrameworks -F /Users/admin/builder/spi-builder-workspace/.derivedData/Build/Products/Debug-watchos/PackageFrameworks -F /Users/admin/builder/spi-builder-workspace/.derivedData/Build/Products/Debug-watchos/PackageFrameworks -F /Users/admin/builder/spi-builder-workspace/.derivedData/Build/Products/Debug-watchos/PackageFrameworks -F /Users/admin/builder/spi-builder-workspace/.derivedData/Build/Products/Debug-watchos -F /Applications/Xcode-15.2.0.app/Contents/Developer/Platforms/WatchOS.platform/Developer/Library/Frameworks -F /Applications/Xcode-15.2.0.app/Contents/Developer/Platforms/WatchOS.platform/Developer/SDKs/WatchOS10.2.sdk/Developer/Library/Frameworks -no-color-diagnostics -enable-testing -g -module-cache-path /Users/admin/builder/spi-builder-workspace/.derivedData/ModuleCache.noindex -profile-generate -profile-coverage-mapping -swift-version 5 -enforce-exclusivity\=checked -Onone -D SWIFT_PACKAGE -D DEBUG -D Xcode -serialize-debugging-options -package-name spi_builder_workspace -const-gather-protocols-file /Users/admin/builder/spi-builder-workspace/.derivedData/Build/Intermediates.noindex/SwiftSCAD.build/Debug-watchos/Tests.build/Objects-normal/arm64_32/Tests_const_extract_protocols.json -enable-experimental-feature StrictConcurrency -enable-upcoming-feature ExistentialAny -empty-abi-descriptor -validate-clang-modules-once -clang-build-session-file /Users/admin/builder/spi-builder-workspace/.derivedData/ModuleCache.noindex/Session.modulevalidation -Xcc -working-directory -Xcc /Users/admin/builder/spi-builder-workspace -resource-dir /Applications/Xcode-15.2.0.app/Contents/Developer/Toolchains/XcodeDefault.xctoolchain/usr/lib/swift -enable-anonymous-context-mangled-names -Xcc -ivfsstatcache -Xcc /Users/admin/builder/spi-builder-workspace/.derivedData/SDKStatCaches.noindex/watchos10.2-21S355-1a03c8d25fc3596eb74c01d649b42752.sdkstatcache -Xcc -I/Users/admin/builder/spi-builder-workspace/.derivedData/Build/Products/Debug-watchos/include -Xcc -I/Users/admin/builder/spi-builder-workspace/.derivedData/Build/Intermediates.noindex/SwiftSCAD.build/Debug-watchos/Tests.build/DerivedSources-normal/arm64_32 -Xcc -I/Users/admin/builder/spi-builder-workspace/.derivedData/Build/Intermediates.noindex/SwiftSCAD.build/Debug-watchos/Tests.build/DerivedSources/arm64_32 -Xcc -I/Users/admin/builder/spi-builder-workspace/.derivedData/Build/Intermediates.noindex/SwiftSCAD.build/Debug-watchos/Tests.build/DerivedSources -Xcc -DSWIFT_PACKAGE -Xcc -DDEBUG\=1 -module-name Tests -frontend-parseable-output -disable-clang-spi -target-sdk-version 10.2 -target-sdk-name watchos10.2 -external-plugin-path /Applications/Xcode-15.2.0.app/Contents/Developer/Platforms/WatchOS.platform/Developer/SDKs/WatchOS10.2.sdk/usr/lib/swift/host/plugins\#/Applications/Xcode-15.2.0.app/Contents/Developer/Platforms/WatchOS.platform/Developer/SDKs/WatchOS10.2.sdk/usr/bin/swift-plugin-server -external-plugin-path /Applications/Xcode-15.2.0.app/Contents/Developer/Platforms/WatchOS.platform/Developer/SDKs/WatchOS10.2.sdk/usr/local/lib/swift/host/plugins\#/Applications/Xcode-15.2.0.app/Contents/Developer/Platforms/WatchOS.platform/Developer/SDKs/WatchOS10.2.sdk/usr/bin/swift-plugin-server -external-plugin-path /Applications/Xcode-15.2.0.app/Contents/Developer/Platforms/WatchOS.platform/Developer/usr/lib/swift/host/plugins\#/Applications/Xcode-15.2.0.app/Contents/Developer/Platforms/WatchOS.platform/Developer/usr/bin/swift-plugin-server -external-plugin-path /Applications/Xcode-15.2.0.app/Contents/Developer/Platforms/WatchOS.platform/Developer/usr/local/lib/swift/host/plugins\#/Applications/Xcode-15.2.0.app/Contents/Developer/Platforms/WatchOS.platform/Developer/usr/bin/swift-plugin-server -plugin-path /Applications/Xcode-15.2.0.app/Contents/Developer/Toolchains/XcodeDefault.xctoolchain/usr/lib/swift/host/plugins -plugin-path /Applications/Xcode-15.2.0.app/Contents/Developer/Toolchains/XcodeDefault.xctoolchain/usr/local/lib/swift/host/plugins -o /Users/admin/builder/spi-builder-workspace/.derivedData/Build/Intermediates.noindex/SwiftSCAD.build/Debug-watchos/Tests.build/Objects-normal/arm64_32/Matrix.o -index-unit-output-path /SwiftSCAD.build/Debug-watchos/Tests.build/Objects-normal/arm64_32/Matrix.o -index-store-path /Users/admin/builder/spi-builder-workspace/.derivedData/Index.noindex/DataStore -index-system-modules
SwiftCompile normal arm64_32 /Users/admin/builder/spi-builder-workspace/Tests/Tests/Matrix.swift (in target 'Tests' from project 'SwiftSCAD')
    cd /Users/admin/builder/spi-builder-workspace
    /Applications/Xcode-15.2.0.app/Contents/Developer/Toolchains/XcodeDefault.xctoolchain/usr/bin/swift-frontend -c /Users/admin/builder/spi-builder-workspace/.derivedData/Build/Intermediates.noindex/SwiftSCAD.build/Debug-watchos/Tests.build/DerivedSources/resource_bundle_accessor.swift /Users/admin/builder/spi-builder-workspace/Tests/Tests/2D.swift /Users/admin/builder/spi-builder-workspace/Tests/Tests/3D.swift /Users/admin/builder/spi-builder-workspace/Tests/Tests/BezierCurve.swift /Users/admin/builder/spi-builder-workspace/Tests/Tests/BezierPath.swift /Users/admin/builder/spi-builder-workspace/Tests/Tests/Bounds.swift /Users/admin/builder/spi-builder-workspace/Tests/Tests/Common/ApproximatelyEquatable.swift /Users/admin/builder/spi-builder-workspace/Tests/Tests/Common/Helpers.swift /Users/admin/builder/spi-builder-workspace/Tests/Tests/Examples.swift -primary-file /Users/admin/builder/spi-builder-workspace/Tests/Tests/Matrix.swift /Users/admin/builder/spi-builder-workspace/Tests/Tests/Operation.swift /Users/admin/builder/spi-builder-workspace/Tests/Tests/Result.swift /Users/admin/builder/spi-builder-workspace/Tests/Tests/Transform.swift -emit-dependencies-path /Users/admin/builder/spi-builder-workspace/.derivedData/Build/Intermediates.noindex/SwiftSCAD.build/Debug-watchos/Tests.build/Objects-normal/arm64_32/Matrix.d -emit-const-values-path /Users/admin/builder/spi-builder-workspace/.derivedData/Build/Intermediates.noindex/SwiftSCAD.build/Debug-watchos/Tests.build/Objects-normal/arm64_32/Matrix.swiftconstvalues -emit-reference-dependencies-path /Users/admin/builder/spi-builder-workspace/.derivedData/Build/Intermediates.noindex/SwiftSCAD.build/Debug-watchos/Tests.build/Objects-normal/arm64_32/Matrix.swiftdeps -serialize-diagnostics-path /Users/admin/builder/spi-builder-workspace/.derivedData/Build/Intermediates.noindex/SwiftSCAD.build/Debug-watchos/Tests.build/Objects-normal/arm64_32/Matrix.dia -target arm64_32-apple-watchos5.0 -enable-objc-interop -sdk /Applications/Xcode-15.2.0.app/Contents/Developer/Platforms/WatchOS.platform/Developer/SDKs/WatchOS10.2.sdk -I /Users/admin/builder/spi-builder-workspace/.derivedData/Build/Products/Debug-watchos -I /Applications/Xcode-15.2.0.app/Contents/Developer/Platforms/WatchOS.platform/Developer/usr/lib -F /Users/admin/builder/spi-builder-workspace/.derivedData/Build/Products/Debug-watchos/PackageFrameworks -F /Users/admin/builder/spi-builder-workspace/.derivedData/Build/Products/Debug-watchos/PackageFrameworks -F /Users/admin/builder/spi-builder-workspace/.derivedData/Build/Products/Debug-watchos/PackageFrameworks -F /Users/admin/builder/spi-builder-workspace/.derivedData/Build/Products/Debug-watchos/PackageFrameworks -F /Users/admin/builder/spi-builder-workspace/.derivedData/Build/Products/Debug-watchos/PackageFrameworks -F /Users/admin/builder/spi-builder-workspace/.derivedData/Build/Products/Debug-watchos -F /Applications/Xcode-15.2.0.app/Contents/Developer/Platforms/WatchOS.platform/Developer/Library/Frameworks -F /Applications/Xcode-15.2.0.app/Contents/Developer/Platforms/WatchOS.platform/Developer/SDKs/WatchOS10.2.sdk/Developer/Library/Frameworks -no-color-diagnostics -enable-testing -g -module-cache-path /Users/admin/builder/spi-builder-workspace/.derivedData/ModuleCache.noindex -profile-generate -profile-coverage-mapping -swift-version 5 -enforce-exclusivity\=checked -Onone -D SWIFT_PACKAGE -D DEBUG -D Xcode -serialize-debugging-options -package-name spi_builder_workspace -const-gather-protocols-file /Users/admin/builder/spi-builder-workspace/.derivedData/Build/Intermediates.noindex/SwiftSCAD.build/Debug-watchos/Tests.build/Objects-normal/arm64_32/Tests_const_extract_protocols.json -enable-experimental-feature StrictConcurrency -enable-upcoming-feature ExistentialAny -empty-abi-descriptor -validate-clang-modules-once -clang-build-session-file /Users/admin/builder/spi-builder-workspace/.derivedData/ModuleCache.noindex/Session.modulevalidation -Xcc -working-directory -Xcc /Users/admin/builder/spi-builder-workspace -resource-dir /Applications/Xcode-15.2.0.app/Contents/Developer/Toolchains/XcodeDefault.xctoolchain/usr/lib/swift -enable-anonymous-context-mangled-names -Xcc -ivfsstatcache -Xcc /Users/admin/builder/spi-builder-workspace/.derivedData/SDKStatCaches.noindex/watchos10.2-21S355-1a03c8d25fc3596eb74c01d649b42752.sdkstatcache -Xcc -I/Users/admin/builder/spi-builder-workspace/.derivedData/Build/Products/Debug-watchos/include -Xcc -I/Users/admin/builder/spi-builder-workspace/.derivedData/Build/Intermediates.noindex/SwiftSCAD.build/Debug-watchos/Tests.build/DerivedSources-normal/arm64_32 -Xcc -I/Users/admin/builder/spi-builder-workspace/.derivedData/Build/Intermediates.noindex/SwiftSCAD.build/Debug-watchos/Tests.build/DerivedSources/arm64_32 -Xcc -I/Users/admin/builder/spi-builder-workspace/.derivedData/Build/Intermediates.noindex/SwiftSCAD.build/Debug-watchos/Tests.build/DerivedSources -Xcc -DSWIFT_PACKAGE -Xcc -DDEBUG\=1 -module-name Tests -frontend-parseable-output -disable-clang-spi -target-sdk-version 10.2 -target-sdk-name watchos10.2 -external-plugin-path /Applications/Xcode-15.2.0.app/Contents/Developer/Platforms/WatchOS.platform/Developer/SDKs/WatchOS10.2.sdk/usr/lib/swift/host/plugins\#/Applications/Xcode-15.2.0.app/Contents/Developer/Platforms/WatchOS.platform/Developer/SDKs/WatchOS10.2.sdk/usr/bin/swift-plugin-server -external-plugin-path /Applications/Xcode-15.2.0.app/Contents/Developer/Platforms/WatchOS.platform/Developer/SDKs/WatchOS10.2.sdk/usr/local/lib/swift/host/plugins\#/Applications/Xcode-15.2.0.app/Contents/Developer/Platforms/WatchOS.platform/Developer/SDKs/WatchOS10.2.sdk/usr/bin/swift-plugin-server -external-plugin-path /Applications/Xcode-15.2.0.app/Contents/Developer/Platforms/WatchOS.platform/Developer/usr/lib/swift/host/plugins\#/Applications/Xcode-15.2.0.app/Contents/Developer/Platforms/WatchOS.platform/Developer/usr/bin/swift-plugin-server -external-plugin-path /Applications/Xcode-15.2.0.app/Contents/Developer/Platforms/WatchOS.platform/Developer/usr/local/lib/swift/host/plugins\#/Applications/Xcode-15.2.0.app/Contents/Developer/Platforms/WatchOS.platform/Developer/usr/bin/swift-plugin-server -plugin-path /Applications/Xcode-15.2.0.app/Contents/Developer/Toolchains/XcodeDefault.xctoolchain/usr/lib/swift/host/plugins -plugin-path /Applications/Xcode-15.2.0.app/Contents/Developer/Toolchains/XcodeDefault.xctoolchain/usr/local/lib/swift/host/plugins -o /Users/admin/builder/spi-builder-workspace/.derivedData/Build/Intermediates.noindex/SwiftSCAD.build/Debug-watchos/Tests.build/Objects-normal/arm64_32/Matrix.o -index-unit-output-path /SwiftSCAD.build/Debug-watchos/Tests.build/Objects-normal/arm64_32/Matrix.o -index-store-path /Users/admin/builder/spi-builder-workspace/.derivedData/Index.noindex/DataStore -index-system-modules
SwiftCompile normal arm64_32 Compiling\ Examples.swift /Users/admin/builder/spi-builder-workspace/Tests/Tests/Examples.swift (in target 'Tests' from project 'SwiftSCAD')
    cd /Users/admin/builder/spi-builder-workspace
    builtin-swiftTaskExecution -- /Applications/Xcode-15.2.0.app/Contents/Developer/Toolchains/XcodeDefault.xctoolchain/usr/bin/swift-frontend -frontend -c /Users/admin/builder/spi-builder-workspace/.derivedData/Build/Intermediates.noindex/SwiftSCAD.build/Debug-watchos/Tests.build/DerivedSources/resource_bundle_accessor.swift /Users/admin/builder/spi-builder-workspace/Tests/Tests/2D.swift /Users/admin/builder/spi-builder-workspace/Tests/Tests/3D.swift /Users/admin/builder/spi-builder-workspace/Tests/Tests/BezierCurve.swift /Users/admin/builder/spi-builder-workspace/Tests/Tests/BezierPath.swift /Users/admin/builder/spi-builder-workspace/Tests/Tests/Bounds.swift /Users/admin/builder/spi-builder-workspace/Tests/Tests/Common/ApproximatelyEquatable.swift /Users/admin/builder/spi-builder-workspace/Tests/Tests/Common/Helpers.swift -primary-file /Users/admin/builder/spi-builder-workspace/Tests/Tests/Examples.swift /Users/admin/builder/spi-builder-workspace/Tests/Tests/Matrix.swift /Users/admin/builder/spi-builder-workspace/Tests/Tests/Operation.swift /Users/admin/builder/spi-builder-workspace/Tests/Tests/Result.swift /Users/admin/builder/spi-builder-workspace/Tests/Tests/Transform.swift -emit-dependencies-path /Users/admin/builder/spi-builder-workspace/.derivedData/Build/Intermediates.noindex/SwiftSCAD.build/Debug-watchos/Tests.build/Objects-normal/arm64_32/Examples.d -emit-const-values-path /Users/admin/builder/spi-builder-workspace/.derivedData/Build/Intermediates.noindex/SwiftSCAD.build/Debug-watchos/Tests.build/Objects-normal/arm64_32/Examples.swiftconstvalues -emit-reference-dependencies-path /Users/admin/builder/spi-builder-workspace/.derivedData/Build/Intermediates.noindex/SwiftSCAD.build/Debug-watchos/Tests.build/Objects-normal/arm64_32/Examples.swiftdeps -serialize-diagnostics-path /Users/admin/builder/spi-builder-workspace/.derivedData/Build/Intermediates.noindex/SwiftSCAD.build/Debug-watchos/Tests.build/Objects-normal/arm64_32/Examples.dia -target arm64_32-apple-watchos5.0 -enable-objc-interop -sdk /Applications/Xcode-15.2.0.app/Contents/Developer/Platforms/WatchOS.platform/Developer/SDKs/WatchOS10.2.sdk -I /Users/admin/builder/spi-builder-workspace/.derivedData/Build/Products/Debug-watchos -I /Applications/Xcode-15.2.0.app/Contents/Developer/Platforms/WatchOS.platform/Developer/usr/lib -F /Users/admin/builder/spi-builder-workspace/.derivedData/Build/Products/Debug-watchos/PackageFrameworks -F /Users/admin/builder/spi-builder-workspace/.derivedData/Build/Products/Debug-watchos/PackageFrameworks -F /Users/admin/builder/spi-builder-workspace/.derivedData/Build/Products/Debug-watchos/PackageFrameworks -F /Users/admin/builder/spi-builder-workspace/.derivedData/Build/Products/Debug-watchos/PackageFrameworks -F /Users/admin/builder/spi-builder-workspace/.derivedData/Build/Products/Debug-watchos/PackageFrameworks -F /Users/admin/builder/spi-builder-workspace/.derivedData/Build/Products/Debug-watchos -F /Applications/Xcode-15.2.0.app/Contents/Developer/Platforms/WatchOS.platform/Developer/Library/Frameworks -F /Applications/Xcode-15.2.0.app/Contents/Developer/Platforms/WatchOS.platform/Developer/SDKs/WatchOS10.2.sdk/Developer/Library/Frameworks -no-color-diagnostics -enable-testing -g -module-cache-path /Users/admin/builder/spi-builder-workspace/.derivedData/ModuleCache.noindex -profile-generate -profile-coverage-mapping -swift-version 5 -enforce-exclusivity\=checked -Onone -D SWIFT_PACKAGE -D DEBUG -D Xcode -serialize-debugging-options -package-name spi_builder_workspace -const-gather-protocols-file /Users/admin/builder/spi-builder-workspace/.derivedData/Build/Intermediates.noindex/SwiftSCAD.build/Debug-watchos/Tests.build/Objects-normal/arm64_32/Tests_const_extract_protocols.json -enable-experimental-feature StrictConcurrency -enable-upcoming-feature ExistentialAny -empty-abi-descriptor -validate-clang-modules-once -clang-build-session-file /Users/admin/builder/spi-builder-workspace/.derivedData/ModuleCache.noindex/Session.modulevalidation -Xcc -working-directory -Xcc /Users/admin/builder/spi-builder-workspace -resource-dir /Applications/Xcode-15.2.0.app/Contents/Developer/Toolchains/XcodeDefault.xctoolchain/usr/lib/swift -enable-anonymous-context-mangled-names -Xcc -ivfsstatcache -Xcc /Users/admin/builder/spi-builder-workspace/.derivedData/SDKStatCaches.noindex/watchos10.2-21S355-1a03c8d25fc3596eb74c01d649b42752.sdkstatcache -Xcc -I/Users/admin/builder/spi-builder-workspace/.derivedData/Build/Products/Debug-watchos/include -Xcc -I/Users/admin/builder/spi-builder-workspace/.derivedData/Build/Intermediates.noindex/SwiftSCAD.build/Debug-watchos/Tests.build/DerivedSources-normal/arm64_32 -Xcc -I/Users/admin/builder/spi-builder-workspace/.derivedData/Build/Intermediates.noindex/SwiftSCAD.build/Debug-watchos/Tests.build/DerivedSources/arm64_32 -Xcc -I/Users/admin/builder/spi-builder-workspace/.derivedData/Build/Intermediates.noindex/SwiftSCAD.build/Debug-watchos/Tests.build/DerivedSources -Xcc -DSWIFT_PACKAGE -Xcc -DDEBUG\=1 -module-name Tests -frontend-parseable-output -disable-clang-spi -target-sdk-version 10.2 -target-sdk-name watchos10.2 -external-plugin-path /Applications/Xcode-15.2.0.app/Contents/Developer/Platforms/WatchOS.platform/Developer/SDKs/WatchOS10.2.sdk/usr/lib/swift/host/plugins\#/Applications/Xcode-15.2.0.app/Contents/Developer/Platforms/WatchOS.platform/Developer/SDKs/WatchOS10.2.sdk/usr/bin/swift-plugin-server -external-plugin-path /Applications/Xcode-15.2.0.app/Contents/Developer/Platforms/WatchOS.platform/Developer/SDKs/WatchOS10.2.sdk/usr/local/lib/swift/host/plugins\#/Applications/Xcode-15.2.0.app/Contents/Developer/Platforms/WatchOS.platform/Developer/SDKs/WatchOS10.2.sdk/usr/bin/swift-plugin-server -external-plugin-path /Applications/Xcode-15.2.0.app/Contents/Developer/Platforms/WatchOS.platform/Developer/usr/lib/swift/host/plugins\#/Applications/Xcode-15.2.0.app/Contents/Developer/Platforms/WatchOS.platform/Developer/usr/bin/swift-plugin-server -external-plugin-path /Applications/Xcode-15.2.0.app/Contents/Developer/Platforms/WatchOS.platform/Developer/usr/local/lib/swift/host/plugins\#/Applications/Xcode-15.2.0.app/Contents/Developer/Platforms/WatchOS.platform/Developer/usr/bin/swift-plugin-server -plugin-path /Applications/Xcode-15.2.0.app/Contents/Developer/Toolchains/XcodeDefault.xctoolchain/usr/lib/swift/host/plugins -plugin-path /Applications/Xcode-15.2.0.app/Contents/Developer/Toolchains/XcodeDefault.xctoolchain/usr/local/lib/swift/host/plugins -o /Users/admin/builder/spi-builder-workspace/.derivedData/Build/Intermediates.noindex/SwiftSCAD.build/Debug-watchos/Tests.build/Objects-normal/arm64_32/Examples.o -index-unit-output-path /SwiftSCAD.build/Debug-watchos/Tests.build/Objects-normal/arm64_32/Examples.o -index-store-path /Users/admin/builder/spi-builder-workspace/.derivedData/Index.noindex/DataStore -index-system-modules
SwiftCompile normal arm64_32 /Users/admin/builder/spi-builder-workspace/Tests/Tests/Examples.swift (in target 'Tests' from project 'SwiftSCAD')
    cd /Users/admin/builder/spi-builder-workspace
    /Applications/Xcode-15.2.0.app/Contents/Developer/Toolchains/XcodeDefault.xctoolchain/usr/bin/swift-frontend -c /Users/admin/builder/spi-builder-workspace/.derivedData/Build/Intermediates.noindex/SwiftSCAD.build/Debug-watchos/Tests.build/DerivedSources/resource_bundle_accessor.swift /Users/admin/builder/spi-builder-workspace/Tests/Tests/2D.swift /Users/admin/builder/spi-builder-workspace/Tests/Tests/3D.swift /Users/admin/builder/spi-builder-workspace/Tests/Tests/BezierCurve.swift /Users/admin/builder/spi-builder-workspace/Tests/Tests/BezierPath.swift /Users/admin/builder/spi-builder-workspace/Tests/Tests/Bounds.swift /Users/admin/builder/spi-builder-workspace/Tests/Tests/Common/ApproximatelyEquatable.swift /Users/admin/builder/spi-builder-workspace/Tests/Tests/Common/Helpers.swift -primary-file /Users/admin/builder/spi-builder-workspace/Tests/Tests/Examples.swift /Users/admin/builder/spi-builder-workspace/Tests/Tests/Matrix.swift /Users/admin/builder/spi-builder-workspace/Tests/Tests/Operation.swift /Users/admin/builder/spi-builder-workspace/Tests/Tests/Result.swift /Users/admin/builder/spi-builder-workspace/Tests/Tests/Transform.swift -emit-dependencies-path /Users/admin/builder/spi-builder-workspace/.derivedData/Build/Intermediates.noindex/SwiftSCAD.build/Debug-watchos/Tests.build/Objects-normal/arm64_32/Examples.d -emit-const-values-path /Users/admin/builder/spi-builder-workspace/.derivedData/Build/Intermediates.noindex/SwiftSCAD.build/Debug-watchos/Tests.build/Objects-normal/arm64_32/Examples.swiftconstvalues -emit-reference-dependencies-path /Users/admin/builder/spi-builder-workspace/.derivedData/Build/Intermediates.noindex/SwiftSCAD.build/Debug-watchos/Tests.build/Objects-normal/arm64_32/Examples.swiftdeps -serialize-diagnostics-path /Users/admin/builder/spi-builder-workspace/.derivedData/Build/Intermediates.noindex/SwiftSCAD.build/Debug-watchos/Tests.build/Objects-normal/arm64_32/Examples.dia -target arm64_32-apple-watchos5.0 -enable-objc-interop -sdk /Applications/Xcode-15.2.0.app/Contents/Developer/Platforms/WatchOS.platform/Developer/SDKs/WatchOS10.2.sdk -I /Users/admin/builder/spi-builder-workspace/.derivedData/Build/Products/Debug-watchos -I /Applications/Xcode-15.2.0.app/Contents/Developer/Platforms/WatchOS.platform/Developer/usr/lib -F /Users/admin/builder/spi-builder-workspace/.derivedData/Build/Products/Debug-watchos/PackageFrameworks -F /Users/admin/builder/spi-builder-workspace/.derivedData/Build/Products/Debug-watchos/PackageFrameworks -F /Users/admin/builder/spi-builder-workspace/.derivedData/Build/Products/Debug-watchos/PackageFrameworks -F /Users/admin/builder/spi-builder-workspace/.derivedData/Build/Products/Debug-watchos/PackageFrameworks -F /Users/admin/builder/spi-builder-workspace/.derivedData/Build/Products/Debug-watchos/PackageFrameworks -F /Users/admin/builder/spi-builder-workspace/.derivedData/Build/Products/Debug-watchos -F /Applications/Xcode-15.2.0.app/Contents/Developer/Platforms/WatchOS.platform/Developer/Library/Frameworks -F /Applications/Xcode-15.2.0.app/Contents/Developer/Platforms/WatchOS.platform/Developer/SDKs/WatchOS10.2.sdk/Developer/Library/Frameworks -no-color-diagnostics -enable-testing -g -module-cache-path /Users/admin/builder/spi-builder-workspace/.derivedData/ModuleCache.noindex -profile-generate -profile-coverage-mapping -swift-version 5 -enforce-exclusivity\=checked -Onone -D SWIFT_PACKAGE -D DEBUG -D Xcode -serialize-debugging-options -package-name spi_builder_workspace -const-gather-protocols-file /Users/admin/builder/spi-builder-workspace/.derivedData/Build/Intermediates.noindex/SwiftSCAD.build/Debug-watchos/Tests.build/Objects-normal/arm64_32/Tests_const_extract_protocols.json -enable-experimental-feature StrictConcurrency -enable-upcoming-feature ExistentialAny -empty-abi-descriptor -validate-clang-modules-once -clang-build-session-file /Users/admin/builder/spi-builder-workspace/.derivedData/ModuleCache.noindex/Session.modulevalidation -Xcc -working-directory -Xcc /Users/admin/builder/spi-builder-workspace -resource-dir /Applications/Xcode-15.2.0.app/Contents/Developer/Toolchains/XcodeDefault.xctoolchain/usr/lib/swift -enable-anonymous-context-mangled-names -Xcc -ivfsstatcache -Xcc /Users/admin/builder/spi-builder-workspace/.derivedData/SDKStatCaches.noindex/watchos10.2-21S355-1a03c8d25fc3596eb74c01d649b42752.sdkstatcache -Xcc -I/Users/admin/builder/spi-builder-workspace/.derivedData/Build/Products/Debug-watchos/include -Xcc -I/Users/admin/builder/spi-builder-workspace/.derivedData/Build/Intermediates.noindex/SwiftSCAD.build/Debug-watchos/Tests.build/DerivedSources-normal/arm64_32 -Xcc -I/Users/admin/builder/spi-builder-workspace/.derivedData/Build/Intermediates.noindex/SwiftSCAD.build/Debug-watchos/Tests.build/DerivedSources/arm64_32 -Xcc -I/Users/admin/builder/spi-builder-workspace/.derivedData/Build/Intermediates.noindex/SwiftSCAD.build/Debug-watchos/Tests.build/DerivedSources -Xcc -DSWIFT_PACKAGE -Xcc -DDEBUG\=1 -module-name Tests -frontend-parseable-output -disable-clang-spi -target-sdk-version 10.2 -target-sdk-name watchos10.2 -external-plugin-path /Applications/Xcode-15.2.0.app/Contents/Developer/Platforms/WatchOS.platform/Developer/SDKs/WatchOS10.2.sdk/usr/lib/swift/host/plugins\#/Applications/Xcode-15.2.0.app/Contents/Developer/Platforms/WatchOS.platform/Developer/SDKs/WatchOS10.2.sdk/usr/bin/swift-plugin-server -external-plugin-path /Applications/Xcode-15.2.0.app/Contents/Developer/Platforms/WatchOS.platform/Developer/SDKs/WatchOS10.2.sdk/usr/local/lib/swift/host/plugins\#/Applications/Xcode-15.2.0.app/Contents/Developer/Platforms/WatchOS.platform/Developer/SDKs/WatchOS10.2.sdk/usr/bin/swift-plugin-server -external-plugin-path /Applications/Xcode-15.2.0.app/Contents/Developer/Platforms/WatchOS.platform/Developer/usr/lib/swift/host/plugins\#/Applications/Xcode-15.2.0.app/Contents/Developer/Platforms/WatchOS.platform/Developer/usr/bin/swift-plugin-server -external-plugin-path /Applications/Xcode-15.2.0.app/Contents/Developer/Platforms/WatchOS.platform/Developer/usr/local/lib/swift/host/plugins\#/Applications/Xcode-15.2.0.app/Contents/Developer/Platforms/WatchOS.platform/Developer/usr/bin/swift-plugin-server -plugin-path /Applications/Xcode-15.2.0.app/Contents/Developer/Toolchains/XcodeDefault.xctoolchain/usr/lib/swift/host/plugins -plugin-path /Applications/Xcode-15.2.0.app/Contents/Developer/Toolchains/XcodeDefault.xctoolchain/usr/local/lib/swift/host/plugins -o /Users/admin/builder/spi-builder-workspace/.derivedData/Build/Intermediates.noindex/SwiftSCAD.build/Debug-watchos/Tests.build/Objects-normal/arm64_32/Examples.o -index-unit-output-path /SwiftSCAD.build/Debug-watchos/Tests.build/Objects-normal/arm64_32/Examples.o -index-store-path /Users/admin/builder/spi-builder-workspace/.derivedData/Index.noindex/DataStore -index-system-modules
SwiftEmitModule normal armv7k Emitting\ module\ for\ Tests (in target 'Tests' from project 'SwiftSCAD')
    cd /Users/admin/builder/spi-builder-workspace
    builtin-swiftTaskExecution -- /Applications/Xcode-15.2.0.app/Contents/Developer/Toolchains/XcodeDefault.xctoolchain/usr/bin/swift-frontend -frontend -emit-module -experimental-skip-non-inlinable-function-bodies-without-types /Users/admin/builder/spi-builder-workspace/.derivedData/Build/Intermediates.noindex/SwiftSCAD.build/Debug-watchos/Tests.build/DerivedSources/resource_bundle_accessor.swift /Users/admin/builder/spi-builder-workspace/Tests/Tests/2D.swift /Users/admin/builder/spi-builder-workspace/Tests/Tests/3D.swift /Users/admin/builder/spi-builder-workspace/Tests/Tests/BezierCurve.swift /Users/admin/builder/spi-builder-workspace/Tests/Tests/BezierPath.swift /Users/admin/builder/spi-builder-workspace/Tests/Tests/Bounds.swift /Users/admin/builder/spi-builder-workspace/Tests/Tests/Common/ApproximatelyEquatable.swift /Users/admin/builder/spi-builder-workspace/Tests/Tests/Common/Helpers.swift /Users/admin/builder/spi-builder-workspace/Tests/Tests/Examples.swift /Users/admin/builder/spi-builder-workspace/Tests/Tests/Matrix.swift /Users/admin/builder/spi-builder-workspace/Tests/Tests/Operation.swift /Users/admin/builder/spi-builder-workspace/Tests/Tests/Result.swift /Users/admin/builder/spi-builder-workspace/Tests/Tests/Transform.swift -target armv7k-apple-watchos5.0 -enable-objc-interop -sdk /Applications/Xcode-15.2.0.app/Contents/Developer/Platforms/WatchOS.platform/Developer/SDKs/WatchOS10.2.sdk -I /Users/admin/builder/spi-builder-workspace/.derivedData/Build/Products/Debug-watchos -I /Applications/Xcode-15.2.0.app/Contents/Developer/Platforms/WatchOS.platform/Developer/usr/lib -F /Users/admin/builder/spi-builder-workspace/.derivedData/Build/Products/Debug-watchos/PackageFrameworks -F /Users/admin/builder/spi-builder-workspace/.derivedData/Build/Products/Debug-watchos/PackageFrameworks -F /Users/admin/builder/spi-builder-workspace/.derivedData/Build/Products/Debug-watchos/PackageFrameworks -F /Users/admin/builder/spi-builder-workspace/.derivedData/Build/Products/Debug-watchos/PackageFrameworks -F /Users/admin/builder/spi-builder-workspace/.derivedData/Build/Products/Debug-watchos/PackageFrameworks -F /Users/admin/builder/spi-builder-workspace/.derivedData/Build/Products/Debug-watchos -F /Applications/Xcode-15.2.0.app/Contents/Developer/Platforms/WatchOS.platform/Developer/Library/Frameworks -F /Applications/Xcode-15.2.0.app/Contents/Developer/Platforms/WatchOS.platform/Developer/SDKs/WatchOS10.2.sdk/Developer/Library/Frameworks -no-color-diagnostics -enable-testing -g -module-cache-path /Users/admin/builder/spi-builder-workspace/.derivedData/ModuleCache.noindex -profile-generate -profile-coverage-mapping -swift-version 5 -enforce-exclusivity\=checked -Onone -D SWIFT_PACKAGE -D DEBUG -D Xcode -serialize-debugging-options -package-name spi_builder_workspace -const-gather-protocols-file /Users/admin/builder/spi-builder-workspace/.derivedData/Build/Intermediates.noindex/SwiftSCAD.build/Debug-watchos/Tests.build/Objects-normal/armv7k/Tests_const_extract_protocols.json -enable-experimental-feature StrictConcurrency -enable-upcoming-feature ExistentialAny -empty-abi-descriptor -validate-clang-modules-once -clang-build-session-file /Users/admin/builder/spi-builder-workspace/.derivedData/ModuleCache.noindex/Session.modulevalidation -Xcc -working-directory -Xcc /Users/admin/builder/spi-builder-workspace -resource-dir /Applications/Xcode-15.2.0.app/Contents/Developer/Toolchains/XcodeDefault.xctoolchain/usr/lib/swift -enable-anonymous-context-mangled-names -Xcc -ivfsstatcache -Xcc /Users/admin/builder/spi-builder-workspace/.derivedData/SDKStatCaches.noindex/watchos10.2-21S355-1a03c8d25fc3596eb74c01d649b42752.sdkstatcache -Xcc -I/Users/admin/builder/spi-builder-workspace/.derivedData/Build/Products/Debug-watchos/include -Xcc -I/Users/admin/builder/spi-builder-workspace/.derivedData/Build/Intermediates.noindex/SwiftSCAD.build/Debug-watchos/Tests.build/DerivedSources-normal/armv7k -Xcc -I/Users/admin/builder/spi-builder-workspace/.derivedData/Build/Intermediates.noindex/SwiftSCAD.build/Debug-watchos/Tests.build/DerivedSources/armv7k -Xcc -I/Users/admin/builder/spi-builder-workspace/.derivedData/Build/Intermediates.noindex/SwiftSCAD.build/Debug-watchos/Tests.build/DerivedSources -Xcc -DSWIFT_PACKAGE -Xcc -DDEBUG\=1 -module-name Tests -disable-clang-spi -target-sdk-version 10.2 -target-sdk-name watchos10.2 -external-plugin-path /Applications/Xcode-15.2.0.app/Contents/Developer/Platforms/WatchOS.platform/Developer/SDKs/WatchOS10.2.sdk/usr/lib/swift/host/plugins\#/Applications/Xcode-15.2.0.app/Contents/Developer/Platforms/WatchOS.platform/Developer/SDKs/WatchOS10.2.sdk/usr/bin/swift-plugin-server -external-plugin-path /Applications/Xcode-15.2.0.app/Contents/Developer/Platforms/WatchOS.platform/Developer/SDKs/WatchOS10.2.sdk/usr/local/lib/swift/host/plugins\#/Applications/Xcode-15.2.0.app/Contents/Developer/Platforms/WatchOS.platform/Developer/SDKs/WatchOS10.2.sdk/usr/bin/swift-plugin-server -external-plugin-path /Applications/Xcode-15.2.0.app/Contents/Developer/Platforms/WatchOS.platform/Developer/usr/lib/swift/host/plugins\#/Applications/Xcode-15.2.0.app/Contents/Developer/Platforms/WatchOS.platform/Developer/usr/bin/swift-plugin-server -external-plugin-path /Applications/Xcode-15.2.0.app/Contents/Developer/Platforms/WatchOS.platform/Developer/usr/local/lib/swift/host/plugins\#/Applications/Xcode-15.2.0.app/Contents/Developer/Platforms/WatchOS.platform/Developer/usr/bin/swift-plugin-server -plugin-path /Applications/Xcode-15.2.0.app/Contents/Developer/Toolchains/XcodeDefault.xctoolchain/usr/lib/swift/host/plugins -plugin-path /Applications/Xcode-15.2.0.app/Contents/Developer/Toolchains/XcodeDefault.xctoolchain/usr/local/lib/swift/host/plugins -emit-module-doc-path /Users/admin/builder/spi-builder-workspace/.derivedData/Build/Intermediates.noindex/SwiftSCAD.build/Debug-watchos/Tests.build/Objects-normal/armv7k/Tests.swiftdoc -emit-module-source-info-path /Users/admin/builder/spi-builder-workspace/.derivedData/Build/Intermediates.noindex/SwiftSCAD.build/Debug-watchos/Tests.build/Objects-normal/armv7k/Tests.swiftsourceinfo -serialize-diagnostics-path /Users/admin/builder/spi-builder-workspace/.derivedData/Build/Intermediates.noindex/SwiftSCAD.build/Debug-watchos/Tests.build/Objects-normal/armv7k/Tests-master-emit-module.dia -emit-dependencies-path /Users/admin/builder/spi-builder-workspace/.derivedData/Build/Intermediates.noindex/SwiftSCAD.build/Debug-watchos/Tests.build/Objects-normal/armv7k/Tests-master-emit-module.d -o /Users/admin/builder/spi-builder-workspace/.derivedData/Build/Intermediates.noindex/SwiftSCAD.build/Debug-watchos/Tests.build/Objects-normal/armv7k/Tests.swiftmodule -emit-abi-descriptor-path /Users/admin/builder/spi-builder-workspace/.derivedData/Build/Intermediates.noindex/SwiftSCAD.build/Debug-watchos/Tests.build/Objects-normal/armv7k/Tests.abi.json
/Users/admin/builder/spi-builder-workspace/Tests/Tests/2D.swift:1:8: error: no such module 'Testing'
import Testing
       ^
SwiftEmitModule normal arm64 Emitting\ module\ for\ Tests (in target 'Tests' from project 'SwiftSCAD')
    cd /Users/admin/builder/spi-builder-workspace
    builtin-swiftTaskExecution -- /Applications/Xcode-15.2.0.app/Contents/Developer/Toolchains/XcodeDefault.xctoolchain/usr/bin/swift-frontend -frontend -emit-module -experimental-skip-non-inlinable-function-bodies-without-types /Users/admin/builder/spi-builder-workspace/.derivedData/Build/Intermediates.noindex/SwiftSCAD.build/Debug-watchos/Tests.build/DerivedSources/resource_bundle_accessor.swift /Users/admin/builder/spi-builder-workspace/Tests/Tests/2D.swift /Users/admin/builder/spi-builder-workspace/Tests/Tests/3D.swift /Users/admin/builder/spi-builder-workspace/Tests/Tests/BezierCurve.swift /Users/admin/builder/spi-builder-workspace/Tests/Tests/BezierPath.swift /Users/admin/builder/spi-builder-workspace/Tests/Tests/Bounds.swift /Users/admin/builder/spi-builder-workspace/Tests/Tests/Common/ApproximatelyEquatable.swift /Users/admin/builder/spi-builder-workspace/Tests/Tests/Common/Helpers.swift /Users/admin/builder/spi-builder-workspace/Tests/Tests/Examples.swift /Users/admin/builder/spi-builder-workspace/Tests/Tests/Matrix.swift /Users/admin/builder/spi-builder-workspace/Tests/Tests/Operation.swift /Users/admin/builder/spi-builder-workspace/Tests/Tests/Result.swift /Users/admin/builder/spi-builder-workspace/Tests/Tests/Transform.swift -target arm64-apple-watchos5.0 -Xllvm -aarch64-use-tbi -enable-objc-interop -sdk /Applications/Xcode-15.2.0.app/Contents/Developer/Platforms/WatchOS.platform/Developer/SDKs/WatchOS10.2.sdk -I /Users/admin/builder/spi-builder-workspace/.derivedData/Build/Products/Debug-watchos -I /Applications/Xcode-15.2.0.app/Contents/Developer/Platforms/WatchOS.platform/Developer/usr/lib -F /Users/admin/builder/spi-builder-workspace/.derivedData/Build/Products/Debug-watchos/PackageFrameworks -F /Users/admin/builder/spi-builder-workspace/.derivedData/Build/Products/Debug-watchos/PackageFrameworks -F /Users/admin/builder/spi-builder-workspace/.derivedData/Build/Products/Debug-watchos/PackageFrameworks -F /Users/admin/builder/spi-builder-workspace/.derivedData/Build/Products/Debug-watchos/PackageFrameworks -F /Users/admin/builder/spi-builder-workspace/.derivedData/Build/Products/Debug-watchos/PackageFrameworks -F /Users/admin/builder/spi-builder-workspace/.derivedData/Build/Products/Debug-watchos -F /Applications/Xcode-15.2.0.app/Contents/Developer/Platforms/WatchOS.platform/Developer/Library/Frameworks -F /Applications/Xcode-15.2.0.app/Contents/Developer/Platforms/WatchOS.platform/Developer/SDKs/WatchOS10.2.sdk/Developer/Library/Frameworks -no-color-diagnostics -enable-testing -g -module-cache-path /Users/admin/builder/spi-builder-workspace/.derivedData/ModuleCache.noindex -profile-generate -profile-coverage-mapping -swift-version 5 -enforce-exclusivity\=checked -Onone -D SWIFT_PACKAGE -D DEBUG -D Xcode -serialize-debugging-options -package-name spi_builder_workspace -const-gather-protocols-file /Users/admin/builder/spi-builder-workspace/.derivedData/Build/Intermediates.noindex/SwiftSCAD.build/Debug-watchos/Tests.build/Objects-normal/arm64/Tests_const_extract_protocols.json -enable-experimental-feature StrictConcurrency -enable-upcoming-feature ExistentialAny -empty-abi-descriptor -validate-clang-modules-once -clang-build-session-file /Users/admin/builder/spi-builder-workspace/.derivedData/ModuleCache.noindex/Session.modulevalidation -Xcc -working-directory -Xcc /Users/admin/builder/spi-builder-workspace -resource-dir /Applications/Xcode-15.2.0.app/Contents/Developer/Toolchains/XcodeDefault.xctoolchain/usr/lib/swift -enable-anonymous-context-mangled-names -Xcc -ivfsstatcache -Xcc /Users/admin/builder/spi-builder-workspace/.derivedData/SDKStatCaches.noindex/watchos10.2-21S355-1a03c8d25fc3596eb74c01d649b42752.sdkstatcache -Xcc -I/Users/admin/builder/spi-builder-workspace/.derivedData/Build/Products/Debug-watchos/include -Xcc -I/Users/admin/builder/spi-builder-workspace/.derivedData/Build/Intermediates.noindex/SwiftSCAD.build/Debug-watchos/Tests.build/DerivedSources-normal/arm64 -Xcc -I/Users/admin/builder/spi-builder-workspace/.derivedData/Build/Intermediates.noindex/SwiftSCAD.build/Debug-watchos/Tests.build/DerivedSources/arm64 -Xcc -I/Users/admin/builder/spi-builder-workspace/.derivedData/Build/Intermediates.noindex/SwiftSCAD.build/Debug-watchos/Tests.build/DerivedSources -Xcc -DSWIFT_PACKAGE -Xcc -DDEBUG\=1 -module-name Tests -disable-clang-spi -target-sdk-version 10.2 -target-sdk-name watchos10.2 -external-plugin-path /Applications/Xcode-15.2.0.app/Contents/Developer/Platforms/WatchOS.platform/Developer/SDKs/WatchOS10.2.sdk/usr/lib/swift/host/plugins\#/Applications/Xcode-15.2.0.app/Contents/Developer/Platforms/WatchOS.platform/Developer/SDKs/WatchOS10.2.sdk/usr/bin/swift-plugin-server -external-plugin-path /Applications/Xcode-15.2.0.app/Contents/Developer/Platforms/WatchOS.platform/Developer/SDKs/WatchOS10.2.sdk/usr/local/lib/swift/host/plugins\#/Applications/Xcode-15.2.0.app/Contents/Developer/Platforms/WatchOS.platform/Developer/SDKs/WatchOS10.2.sdk/usr/bin/swift-plugin-server -external-plugin-path /Applications/Xcode-15.2.0.app/Contents/Developer/Platforms/WatchOS.platform/Developer/usr/lib/swift/host/plugins\#/Applications/Xcode-15.2.0.app/Contents/Developer/Platforms/WatchOS.platform/Developer/usr/bin/swift-plugin-server -external-plugin-path /Applications/Xcode-15.2.0.app/Contents/Developer/Platforms/WatchOS.platform/Developer/usr/local/lib/swift/host/plugins\#/Applications/Xcode-15.2.0.app/Contents/Developer/Platforms/WatchOS.platform/Developer/usr/bin/swift-plugin-server -plugin-path /Applications/Xcode-15.2.0.app/Contents/Developer/Toolchains/XcodeDefault.xctoolchain/usr/lib/swift/host/plugins -plugin-path /Applications/Xcode-15.2.0.app/Contents/Developer/Toolchains/XcodeDefault.xctoolchain/usr/local/lib/swift/host/plugins -emit-module-doc-path /Users/admin/builder/spi-builder-workspace/.derivedData/Build/Intermediates.noindex/SwiftSCAD.build/Debug-watchos/Tests.build/Objects-normal/arm64/Tests.swiftdoc -emit-module-source-info-path /Users/admin/builder/spi-builder-workspace/.derivedData/Build/Intermediates.noindex/SwiftSCAD.build/Debug-watchos/Tests.build/Objects-normal/arm64/Tests.swiftsourceinfo -serialize-diagnostics-path /Users/admin/builder/spi-builder-workspace/.derivedData/Build/Intermediates.noindex/SwiftSCAD.build/Debug-watchos/Tests.build/Objects-normal/arm64/Tests-master-emit-module.dia -emit-dependencies-path /Users/admin/builder/spi-builder-workspace/.derivedData/Build/Intermediates.noindex/SwiftSCAD.build/Debug-watchos/Tests.build/Objects-normal/arm64/Tests-master-emit-module.d -o /Users/admin/builder/spi-builder-workspace/.derivedData/Build/Intermediates.noindex/SwiftSCAD.build/Debug-watchos/Tests.build/Objects-normal/arm64/Tests.swiftmodule -emit-abi-descriptor-path /Users/admin/builder/spi-builder-workspace/.derivedData/Build/Intermediates.noindex/SwiftSCAD.build/Debug-watchos/Tests.build/Objects-normal/arm64/Tests.abi.json
SwiftDriver\ Compilation\ Requirements Tests normal armv7k com.apple.xcode.tools.swift.compiler (in target 'Tests' from project 'SwiftSCAD')
    cd /Users/admin/builder/spi-builder-workspace
    builtin-Swift-Compilation-Requirements -- /Applications/Xcode-15.2.0.app/Contents/Developer/Toolchains/XcodeDefault.xctoolchain/usr/bin/swiftc -module-name Tests -Onone -enforce-exclusivity\=checked @/Users/admin/builder/spi-builder-workspace/.derivedData/Build/Intermediates.noindex/SwiftSCAD.build/Debug-watchos/Tests.build/Objects-normal/armv7k/Tests.SwiftFileList -DSWIFT_PACKAGE -DDEBUG -DXcode -enable-upcoming-feature ExistentialAny -enable-experimental-feature StrictConcurrency -sdk /Applications/Xcode-15.2.0.app/Contents/Developer/Platforms/WatchOS.platform/Developer/SDKs/WatchOS10.2.sdk -target armv7k-apple-watchos5.0 -g -module-cache-path /Users/admin/builder/spi-builder-workspace/.derivedData/ModuleCache.noindex -Xfrontend -serialize-debugging-options -profile-coverage-mapping -profile-generate -enable-testing -index-store-path /Users/admin/builder/spi-builder-workspace/.derivedData/Index.noindex/DataStore -swift-version 5 -I /Users/admin/builder/spi-builder-workspace/.derivedData/Build/Products/Debug-watchos -I /Applications/Xcode-15.2.0.app/Contents/Developer/Platforms/WatchOS.platform/Developer/usr/lib -F /Users/admin/builder/spi-builder-workspace/.derivedData/Build/Products/Debug-watchos/PackageFrameworks -F /Users/admin/builder/spi-builder-workspace/.derivedData/Build/Products/Debug-watchos/PackageFrameworks -F /Users/admin/builder/spi-builder-workspace/.derivedData/Build/Products/Debug-watchos/PackageFrameworks -F /Users/admin/builder/spi-builder-workspace/.derivedData/Build/Products/Debug-watchos/PackageFrameworks -F /Users/admin/builder/spi-builder-workspace/.derivedData/Build/Products/Debug-watchos/PackageFrameworks -F /Users/admin/builder/spi-builder-workspace/.derivedData/Build/Products/Debug-watchos -F /Applications/Xcode-15.2.0.app/Contents/Developer/Platforms/WatchOS.platform/Developer/Library/Frameworks -F /Applications/Xcode-15.2.0.app/Contents/Developer/Platforms/WatchOS.platform/Developer/SDKs/WatchOS10.2.sdk/Developer/Library/Frameworks -c -j10 -enable-batch-mode -incremental -Xcc -ivfsstatcache -Xcc /Users/admin/builder/spi-builder-workspace/.derivedData/SDKStatCaches.noindex/watchos10.2-21S355-1a03c8d25fc3596eb74c01d649b42752.sdkstatcache -output-file-map /Users/admin/builder/spi-builder-workspace/.derivedData/Build/Intermediates.noindex/SwiftSCAD.build/Debug-watchos/Tests.build/Objects-normal/armv7k/Tests-OutputFileMap.json -use-frontend-parseable-output -save-temps -no-color-diagnostics -serialize-diagnostics -emit-dependencies -emit-module -emit-module-path /Users/admin/builder/spi-builder-workspace/.derivedData/Build/Intermediates.noindex/SwiftSCAD.build/Debug-watchos/Tests.build/Objects-normal/armv7k/Tests.swiftmodule -validate-clang-modules-once -clang-build-session-file /Users/admin/builder/spi-builder-workspace/.derivedData/ModuleCache.noindex/Session.modulevalidation -Xfrontend -package-name -Xfrontend spi_builder_workspace -emit-const-values -Xfrontend -const-gather-protocols-file -Xfrontend /Users/admin/builder/spi-builder-workspace/.derivedData/Build/Intermediates.noindex/SwiftSCAD.build/Debug-watchos/Tests.build/Objects-normal/armv7k/Tests_const_extract_protocols.json -Xcc -I/Users/admin/builder/spi-builder-workspace/.derivedData/Build/Products/Debug-watchos/include -Xcc -I/Users/admin/builder/spi-builder-workspace/.derivedData/Build/Intermediates.noindex/SwiftSCAD.build/Debug-watchos/Tests.build/DerivedSources-normal/armv7k -Xcc -I/Users/admin/builder/spi-builder-workspace/.derivedData/Build/Intermediates.noindex/SwiftSCAD.build/Debug-watchos/Tests.build/DerivedSources/armv7k -Xcc -I/Users/admin/builder/spi-builder-workspace/.derivedData/Build/Intermediates.noindex/SwiftSCAD.build/Debug-watchos/Tests.build/DerivedSources -Xcc -DSWIFT_PACKAGE -Xcc -DDEBUG\=1 -working-directory /Users/admin/builder/spi-builder-workspace -experimental-emit-module-separately -disable-cmo
SwiftCompile normal armv7k Compiling\ Transform.swift /Users/admin/builder/spi-builder-workspace/Tests/Tests/Transform.swift (in target 'Tests' from project 'SwiftSCAD')
    cd /Users/admin/builder/spi-builder-workspace
    builtin-swiftTaskExecution -- /Applications/Xcode-15.2.0.app/Contents/Developer/Toolchains/XcodeDefault.xctoolchain/usr/bin/swift-frontend -frontend -c /Users/admin/builder/spi-builder-workspace/.derivedData/Build/Intermediates.noindex/SwiftSCAD.build/Debug-watchos/Tests.build/DerivedSources/resource_bundle_accessor.swift /Users/admin/builder/spi-builder-workspace/Tests/Tests/2D.swift /Users/admin/builder/spi-builder-workspace/Tests/Tests/3D.swift /Users/admin/builder/spi-builder-workspace/Tests/Tests/BezierCurve.swift /Users/admin/builder/spi-builder-workspace/Tests/Tests/BezierPath.swift /Users/admin/builder/spi-builder-workspace/Tests/Tests/Bounds.swift /Users/admin/builder/spi-builder-workspace/Tests/Tests/Common/ApproximatelyEquatable.swift /Users/admin/builder/spi-builder-workspace/Tests/Tests/Common/Helpers.swift /Users/admin/builder/spi-builder-workspace/Tests/Tests/Examples.swift /Users/admin/builder/spi-builder-workspace/Tests/Tests/Matrix.swift /Users/admin/builder/spi-builder-workspace/Tests/Tests/Operation.swift /Users/admin/builder/spi-builder-workspace/Tests/Tests/Result.swift -primary-file /Users/admin/builder/spi-builder-workspace/Tests/Tests/Transform.swift -emit-dependencies-path /Users/admin/builder/spi-builder-workspace/.derivedData/Build/Intermediates.noindex/SwiftSCAD.build/Debug-watchos/Tests.build/Objects-normal/armv7k/Transform.d -emit-const-values-path /Users/admin/builder/spi-builder-workspace/.derivedData/Build/Intermediates.noindex/SwiftSCAD.build/Debug-watchos/Tests.build/Objects-normal/armv7k/Transform.swiftconstvalues -emit-reference-dependencies-path /Users/admin/builder/spi-builder-workspace/.derivedData/Build/Intermediates.noindex/SwiftSCAD.build/Debug-watchos/Tests.build/Objects-normal/armv7k/Transform.swiftdeps -serialize-diagnostics-path /Users/admin/builder/spi-builder-workspace/.derivedData/Build/Intermediates.noindex/SwiftSCAD.build/Debug-watchos/Tests.build/Objects-normal/armv7k/Transform.dia -target armv7k-apple-watchos5.0 -enable-objc-interop -sdk /Applications/Xcode-15.2.0.app/Contents/Developer/Platforms/WatchOS.platform/Developer/SDKs/WatchOS10.2.sdk -I /Users/admin/builder/spi-builder-workspace/.derivedData/Build/Products/Debug-watchos -I /Applications/Xcode-15.2.0.app/Contents/Developer/Platforms/WatchOS.platform/Developer/usr/lib -F /Users/admin/builder/spi-builder-workspace/.derivedData/Build/Products/Debug-watchos/PackageFrameworks -F /Users/admin/builder/spi-builder-workspace/.derivedData/Build/Products/Debug-watchos/PackageFrameworks -F /Users/admin/builder/spi-builder-workspace/.derivedData/Build/Products/Debug-watchos/PackageFrameworks -F /Users/admin/builder/spi-builder-workspace/.derivedData/Build/Products/Debug-watchos/PackageFrameworks -F /Users/admin/builder/spi-builder-workspace/.derivedData/Build/Products/Debug-watchos/PackageFrameworks -F /Users/admin/builder/spi-builder-workspace/.derivedData/Build/Products/Debug-watchos -F /Applications/Xcode-15.2.0.app/Contents/Developer/Platforms/WatchOS.platform/Developer/Library/Frameworks -F /Applications/Xcode-15.2.0.app/Contents/Developer/Platforms/WatchOS.platform/Developer/SDKs/WatchOS10.2.sdk/Developer/Library/Frameworks -no-color-diagnostics -enable-testing -g -module-cache-path /Users/admin/builder/spi-builder-workspace/.derivedData/ModuleCache.noindex -profile-generate -profile-coverage-mapping -swift-version 5 -enforce-exclusivity\=checked -Onone -D SWIFT_PACKAGE -D DEBUG -D Xcode -serialize-debugging-options -package-name spi_builder_workspace -const-gather-protocols-file /Users/admin/builder/spi-builder-workspace/.derivedData/Build/Intermediates.noindex/SwiftSCAD.build/Debug-watchos/Tests.build/Objects-normal/armv7k/Tests_const_extract_protocols.json -enable-experimental-feature StrictConcurrency -enable-upcoming-feature ExistentialAny -empty-abi-descriptor -validate-clang-modules-once -clang-build-session-file /Users/admin/builder/spi-builder-workspace/.derivedData/ModuleCache.noindex/Session.modulevalidation -Xcc -working-directory -Xcc /Users/admin/builder/spi-builder-workspace -resource-dir /Applications/Xcode-15.2.0.app/Contents/Developer/Toolchains/XcodeDefault.xctoolchain/usr/lib/swift -enable-anonymous-context-mangled-names -Xcc -ivfsstatcache -Xcc /Users/admin/builder/spi-builder-workspace/.derivedData/SDKStatCaches.noindex/watchos10.2-21S355-1a03c8d25fc3596eb74c01d649b42752.sdkstatcache -Xcc -I/Users/admin/builder/spi-builder-workspace/.derivedData/Build/Products/Debug-watchos/include -Xcc -I/Users/admin/builder/spi-builder-workspace/.derivedData/Build/Intermediates.noindex/SwiftSCAD.build/Debug-watchos/Tests.build/DerivedSources-normal/armv7k -Xcc -I/Users/admin/builder/spi-builder-workspace/.derivedData/Build/Intermediates.noindex/SwiftSCAD.build/Debug-watchos/Tests.build/DerivedSources/armv7k -Xcc -I/Users/admin/builder/spi-builder-workspace/.derivedData/Build/Intermediates.noindex/SwiftSCAD.build/Debug-watchos/Tests.build/DerivedSources -Xcc -DSWIFT_PACKAGE -Xcc -DDEBUG\=1 -module-name Tests -frontend-parseable-output -disable-clang-spi -target-sdk-version 10.2 -target-sdk-name watchos10.2 -external-plugin-path /Applications/Xcode-15.2.0.app/Contents/Developer/Platforms/WatchOS.platform/Developer/SDKs/WatchOS10.2.sdk/usr/lib/swift/host/plugins\#/Applications/Xcode-15.2.0.app/Contents/Developer/Platforms/WatchOS.platform/Developer/SDKs/WatchOS10.2.sdk/usr/bin/swift-plugin-server -external-plugin-path /Applications/Xcode-15.2.0.app/Contents/Developer/Platforms/WatchOS.platform/Developer/SDKs/WatchOS10.2.sdk/usr/local/lib/swift/host/plugins\#/Applications/Xcode-15.2.0.app/Contents/Developer/Platforms/WatchOS.platform/Developer/SDKs/WatchOS10.2.sdk/usr/bin/swift-plugin-server -external-plugin-path /Applications/Xcode-15.2.0.app/Contents/Developer/Platforms/WatchOS.platform/Developer/usr/lib/swift/host/plugins\#/Applications/Xcode-15.2.0.app/Contents/Developer/Platforms/WatchOS.platform/Developer/usr/bin/swift-plugin-server -external-plugin-path /Applications/Xcode-15.2.0.app/Contents/Developer/Platforms/WatchOS.platform/Developer/usr/local/lib/swift/host/plugins\#/Applications/Xcode-15.2.0.app/Contents/Developer/Platforms/WatchOS.platform/Developer/usr/bin/swift-plugin-server -plugin-path /Applications/Xcode-15.2.0.app/Contents/Developer/Toolchains/XcodeDefault.xctoolchain/usr/lib/swift/host/plugins -plugin-path /Applications/Xcode-15.2.0.app/Contents/Developer/Toolchains/XcodeDefault.xctoolchain/usr/local/lib/swift/host/plugins -o /Users/admin/builder/spi-builder-workspace/.derivedData/Build/Intermediates.noindex/SwiftSCAD.build/Debug-watchos/Tests.build/Objects-normal/armv7k/Transform.o -index-unit-output-path /SwiftSCAD.build/Debug-watchos/Tests.build/Objects-normal/armv7k/Transform.o -index-store-path /Users/admin/builder/spi-builder-workspace/.derivedData/Index.noindex/DataStore -index-system-modules
Command SwiftCompile failed with a nonzero exit code
Copy /Users/admin/builder/spi-builder-workspace/.derivedData/Build/Products/Debug-watchos/Tests.swiftmodule/armv7k-apple-watchos.swiftmodule /Users/admin/builder/spi-builder-workspace/.derivedData/Build/Intermediates.noindex/SwiftSCAD.build/Debug-watchos/Tests.build/Objects-normal/armv7k/Tests.swiftmodule (in target 'Tests' from project 'SwiftSCAD')
    cd /Users/admin/builder/spi-builder-workspace
    builtin-copy -exclude .DS_Store -exclude CVS -exclude .svn -exclude .git -exclude .hg -resolve-src-symlinks -rename /Users/admin/builder/spi-builder-workspace/.derivedData/Build/Intermediates.noindex/SwiftSCAD.build/Debug-watchos/Tests.build/Objects-normal/armv7k/Tests.swiftmodule /Users/admin/builder/spi-builder-workspace/.derivedData/Build/Products/Debug-watchos/Tests.swiftmodule/armv7k-apple-watchos.swiftmodule
error: /Users/admin/builder/spi-builder-workspace/.derivedData/Build/Intermediates.noindex/SwiftSCAD.build/Debug-watchos/Tests.build/Objects-normal/armv7k/Tests.swiftmodule: No such file or directory (in target 'Tests' from project 'SwiftSCAD')
** BUILD FAILED **
The following build commands failed:
	SwiftEmitModule normal armv7k Emitting\ module\ for\ Tests (in target 'Tests' from project 'SwiftSCAD')
	SwiftCompile normal armv7k Compiling\ Transform.swift /Users/admin/builder/spi-builder-workspace/Tests/Tests/Transform.swift (in target 'Tests' from project 'SwiftSCAD')
	Copy /Users/admin/builder/spi-builder-workspace/.derivedData/Build/Products/Debug-watchos/Tests.swiftmodule/armv7k-apple-watchos.swiftmodule /Users/admin/builder/spi-builder-workspace/.derivedData/Build/Intermediates.noindex/SwiftSCAD.build/Debug-watchos/Tests.build/Objects-normal/armv7k/Tests.swiftmodule (in target 'Tests' from project 'SwiftSCAD')
(3 failures)
BUILD FAILURE 5.9 watchOS