Build Information
Failed to build AgoraInfra_macOS, reference 1.3.16 (4c2677), with Swift 6.4 for iOS using Xcode 27.0 on 25 Sep 2026 08:16:16 UTC.
Build Command
env DEVELOPER_DIR=/Applications/Xcode-27.0.0-Release.Candidate.app xcrun xcodebuild -IDEClonedSourcePackagesDirPathOverride=$PWD/.dependencies -skipMacroValidation -skipPackagePluginValidation -derivedDataPath $PWD/.derivedData build -scheme AgoraInfra_macOS -destination generic/platform=iOSBuild Log
========================================
RunAll
========================================
Builder version: 5.1.0
Interrupt handler set up.
========================================
Checkout
========================================
Clone URL: https://github.com/AgoraIO/AgoraInfra_macOS.git
Reference: 1.3.16
Initialized empty Git repository in /Users/admin/builder/spi-builder-workspace/.git/
From https://github.com/AgoraIO/AgoraInfra_macOS
* tag 1.3.16 -> FETCH_HEAD
HEAD is now at 4c2677a 1.3.16
Cloned https://github.com/AgoraIO/AgoraInfra_macOS.git
Revision (git rev-parse @):
4c2677a95813582312227fe09923b5a07070924b
SUCCESS checkout https://github.com/AgoraIO/AgoraInfra_macOS.git at 1.3.16
========================================
Build
========================================
Selected platform: iOS
Swift version: 6.4
Building package at path: $PWD
https://github.com/AgoraIO/AgoraInfra_macOS.git
Command line invocation:
/Applications/Xcode-27.0.0-Release.Candidate.app/Contents/Developer/usr/bin/xcodebuild -IDEClonedSourcePackagesDirPathOverride=/Users/admin/builder/spi-builder-workspace/.dependencies -resolvePackageDependencies
Resolve Package Graph
Resolve Package Graph
Resolved source packages:
AgoraInfra_macOS: /Users/admin/builder/spi-builder-workspace
resolved source packages: AgoraInfra_macOS
2026-09-25 04:15:29.459 xcodebuild[529:3035] [MT] IDERunDestination: Supported platforms for the buildables in the current scheme is empty.
{
"default_localization" : "en",
"dependencies" : [
],
"manifest_display_name" : "AgoraInfra_macOS",
"name" : "AgoraInfra_macOS",
"path" : "/Users/admin/builder/spi-builder-workspace",
"platforms" : [
{
"name" : "macos",
"version" : "10.10"
}
],
"products" : [
{
"name" : "AgoraInfra_macOS",
"targets" : [
"aosl"
],
"type" : {
"library" : [
"automatic"
]
}
}
],
"targets" : [
{
"c99name" : "aosl",
"module_type" : "BinaryTarget",
"name" : "aosl",
"path" : "remote/archive/aosl.xcframework.zip",
"product_memberships" : [
"AgoraInfra_macOS"
],
"sources" : [
],
"type" : "binary"
}
],
"tools_version" : "5.3"
}
{
"workspace" : {
"name" : "AgoraInfra_macOS",
"schemes" : [
"AgoraInfra_macOS"
]
}
}
2026-09-25 04:16:11.074 xcodebuild[659:4152] [MT] IDERunDestination: Supported platforms for the buildables in the current scheme is empty.
Running build ...
env DEVELOPER_DIR=/Applications/Xcode-27.0.0-Release.Candidate.app xcrun xcodebuild -IDEClonedSourcePackagesDirPathOverride=$PWD/.dependencies -skipMacroValidation -skipPackagePluginValidation -derivedDataPath $PWD/.derivedData build -scheme AgoraInfra_macOS -destination generic/platform=iOS
Command line invocation:
/Applications/Xcode-27.0.0-Release.Candidate.app/Contents/Developer/usr/bin/xcodebuild -IDEClonedSourcePackagesDirPathOverride=/Users/admin/builder/spi-builder-workspace/.dependencies -skipMacroValidation -skipPackagePluginValidation -derivedDataPath /Users/admin/builder/spi-builder-workspace/.derivedData build -scheme AgoraInfra_macOS -destination generic/platform=iOS
Resolve Package Graph
Resolved source packages:
AgoraInfra_macOS: /Users/admin/builder/spi-builder-workspace
ComputePackagePrebuildTargetDependencyGraph
Prepare packages
CreateBuildRequest
SendProjectDescription
CreateBuildOperation
ComputeTargetDependencyGraph
note: Building targets in dependency order
note: Target dependency graph (1 target)
Target 'AgoraInfra_macOS-product' in project 'AgoraInfra_macOS' (no dependencies)
GatherProvisioningInputs
CreateBuildDescription
ExecuteExternalTool /Applications/Xcode-27.0.0-Release.Candidate.app/Contents/Developer/Toolchains/XcodeDefault.xctoolchain/usr/bin/clang -v -E -dM -isysroot /Applications/Xcode-27.0.0-Release.Candidate.app/Contents/Developer/Platforms/iPhoneOS.platform/Developer/SDKs/iPhoneOS27.0.sdk -x c -c /dev/null
Build description signature: 2ec02d1c8edbeb5f1c2b9365c40275a2
Build description path: /Users/admin/builder/spi-builder-workspace/.derivedData/Build/Intermediates.noindex/XCBuildData/2ec02d1c8edbeb5f1c2b9365c40275a2.xcbuilddata
/Users/admin/builder/spi-builder-workspace/.dependencies/artifacts/spi-builder-workspace/aosl/aosl.xcframework:1:1: error: While building for iOS, no library for this platform was found in '/Users/admin/builder/spi-builder-workspace/.dependencies/artifacts/spi-builder-workspace/aosl/aosl.xcframework'. (in target 'AgoraInfra_macOS-product' from project 'AgoraInfra_macOS')
2026-09-25 04:16:12.592 xcodebuild[660:4195] [MT] IDERunDestination: Supported platforms for the buildables in the current scheme is empty.
** BUILD FAILED **
The following build commands failed:
Building workspace AgoraInfra_macOS with scheme AgoraInfra_macOS
(1 failure)
Command line invocation:
/Applications/Xcode-27.0.0-Release.Candidate.app/Contents/Developer/usr/bin/xcodebuild -IDEClonedSourcePackagesDirPathOverride=/Users/admin/builder/spi-builder-workspace/.dependencies -resolvePackageDependencies
Resolve Package Graph
Resolved source packages:
AgoraInfra_macOS: /Users/admin/builder/spi-builder-workspace
resolved source packages: AgoraInfra_macOS
2026-09-25 04:16:14.111 xcodebuild[672:4290] [MT] IDERunDestination: Supported platforms for the buildables in the current scheme is empty.
{
"default_localization" : "en",
"dependencies" : [
],
"manifest_display_name" : "AgoraInfra_macOS",
"name" : "AgoraInfra_macOS",
"path" : "/Users/admin/builder/spi-builder-workspace",
"platforms" : [
{
"name" : "macos",
"version" : "10.10"
}
],
"products" : [
{
"name" : "AgoraInfra_macOS",
"targets" : [
"aosl"
],
"type" : {
"library" : [
"automatic"
]
}
}
],
"targets" : [
{
"c99name" : "aosl",
"module_type" : "BinaryTarget",
"name" : "aosl",
"path" : "remote/archive/aosl.xcframework.zip",
"product_memberships" : [
"AgoraInfra_macOS"
],
"sources" : [
],
"type" : "binary"
}
],
"tools_version" : "5.3"
}
{
"workspace" : {
"name" : "AgoraInfra_macOS",
"schemes" : [
"AgoraInfra_macOS"
]
}
}
2026-09-25 04:16:15.308 xcodebuild[680:4352] [MT] IDERunDestination: Supported platforms for the buildables in the current scheme is empty.
Running build ...
env DEVELOPER_DIR=/Applications/Xcode-27.0.0-Release.Candidate.app xcrun xcodebuild -IDEClonedSourcePackagesDirPathOverride=$PWD/.dependencies -skipMacroValidation -skipPackagePluginValidation -derivedDataPath $PWD/.derivedData build -scheme AgoraInfra_macOS -destination generic/platform=iOS
Command line invocation:
/Applications/Xcode-27.0.0-Release.Candidate.app/Contents/Developer/usr/bin/xcodebuild -IDEClonedSourcePackagesDirPathOverride=/Users/admin/builder/spi-builder-workspace/.dependencies -skipMacroValidation -skipPackagePluginValidation -derivedDataPath /Users/admin/builder/spi-builder-workspace/.derivedData build -scheme AgoraInfra_macOS -destination generic/platform=iOS
Resolve Package Graph
Resolved source packages:
AgoraInfra_macOS: /Users/admin/builder/spi-builder-workspace
ComputePackagePrebuildTargetDependencyGraph
Prepare packages
CreateBuildRequest
SendProjectDescription
CreateBuildOperation
ComputeTargetDependencyGraph
note: Building targets in dependency order
note: Target dependency graph (1 target)
Target 'AgoraInfra_macOS-product' in project 'AgoraInfra_macOS' (no dependencies)
GatherProvisioningInputs
CreateBuildDescription
/Users/admin/builder/spi-builder-workspace/.dependencies/artifacts/spi-builder-workspace/aosl/aosl.xcframework:1:1: error: While building for iOS, no library for this platform was found in '/Users/admin/builder/spi-builder-workspace/.dependencies/artifacts/spi-builder-workspace/aosl/aosl.xcframework'. (in target 'AgoraInfra_macOS-product' from project 'AgoraInfra_macOS')
2026-09-25 04:16:16.217 xcodebuild[681:4388] [MT] IDERunDestination: Supported platforms for the buildables in the current scheme is empty.
** BUILD FAILED **
The following build commands failed:
Building workspace AgoraInfra_macOS with scheme AgoraInfra_macOS
(1 failure)
BUILD FAILURE 6.4 iOS