The Swift Package Index logo.Swift Package Index

Build Information

Failed to build DNSClient, reference 2.7.0 (b869f3), with Swift 6.4 for Android on 24 Sep 2026 04:38:00 UTC.

Build Command

bash -c docker run --pull=always --rm -v "checkouts-53886770-0":/host -w "$PWD" -e JAVA_HOME="/root/.sdkman/candidates/java/current" -e SPI_BUILD="1" -e SPI_PROCESSING="1" registry.gitlab.com/saguaro1/spi-images:android-6.4-latest swift build --swift-sdk aarch64-unknown-linux-android28 2>&1

Build Log

========================================
RunAll
========================================
Builder version: 5.1.0
Interrupt handler set up.
========================================
Checkout
========================================
Clone URL: https://github.com/orlandos-nl/DNSClient.git
Reference: 2.7.0
Initialized empty Git repository in /host/spi-builder-workspace/.git/
hint: Using 'master' as the name for the initial branch. This default branch name
hint: is subject to change. To configure the initial branch name to use in all
hint: of your new repositories, which will suppress this warning, call:
hint:
hint: 	git config --global init.defaultBranch <name>
hint:
hint: Names commonly chosen instead of 'master' are 'main', 'trunk' and
hint: 'development'. The just-created branch can be renamed via this command:
hint:
hint: 	git branch -m <name>
From https://github.com/orlandos-nl/DNSClient
 * tag               2.7.0      -> FETCH_HEAD
HEAD is now at b869f31 Merge pull request #48 from camunro/feature/rfc2782_order
Cloned https://github.com/orlandos-nl/DNSClient.git
Revision (git rev-parse @):
b869f3175a66eb518924b66e2598faeee5862af6
SUCCESS checkout https://github.com/orlandos-nl/DNSClient.git at 2.7.0
========================================
Build
========================================
Selected platform:         android
Swift version:             6.4
Building package at path:  $PWD
https://github.com/orlandos-nl/DNSClient.git
Running build ...
bash -c docker run --pull=always --rm -v "checkouts-53886770-0":/host -w "$PWD" -e JAVA_HOME="/root/.sdkman/candidates/java/current" -e SPI_BUILD="1" -e SPI_PROCESSING="1" registry.gitlab.com/saguaro1/spi-images:android-6.4-latest swift build --swift-sdk aarch64-unknown-linux-android28 2>&1
android-6.4-latest: Pulling from saguaro1/spi-images
Digest: sha256:abadcff584c273feba50641b454858d377ba30b35ea7287a94f45ebd8afd0ea0
Status: Image is up to date for registry.gitlab.com/saguaro1/spi-images:android-6.4-latest
Fetching https://github.com/apple/swift-nio.git
Fetching https://github.com/apple/swift-nio-transport-services.git
[1/2863] Fetching swift-nio-transport-services
[2864/88928] Fetching swift-nio-transport-services, swift-nio
Fetched https://github.com/apple/swift-nio-transport-services.git (3.37s)
Fetched https://github.com/apple/swift-nio.git (3.40s)
Computing version for https://github.com/apple/swift-nio-transport-services.git
Computed https://github.com/apple/swift-nio-transport-services.git at 1.28.0 (3.61s)
Fetching https://github.com/apple/swift-atomics.git
[1/1875] Fetching swift-atomics
Fetched https://github.com/apple/swift-atomics.git (0.54s)
Computing version for https://github.com/apple/swift-atomics.git
Computed https://github.com/apple/swift-atomics.git at 1.3.1 (0.73s)
Computing version for https://github.com/apple/swift-nio.git
Computed https://github.com/apple/swift-nio.git at 2.103.0 (0.34s)
Fetching https://github.com/apple/swift-system.git
Fetching https://github.com/apple/swift-collections.git
[1/6916] Fetching swift-system
[1730/34609] Fetching swift-system, swift-collections
Fetched https://github.com/apple/swift-system.git (1.20s)
Fetched https://github.com/apple/swift-collections.git (1.21s)
Computing version for https://github.com/apple/swift-collections.git
Computed https://github.com/apple/swift-collections.git at 1.7.0 (1.51s)
Computing version for https://github.com/apple/swift-system.git
Computed https://github.com/apple/swift-system.git at 1.8.1 (0.21s)
Creating working copy for https://github.com/apple/swift-atomics.git
Working copy of https://github.com/apple/swift-atomics.git resolved at 1.3.1
Creating working copy for https://github.com/apple/swift-nio-transport-services.git
Working copy of https://github.com/apple/swift-nio-transport-services.git resolved at 1.28.0
Creating working copy for https://github.com/apple/swift-system.git
Working copy of https://github.com/apple/swift-system.git resolved at 1.8.1
Creating working copy for https://github.com/apple/swift-collections.git
Working copy of https://github.com/apple/swift-collections.git resolved at 1.7.0
Creating working copy for https://github.com/apple/swift-nio.git
Working copy of https://github.com/apple/swift-nio.git resolved at 2.103.0
Building for debugging...
[Computing dependencies]
[Pre-planning 1 / 777]
[Planning deferred tasks]
[158 / 291] InternalCollectionsUtilities
[161 / 300] InternalCollectionsUtilities
[162 / 300] _NIOBase64
[175 / 300] InternalCollectionsUtilities
[186 / 300] NIOConcurrencyHelpers
[192 / 301] InternalCollectionsUtilities
[194 / 301] SpanPreview
[199 / 302]
[210 / 307] CNIOFreeBSD
[228 / 319] Atomics
[231 / 319] Atomics
[234 / 319] Atomics
[236 / 319]
[241 / 329] DequeModule
[244 / 330] InternalCollectionsUtilities
[246 / 330] CNIOAtomics
[250 / 330] DequeModule
[252 / 330] NIOConcurrencyHelpers
[252 / 330] DequeModule
[252 / 330] Atomics
[257 / 330] Atomics
[260 / 331] DequeModule
[260 / 332] DequeModule
[278 / 342] NIOCore
[278 / 342] DequeModule
[278 / 342] NIOCore
[278 / 343] NIOCore
[296 / 358] NIOPosix
[297 / 358] NIOPosix
[299 / 358] NIOEmbedded
[305 / 358] NIOPosix
[306 / 359] NIOPosix
[309 / 359] NIOPosix
[320 / 362] NIO
[329 / 379] NIOTLS
[331 / 379] NIOTLS
[337 / 379] NIOTLS
[339 / 379] NIOTLS-product
[342 / 379] DNSProtocol
[343 / 380] NIOTLS
[346 / 380] DNSProtocol
[356 / 387] DNSServer
[358 / 397] NIOTransportServices
[367 / 397] NIOTransportServices
[372 / 397] NIOTransportServices
[385 / 407] NIOPosix
error: SwiftCompile normal aarch64 /host/spi-builder-workspace/Sources/DNSClient/PTR.swift failed with a nonzero exit code. Command line:     cd /host
    builtin-SwiftPerFileCompile PTR.swift
/host/spi-builder-workspace/Sources/DNSClient/PTR.swift:112:32: error: value of type 'in6_addr' has no member '__u6_addr'
110 |         #else
111 |         let inAddrArpaDomain = String(format: "%02x%02x%02x%02x%02x%02x%02x%02x%02x%02x%02x%02x%02x%02x%02x%02x",
112 |                       ipv6Addr.__u6_addr.__u6_addr8.0,
    |                                `- error: value of type 'in6_addr' has no member '__u6_addr'
113 |                       ipv6Addr.__u6_addr.__u6_addr8.1,
114 |                       ipv6Addr.__u6_addr.__u6_addr8.2,
/host/spi-builder-workspace/Sources/DNSClient/PTR.swift:113:32: error: value of type 'in6_addr' has no member '__u6_addr'
111 |         let inAddrArpaDomain = String(format: "%02x%02x%02x%02x%02x%02x%02x%02x%02x%02x%02x%02x%02x%02x%02x%02x",
112 |                       ipv6Addr.__u6_addr.__u6_addr8.0,
113 |                       ipv6Addr.__u6_addr.__u6_addr8.1,
    |                                `- error: value of type 'in6_addr' has no member '__u6_addr'
114 |                       ipv6Addr.__u6_addr.__u6_addr8.2,
115 |                       ipv6Addr.__u6_addr.__u6_addr8.3,
/host/spi-builder-workspace/Sources/DNSClient/PTR.swift:114:32: error: value of type 'in6_addr' has no member '__u6_addr'
112 |                       ipv6Addr.__u6_addr.__u6_addr8.0,
113 |                       ipv6Addr.__u6_addr.__u6_addr8.1,
114 |                       ipv6Addr.__u6_addr.__u6_addr8.2,
    |                                `- error: value of type 'in6_addr' has no member '__u6_addr'
115 |                       ipv6Addr.__u6_addr.__u6_addr8.3,
116 |                       ipv6Addr.__u6_addr.__u6_addr8.4,
/host/spi-builder-workspace/Sources/DNSClient/PTR.swift:115:32: error: value of type 'in6_addr' has no member '__u6_addr'
113 |                       ipv6Addr.__u6_addr.__u6_addr8.1,
114 |                       ipv6Addr.__u6_addr.__u6_addr8.2,
115 |                       ipv6Addr.__u6_addr.__u6_addr8.3,
    |                                `- error: value of type 'in6_addr' has no member '__u6_addr'
116 |                       ipv6Addr.__u6_addr.__u6_addr8.4,
117 |                       ipv6Addr.__u6_addr.__u6_addr8.5,
/host/spi-builder-workspace/Sources/DNSClient/PTR.swift:116:32: error: value of type 'in6_addr' has no member '__u6_addr'
114 |                       ipv6Addr.__u6_addr.__u6_addr8.2,
115 |                       ipv6Addr.__u6_addr.__u6_addr8.3,
116 |                       ipv6Addr.__u6_addr.__u6_addr8.4,
    |                                `- error: value of type 'in6_addr' has no member '__u6_addr'
117 |                       ipv6Addr.__u6_addr.__u6_addr8.5,
118 |                       ipv6Addr.__u6_addr.__u6_addr8.6,
/host/spi-builder-workspace/Sources/DNSClient/PTR.swift:117:32: error: value of type 'in6_addr' has no member '__u6_addr'
115 |                       ipv6Addr.__u6_addr.__u6_addr8.3,
116 |                       ipv6Addr.__u6_addr.__u6_addr8.4,
117 |                       ipv6Addr.__u6_addr.__u6_addr8.5,
    |                                `- error: value of type 'in6_addr' has no member '__u6_addr'
118 |                       ipv6Addr.__u6_addr.__u6_addr8.6,
119 |                       ipv6Addr.__u6_addr.__u6_addr8.7,
/host/spi-builder-workspace/Sources/DNSClient/PTR.swift:118:32: error: value of type 'in6_addr' has no member '__u6_addr'
116 |                       ipv6Addr.__u6_addr.__u6_addr8.4,
117 |                       ipv6Addr.__u6_addr.__u6_addr8.5,
118 |                       ipv6Addr.__u6_addr.__u6_addr8.6,
    |                                `- error: value of type 'in6_addr' has no member '__u6_addr'
119 |                       ipv6Addr.__u6_addr.__u6_addr8.7,
120 |                       ipv6Addr.__u6_addr.__u6_addr8.8,
/host/spi-builder-workspace/Sources/DNSClient/PTR.swift:119:32: error: value of type 'in6_addr' has no member '__u6_addr'
117 |                       ipv6Addr.__u6_addr.__u6_addr8.5,
118 |                       ipv6Addr.__u6_addr.__u6_addr8.6,
119 |                       ipv6Addr.__u6_addr.__u6_addr8.7,
    |                                `- error: value of type 'in6_addr' has no member '__u6_addr'
120 |                       ipv6Addr.__u6_addr.__u6_addr8.8,
121 |                       ipv6Addr.__u6_addr.__u6_addr8.9,
/host/spi-builder-workspace/Sources/DNSClient/PTR.swift:120:32: error: value of type 'in6_addr' has no member '__u6_addr'
118 |                       ipv6Addr.__u6_addr.__u6_addr8.6,
119 |                       ipv6Addr.__u6_addr.__u6_addr8.7,
120 |                       ipv6Addr.__u6_addr.__u6_addr8.8,
    |                                `- error: value of type 'in6_addr' has no member '__u6_addr'
121 |                       ipv6Addr.__u6_addr.__u6_addr8.9,
122 |                       ipv6Addr.__u6_addr.__u6_addr8.10,
/host/spi-builder-workspace/Sources/DNSClient/PTR.swift:121:32: error: value of type 'in6_addr' has no member '__u6_addr'
119 |                       ipv6Addr.__u6_addr.__u6_addr8.7,
120 |                       ipv6Addr.__u6_addr.__u6_addr8.8,
121 |                       ipv6Addr.__u6_addr.__u6_addr8.9,
    |                                `- error: value of type 'in6_addr' has no member '__u6_addr'
122 |                       ipv6Addr.__u6_addr.__u6_addr8.10,
123 |                       ipv6Addr.__u6_addr.__u6_addr8.11,
/host/spi-builder-workspace/Sources/DNSClient/PTR.swift:122:32: error: value of type 'in6_addr' has no member '__u6_addr'
120 |                       ipv6Addr.__u6_addr.__u6_addr8.8,
121 |                       ipv6Addr.__u6_addr.__u6_addr8.9,
122 |                       ipv6Addr.__u6_addr.__u6_addr8.10,
    |                                `- error: value of type 'in6_addr' has no member '__u6_addr'
123 |                       ipv6Addr.__u6_addr.__u6_addr8.11,
124 |                       ipv6Addr.__u6_addr.__u6_addr8.12,
/host/spi-builder-workspace/Sources/DNSClient/PTR.swift:123:32: error: value of type 'in6_addr' has no member '__u6_addr'
121 |                       ipv6Addr.__u6_addr.__u6_addr8.9,
122 |                       ipv6Addr.__u6_addr.__u6_addr8.10,
123 |                       ipv6Addr.__u6_addr.__u6_addr8.11,
    |                                `- error: value of type 'in6_addr' has no member '__u6_addr'
124 |                       ipv6Addr.__u6_addr.__u6_addr8.12,
125 |                       ipv6Addr.__u6_addr.__u6_addr8.13,
/host/spi-builder-workspace/Sources/DNSClient/PTR.swift:124:32: error: value of type 'in6_addr' has no member '__u6_addr'
122 |                       ipv6Addr.__u6_addr.__u6_addr8.10,
123 |                       ipv6Addr.__u6_addr.__u6_addr8.11,
124 |                       ipv6Addr.__u6_addr.__u6_addr8.12,
    |                                `- error: value of type 'in6_addr' has no member '__u6_addr'
125 |                       ipv6Addr.__u6_addr.__u6_addr8.13,
126 |                       ipv6Addr.__u6_addr.__u6_addr8.14,
/host/spi-builder-workspace/Sources/DNSClient/PTR.swift:125:32: error: value of type 'in6_addr' has no member '__u6_addr'
123 |                       ipv6Addr.__u6_addr.__u6_addr8.11,
124 |                       ipv6Addr.__u6_addr.__u6_addr8.12,
125 |                       ipv6Addr.__u6_addr.__u6_addr8.13,
    |                                `- error: value of type 'in6_addr' has no member '__u6_addr'
126 |                       ipv6Addr.__u6_addr.__u6_addr8.14,
127 |                       ipv6Addr.__u6_addr.__u6_addr8.15
/host/spi-builder-workspace/Sources/DNSClient/PTR.swift:126:32: error: value of type 'in6_addr' has no member '__u6_addr'
124 |                       ipv6Addr.__u6_addr.__u6_addr8.12,
125 |                       ipv6Addr.__u6_addr.__u6_addr8.13,
126 |                       ipv6Addr.__u6_addr.__u6_addr8.14,
    |                                `- error: value of type 'in6_addr' has no member '__u6_addr'
127 |                       ipv6Addr.__u6_addr.__u6_addr8.15
128 |         ).reversed()
/host/spi-builder-workspace/Sources/DNSClient/PTR.swift:127:32: error: value of type 'in6_addr' has no member '__u6_addr'
125 |                       ipv6Addr.__u6_addr.__u6_addr8.13,
126 |                       ipv6Addr.__u6_addr.__u6_addr8.14,
127 |                       ipv6Addr.__u6_addr.__u6_addr8.15
    |                                `- error: value of type 'in6_addr' has no member '__u6_addr'
128 |         ).reversed()
129 |          .map { "\($0)" }
Failed frontend command:
/root/.local/share/swiftly/toolchains/6.4.x-snapshot-2026-09-04/usr/bin/swift-frontend -frontend -c /host/spi-builder-workspace/Sources/DNSClient/Client.swift /host/spi-builder-workspace/Sources/DNSClient/DNSClient+Connect.swift /host/spi-builder-workspace/Sources/DNSClient/DNSClient+Query.swift /host/spi-builder-workspace/Sources/DNSClient/DNSDecoder.swift /host/spi-builder-workspace/Sources/DNSClient/DNSEncoder.swift /host/spi-builder-workspace/Sources/DNSClient/Errors.swift /host/spi-builder-workspace/Sources/DNSClient/MulticastDNSClient.swift -primary-file /host/spi-builder-workspace/Sources/DNSClient/PTR.swift /host/spi-builder-workspace/Sources/DNSClient/ResolvConf/ConfigParser.swift -emit-dependencies-path /host/spi-builder-workspace/.build/out/Intermediates.noindex/DNSClient.build/Debug-android-aarch64/DNSClient-t.build/Objects-normal/aarch64/PTR.d -emit-const-values-path /host/spi-builder-workspace/.build/out/Intermediates.noindex/DNSClient.build/Debug-android-aarch64/DNSClient-t.build/Objects-normal/aarch64/PTR.swiftconstvalues -emit-reference-dependencies-path /host/spi-builder-workspace/.build/out/Intermediates.noindex/DNSClient.build/Debug-android-aarch64/DNSClient-t.build/Objects-normal/aarch64/PTR.swiftdeps -serialize-diagnostics-path /host/spi-builder-workspace/.build/out/Intermediates.noindex/DNSClient.build/Debug-android-aarch64/DNSClient-t.build/Objects-normal/aarch64/PTR.dia -target aarch64-unknown-linux-android28 -Xllvm -aarch64-use-tbi -disable-objc-interop -sdk /android-ndk/android-ndk-r27d/toolchains/llvm/prebuilt/linux-x86_64/sysroot -sysroot /android-ndk/android-ndk-r27d/toolchains/llvm/prebuilt/linux-x86_64/sysroot -I /host/spi-builder-workspace/.build/out/Products/Debug-android-aarch64 -module-cache-path /host/spi-builder-workspace/.build/out/ModuleCache.noindex -color-diagnostics -Xcc -fcolor-diagnostics -enable-testing -g -debug-info-format\=dwarf -dwarf-version\=4 -swift-version 6 -Onone -D SWIFT_PACKAGE -D DEBUG -D SWIFT_MODULE_RESOURCE_BUNDLE_UNAVAILABLE -D Xcode -serialize-debugging-options -enable-experimental-feature DebugDescriptionMacro -empty-abi-descriptor -external-plugin-path /root/.local/share/swiftly/toolchains/6.4.x-snapshot-2026-09-04/usr/lib/swift/host/plugins/testing\#/root/.local/share/swiftly/toolchains/6.4.x-snapshot-2026-09-04/usr/bin/swift-plugin-server -validate-clang-modules-once -clang-build-session-file /host/spi-builder-workspace/.build/out/ModuleCache.noindex/Session.modulevalidation -Xcc -working-directory -Xcc /host -resource-dir /root/.swiftpm/swift-sdks/swift-6.4.x-DEVELOPMENT-SNAPSHOT-2026-09-04-a_android.artifactbundle/swift-android/swift-resources/usr/lib/swift-aarch64 -enable-anonymous-context-mangled-names -file-compilation-dir /host -Xcc -resource-dir -Xcc /android-ndk/android-ndk-r27d/toolchains/llvm/prebuilt/linux-x86_64/lib/clang/18 -Xcc -fmodule-map-file\=/host/spi-builder-workspace/.build/out/Intermediates.noindex/GeneratedModuleMaps-android-aarch64/CNIOPosix.modulemap -Xcc -fmodule-map-file\=/host/spi-builder-workspace/.build/out/Intermediates.noindex/GeneratedModuleMaps-android-aarch64/CNIOWASI.modulemap -Xcc -fmodule-map-file\=/host/spi-builder-workspace/.build/checkouts/swift-nio/Sources/CNIOWindows/include/module.modulemap -Xcc -fmodule-map-file\=/host/spi-builder-workspace/.build/out/Intermediates.noindex/GeneratedModuleMaps-android-aarch64/CNIOLinux.modulemap -Xcc -fmodule-map-file\=/host/spi-builder-workspace/.build/out/Intermediates.noindex/GeneratedModuleMaps-android-aarch64/CNIODarwin.modulemap -Xcc -fmodule-map-file\=/host/spi-builder-workspace/.build/out/Intermediates.noindex/GeneratedModuleMaps-android-aarch64/CNIOFreeBSD.modulemap -Xcc -fmodule-map-file\=/host/spi-builder-workspace/.build/out/Intermediates.noindex/GeneratedModuleMaps-android-aarch64/CNIOOpenBSD.modulemap -Xcc -fmodule-map-file\=/host/spi-builder-workspace/.build/out/Intermediates.noindex/GeneratedModuleMaps-android-aarch64/CNIOAtomics.modulemap -Xcc -fmodule-map-file\=/host/spi-builder-workspace/.build/checkouts/swift-atomics/Sources/_AtomicsShims/include/module.modulemap -Xcc -fno-omit-frame-pointer -Xcc -D_LIBCPP_HARDENING_MODE\=_LIBCPP_HARDENING_MODE_DEBUG -Xcc -fmodules-prune-interval\=86400 -Xcc -fmodules-prune-after\=345600 -Xcc -I/host/spi-builder-workspace/.build/checkouts/swift-nio/Sources/CNIOPosix/include -Xcc -I/host/spi-builder-workspace/.build/checkouts/swift-nio/Sources/CNIOWASI/include -Xcc -I/host/spi-builder-workspace/.build/checkouts/swift-nio/Sources/CNIOWindows/include -Xcc -I/host/spi-builder-workspace/.build/checkouts/swift-nio/Sources/CNIOLinux/include -Xcc -I/host/spi-builder-workspace/.build/checkouts/swift-nio/Sources/CNIODarwin/include -Xcc -I/host/spi-builder-workspace/.build/checkouts/swift-nio/Sources/CNIOFreeBSD/include -Xcc -I/host/spi-builder-workspace/.build/checkouts/swift-nio/Sources/CNIOOpenBSD/include -Xcc -I/host/spi-builder-workspace/.build/checkouts/swift-nio/Sources/CNIOAtomics/include -Xcc -I/host/spi-builder-workspace/.build/checkouts/swift-atomics/Sources/_AtomicsShims/include -Xcc -I/host/spi-builder-workspace/.build/out/Products/Debug-android-aarch64/include -Xcc -I/host/spi-builder-workspace/.build/out/Intermediates.noindex/DNSClient.build/Debug-android-aarch64/DNSClient-t.build/DerivedSources-normal/aarch64 -Xcc -I/host/spi-builder-workspace/.build/out/Intermediates.noindex/DNSClient.build/Debug-android-aarch64/DNSClient-t.build/DerivedSources/aarch64 -Xcc -I/host/spi-builder-workspace/.build/out/Intermediates.noindex/DNSClient.build/Debug-android-aarch64/DNSClient-t.build/DerivedSources -Xcc -DSWIFT_PACKAGE -Xcc -DDEBUG\=1 -no-auto-bridging-header-chaining -module-name DNSClient -package-name spi_builder_workspace -const-gather-protocols-file /host/spi-builder-workspace/.build/out/Intermediates.noindex/DNSClient.build/Debug-android-aarch64/DNSClient-t.build/Objects-normal/aarch64/DNSClient_const_extract_protocols.json -in-process-plugin-server-path /root/.local/share/swiftly/toolchains/6.4.x-snapshot-2026-09-04/usr/lib/swift/host/libSwiftInProcPluginServer.so -plugin-path /root/.local/share/swiftly/toolchains/6.4.x-snapshot-2026-09-04/usr/lib/swift/host/plugins -plugin-path /root/.local/share/swiftly/toolchains/6.4.x-snapshot-2026-09-04/usr/local/lib/swift/host/plugins -parse-as-library -o /host/spi-builder-workspace/.build/out/Intermediates.noindex/DNSClient.build/Debug-android-aarch64/DNSClient-t.build/Objects-normal/aarch64/PTR.o -index-unit-output-path /DNSClient.build/Debug-android-aarch64/DNSClient-t.build/Objects-normal/aarch64/PTR.o -index-store-path /host/spi-builder-workspace/.build/out -index-system-modules
error: Build failed
BUILD FAILURE 6.4 android