Build Information
Failed to build LLMKit, reference v1.1.2 (6ee73c), with Swift 6.3 for Linux on 16 Oct 2026 02:06:58 UTC.
Build Command
bash -c docker run --pull=always --rm -v "checkouts-53886769-0":/host -w "$PWD" -e JAVA_HOME="/root/.sdkman/candidates/java/current" -e SPI_BUILD="1" -e SPI_PROCESSING="1" registry.gitlab.com/saguaro1/spi-images:linux-6.3-latest swift build --triple x86_64-unknown-linux-gnu 2>&1Build Log
========================================
RunAll
========================================
Builder version: 5.1.3
Interrupt handler set up.
========================================
Checkout
========================================
Clone URL: https://github.com/aktagon/llmkit-swift.git
Reference: v1.1.2
Initialized empty Git repository in /host/spi-builder-workspace/.git/
hint: Using 'master' as the name for the initial branch. This default branch name
hint: is subject to change. To configure the initial branch name to use in all
hint: of your new repositories, which will suppress this warning, call:
hint:
hint: git config --global init.defaultBranch <name>
hint:
hint: Names commonly chosen instead of 'master' are 'main', 'trunk' and
hint: 'development'. The just-created branch can be renamed via this command:
hint:
hint: git branch -m <name>
From https://github.com/aktagon/llmkit-swift
* tag v1.1.2 -> FETCH_HEAD
HEAD is now at 6ee73c2 chore(release): jv 1.1.2, sw 1.1.2 carry the license file (BUG-058)
Cloned https://github.com/aktagon/llmkit-swift.git
Revision (git rev-parse @):
6ee73c2b00d5138e0bf3b8e746f31254014dc8a6
SUCCESS checkout https://github.com/aktagon/llmkit-swift.git at v1.1.2
========================================
Build
========================================
Selected platform: linux
Swift version: 6.3
Building package at path: $PWD
https://github.com/aktagon/llmkit-swift.git
Running build ...
bash -c docker run --pull=always --rm -v "checkouts-53886769-0":/host -w "$PWD" -e JAVA_HOME="/root/.sdkman/candidates/java/current" -e SPI_BUILD="1" -e SPI_PROCESSING="1" registry.gitlab.com/saguaro1/spi-images:linux-6.3-latest swift build --triple x86_64-unknown-linux-gnu 2>&1
linux-6.3-latest: Pulling from saguaro1/spi-images
Digest: sha256:1b75f3338690e1611bd07d393b988f1cb6c72bd2655b61306c710afc67bb9c44
Status: Image is up to date for registry.gitlab.com/saguaro1/spi-images:linux-6.3-latest
Building for debugging...
[0/2] Write sources
[1/2] Write swift-version-24593BA9C3E375BF.txt
error: emit-module command failed with exit code 1 (use -v to see invocation)
[3/44] Emitting module LLMKit
/host/spi-builder-workspace/Sources/LLMKit/SigV4.swift:2:8: error: no such module 'CryptoKit'
1 | import Foundation
2 | import CryptoKit
| `- error: no such module 'CryptoKit'
3 |
4 | /// AWS Signature Version 4 signing for Bedrock (ADR SigV4 auth scheme). A
[4/49] Compiling LLMKit TelemetryGen.swift
/host/spi-builder-workspace/Sources/LLMKit/SigV4.swift:2:8: error: no such module 'CryptoKit'
1 | import Foundation
2 | import CryptoKit
| `- error: no such module 'CryptoKit'
3 |
4 | /// AWS Signature Version 4 signing for Bedrock (ADR SigV4 auth scheme). A
[5/49] Compiling LLMKit TranscriptionGen.swift
/host/spi-builder-workspace/Sources/LLMKit/SigV4.swift:2:8: error: no such module 'CryptoKit'
1 | import Foundation
2 | import CryptoKit
| `- error: no such module 'CryptoKit'
3 |
4 | /// AWS Signature Version 4 signing for Bedrock (ADR SigV4 auth scheme). A
[6/49] Compiling LLMKit UsageGen.swift
/host/spi-builder-workspace/Sources/LLMKit/SigV4.swift:2:8: error: no such module 'CryptoKit'
1 | import Foundation
2 | import CryptoKit
| `- error: no such module 'CryptoKit'
3 |
4 | /// AWS Signature Version 4 signing for Bedrock (ADR SigV4 auth scheme). A
[7/49] Compiling LLMKit VideoGen.swift
/host/spi-builder-workspace/Sources/LLMKit/SigV4.swift:2:8: error: no such module 'CryptoKit'
1 | import Foundation
2 | import CryptoKit
| `- error: no such module 'CryptoKit'
3 |
4 | /// AWS Signature Version 4 signing for Bedrock (ADR SigV4 auth scheme). A
[8/49] Compiling LLMKit RequestBuilder.swift
/host/spi-builder-workspace/Sources/LLMKit/SigV4.swift:2:8: error: no such module 'CryptoKit'
1 | import Foundation
2 | import CryptoKit
| `- error: no such module 'CryptoKit'
3 |
4 | /// AWS Signature Version 4 signing for Bedrock (ADR SigV4 auth scheme). A
[9/49] Compiling LLMKit ResponseParser.swift
/host/spi-builder-workspace/Sources/LLMKit/SigV4.swift:2:8: error: no such module 'CryptoKit'
1 | import Foundation
2 | import CryptoKit
| `- error: no such module 'CryptoKit'
3 |
4 | /// AWS Signature Version 4 signing for Bedrock (ADR SigV4 auth scheme). A
[10/49] Compiling LLMKit SigV4.swift
/host/spi-builder-workspace/Sources/LLMKit/SigV4.swift:2:8: error: no such module 'CryptoKit'
1 | import Foundation
2 | import CryptoKit
| `- error: no such module 'CryptoKit'
3 |
4 | /// AWS Signature Version 4 signing for Bedrock (ADR SigV4 auth scheme). A
[11/49] Compiling LLMKit Speech.swift
/host/spi-builder-workspace/Sources/LLMKit/SigV4.swift:2:8: error: no such module 'CryptoKit'
1 | import Foundation
2 | import CryptoKit
| `- error: no such module 'CryptoKit'
3 |
4 | /// AWS Signature Version 4 signing for Bedrock (ADR SigV4 auth scheme). A
[12/49] Compiling LLMKit Streaming.swift
/host/spi-builder-workspace/Sources/LLMKit/SigV4.swift:2:8: error: no such module 'CryptoKit'
1 | import Foundation
2 | import CryptoKit
| `- error: no such module 'CryptoKit'
3 |
4 | /// AWS Signature Version 4 signing for Bedrock (ADR SigV4 auth scheme). A
[13/49] Compiling LLMKit Telemetry.swift
/host/spi-builder-workspace/Sources/LLMKit/SigV4.swift:2:8: error: no such module 'CryptoKit'
1 | import Foundation
2 | import CryptoKit
| `- error: no such module 'CryptoKit'
3 |
4 | /// AWS Signature Version 4 signing for Bedrock (ADR SigV4 auth scheme). A
[14/49] Compiling LLMKit Tool.swift
/host/spi-builder-workspace/Sources/LLMKit/SigV4.swift:2:8: error: no such module 'CryptoKit'
1 | import Foundation
2 | import CryptoKit
| `- error: no such module 'CryptoKit'
3 |
4 | /// AWS Signature Version 4 signing for Bedrock (ADR SigV4 auth scheme). A
[15/49] Compiling LLMKit Providers.swift
/host/spi-builder-workspace/Sources/LLMKit/SigV4.swift:2:8: error: no such module 'CryptoKit'
1 | import Foundation
2 | import CryptoKit
| `- error: no such module 'CryptoKit'
3 |
4 | /// AWS Signature Version 4 signing for Bedrock (ADR SigV4 auth scheme). A
[16/49] Compiling LLMKit Request.swift
/host/spi-builder-workspace/Sources/LLMKit/SigV4.swift:2:8: error: no such module 'CryptoKit'
1 | import Foundation
2 | import CryptoKit
| `- error: no such module 'CryptoKit'
3 |
4 | /// AWS Signature Version 4 signing for Bedrock (ADR SigV4 auth scheme). A
[17/49] Compiling LLMKit Response.swift
/host/spi-builder-workspace/Sources/LLMKit/SigV4.swift:2:8: error: no such module 'CryptoKit'
1 | import Foundation
2 | import CryptoKit
| `- error: no such module 'CryptoKit'
3 |
4 | /// AWS Signature Version 4 signing for Bedrock (ADR SigV4 auth scheme). A
[18/49] Compiling LLMKit SpeechGen.swift
/host/spi-builder-workspace/Sources/LLMKit/SigV4.swift:2:8: error: no such module 'CryptoKit'
1 | import Foundation
2 | import CryptoKit
| `- error: no such module 'CryptoKit'
3 |
4 | /// AWS Signature Version 4 signing for Bedrock (ADR SigV4 auth scheme). A
[19/49] Compiling LLMKit Stream.swift
/host/spi-builder-workspace/Sources/LLMKit/SigV4.swift:2:8: error: no such module 'CryptoKit'
1 | import Foundation
2 | import CryptoKit
| `- error: no such module 'CryptoKit'
3 |
4 | /// AWS Signature Version 4 signing for Bedrock (ADR SigV4 auth scheme). A
[20/49] Compiling LLMKit Structs.swift
/host/spi-builder-workspace/Sources/LLMKit/SigV4.swift:2:8: error: no such module 'CryptoKit'
1 | import Foundation
2 | import CryptoKit
| `- error: no such module 'CryptoKit'
3 |
4 | /// AWS Signature Version 4 signing for Bedrock (ADR SigV4 auth scheme). A
[21/49] Compiling LLMKit ImageGen.swift
/host/spi-builder-workspace/Sources/LLMKit/SigV4.swift:2:8: error: no such module 'CryptoKit'
1 | import Foundation
2 | import CryptoKit
| `- error: no such module 'CryptoKit'
3 |
4 | /// AWS Signature Version 4 signing for Bedrock (ADR SigV4 auth scheme). A
[22/49] Compiling LLMKit MiddlewareGen.swift
/host/spi-builder-workspace/Sources/LLMKit/SigV4.swift:2:8: error: no such module 'CryptoKit'
1 | import Foundation
2 | import CryptoKit
| `- error: no such module 'CryptoKit'
3 |
4 | /// AWS Signature Version 4 signing for Bedrock (ADR SigV4 auth scheme). A
[23/49] Compiling LLMKit ModelsParsers.swift
/host/spi-builder-workspace/Sources/LLMKit/SigV4.swift:2:8: error: no such module 'CryptoKit'
1 | import Foundation
2 | import CryptoKit
| `- error: no such module 'CryptoKit'
3 |
4 | /// AWS Signature Version 4 signing for Bedrock (ADR SigV4 auth scheme). A
[24/49] Compiling LLMKit MusicGen.swift
/host/spi-builder-workspace/Sources/LLMKit/SigV4.swift:2:8: error: no such module 'CryptoKit'
1 | import Foundation
2 | import CryptoKit
| `- error: no such module 'CryptoKit'
3 |
4 | /// AWS Signature Version 4 signing for Bedrock (ADR SigV4 auth scheme). A
[25/49] Compiling LLMKit Options.swift
/host/spi-builder-workspace/Sources/LLMKit/SigV4.swift:2:8: error: no such module 'CryptoKit'
1 | import Foundation
2 | import CryptoKit
| `- error: no such module 'CryptoKit'
3 |
4 | /// AWS Signature Version 4 signing for Bedrock (ADR SigV4 auth scheme). A
[26/49] Compiling LLMKit ProviderInfo.swift
/host/spi-builder-workspace/Sources/LLMKit/SigV4.swift:2:8: error: no such module 'CryptoKit'
1 | import Foundation
2 | import CryptoKit
| `- error: no such module 'CryptoKit'
3 |
4 | /// AWS Signature Version 4 signing for Bedrock (ADR SigV4 auth scheme). A
[27/49] Compiling LLMKit Agent.swift
/host/spi-builder-workspace/Sources/LLMKit/SigV4.swift:2:8: error: no such module 'CryptoKit'
1 | import Foundation
2 | import CryptoKit
| `- error: no such module 'CryptoKit'
3 |
4 | /// AWS Signature Version 4 signing for Bedrock (ADR SigV4 auth scheme). A
[28/49] Compiling LLMKit Batching.swift
/host/spi-builder-workspace/Sources/LLMKit/SigV4.swift:2:8: error: no such module 'CryptoKit'
1 | import Foundation
2 | import CryptoKit
| `- error: no such module 'CryptoKit'
3 |
4 | /// AWS Signature Version 4 signing for Bedrock (ADR SigV4 auth scheme). A
[29/49] Compiling LLMKit CachingRuntime.swift
/host/spi-builder-workspace/Sources/LLMKit/SigV4.swift:2:8: error: no such module 'CryptoKit'
1 | import Foundation
2 | import CryptoKit
| `- error: no such module 'CryptoKit'
3 |
4 | /// AWS Signature Version 4 signing for Bedrock (ADR SigV4 auth scheme). A
[30/49] Compiling LLMKit Capability.swift
/host/spi-builder-workspace/Sources/LLMKit/SigV4.swift:2:8: error: no such module 'CryptoKit'
1 | import Foundation
2 | import CryptoKit
| `- error: no such module 'CryptoKit'
3 |
4 | /// AWS Signature Version 4 signing for Bedrock (ADR SigV4 auth scheme). A
[31/49] Compiling LLMKit Client.swift
/host/spi-builder-workspace/Sources/LLMKit/SigV4.swift:2:8: error: no such module 'CryptoKit'
1 | import Foundation
2 | import CryptoKit
| `- error: no such module 'CryptoKit'
3 |
4 | /// AWS Signature Version 4 signing for Bedrock (ADR SigV4 auth scheme). A
[32/49] Compiling LLMKit Errors.swift
/host/spi-builder-workspace/Sources/LLMKit/SigV4.swift:2:8: error: no such module 'CryptoKit'
1 | import Foundation
2 | import CryptoKit
| `- error: no such module 'CryptoKit'
3 |
4 | /// AWS Signature Version 4 signing for Bedrock (ADR SigV4 auth scheme). A
[33/49] Compiling LLMKit Transcription.swift
/host/spi-builder-workspace/Sources/LLMKit/SigV4.swift:2:8: error: no such module 'CryptoKit'
1 | import Foundation
2 | import CryptoKit
| `- error: no such module 'CryptoKit'
3 |
4 | /// AWS Signature Version 4 signing for Bedrock (ADR SigV4 auth scheme). A
[34/49] Compiling LLMKit Transforms.swift
/host/spi-builder-workspace/Sources/LLMKit/SigV4.swift:2:8: error: no such module 'CryptoKit'
1 | import Foundation
2 | import CryptoKit
| `- error: no such module 'CryptoKit'
3 |
4 | /// AWS Signature Version 4 signing for Bedrock (ADR SigV4 auth scheme). A
[35/49] Compiling LLMKit Upload.swift
/host/spi-builder-workspace/Sources/LLMKit/SigV4.swift:2:8: error: no such module 'CryptoKit'
1 | import Foundation
2 | import CryptoKit
| `- error: no such module 'CryptoKit'
3 |
4 | /// AWS Signature Version 4 signing for Bedrock (ADR SigV4 auth scheme). A
[36/49] Compiling LLMKit Video.swift
/host/spi-builder-workspace/Sources/LLMKit/SigV4.swift:2:8: error: no such module 'CryptoKit'
1 | import Foundation
2 | import CryptoKit
| `- error: no such module 'CryptoKit'
3 |
4 | /// AWS Signature Version 4 signing for Bedrock (ADR SigV4 auth scheme). A
[37/49] Compiling LLMKit VideoPoll.swift
/host/spi-builder-workspace/Sources/LLMKit/SigV4.swift:2:8: error: no such module 'CryptoKit'
1 | import Foundation
2 | import CryptoKit
| `- error: no such module 'CryptoKit'
3 |
4 | /// AWS Signature Version 4 signing for Bedrock (ADR SigV4 auth scheme). A
[38/49] Compiling LLMKit HTTP.swift
/host/spi-builder-workspace/Sources/LLMKit/SigV4.swift:2:8: error: no such module 'CryptoKit'
1 | import Foundation
2 | import CryptoKit
| `- error: no such module 'CryptoKit'
3 |
4 | /// AWS Signature Version 4 signing for Bedrock (ADR SigV4 auth scheme). A
[39/49] Compiling LLMKit Image.swift
/host/spi-builder-workspace/Sources/LLMKit/SigV4.swift:2:8: error: no such module 'CryptoKit'
1 | import Foundation
2 | import CryptoKit
| `- error: no such module 'CryptoKit'
3 |
4 | /// AWS Signature Version 4 signing for Bedrock (ADR SigV4 auth scheme). A
[40/49] Compiling LLMKit JSONBuilder.swift
/host/spi-builder-workspace/Sources/LLMKit/SigV4.swift:2:8: error: no such module 'CryptoKit'
1 | import Foundation
2 | import CryptoKit
| `- error: no such module 'CryptoKit'
3 |
4 | /// AWS Signature Version 4 signing for Bedrock (ADR SigV4 auth scheme). A
[41/49] Compiling LLMKit JSONValue.swift
/host/spi-builder-workspace/Sources/LLMKit/SigV4.swift:2:8: error: no such module 'CryptoKit'
1 | import Foundation
2 | import CryptoKit
| `- error: no such module 'CryptoKit'
3 |
4 | /// AWS Signature Version 4 signing for Bedrock (ADR SigV4 auth scheme). A
[42/49] Compiling LLMKit Job.swift
/host/spi-builder-workspace/Sources/LLMKit/SigV4.swift:2:8: error: no such module 'CryptoKit'
1 | import Foundation
2 | import CryptoKit
| `- error: no such module 'CryptoKit'
3 |
4 | /// AWS Signature Version 4 signing for Bedrock (ADR SigV4 auth scheme). A
[43/49] Compiling LLMKit Middleware.swift
/host/spi-builder-workspace/Sources/LLMKit/SigV4.swift:2:8: error: no such module 'CryptoKit'
1 | import Foundation
2 | import CryptoKit
| `- error: no such module 'CryptoKit'
3 |
4 | /// AWS Signature Version 4 signing for Bedrock (ADR SigV4 auth scheme). A
[44/49] Compiling LLMKit Models.swift
/host/spi-builder-workspace/Sources/LLMKit/SigV4.swift:2:8: error: no such module 'CryptoKit'
1 | import Foundation
2 | import CryptoKit
| `- error: no such module 'CryptoKit'
3 |
4 | /// AWS Signature Version 4 signing for Bedrock (ADR SigV4 auth scheme). A
[45/49] Compiling LLMKit Music.swift
/host/spi-builder-workspace/Sources/LLMKit/SigV4.swift:2:8: error: no such module 'CryptoKit'
1 | import Foundation
2 | import CryptoKit
| `- error: no such module 'CryptoKit'
3 |
4 | /// AWS Signature Version 4 signing for Bedrock (ADR SigV4 auth scheme). A
[46/49] Compiling LLMKit PromptOptions.swift
/host/spi-builder-workspace/Sources/LLMKit/SigV4.swift:2:8: error: no such module 'CryptoKit'
1 | import Foundation
2 | import CryptoKit
| `- error: no such module 'CryptoKit'
3 |
4 | /// AWS Signature Version 4 signing for Bedrock (ADR SigV4 auth scheme). A
[47/49] Compiling LLMKit Batch.swift
/host/spi-builder-workspace/Sources/LLMKit/SigV4.swift:2:8: error: no such module 'CryptoKit'
1 | import Foundation
2 | import CryptoKit
| `- error: no such module 'CryptoKit'
3 |
4 | /// AWS Signature Version 4 signing for Bedrock (ADR SigV4 auth scheme). A
[48/49] Compiling LLMKit Caching.swift
/host/spi-builder-workspace/Sources/LLMKit/SigV4.swift:2:8: error: no such module 'CryptoKit'
1 | import Foundation
2 | import CryptoKit
| `- error: no such module 'CryptoKit'
3 |
4 | /// AWS Signature Version 4 signing for Bedrock (ADR SigV4 auth scheme). A
[49/49] Compiling LLMKit Catalogue.swift
/host/spi-builder-workspace/Sources/LLMKit/SigV4.swift:2:8: error: no such module 'CryptoKit'
1 | import Foundation
2 | import CryptoKit
| `- error: no such module 'CryptoKit'
3 |
4 | /// AWS Signature Version 4 signing for Bedrock (ADR SigV4 auth scheme). A
BUILD FAILURE 6.3 linux