Build Information
Failed to build swift-parsing, reference v0.15.0 (f51d40), with Swift 6.4 for watchOS using Xcode 27.0 on 24 Sep 2026 14:06:42 UTC.
Build Command
env DEVELOPER_DIR=/Applications/Xcode-27.0.0-Release.Candidate.app xcrun xcodebuild -IDEClonedSourcePackagesDirPathOverride=$PWD/.dependencies -skipMacroValidation -skipPackagePluginValidation -derivedDataPath $PWD/.derivedData build -scheme swift-parsing-Package -destination generic/platform=watchOSBuild Log
SwiftDriver Benchmark normal arm64_32 com.apple.xcode.tools.swift.compiler (in target 'Benchmark' from project 'Benchmark')
cd /Users/admin/builder/spi-builder-workspace/.swiftpm/xcode
builtin-SwiftDriver -- /Applications/Xcode-27.0.0-Release.Candidate.app/Contents/Developer/Toolchains/XcodeDefault.xctoolchain/usr/bin/swiftc -parse-as-library -module-name Benchmark -Onone @/Users/admin/builder/spi-builder-workspace/.derivedData/Build/Intermediates.noindex/Benchmark.build/Debug-watchos/Benchmark-t.build/Objects-normal/arm64_32/Benchmark.SwiftFileList -DSWIFT_PACKAGE -DDEBUG -DSWIFT_MODULE_RESOURCE_BUNDLE_UNAVAILABLE -DXcode -plugin-path /Applications/Xcode-27.0.0-Release.Candidate.app/Contents/Developer/Toolchains/XcodeDefault.xctoolchain/usr/lib/swift/host/plugins/testing -enable-experimental-feature DebugDescriptionMacro -sdk /Applications/Xcode-27.0.0-Release.Candidate.app/Contents/Developer/Platforms/WatchOS.platform/Developer/SDKs/WatchOS27.0.sdk -target arm64_32-apple-watchos9.0 -g -module-cache-path /Users/admin/builder/spi-builder-workspace/.derivedData/ModuleCache.noindex -Xfrontend -serialize-debugging-options -profile-coverage-mapping -profile-generate -enable-testing -suppress-warnings -index-store-path /Users/admin/builder/spi-builder-workspace/.derivedData/Index.noindex/DataStore -Xcc -D_LIBCPP_HARDENING_MODE\=_LIBCPP_HARDENING_MODE_DEBUG -swift-version 5 -I /Users/admin/builder/spi-builder-workspace/.derivedData/Build/Products/Debug-watchos -Isystem /Applications/Xcode-27.0.0-Release.Candidate.app/Contents/Developer/Platforms/WatchOS.platform/Developer/usr/lib -F /Users/admin/builder/spi-builder-workspace/.derivedData/Build/Products/Debug-watchos/PackageFrameworks -F /Users/admin/builder/spi-builder-workspace/.derivedData/Build/Products/Debug-watchos -F /Applications/Xcode-27.0.0-Release.Candidate.app/Contents/Developer/Platforms/WatchOS.platform/Developer/Library/Frameworks -F /Applications/Xcode-27.0.0-Release.Candidate.app/Contents/Developer/Platforms/WatchOS.platform/Developer/SDKs/WatchOS27.0.sdk/Developer/Library/Frameworks -c -j10 -enable-batch-mode -incremental -Xcc -ivfsstatcache -Xcc /Users/admin/builder/spi-builder-workspace/.derivedData/SDKStatCaches.noindex/watchos27.0-24R360-e829b21a6f8c9b70876ba0858053c04477534ef55a1706bf4c1112bbb242f0a2.sdkstatcache -output-file-map /Users/admin/builder/spi-builder-workspace/.derivedData/Build/Intermediates.noindex/Benchmark.build/Debug-watchos/Benchmark-t.build/Objects-normal/arm64_32/Benchmark-OutputFileMap.json -save-temps -no-color-diagnostics -explicit-module-build -module-cache-path /Users/admin/builder/spi-builder-workspace/.derivedData/Build/Intermediates.noindex/SwiftExplicitPrecompiledModules -clang-scanner-module-cache-path /Users/admin/builder/spi-builder-workspace/.derivedData/ModuleCache.noindex -sdk-module-cache-path /Users/admin/builder/spi-builder-workspace/.derivedData/SDKExplicitPrecompiledModules -emit-dependencies -emit-module -emit-module-path /Users/admin/builder/spi-builder-workspace/.derivedData/Build/Intermediates.noindex/Benchmark.build/Debug-watchos/Benchmark-t.build/Objects-normal/arm64_32/Benchmark.swiftmodule -serialize-diagnostics -dependency-scan-serialize-diagnostics-path /Users/admin/builder/spi-builder-workspace/.derivedData/Build/Intermediates.noindex/Benchmark.build/Debug-watchos/Benchmark-t.build/Objects-normal/arm64_32/Benchmark-dependency-scan.dia -validate-clang-modules-once -clang-build-session-file /Users/admin/builder/spi-builder-workspace/.derivedData/ModuleCache.noindex/Session.modulevalidation -Xcc -fmodules-prune-interval\=86400 -Xcc -fmodules-prune-after\=345600 -emit-const-values -const-gather-protocols-list /Users/admin/builder/spi-builder-workspace/.derivedData/Build/Intermediates.noindex/Benchmark.build/Debug-watchos/Benchmark-t.build/Objects-normal/arm64_32/Benchmark_const_extract_protocols.json -Xcc -I/Users/admin/builder/spi-builder-workspace/.derivedData/Build/Products/Debug-watchos/include -Xcc -I/Users/admin/builder/spi-builder-workspace/.derivedData/Build/Intermediates.noindex/Benchmark.build/Debug-watchos/Benchmark-t.build/DerivedSources-normal/arm64_32 -Xcc -I/Users/admin/builder/spi-builder-workspace/.derivedData/Build/Intermediates.noindex/Benchmark.build/Debug-watchos/Benchmark-t.build/DerivedSources/arm64_32 -Xcc -I/Users/admin/builder/spi-builder-workspace/.derivedData/Build/Intermediates.noindex/Benchmark.build/Debug-watchos/Benchmark-t.build/DerivedSources -Xcc -DSWIFT_PACKAGE -Xcc -DDEBUG\=1 -emit-objc-header -emit-objc-header-path /Users/admin/builder/spi-builder-workspace/.derivedData/Build/Intermediates.noindex/Benchmark.build/Debug-watchos/Benchmark-t.build/Objects-normal/arm64_32/Benchmark-Swift.h -working-directory /Users/admin/builder/spi-builder-workspace/.swiftpm/xcode -experimental-emit-module-separately -disable-cmo
SwiftDriverJobDiscovery normal arm64 Compiling MessageInfo.swift, UsageGenerator.swift, CollectionExtensions.swift (in target 'ArgumentParser' from project 'swift-argument-parser')
SwiftDriverJobDiscovery normal arm64_32 Compiling Flag.swift, NameSpecification.swift, Option.swift, OptionGroup.swift (in target 'ArgumentParser' from project 'swift-argument-parser')
SwiftDriverJobDiscovery normal arm64 Compiling ArgumentSet.swift, CommandParser.swift, InputOrigin.swift, Name.swift (in target 'ArgumentParser' from project 'swift-argument-parser')
SwiftDriverJobDiscovery normal arm64 Compiling Argument.swift, ArgumentHelp.swift, CompletionKind.swift, Errors.swift (in target 'ArgumentParser' from project 'swift-argument-parser')
SwiftCompile normal arm64 Compiling\ BenchmarkFilter.swift,\ BenchmarkFormatter.swift /Users/admin/builder/spi-builder-workspace/.dependencies/checkouts/swift-benchmark/Sources/Benchmark/BenchmarkFilter.swift /Users/admin/builder/spi-builder-workspace/.dependencies/checkouts/swift-benchmark/Sources/Benchmark/BenchmarkFormatter.swift (in target 'Benchmark' from project 'Benchmark')
SwiftCompile normal arm64 /Users/admin/builder/spi-builder-workspace/.dependencies/checkouts/swift-benchmark/Sources/Benchmark/BenchmarkFilter.swift (in target 'Benchmark' from project 'Benchmark')
cd /Users/admin/builder/spi-builder-workspace/.swiftpm/xcode
builtin-SwiftPerFileCompile BenchmarkFilter.swift
SwiftCompile normal arm64 /Users/admin/builder/spi-builder-workspace/.dependencies/checkouts/swift-benchmark/Sources/Benchmark/BenchmarkFormatter.swift (in target 'Benchmark' from project 'Benchmark')
cd /Users/admin/builder/spi-builder-workspace/.swiftpm/xcode
builtin-SwiftPerFileCompile BenchmarkFormatter.swift
SwiftEmitModule normal arm64 Emitting\ module\ for\ Benchmark (in target 'Benchmark' from project 'Benchmark')
SwiftCompile normal arm64 (in target 'Benchmark' from project 'Benchmark')
cd /Users/admin/builder/spi-builder-workspace/.swiftpm/xcode
SwiftCompile normal arm64 Compiling\ BenchmarkMain.swift,\ BenchmarkReporter.swift /Users/admin/builder/spi-builder-workspace/.dependencies/checkouts/swift-benchmark/Sources/Benchmark/BenchmarkMain.swift /Users/admin/builder/spi-builder-workspace/.dependencies/checkouts/swift-benchmark/Sources/Benchmark/BenchmarkReporter.swift (in target 'Benchmark' from project 'Benchmark')
SwiftCompile normal arm64 /Users/admin/builder/spi-builder-workspace/.dependencies/checkouts/swift-benchmark/Sources/Benchmark/BenchmarkMain.swift (in target 'Benchmark' from project 'Benchmark')
cd /Users/admin/builder/spi-builder-workspace/.swiftpm/xcode
builtin-SwiftPerFileCompile BenchmarkMain.swift
SwiftCompile normal arm64 /Users/admin/builder/spi-builder-workspace/.dependencies/checkouts/swift-benchmark/Sources/Benchmark/BenchmarkReporter.swift (in target 'Benchmark' from project 'Benchmark')
cd /Users/admin/builder/spi-builder-workspace/.swiftpm/xcode
builtin-SwiftPerFileCompile BenchmarkReporter.swift
SwiftCompile normal arm64 Compiling\ Stats.swift /Users/admin/builder/spi-builder-workspace/.dependencies/checkouts/swift-benchmark/Sources/Benchmark/Stats.swift (in target 'Benchmark' from project 'Benchmark')
SwiftCompile normal arm64 /Users/admin/builder/spi-builder-workspace/.dependencies/checkouts/swift-benchmark/Sources/Benchmark/Stats.swift (in target 'Benchmark' from project 'Benchmark')
cd /Users/admin/builder/spi-builder-workspace/.swiftpm/xcode
builtin-SwiftPerFileCompile Stats.swift
SwiftCompile normal arm64 Compiling\ BenchmarkTime.swift /Users/admin/builder/spi-builder-workspace/.dependencies/checkouts/swift-benchmark/Sources/Benchmark/BenchmarkTime.swift (in target 'Benchmark' from project 'Benchmark')
SwiftCompile normal arm64 /Users/admin/builder/spi-builder-workspace/.dependencies/checkouts/swift-benchmark/Sources/Benchmark/BenchmarkTime.swift (in target 'Benchmark' from project 'Benchmark')
cd /Users/admin/builder/spi-builder-workspace/.swiftpm/xcode
builtin-SwiftPerFileCompile BenchmarkTime.swift
SwiftCompile normal arm64 Compiling\ BenchmarkResult.swift,\ BenchmarkRunner.swift /Users/admin/builder/spi-builder-workspace/.dependencies/checkouts/swift-benchmark/Sources/Benchmark/BenchmarkResult.swift /Users/admin/builder/spi-builder-workspace/.dependencies/checkouts/swift-benchmark/Sources/Benchmark/BenchmarkRunner.swift (in target 'Benchmark' from project 'Benchmark')
SwiftCompile normal arm64 /Users/admin/builder/spi-builder-workspace/.dependencies/checkouts/swift-benchmark/Sources/Benchmark/BenchmarkResult.swift (in target 'Benchmark' from project 'Benchmark')
cd /Users/admin/builder/spi-builder-workspace/.swiftpm/xcode
builtin-SwiftPerFileCompile BenchmarkResult.swift
SwiftCompile normal arm64 /Users/admin/builder/spi-builder-workspace/.dependencies/checkouts/swift-benchmark/Sources/Benchmark/BenchmarkRunner.swift (in target 'Benchmark' from project 'Benchmark')
cd /Users/admin/builder/spi-builder-workspace/.swiftpm/xcode
builtin-SwiftPerFileCompile BenchmarkRunner.swift
SwiftEmitModule normal arm64_32 Emitting\ module\ for\ Benchmark (in target 'Benchmark' from project 'Benchmark')
SwiftCompile normal arm64_32 (in target 'Benchmark' from project 'Benchmark')
cd /Users/admin/builder/spi-builder-workspace/.swiftpm/xcode
SwiftDriverJobDiscovery normal arm64 Compiling BashCompletionsGenerator.swift, CompletionsGenerator.swift, FishCompletionsGenerator.swift, ZshCompletionsGenerator.swift (in target 'ArgumentParser' from project 'swift-argument-parser')
SwiftCompile normal arm64_32 Compiling\ BenchmarkFilter.swift,\ BenchmarkFormatter.swift /Users/admin/builder/spi-builder-workspace/.dependencies/checkouts/swift-benchmark/Sources/Benchmark/BenchmarkFilter.swift /Users/admin/builder/spi-builder-workspace/.dependencies/checkouts/swift-benchmark/Sources/Benchmark/BenchmarkFormatter.swift (in target 'Benchmark' from project 'Benchmark')
SwiftCompile normal arm64_32 /Users/admin/builder/spi-builder-workspace/.dependencies/checkouts/swift-benchmark/Sources/Benchmark/BenchmarkFilter.swift (in target 'Benchmark' from project 'Benchmark')
cd /Users/admin/builder/spi-builder-workspace/.swiftpm/xcode
builtin-SwiftPerFileCompile BenchmarkFilter.swift
SwiftCompile normal arm64_32 /Users/admin/builder/spi-builder-workspace/.dependencies/checkouts/swift-benchmark/Sources/Benchmark/BenchmarkFormatter.swift (in target 'Benchmark' from project 'Benchmark')
cd /Users/admin/builder/spi-builder-workspace/.swiftpm/xcode
builtin-SwiftPerFileCompile BenchmarkFormatter.swift
SwiftDriverJobDiscovery normal arm64 Compiling Flag.swift, NameSpecification.swift, Option.swift, OptionGroup.swift (in target 'ArgumentParser' from project 'swift-argument-parser')
SwiftCompile normal arm64_32 Compiling\ BenchmarkSetting.swift,\ BenchmarkState.swift /Users/admin/builder/spi-builder-workspace/.dependencies/checkouts/swift-benchmark/Sources/Benchmark/BenchmarkSetting.swift /Users/admin/builder/spi-builder-workspace/.dependencies/checkouts/swift-benchmark/Sources/Benchmark/BenchmarkState.swift (in target 'Benchmark' from project 'Benchmark')
SwiftCompile normal arm64_32 /Users/admin/builder/spi-builder-workspace/.dependencies/checkouts/swift-benchmark/Sources/Benchmark/BenchmarkSetting.swift (in target 'Benchmark' from project 'Benchmark')
cd /Users/admin/builder/spi-builder-workspace/.swiftpm/xcode
builtin-SwiftPerFileCompile BenchmarkSetting.swift
SwiftCompile normal arm64_32 /Users/admin/builder/spi-builder-workspace/.dependencies/checkouts/swift-benchmark/Sources/Benchmark/BenchmarkState.swift (in target 'Benchmark' from project 'Benchmark')
cd /Users/admin/builder/spi-builder-workspace/.swiftpm/xcode
builtin-SwiftPerFileCompile BenchmarkState.swift
SwiftDriverJobDiscovery normal arm64 Compiling BenchmarkTime.swift (in target 'Benchmark' from project 'Benchmark')
SwiftCompile normal arm64_32 Compiling\ BenchmarkColumn.swift,\ BenchmarkCommand.swift /Users/admin/builder/spi-builder-workspace/.dependencies/checkouts/swift-benchmark/Sources/Benchmark/BenchmarkColumn.swift /Users/admin/builder/spi-builder-workspace/.dependencies/checkouts/swift-benchmark/Sources/Benchmark/BenchmarkCommand.swift (in target 'Benchmark' from project 'Benchmark')
SwiftCompile normal arm64_32 /Users/admin/builder/spi-builder-workspace/.dependencies/checkouts/swift-benchmark/Sources/Benchmark/BenchmarkColumn.swift (in target 'Benchmark' from project 'Benchmark')
cd /Users/admin/builder/spi-builder-workspace/.swiftpm/xcode
builtin-SwiftPerFileCompile BenchmarkColumn.swift
SwiftCompile normal arm64_32 /Users/admin/builder/spi-builder-workspace/.dependencies/checkouts/swift-benchmark/Sources/Benchmark/BenchmarkCommand.swift (in target 'Benchmark' from project 'Benchmark')
cd /Users/admin/builder/spi-builder-workspace/.swiftpm/xcode
builtin-SwiftPerFileCompile BenchmarkCommand.swift
SwiftDriverJobDiscovery normal arm64_32 Compiling MessageInfo.swift, UsageGenerator.swift, CollectionExtensions.swift (in target 'ArgumentParser' from project 'swift-argument-parser')
SwiftCompile normal arm64_32 Compiling\ Benchmark.swift,\ BenchmarkArguments.swift /Users/admin/builder/spi-builder-workspace/.dependencies/checkouts/swift-benchmark/Sources/Benchmark/Benchmark.swift /Users/admin/builder/spi-builder-workspace/.dependencies/checkouts/swift-benchmark/Sources/Benchmark/BenchmarkArguments.swift (in target 'Benchmark' from project 'Benchmark')
SwiftCompile normal arm64_32 /Users/admin/builder/spi-builder-workspace/.dependencies/checkouts/swift-benchmark/Sources/Benchmark/Benchmark.swift (in target 'Benchmark' from project 'Benchmark')
cd /Users/admin/builder/spi-builder-workspace/.swiftpm/xcode
builtin-SwiftPerFileCompile Benchmark.swift
SwiftCompile normal arm64_32 /Users/admin/builder/spi-builder-workspace/.dependencies/checkouts/swift-benchmark/Sources/Benchmark/BenchmarkArguments.swift (in target 'Benchmark' from project 'Benchmark')
cd /Users/admin/builder/spi-builder-workspace/.swiftpm/xcode
builtin-SwiftPerFileCompile BenchmarkArguments.swift
SwiftDriverJobDiscovery normal arm64 Compiling Stats.swift (in target 'Benchmark' from project 'Benchmark')
SwiftCompile normal arm64_32 Compiling\ BenchmarkTime.swift /Users/admin/builder/spi-builder-workspace/.dependencies/checkouts/swift-benchmark/Sources/Benchmark/BenchmarkTime.swift (in target 'Benchmark' from project 'Benchmark')
SwiftCompile normal arm64_32 /Users/admin/builder/spi-builder-workspace/.dependencies/checkouts/swift-benchmark/Sources/Benchmark/BenchmarkTime.swift (in target 'Benchmark' from project 'Benchmark')
cd /Users/admin/builder/spi-builder-workspace/.swiftpm/xcode
builtin-SwiftPerFileCompile BenchmarkTime.swift
SwiftDriverJobDiscovery normal arm64 Compiling BenchmarkFilter.swift, BenchmarkFormatter.swift (in target 'Benchmark' from project 'Benchmark')
SwiftCompile normal arm64_32 Compiling\ BenchmarkResult.swift,\ BenchmarkRunner.swift /Users/admin/builder/spi-builder-workspace/.dependencies/checkouts/swift-benchmark/Sources/Benchmark/BenchmarkResult.swift /Users/admin/builder/spi-builder-workspace/.dependencies/checkouts/swift-benchmark/Sources/Benchmark/BenchmarkRunner.swift (in target 'Benchmark' from project 'Benchmark')
SwiftCompile normal arm64_32 /Users/admin/builder/spi-builder-workspace/.dependencies/checkouts/swift-benchmark/Sources/Benchmark/BenchmarkResult.swift (in target 'Benchmark' from project 'Benchmark')
cd /Users/admin/builder/spi-builder-workspace/.swiftpm/xcode
builtin-SwiftPerFileCompile BenchmarkResult.swift
SwiftCompile normal arm64_32 /Users/admin/builder/spi-builder-workspace/.dependencies/checkouts/swift-benchmark/Sources/Benchmark/BenchmarkRunner.swift (in target 'Benchmark' from project 'Benchmark')
cd /Users/admin/builder/spi-builder-workspace/.swiftpm/xcode
builtin-SwiftPerFileCompile BenchmarkRunner.swift
SwiftDriverJobDiscovery normal arm64 Emitting module for Benchmark (in target 'Benchmark' from project 'Benchmark')
SwiftDriver\ Compilation\ Requirements Benchmark normal arm64 com.apple.xcode.tools.swift.compiler (in target 'Benchmark' from project 'Benchmark')
cd /Users/admin/builder/spi-builder-workspace/.swiftpm/xcode
builtin-Swift-Compilation-Requirements -- /Applications/Xcode-27.0.0-Release.Candidate.app/Contents/Developer/Toolchains/XcodeDefault.xctoolchain/usr/bin/swiftc -parse-as-library -module-name Benchmark -Onone @/Users/admin/builder/spi-builder-workspace/.derivedData/Build/Intermediates.noindex/Benchmark.build/Debug-watchos/Benchmark-t.build/Objects-normal/arm64/Benchmark.SwiftFileList -DSWIFT_PACKAGE -DDEBUG -DSWIFT_MODULE_RESOURCE_BUNDLE_UNAVAILABLE -DXcode -plugin-path /Applications/Xcode-27.0.0-Release.Candidate.app/Contents/Developer/Toolchains/XcodeDefault.xctoolchain/usr/lib/swift/host/plugins/testing -enable-experimental-feature DebugDescriptionMacro -sdk /Applications/Xcode-27.0.0-Release.Candidate.app/Contents/Developer/Platforms/WatchOS.platform/Developer/SDKs/WatchOS27.0.sdk -target arm64-apple-watchos9.0 -g -module-cache-path /Users/admin/builder/spi-builder-workspace/.derivedData/ModuleCache.noindex -Xfrontend -serialize-debugging-options -profile-coverage-mapping -profile-generate -enable-testing -suppress-warnings -index-store-path /Users/admin/builder/spi-builder-workspace/.derivedData/Index.noindex/DataStore -Xcc -D_LIBCPP_HARDENING_MODE\=_LIBCPP_HARDENING_MODE_DEBUG -swift-version 5 -I /Users/admin/builder/spi-builder-workspace/.derivedData/Build/Products/Debug-watchos -Isystem /Applications/Xcode-27.0.0-Release.Candidate.app/Contents/Developer/Platforms/WatchOS.platform/Developer/usr/lib -F /Users/admin/builder/spi-builder-workspace/.derivedData/Build/Products/Debug-watchos/PackageFrameworks -F /Users/admin/builder/spi-builder-workspace/.derivedData/Build/Products/Debug-watchos -F /Applications/Xcode-27.0.0-Release.Candidate.app/Contents/Developer/Platforms/WatchOS.platform/Developer/Library/Frameworks -F /Applications/Xcode-27.0.0-Release.Candidate.app/Contents/Developer/Platforms/WatchOS.platform/Developer/SDKs/WatchOS27.0.sdk/Developer/Library/Frameworks -c -j10 -enable-batch-mode -incremental -Xcc -ivfsstatcache -Xcc /Users/admin/builder/spi-builder-workspace/.derivedData/SDKStatCaches.noindex/watchos27.0-24R360-e829b21a6f8c9b70876ba0858053c04477534ef55a1706bf4c1112bbb242f0a2.sdkstatcache -output-file-map /Users/admin/builder/spi-builder-workspace/.derivedData/Build/Intermediates.noindex/Benchmark.build/Debug-watchos/Benchmark-t.build/Objects-normal/arm64/Benchmark-OutputFileMap.json -save-temps -no-color-diagnostics -explicit-module-build -module-cache-path /Users/admin/builder/spi-builder-workspace/.derivedData/Build/Intermediates.noindex/SwiftExplicitPrecompiledModules -clang-scanner-module-cache-path /Users/admin/builder/spi-builder-workspace/.derivedData/ModuleCache.noindex -sdk-module-cache-path /Users/admin/builder/spi-builder-workspace/.derivedData/SDKExplicitPrecompiledModules -emit-dependencies -emit-module -emit-module-path /Users/admin/builder/spi-builder-workspace/.derivedData/Build/Intermediates.noindex/Benchmark.build/Debug-watchos/Benchmark-t.build/Objects-normal/arm64/Benchmark.swiftmodule -serialize-diagnostics -dependency-scan-serialize-diagnostics-path /Users/admin/builder/spi-builder-workspace/.derivedData/Build/Intermediates.noindex/Benchmark.build/Debug-watchos/Benchmark-t.build/Objects-normal/arm64/Benchmark-dependency-scan.dia -validate-clang-modules-once -clang-build-session-file /Users/admin/builder/spi-builder-workspace/.derivedData/ModuleCache.noindex/Session.modulevalidation -Xcc -fmodules-prune-interval\=86400 -Xcc -fmodules-prune-after\=345600 -emit-const-values -const-gather-protocols-list /Users/admin/builder/spi-builder-workspace/.derivedData/Build/Intermediates.noindex/Benchmark.build/Debug-watchos/Benchmark-t.build/Objects-normal/arm64/Benchmark_const_extract_protocols.json -Xcc -I/Users/admin/builder/spi-builder-workspace/.derivedData/Build/Products/Debug-watchos/include -Xcc -I/Users/admin/builder/spi-builder-workspace/.derivedData/Build/Intermediates.noindex/Benchmark.build/Debug-watchos/Benchmark-t.build/DerivedSources-normal/arm64 -Xcc -I/Users/admin/builder/spi-builder-workspace/.derivedData/Build/Intermediates.noindex/Benchmark.build/Debug-watchos/Benchmark-t.build/DerivedSources/arm64 -Xcc -I/Users/admin/builder/spi-builder-workspace/.derivedData/Build/Intermediates.noindex/Benchmark.build/Debug-watchos/Benchmark-t.build/DerivedSources -Xcc -DSWIFT_PACKAGE -Xcc -DDEBUG\=1 -emit-objc-header -emit-objc-header-path /Users/admin/builder/spi-builder-workspace/.derivedData/Build/Intermediates.noindex/Benchmark.build/Debug-watchos/Benchmark-t.build/Objects-normal/arm64/Benchmark-Swift.h -working-directory /Users/admin/builder/spi-builder-workspace/.swiftpm/xcode -experimental-emit-module-separately -disable-cmo
SwiftDriverJobDiscovery normal arm64 Compiling ParsableArgumentsValidation.swift, ParsableCommand.swift, ArgumentDecoder.swift, ArgumentDefinition.swift (in target 'ArgumentParser' from project 'swift-argument-parser')
SwiftCompile normal arm64 Compiling\ BenchmarkSuite.swift,\ BenchmarkTermination.swift /Users/admin/builder/spi-builder-workspace/.dependencies/checkouts/swift-benchmark/Sources/Benchmark/BenchmarkSuite.swift /Users/admin/builder/spi-builder-workspace/.dependencies/checkouts/swift-benchmark/Sources/Benchmark/BenchmarkTermination.swift (in target 'Benchmark' from project 'Benchmark')
SwiftCompile normal arm64 /Users/admin/builder/spi-builder-workspace/.dependencies/checkouts/swift-benchmark/Sources/Benchmark/BenchmarkSuite.swift (in target 'Benchmark' from project 'Benchmark')
cd /Users/admin/builder/spi-builder-workspace/.swiftpm/xcode
builtin-SwiftPerFileCompile BenchmarkSuite.swift
SwiftCompile normal arm64 /Users/admin/builder/spi-builder-workspace/.dependencies/checkouts/swift-benchmark/Sources/Benchmark/BenchmarkTermination.swift (in target 'Benchmark' from project 'Benchmark')
cd /Users/admin/builder/spi-builder-workspace/.swiftpm/xcode
builtin-SwiftPerFileCompile BenchmarkTermination.swift
Copy /Users/admin/builder/spi-builder-workspace/.derivedData/Build/Products/Debug-watchos/Benchmark.swiftmodule/arm64-apple-watchos.swiftmodule /Users/admin/builder/spi-builder-workspace/.derivedData/Build/Intermediates.noindex/Benchmark.build/Debug-watchos/Benchmark-t.build/Objects-normal/arm64/Benchmark.swiftmodule (in target 'Benchmark' from project 'Benchmark')
cd /Users/admin/builder/spi-builder-workspace/.dependencies/checkouts/swift-benchmark
builtin-copy -exclude .DS_Store -exclude CVS -exclude .svn -exclude .git -exclude .hg -resolve-src-symlinks -rename /Users/admin/builder/spi-builder-workspace/.derivedData/Build/Intermediates.noindex/Benchmark.build/Debug-watchos/Benchmark-t.build/Objects-normal/arm64/Benchmark.swiftmodule /Users/admin/builder/spi-builder-workspace/.derivedData/Build/Products/Debug-watchos/Benchmark.swiftmodule/arm64-apple-watchos.swiftmodule
SwiftDriverJobDiscovery normal arm64 Compiling BenchmarkResult.swift, BenchmarkRunner.swift (in target 'Benchmark' from project 'Benchmark')
Copy /Users/admin/builder/spi-builder-workspace/.derivedData/Build/Products/Debug-watchos/Benchmark.swiftmodule/arm64-apple-watchos.swiftdoc /Users/admin/builder/spi-builder-workspace/.derivedData/Build/Intermediates.noindex/Benchmark.build/Debug-watchos/Benchmark-t.build/Objects-normal/arm64/Benchmark.swiftdoc (in target 'Benchmark' from project 'Benchmark')
cd /Users/admin/builder/spi-builder-workspace/.dependencies/checkouts/swift-benchmark
builtin-copy -exclude .DS_Store -exclude CVS -exclude .svn -exclude .git -exclude .hg -resolve-src-symlinks -rename /Users/admin/builder/spi-builder-workspace/.derivedData/Build/Intermediates.noindex/Benchmark.build/Debug-watchos/Benchmark-t.build/Objects-normal/arm64/Benchmark.swiftdoc /Users/admin/builder/spi-builder-workspace/.derivedData/Build/Products/Debug-watchos/Benchmark.swiftmodule/arm64-apple-watchos.swiftdoc
Copy /Users/admin/builder/spi-builder-workspace/.derivedData/Build/Products/Debug-watchos/Benchmark.swiftmodule/arm64-apple-watchos.abi.json /Users/admin/builder/spi-builder-workspace/.derivedData/Build/Intermediates.noindex/Benchmark.build/Debug-watchos/Benchmark-t.build/Objects-normal/arm64/Benchmark.abi.json (in target 'Benchmark' from project 'Benchmark')
cd /Users/admin/builder/spi-builder-workspace/.dependencies/checkouts/swift-benchmark
builtin-copy -exclude .DS_Store -exclude CVS -exclude .svn -exclude .git -exclude .hg -resolve-src-symlinks -rename /Users/admin/builder/spi-builder-workspace/.derivedData/Build/Intermediates.noindex/Benchmark.build/Debug-watchos/Benchmark-t.build/Objects-normal/arm64/Benchmark.abi.json /Users/admin/builder/spi-builder-workspace/.derivedData/Build/Products/Debug-watchos/Benchmark.swiftmodule/arm64-apple-watchos.abi.json
Copy /Users/admin/builder/spi-builder-workspace/.derivedData/Build/Products/Debug-watchos/Benchmark.swiftmodule/Project/arm64-apple-watchos.swiftsourceinfo /Users/admin/builder/spi-builder-workspace/.derivedData/Build/Intermediates.noindex/Benchmark.build/Debug-watchos/Benchmark-t.build/Objects-normal/arm64/Benchmark.swiftsourceinfo (in target 'Benchmark' from project 'Benchmark')
cd /Users/admin/builder/spi-builder-workspace/.dependencies/checkouts/swift-benchmark
builtin-copy -exclude .DS_Store -exclude CVS -exclude .svn -exclude .git -exclude .hg -resolve-src-symlinks -rename /Users/admin/builder/spi-builder-workspace/.derivedData/Build/Intermediates.noindex/Benchmark.build/Debug-watchos/Benchmark-t.build/Objects-normal/arm64/Benchmark.swiftsourceinfo /Users/admin/builder/spi-builder-workspace/.derivedData/Build/Products/Debug-watchos/Benchmark.swiftmodule/Project/arm64-apple-watchos.swiftsourceinfo
SwiftCompile normal arm64 Compiling\ TestIntegration.swift /Users/admin/builder/spi-builder-workspace/.dependencies/checkouts/swift-benchmark/Sources/Benchmark/TestIntegration.swift (in target 'Benchmark' from project 'Benchmark')
SwiftCompile normal arm64 /Users/admin/builder/spi-builder-workspace/.dependencies/checkouts/swift-benchmark/Sources/Benchmark/TestIntegration.swift (in target 'Benchmark' from project 'Benchmark')
cd /Users/admin/builder/spi-builder-workspace/.swiftpm/xcode
builtin-SwiftPerFileCompile TestIntegration.swift
SwiftCompile normal arm64_32 Compiling\ Stats.swift /Users/admin/builder/spi-builder-workspace/.dependencies/checkouts/swift-benchmark/Sources/Benchmark/Stats.swift (in target 'Benchmark' from project 'Benchmark')
SwiftCompile normal arm64_32 /Users/admin/builder/spi-builder-workspace/.dependencies/checkouts/swift-benchmark/Sources/Benchmark/Stats.swift (in target 'Benchmark' from project 'Benchmark')
cd /Users/admin/builder/spi-builder-workspace/.swiftpm/xcode
builtin-SwiftPerFileCompile Stats.swift
SwiftDriverJobDiscovery normal arm64_32 Emitting module for Benchmark (in target 'Benchmark' from project 'Benchmark')
SwiftDriver\ Compilation\ Requirements Benchmark normal arm64_32 com.apple.xcode.tools.swift.compiler (in target 'Benchmark' from project 'Benchmark')
cd /Users/admin/builder/spi-builder-workspace/.swiftpm/xcode
builtin-Swift-Compilation-Requirements -- /Applications/Xcode-27.0.0-Release.Candidate.app/Contents/Developer/Toolchains/XcodeDefault.xctoolchain/usr/bin/swiftc -parse-as-library -module-name Benchmark -Onone @/Users/admin/builder/spi-builder-workspace/.derivedData/Build/Intermediates.noindex/Benchmark.build/Debug-watchos/Benchmark-t.build/Objects-normal/arm64_32/Benchmark.SwiftFileList -DSWIFT_PACKAGE -DDEBUG -DSWIFT_MODULE_RESOURCE_BUNDLE_UNAVAILABLE -DXcode -plugin-path /Applications/Xcode-27.0.0-Release.Candidate.app/Contents/Developer/Toolchains/XcodeDefault.xctoolchain/usr/lib/swift/host/plugins/testing -enable-experimental-feature DebugDescriptionMacro -sdk /Applications/Xcode-27.0.0-Release.Candidate.app/Contents/Developer/Platforms/WatchOS.platform/Developer/SDKs/WatchOS27.0.sdk -target arm64_32-apple-watchos9.0 -g -module-cache-path /Users/admin/builder/spi-builder-workspace/.derivedData/ModuleCache.noindex -Xfrontend -serialize-debugging-options -profile-coverage-mapping -profile-generate -enable-testing -suppress-warnings -index-store-path /Users/admin/builder/spi-builder-workspace/.derivedData/Index.noindex/DataStore -Xcc -D_LIBCPP_HARDENING_MODE\=_LIBCPP_HARDENING_MODE_DEBUG -swift-version 5 -I /Users/admin/builder/spi-builder-workspace/.derivedData/Build/Products/Debug-watchos -Isystem /Applications/Xcode-27.0.0-Release.Candidate.app/Contents/Developer/Platforms/WatchOS.platform/Developer/usr/lib -F /Users/admin/builder/spi-builder-workspace/.derivedData/Build/Products/Debug-watchos/PackageFrameworks -F /Users/admin/builder/spi-builder-workspace/.derivedData/Build/Products/Debug-watchos -F /Applications/Xcode-27.0.0-Release.Candidate.app/Contents/Developer/Platforms/WatchOS.platform/Developer/Library/Frameworks -F /Applications/Xcode-27.0.0-Release.Candidate.app/Contents/Developer/Platforms/WatchOS.platform/Developer/SDKs/WatchOS27.0.sdk/Developer/Library/Frameworks -c -j10 -enable-batch-mode -incremental -Xcc -ivfsstatcache -Xcc /Users/admin/builder/spi-builder-workspace/.derivedData/SDKStatCaches.noindex/watchos27.0-24R360-e829b21a6f8c9b70876ba0858053c04477534ef55a1706bf4c1112bbb242f0a2.sdkstatcache -output-file-map /Users/admin/builder/spi-builder-workspace/.derivedData/Build/Intermediates.noindex/Benchmark.build/Debug-watchos/Benchmark-t.build/Objects-normal/arm64_32/Benchmark-OutputFileMap.json -save-temps -no-color-diagnostics -explicit-module-build -module-cache-path /Users/admin/builder/spi-builder-workspace/.derivedData/Build/Intermediates.noindex/SwiftExplicitPrecompiledModules -clang-scanner-module-cache-path /Users/admin/builder/spi-builder-workspace/.derivedData/ModuleCache.noindex -sdk-module-cache-path /Users/admin/builder/spi-builder-workspace/.derivedData/SDKExplicitPrecompiledModules -emit-dependencies -emit-module -emit-module-path /Users/admin/builder/spi-builder-workspace/.derivedData/Build/Intermediates.noindex/Benchmark.build/Debug-watchos/Benchmark-t.build/Objects-normal/arm64_32/Benchmark.swiftmodule -serialize-diagnostics -dependency-scan-serialize-diagnostics-path /Users/admin/builder/spi-builder-workspace/.derivedData/Build/Intermediates.noindex/Benchmark.build/Debug-watchos/Benchmark-t.build/Objects-normal/arm64_32/Benchmark-dependency-scan.dia -validate-clang-modules-once -clang-build-session-file /Users/admin/builder/spi-builder-workspace/.derivedData/ModuleCache.noindex/Session.modulevalidation -Xcc -fmodules-prune-interval\=86400 -Xcc -fmodules-prune-after\=345600 -emit-const-values -const-gather-protocols-list /Users/admin/builder/spi-builder-workspace/.derivedData/Build/Intermediates.noindex/Benchmark.build/Debug-watchos/Benchmark-t.build/Objects-normal/arm64_32/Benchmark_const_extract_protocols.json -Xcc -I/Users/admin/builder/spi-builder-workspace/.derivedData/Build/Products/Debug-watchos/include -Xcc -I/Users/admin/builder/spi-builder-workspace/.derivedData/Build/Intermediates.noindex/Benchmark.build/Debug-watchos/Benchmark-t.build/DerivedSources-normal/arm64_32 -Xcc -I/Users/admin/builder/spi-builder-workspace/.derivedData/Build/Intermediates.noindex/Benchmark.build/Debug-watchos/Benchmark-t.build/DerivedSources/arm64_32 -Xcc -I/Users/admin/builder/spi-builder-workspace/.derivedData/Build/Intermediates.noindex/Benchmark.build/Debug-watchos/Benchmark-t.build/DerivedSources -Xcc -DSWIFT_PACKAGE -Xcc -DDEBUG\=1 -emit-objc-header -emit-objc-header-path /Users/admin/builder/spi-builder-workspace/.derivedData/Build/Intermediates.noindex/Benchmark.build/Debug-watchos/Benchmark-t.build/Objects-normal/arm64_32/Benchmark-Swift.h -working-directory /Users/admin/builder/spi-builder-workspace/.swiftpm/xcode -experimental-emit-module-separately -disable-cmo
SwiftDriverJobDiscovery normal arm64_32 Compiling BenchmarkFilter.swift, BenchmarkFormatter.swift (in target 'Benchmark' from project 'Benchmark')
SwiftCompile normal arm64_32 Compiling\ BenchmarkSuite.swift,\ BenchmarkTermination.swift /Users/admin/builder/spi-builder-workspace/.dependencies/checkouts/swift-benchmark/Sources/Benchmark/BenchmarkSuite.swift /Users/admin/builder/spi-builder-workspace/.dependencies/checkouts/swift-benchmark/Sources/Benchmark/BenchmarkTermination.swift (in target 'Benchmark' from project 'Benchmark')
SwiftCompile normal arm64_32 /Users/admin/builder/spi-builder-workspace/.dependencies/checkouts/swift-benchmark/Sources/Benchmark/BenchmarkSuite.swift (in target 'Benchmark' from project 'Benchmark')
cd /Users/admin/builder/spi-builder-workspace/.swiftpm/xcode
builtin-SwiftPerFileCompile BenchmarkSuite.swift
SwiftCompile normal arm64_32 /Users/admin/builder/spi-builder-workspace/.dependencies/checkouts/swift-benchmark/Sources/Benchmark/BenchmarkTermination.swift (in target 'Benchmark' from project 'Benchmark')
cd /Users/admin/builder/spi-builder-workspace/.swiftpm/xcode
builtin-SwiftPerFileCompile BenchmarkTermination.swift
SwiftMergeGeneratedHeaders /Users/admin/builder/spi-builder-workspace/.derivedData/Build/Intermediates.noindex/GeneratedModuleMaps-watchos/Benchmark-Swift.h /Users/admin/builder/spi-builder-workspace/.derivedData/Build/Intermediates.noindex/Benchmark.build/Debug-watchos/Benchmark-t.build/Objects-normal/arm64/Benchmark-Swift.h /Users/admin/builder/spi-builder-workspace/.derivedData/Build/Intermediates.noindex/Benchmark.build/Debug-watchos/Benchmark-t.build/Objects-normal/arm64_32/Benchmark-Swift.h (in target 'Benchmark' from project 'Benchmark')
cd /Users/admin/builder/spi-builder-workspace/.dependencies/checkouts/swift-benchmark
builtin-swiftHeaderTool -arch arm64 /Users/admin/builder/spi-builder-workspace/.derivedData/Build/Intermediates.noindex/Benchmark.build/Debug-watchos/Benchmark-t.build/Objects-normal/arm64/Benchmark-Swift.h -arch arm64_32 /Users/admin/builder/spi-builder-workspace/.derivedData/Build/Intermediates.noindex/Benchmark.build/Debug-watchos/Benchmark-t.build/Objects-normal/arm64_32/Benchmark-Swift.h -o /Users/admin/builder/spi-builder-workspace/.derivedData/Build/Intermediates.noindex/GeneratedModuleMaps-watchos/Benchmark-Swift.h
SwiftDriverJobDiscovery normal arm64 Compiling BenchmarkMain.swift, BenchmarkReporter.swift (in target 'Benchmark' from project 'Benchmark')
Copy /Users/admin/builder/spi-builder-workspace/.derivedData/Build/Products/Debug-watchos/Benchmark.swiftmodule/arm64_32-apple-watchos.swiftmodule /Users/admin/builder/spi-builder-workspace/.derivedData/Build/Intermediates.noindex/Benchmark.build/Debug-watchos/Benchmark-t.build/Objects-normal/arm64_32/Benchmark.swiftmodule (in target 'Benchmark' from project 'Benchmark')
cd /Users/admin/builder/spi-builder-workspace/.dependencies/checkouts/swift-benchmark
builtin-copy -exclude .DS_Store -exclude CVS -exclude .svn -exclude .git -exclude .hg -resolve-src-symlinks -rename /Users/admin/builder/spi-builder-workspace/.derivedData/Build/Intermediates.noindex/Benchmark.build/Debug-watchos/Benchmark-t.build/Objects-normal/arm64_32/Benchmark.swiftmodule /Users/admin/builder/spi-builder-workspace/.derivedData/Build/Products/Debug-watchos/Benchmark.swiftmodule/arm64_32-apple-watchos.swiftmodule
Copy /Users/admin/builder/spi-builder-workspace/.derivedData/Build/Products/Debug-watchos/Benchmark.swiftmodule/arm64_32-apple-watchos.swiftdoc /Users/admin/builder/spi-builder-workspace/.derivedData/Build/Intermediates.noindex/Benchmark.build/Debug-watchos/Benchmark-t.build/Objects-normal/arm64_32/Benchmark.swiftdoc (in target 'Benchmark' from project 'Benchmark')
cd /Users/admin/builder/spi-builder-workspace/.dependencies/checkouts/swift-benchmark
builtin-copy -exclude .DS_Store -exclude CVS -exclude .svn -exclude .git -exclude .hg -resolve-src-symlinks -rename /Users/admin/builder/spi-builder-workspace/.derivedData/Build/Intermediates.noindex/Benchmark.build/Debug-watchos/Benchmark-t.build/Objects-normal/arm64_32/Benchmark.swiftdoc /Users/admin/builder/spi-builder-workspace/.derivedData/Build/Products/Debug-watchos/Benchmark.swiftmodule/arm64_32-apple-watchos.swiftdoc
Copy /Users/admin/builder/spi-builder-workspace/.derivedData/Build/Products/Debug-watchos/Benchmark.swiftmodule/arm64_32-apple-watchos.abi.json /Users/admin/builder/spi-builder-workspace/.derivedData/Build/Intermediates.noindex/Benchmark.build/Debug-watchos/Benchmark-t.build/Objects-normal/arm64_32/Benchmark.abi.json (in target 'Benchmark' from project 'Benchmark')
cd /Users/admin/builder/spi-builder-workspace/.dependencies/checkouts/swift-benchmark
builtin-copy -exclude .DS_Store -exclude CVS -exclude .svn -exclude .git -exclude .hg -resolve-src-symlinks -rename /Users/admin/builder/spi-builder-workspace/.derivedData/Build/Intermediates.noindex/Benchmark.build/Debug-watchos/Benchmark-t.build/Objects-normal/arm64_32/Benchmark.abi.json /Users/admin/builder/spi-builder-workspace/.derivedData/Build/Products/Debug-watchos/Benchmark.swiftmodule/arm64_32-apple-watchos.abi.json
SwiftDriverJobDiscovery normal arm64_32 Compiling BenchmarkTime.swift (in target 'Benchmark' from project 'Benchmark')
Copy /Users/admin/builder/spi-builder-workspace/.derivedData/Build/Products/Debug-watchos/Benchmark.swiftmodule/Project/arm64_32-apple-watchos.swiftsourceinfo /Users/admin/builder/spi-builder-workspace/.derivedData/Build/Intermediates.noindex/Benchmark.build/Debug-watchos/Benchmark-t.build/Objects-normal/arm64_32/Benchmark.swiftsourceinfo (in target 'Benchmark' from project 'Benchmark')
cd /Users/admin/builder/spi-builder-workspace/.dependencies/checkouts/swift-benchmark
builtin-copy -exclude .DS_Store -exclude CVS -exclude .svn -exclude .git -exclude .hg -resolve-src-symlinks -rename /Users/admin/builder/spi-builder-workspace/.derivedData/Build/Intermediates.noindex/Benchmark.build/Debug-watchos/Benchmark-t.build/Objects-normal/arm64_32/Benchmark.swiftsourceinfo /Users/admin/builder/spi-builder-workspace/.derivedData/Build/Products/Debug-watchos/Benchmark.swiftmodule/Project/arm64_32-apple-watchos.swiftsourceinfo
SwiftCompile normal arm64 Compiling\ BenchmarkColumn.swift,\ BenchmarkCommand.swift /Users/admin/builder/spi-builder-workspace/.dependencies/checkouts/swift-benchmark/Sources/Benchmark/BenchmarkColumn.swift /Users/admin/builder/spi-builder-workspace/.dependencies/checkouts/swift-benchmark/Sources/Benchmark/BenchmarkCommand.swift (in target 'Benchmark' from project 'Benchmark')
SwiftCompile normal arm64 /Users/admin/builder/spi-builder-workspace/.dependencies/checkouts/swift-benchmark/Sources/Benchmark/BenchmarkColumn.swift (in target 'Benchmark' from project 'Benchmark')
cd /Users/admin/builder/spi-builder-workspace/.swiftpm/xcode
builtin-SwiftPerFileCompile BenchmarkColumn.swift
SwiftCompile normal arm64 /Users/admin/builder/spi-builder-workspace/.dependencies/checkouts/swift-benchmark/Sources/Benchmark/BenchmarkCommand.swift (in target 'Benchmark' from project 'Benchmark')
cd /Users/admin/builder/spi-builder-workspace/.swiftpm/xcode
builtin-SwiftPerFileCompile BenchmarkCommand.swift
SwiftCompile normal arm64 Compiling\ Benchmark.swift,\ BenchmarkArguments.swift /Users/admin/builder/spi-builder-workspace/.dependencies/checkouts/swift-benchmark/Sources/Benchmark/Benchmark.swift /Users/admin/builder/spi-builder-workspace/.dependencies/checkouts/swift-benchmark/Sources/Benchmark/BenchmarkArguments.swift (in target 'Benchmark' from project 'Benchmark')
SwiftCompile normal arm64 /Users/admin/builder/spi-builder-workspace/.dependencies/checkouts/swift-benchmark/Sources/Benchmark/Benchmark.swift (in target 'Benchmark' from project 'Benchmark')
cd /Users/admin/builder/spi-builder-workspace/.swiftpm/xcode
builtin-SwiftPerFileCompile Benchmark.swift
SwiftCompile normal arm64 /Users/admin/builder/spi-builder-workspace/.dependencies/checkouts/swift-benchmark/Sources/Benchmark/BenchmarkArguments.swift (in target 'Benchmark' from project 'Benchmark')
cd /Users/admin/builder/spi-builder-workspace/.swiftpm/xcode
builtin-SwiftPerFileCompile BenchmarkArguments.swift
SwiftDriverJobDiscovery normal arm64_32 Compiling BenchmarkSetting.swift, BenchmarkState.swift (in target 'Benchmark' from project 'Benchmark')
SwiftCompile normal arm64 Compiling\ BenchmarkSetting.swift,\ BenchmarkState.swift /Users/admin/builder/spi-builder-workspace/.dependencies/checkouts/swift-benchmark/Sources/Benchmark/BenchmarkSetting.swift /Users/admin/builder/spi-builder-workspace/.dependencies/checkouts/swift-benchmark/Sources/Benchmark/BenchmarkState.swift (in target 'Benchmark' from project 'Benchmark')
SwiftCompile normal arm64 /Users/admin/builder/spi-builder-workspace/.dependencies/checkouts/swift-benchmark/Sources/Benchmark/BenchmarkSetting.swift (in target 'Benchmark' from project 'Benchmark')
cd /Users/admin/builder/spi-builder-workspace/.swiftpm/xcode
builtin-SwiftPerFileCompile BenchmarkSetting.swift
SwiftCompile normal arm64 /Users/admin/builder/spi-builder-workspace/.dependencies/checkouts/swift-benchmark/Sources/Benchmark/BenchmarkState.swift (in target 'Benchmark' from project 'Benchmark')
cd /Users/admin/builder/spi-builder-workspace/.swiftpm/xcode
builtin-SwiftPerFileCompile BenchmarkState.swift
SwiftDriverJobDiscovery normal arm64 Compiling BenchmarkSuite.swift, BenchmarkTermination.swift (in target 'Benchmark' from project 'Benchmark')
SwiftCompile normal arm64_32 Compiling\ BenchmarkMain.swift,\ BenchmarkReporter.swift /Users/admin/builder/spi-builder-workspace/.dependencies/checkouts/swift-benchmark/Sources/Benchmark/BenchmarkMain.swift /Users/admin/builder/spi-builder-workspace/.dependencies/checkouts/swift-benchmark/Sources/Benchmark/BenchmarkReporter.swift (in target 'Benchmark' from project 'Benchmark')
SwiftCompile normal arm64_32 /Users/admin/builder/spi-builder-workspace/.dependencies/checkouts/swift-benchmark/Sources/Benchmark/BenchmarkMain.swift (in target 'Benchmark' from project 'Benchmark')
cd /Users/admin/builder/spi-builder-workspace/.swiftpm/xcode
builtin-SwiftPerFileCompile BenchmarkMain.swift
SwiftCompile normal arm64_32 /Users/admin/builder/spi-builder-workspace/.dependencies/checkouts/swift-benchmark/Sources/Benchmark/BenchmarkReporter.swift (in target 'Benchmark' from project 'Benchmark')
cd /Users/admin/builder/spi-builder-workspace/.swiftpm/xcode
builtin-SwiftPerFileCompile BenchmarkReporter.swift
SwiftCompile normal arm64_32 Compiling\ TestIntegration.swift /Users/admin/builder/spi-builder-workspace/.dependencies/checkouts/swift-benchmark/Sources/Benchmark/TestIntegration.swift (in target 'Benchmark' from project 'Benchmark')
SwiftCompile normal arm64_32 /Users/admin/builder/spi-builder-workspace/.dependencies/checkouts/swift-benchmark/Sources/Benchmark/TestIntegration.swift (in target 'Benchmark' from project 'Benchmark')
cd /Users/admin/builder/spi-builder-workspace/.swiftpm/xcode
builtin-SwiftPerFileCompile TestIntegration.swift
SwiftDriverJobDiscovery normal arm64 Compiling TestIntegration.swift (in target 'Benchmark' from project 'Benchmark')
SwiftDriverJobDiscovery normal arm64_32 Compiling BenchmarkSuite.swift, BenchmarkTermination.swift (in target 'Benchmark' from project 'Benchmark')
SwiftDriver\ Compilation ArgumentParser normal arm64_32 com.apple.xcode.tools.swift.compiler (in target 'ArgumentParser' from project 'swift-argument-parser')
cd /Users/admin/builder/spi-builder-workspace/.swiftpm/xcode
builtin-Swift-Compilation -- /Applications/Xcode-27.0.0-Release.Candidate.app/Contents/Developer/Toolchains/XcodeDefault.xctoolchain/usr/bin/swiftc -parse-as-library -module-name ArgumentParser -Onone @/Users/admin/builder/spi-builder-workspace/.derivedData/Build/Intermediates.noindex/swift-argument-parser.build/Debug-watchos/ArgumentParser-t.build/Objects-normal/arm64_32/ArgumentParser.SwiftFileList -DSWIFT_PACKAGE -DDEBUG -DSWIFT_MODULE_RESOURCE_BUNDLE_UNAVAILABLE -DXcode -plugin-path /Applications/Xcode-27.0.0-Release.Candidate.app/Contents/Developer/Toolchains/XcodeDefault.xctoolchain/usr/lib/swift/host/plugins/testing -enable-experimental-feature DebugDescriptionMacro -sdk /Applications/Xcode-27.0.0-Release.Candidate.app/Contents/Developer/Platforms/WatchOS.platform/Developer/SDKs/WatchOS27.0.sdk -target arm64_32-apple-watchos9.0 -g -module-cache-path /Users/admin/builder/spi-builder-workspace/.derivedData/ModuleCache.noindex -Xfrontend -serialize-debugging-options -profile-coverage-mapping -profile-generate -enable-testing -suppress-warnings -index-store-path /Users/admin/builder/spi-builder-workspace/.derivedData/Index.noindex/DataStore -Xcc -D_LIBCPP_HARDENING_MODE\=_LIBCPP_HARDENING_MODE_DEBUG -swift-version 5 -I /Users/admin/builder/spi-builder-workspace/.derivedData/Build/Products/Debug-watchos -Isystem /Applications/Xcode-27.0.0-Release.Candidate.app/Contents/Developer/Platforms/WatchOS.platform/Developer/usr/lib -F /Users/admin/builder/spi-builder-workspace/.derivedData/Build/Products/Debug-watchos/PackageFrameworks -F /Users/admin/builder/spi-builder-workspace/.derivedData/Build/Products/Debug-watchos -F /Applications/Xcode-27.0.0-Release.Candidate.app/Contents/Developer/Platforms/WatchOS.platform/Developer/Library/Frameworks -F /Applications/Xcode-27.0.0-Release.Candidate.app/Contents/Developer/Platforms/WatchOS.platform/Developer/SDKs/WatchOS27.0.sdk/Developer/Library/Frameworks -c -j10 -enable-batch-mode -incremental -Xcc -ivfsstatcache -Xcc /Users/admin/builder/spi-builder-workspace/.derivedData/SDKStatCaches.noindex/watchos27.0-24R360-e829b21a6f8c9b70876ba0858053c04477534ef55a1706bf4c1112bbb242f0a2.sdkstatcache -output-file-map /Users/admin/builder/spi-builder-workspace/.derivedData/Build/Intermediates.noindex/swift-argument-parser.build/Debug-watchos/ArgumentParser-t.build/Objects-normal/arm64_32/ArgumentParser-OutputFileMap.json -save-temps -no-color-diagnostics -explicit-module-build -module-cache-path /Users/admin/builder/spi-builder-workspace/.derivedData/Build/Intermediates.noindex/SwiftExplicitPrecompiledModules -clang-scanner-module-cache-path /Users/admin/builder/spi-builder-workspace/.derivedData/ModuleCache.noindex -sdk-module-cache-path /Users/admin/builder/spi-builder-workspace/.derivedData/SDKExplicitPrecompiledModules -emit-dependencies -emit-module -emit-module-path /Users/admin/builder/spi-builder-workspace/.derivedData/Build/Intermediates.noindex/swift-argument-parser.build/Debug-watchos/ArgumentParser-t.build/Objects-normal/arm64_32/ArgumentParser.swiftmodule -serialize-diagnostics -dependency-scan-serialize-diagnostics-path /Users/admin/builder/spi-builder-workspace/.derivedData/Build/Intermediates.noindex/swift-argument-parser.build/Debug-watchos/ArgumentParser-t.build/Objects-normal/arm64_32/ArgumentParser-dependency-scan.dia -validate-clang-modules-once -clang-build-session-file /Users/admin/builder/spi-builder-workspace/.derivedData/ModuleCache.noindex/Session.modulevalidation -Xcc -fmodules-prune-interval\=86400 -Xcc -fmodules-prune-after\=345600 -emit-const-values -const-gather-protocols-list /Users/admin/builder/spi-builder-workspace/.derivedData/Build/Intermediates.noindex/swift-argument-parser.build/Debug-watchos/ArgumentParser-t.build/Objects-normal/arm64_32/ArgumentParser_const_extract_protocols.json -Xcc -I/Users/admin/builder/spi-builder-workspace/.derivedData/Build/Products/Debug-watchos/include -Xcc -I/Users/admin/builder/spi-builder-workspace/.derivedData/Build/Intermediates.noindex/swift-argument-parser.build/Debug-watchos/ArgumentParser-t.build/DerivedSources-normal/arm64_32 -Xcc -I/Users/admin/builder/spi-builder-workspace/.derivedData/Build/Intermediates.noindex/swift-argument-parser.build/Debug-watchos/ArgumentParser-t.build/DerivedSources/arm64_32 -Xcc -I/Users/admin/builder/spi-builder-workspace/.derivedData/Build/Intermediates.noindex/swift-argument-parser.build/Debug-watchos/ArgumentParser-t.build/DerivedSources -Xcc -DSWIFT_PACKAGE -Xcc -DDEBUG\=1 -emit-objc-header -emit-objc-header-path /Users/admin/builder/spi-builder-workspace/.derivedData/Build/Intermediates.noindex/swift-argument-parser.build/Debug-watchos/ArgumentParser-t.build/Objects-normal/arm64_32/ArgumentParser-Swift.h -working-directory /Users/admin/builder/spi-builder-workspace/.swiftpm/xcode -experimental-emit-module-separately -disable-cmo
SwiftDriver\ Compilation ArgumentParser normal arm64 com.apple.xcode.tools.swift.compiler (in target 'ArgumentParser' from project 'swift-argument-parser')
cd /Users/admin/builder/spi-builder-workspace/.swiftpm/xcode
builtin-Swift-Compilation -- /Applications/Xcode-27.0.0-Release.Candidate.app/Contents/Developer/Toolchains/XcodeDefault.xctoolchain/usr/bin/swiftc -parse-as-library -module-name ArgumentParser -Onone @/Users/admin/builder/spi-builder-workspace/.derivedData/Build/Intermediates.noindex/swift-argument-parser.build/Debug-watchos/ArgumentParser-t.build/Objects-normal/arm64/ArgumentParser.SwiftFileList -DSWIFT_PACKAGE -DDEBUG -DSWIFT_MODULE_RESOURCE_BUNDLE_UNAVAILABLE -DXcode -plugin-path /Applications/Xcode-27.0.0-Release.Candidate.app/Contents/Developer/Toolchains/XcodeDefault.xctoolchain/usr/lib/swift/host/plugins/testing -enable-experimental-feature DebugDescriptionMacro -sdk /Applications/Xcode-27.0.0-Release.Candidate.app/Contents/Developer/Platforms/WatchOS.platform/Developer/SDKs/WatchOS27.0.sdk -target arm64-apple-watchos9.0 -g -module-cache-path /Users/admin/builder/spi-builder-workspace/.derivedData/ModuleCache.noindex -Xfrontend -serialize-debugging-options -profile-coverage-mapping -profile-generate -enable-testing -suppress-warnings -index-store-path /Users/admin/builder/spi-builder-workspace/.derivedData/Index.noindex/DataStore -Xcc -D_LIBCPP_HARDENING_MODE\=_LIBCPP_HARDENING_MODE_DEBUG -swift-version 5 -I /Users/admin/builder/spi-builder-workspace/.derivedData/Build/Products/Debug-watchos -Isystem /Applications/Xcode-27.0.0-Release.Candidate.app/Contents/Developer/Platforms/WatchOS.platform/Developer/usr/lib -F /Users/admin/builder/spi-builder-workspace/.derivedData/Build/Products/Debug-watchos/PackageFrameworks -F /Users/admin/builder/spi-builder-workspace/.derivedData/Build/Products/Debug-watchos -F /Applications/Xcode-27.0.0-Release.Candidate.app/Contents/Developer/Platforms/WatchOS.platform/Developer/Library/Frameworks -F /Applications/Xcode-27.0.0-Release.Candidate.app/Contents/Developer/Platforms/WatchOS.platform/Developer/SDKs/WatchOS27.0.sdk/Developer/Library/Frameworks -c -j10 -enable-batch-mode -incremental -Xcc -ivfsstatcache -Xcc /Users/admin/builder/spi-builder-workspace/.derivedData/SDKStatCaches.noindex/watchos27.0-24R360-e829b21a6f8c9b70876ba0858053c04477534ef55a1706bf4c1112bbb242f0a2.sdkstatcache -output-file-map /Users/admin/builder/spi-builder-workspace/.derivedData/Build/Intermediates.noindex/swift-argument-parser.build/Debug-watchos/ArgumentParser-t.build/Objects-normal/arm64/ArgumentParser-OutputFileMap.json -save-temps -no-color-diagnostics -explicit-module-build -module-cache-path /Users/admin/builder/spi-builder-workspace/.derivedData/Build/Intermediates.noindex/SwiftExplicitPrecompiledModules -clang-scanner-module-cache-path /Users/admin/builder/spi-builder-workspace/.derivedData/ModuleCache.noindex -sdk-module-cache-path /Users/admin/builder/spi-builder-workspace/.derivedData/SDKExplicitPrecompiledModules -emit-dependencies -emit-module -emit-module-path /Users/admin/builder/spi-builder-workspace/.derivedData/Build/Intermediates.noindex/swift-argument-parser.build/Debug-watchos/ArgumentParser-t.build/Objects-normal/arm64/ArgumentParser.swiftmodule -serialize-diagnostics -dependency-scan-serialize-diagnostics-path /Users/admin/builder/spi-builder-workspace/.derivedData/Build/Intermediates.noindex/swift-argument-parser.build/Debug-watchos/ArgumentParser-t.build/Objects-normal/arm64/ArgumentParser-dependency-scan.dia -validate-clang-modules-once -clang-build-session-file /Users/admin/builder/spi-builder-workspace/.derivedData/ModuleCache.noindex/Session.modulevalidation -Xcc -fmodules-prune-interval\=86400 -Xcc -fmodules-prune-after\=345600 -emit-const-values -const-gather-protocols-list /Users/admin/builder/spi-builder-workspace/.derivedData/Build/Intermediates.noindex/swift-argument-parser.build/Debug-watchos/ArgumentParser-t.build/Objects-normal/arm64/ArgumentParser_const_extract_protocols.json -Xcc -I/Users/admin/builder/spi-builder-workspace/.derivedData/Build/Products/Debug-watchos/include -Xcc -I/Users/admin/builder/spi-builder-workspace/.derivedData/Build/Intermediates.noindex/swift-argument-parser.build/Debug-watchos/ArgumentParser-t.build/DerivedSources-normal/arm64 -Xcc -I/Users/admin/builder/spi-builder-workspace/.derivedData/Build/Intermediates.noindex/swift-argument-parser.build/Debug-watchos/ArgumentParser-t.build/DerivedSources/arm64 -Xcc -I/Users/admin/builder/spi-builder-workspace/.derivedData/Build/Intermediates.noindex/swift-argument-parser.build/Debug-watchos/ArgumentParser-t.build/DerivedSources -Xcc -DSWIFT_PACKAGE -Xcc -DDEBUG\=1 -emit-objc-header -emit-objc-header-path /Users/admin/builder/spi-builder-workspace/.derivedData/Build/Intermediates.noindex/swift-argument-parser.build/Debug-watchos/ArgumentParser-t.build/Objects-normal/arm64/ArgumentParser-Swift.h -working-directory /Users/admin/builder/spi-builder-workspace/.swiftpm/xcode -experimental-emit-module-separately -disable-cmo
Ld /Users/admin/builder/spi-builder-workspace/.derivedData/Build/Intermediates.noindex/swift-argument-parser.build/Debug-watchos/ArgumentParser-t.build/Objects-normal/arm64_32/Binary/ArgumentParser.o normal arm64_32 (in target 'ArgumentParser' from project 'swift-argument-parser')
cd /Users/admin/builder/spi-builder-workspace/.dependencies/checkouts/swift-argument-parser
/Applications/Xcode-27.0.0-Release.Candidate.app/Contents/Developer/Toolchains/XcodeDefault.xctoolchain/usr/bin/clang -Xlinker -reproducible -target arm64_32-apple-watchos9.0 -r -isysroot /Applications/Xcode-27.0.0-Release.Candidate.app/Contents/Developer/Platforms/WatchOS.platform/Developer/SDKs/WatchOS27.0.sdk -O0 -w -Xlinker -no_warn_duplicate_libraries -F/Users/admin/builder/spi-builder-workspace/.derivedData/Build/Intermediates.noindex/EagerLinkingTBDs/Debug-watchos -F/Users/admin/builder/spi-builder-workspace/.derivedData/Build/Products/Debug-watchos/PackageFrameworks -F/Users/admin/builder/spi-builder-workspace/.derivedData/Build/Products/Debug-watchos -iframework /Applications/Xcode-27.0.0-Release.Candidate.app/Contents/Developer/Platforms/WatchOS.platform/Developer/Library/Frameworks -iframework /Applications/Xcode-27.0.0-Release.Candidate.app/Contents/Developer/Platforms/WatchOS.platform/Developer/SDKs/WatchOS27.0.sdk/Developer/Library/Frameworks -filelist /Users/admin/builder/spi-builder-workspace/.derivedData/Build/Intermediates.noindex/swift-argument-parser.build/Debug-watchos/ArgumentParser-t.build/Objects-normal/arm64_32/ArgumentParser.LinkFileList -nostdlib -Xlinker -object_path_lto -Xlinker /Users/admin/builder/spi-builder-workspace/.derivedData/Build/Intermediates.noindex/swift-argument-parser.build/Debug-watchos/ArgumentParser-t.build/Objects-normal/arm64_32/ArgumentParser_lto.o -Xlinker -no_deduplicate -Xlinker -debug_variant -Xlinker -dependency_info -Xlinker /Users/admin/builder/spi-builder-workspace/.derivedData/Build/Intermediates.noindex/swift-argument-parser.build/Debug-watchos/ArgumentParser-t.build/Objects-normal/arm64_32/ArgumentParser_dependency_info.dat -fobjc-link-runtime -L/Applications/Xcode-27.0.0-Release.Candidate.app/Contents/Developer/Toolchains/XcodeDefault.xctoolchain/usr/lib/swift/watchos -L/usr/lib/swift -Xlinker -add_ast_path -Xlinker /Users/admin/builder/spi-builder-workspace/.derivedData/Build/Intermediates.noindex/swift-argument-parser.build/Debug-watchos/ArgumentParser-t.build/Objects-normal/arm64_32/ArgumentParser.swiftmodule -o /Users/admin/builder/spi-builder-workspace/.derivedData/Build/Intermediates.noindex/swift-argument-parser.build/Debug-watchos/ArgumentParser-t.build/Objects-normal/arm64_32/Binary/ArgumentParser.o
Ld /Users/admin/builder/spi-builder-workspace/.derivedData/Build/Intermediates.noindex/swift-argument-parser.build/Debug-watchos/ArgumentParser-t.build/Objects-normal/arm64/Binary/ArgumentParser.o normal arm64 (in target 'ArgumentParser' from project 'swift-argument-parser')
cd /Users/admin/builder/spi-builder-workspace/.dependencies/checkouts/swift-argument-parser
/Applications/Xcode-27.0.0-Release.Candidate.app/Contents/Developer/Toolchains/XcodeDefault.xctoolchain/usr/bin/clang -Xlinker -reproducible -target arm64-apple-watchos9.0 -r -isysroot /Applications/Xcode-27.0.0-Release.Candidate.app/Contents/Developer/Platforms/WatchOS.platform/Developer/SDKs/WatchOS27.0.sdk -O0 -w -Xlinker -no_warn_duplicate_libraries -F/Users/admin/builder/spi-builder-workspace/.derivedData/Build/Intermediates.noindex/EagerLinkingTBDs/Debug-watchos -F/Users/admin/builder/spi-builder-workspace/.derivedData/Build/Products/Debug-watchos/PackageFrameworks -F/Users/admin/builder/spi-builder-workspace/.derivedData/Build/Products/Debug-watchos -iframework /Applications/Xcode-27.0.0-Release.Candidate.app/Contents/Developer/Platforms/WatchOS.platform/Developer/Library/Frameworks -iframework /Applications/Xcode-27.0.0-Release.Candidate.app/Contents/Developer/Platforms/WatchOS.platform/Developer/SDKs/WatchOS27.0.sdk/Developer/Library/Frameworks -filelist /Users/admin/builder/spi-builder-workspace/.derivedData/Build/Intermediates.noindex/swift-argument-parser.build/Debug-watchos/ArgumentParser-t.build/Objects-normal/arm64/ArgumentParser.LinkFileList -nostdlib -Xlinker -object_path_lto -Xlinker /Users/admin/builder/spi-builder-workspace/.derivedData/Build/Intermediates.noindex/swift-argument-parser.build/Debug-watchos/ArgumentParser-t.build/Objects-normal/arm64/ArgumentParser_lto.o -Xlinker -no_deduplicate -Xlinker -debug_variant -Xlinker -dependency_info -Xlinker /Users/admin/builder/spi-builder-workspace/.derivedData/Build/Intermediates.noindex/swift-argument-parser.build/Debug-watchos/ArgumentParser-t.build/Objects-normal/arm64/ArgumentParser_dependency_info.dat -fobjc-link-runtime -L/Applications/Xcode-27.0.0-Release.Candidate.app/Contents/Developer/Toolchains/XcodeDefault.xctoolchain/usr/lib/swift/watchos -L/usr/lib/swift -Xlinker -add_ast_path -Xlinker /Users/admin/builder/spi-builder-workspace/.derivedData/Build/Intermediates.noindex/swift-argument-parser.build/Debug-watchos/ArgumentParser-t.build/Objects-normal/arm64/ArgumentParser.swiftmodule -o /Users/admin/builder/spi-builder-workspace/.derivedData/Build/Intermediates.noindex/swift-argument-parser.build/Debug-watchos/ArgumentParser-t.build/Objects-normal/arm64/Binary/ArgumentParser.o
SwiftDriverJobDiscovery normal arm64_32 Compiling Stats.swift (in target 'Benchmark' from project 'Benchmark')
SwiftDriverJobDiscovery normal arm64_32 Compiling BenchmarkColumn.swift, BenchmarkCommand.swift (in target 'Benchmark' from project 'Benchmark')
SwiftDriver swift-parsing-benchmark normal arm64 com.apple.xcode.tools.swift.compiler (in target 'swift-parsing-benchmark-product' from project 'swift-parsing')
cd /Users/admin/builder/spi-builder-workspace/.swiftpm/xcode
builtin-SwiftDriver -- /Applications/Xcode-27.0.0-Release.Candidate.app/Contents/Developer/Toolchains/XcodeDefault.xctoolchain/usr/bin/swiftc -module-name swift_parsing_benchmark -Onone @/Users/admin/builder/spi-builder-workspace/.derivedData/Build/Intermediates.noindex/swift-parsing.build/Debug-watchos/swift-parsing-benchmark-p.build/Objects-normal/arm64/swift-parsing-benchmark.SwiftFileList -DSWIFT_PACKAGE -DDEBUG -DXcode -plugin-path /Applications/Xcode-27.0.0-Release.Candidate.app/Contents/Developer/Toolchains/XcodeDefault.xctoolchain/usr/lib/swift/host/plugins/testing -enable-experimental-feature DebugDescriptionMacro -sdk /Applications/Xcode-27.0.0-Release.Candidate.app/Contents/Developer/Platforms/WatchOS.platform/Developer/SDKs/WatchOS27.0.sdk -target arm64-apple-watchos9.0 -g -module-cache-path /Users/admin/builder/spi-builder-workspace/.derivedData/ModuleCache.noindex -Xfrontend -serialize-debugging-options -profile-coverage-mapping -profile-generate -enable-testing -index-store-path /Users/admin/builder/spi-builder-workspace/.derivedData/Index.noindex/DataStore -Xcc -D_LIBCPP_HARDENING_MODE\=_LIBCPP_HARDENING_MODE_DEBUG -swift-version 5 -I /Users/admin/builder/spi-builder-workspace/.derivedData/Build/Products/Debug-watchos -Isystem /Applications/Xcode-27.0.0-Release.Candidate.app/Contents/Developer/Platforms/WatchOS.platform/Developer/usr/lib -F /Users/admin/builder/spi-builder-workspace/.derivedData/Build/Products/Debug-watchos/PackageFrameworks -F /Users/admin/builder/spi-builder-workspace/.derivedData/Build/Products/Debug-watchos -F /Applications/Xcode-27.0.0-Release.Candidate.app/Contents/Developer/Platforms/WatchOS.platform/Developer/Library/Frameworks -F /Applications/Xcode-27.0.0-Release.Candidate.app/Contents/Developer/Platforms/WatchOS.platform/Developer/SDKs/WatchOS27.0.sdk/Developer/Library/Frameworks -c -j10 -enable-batch-mode -incremental -Xcc -ivfsstatcache -Xcc /Users/admin/builder/spi-builder-workspace/.derivedData/SDKStatCaches.noindex/watchos27.0-24R360-e829b21a6f8c9b70876ba0858053c04477534ef55a1706bf4c1112bbb242f0a2.sdkstatcache -output-file-map /Users/admin/builder/spi-builder-workspace/.derivedData/Build/Intermediates.noindex/swift-parsing.build/Debug-watchos/swift-parsing-benchmark-p.build/Objects-normal/arm64/swift-parsing-benchmark-OutputFileMap.json -save-temps -no-color-diagnostics -explicit-module-build -module-cache-path /Users/admin/builder/spi-builder-workspace/.derivedData/Build/Intermediates.noindex/SwiftExplicitPrecompiledModules -clang-scanner-module-cache-path /Users/admin/builder/spi-builder-workspace/.derivedData/ModuleCache.noindex -sdk-module-cache-path /Users/admin/builder/spi-builder-workspace/.derivedData/SDKExplicitPrecompiledModules -emit-dependencies -emit-module -emit-module-path /Users/admin/builder/spi-builder-workspace/.derivedData/Build/Intermediates.noindex/swift-parsing.build/Debug-watchos/swift-parsing-benchmark-p.build/Objects-normal/arm64/swift_parsing_benchmark.swiftmodule -serialize-diagnostics -dependency-scan-serialize-diagnostics-path /Users/admin/builder/spi-builder-workspace/.derivedData/Build/Intermediates.noindex/swift-parsing.build/Debug-watchos/swift-parsing-benchmark-p.build/Objects-normal/arm64/swift_parsing_benchmark-dependency-scan.dia -validate-clang-modules-once -clang-build-session-file /Users/admin/builder/spi-builder-workspace/.derivedData/ModuleCache.noindex/Session.modulevalidation -Xcc -fmodules-prune-interval\=86400 -Xcc -fmodules-prune-after\=345600 -package-name spi_builder_workspace -emit-const-values -const-gather-protocols-list /Users/admin/builder/spi-builder-workspace/.derivedData/Build/Intermediates.noindex/swift-parsing.build/Debug-watchos/swift-parsing-benchmark-p.build/Objects-normal/arm64/swift-parsing-benchmark_const_extract_protocols.json -Xcc -I/Users/admin/builder/spi-builder-workspace/.derivedData/Build/Products/Debug-watchos/include -Xcc -I/Users/admin/builder/spi-builder-workspace/.derivedData/Build/Intermediates.noindex/swift-parsing.build/Debug-watchos/swift-parsing-benchmark-p.build/DerivedSources-normal/arm64 -Xcc -I/Users/admin/builder/spi-builder-workspace/.derivedData/Build/Intermediates.noindex/swift-parsing.build/Debug-watchos/swift-parsing-benchmark-p.build/DerivedSources/arm64 -Xcc -I/Users/admin/builder/spi-builder-workspace/.derivedData/Build/Intermediates.noindex/swift-parsing.build/Debug-watchos/swift-parsing-benchmark-p.build/DerivedSources -Xcc -DSWIFT_PACKAGE -Xcc -DDEBUG\=1 -working-directory /Users/admin/builder/spi-builder-workspace/.swiftpm/xcode -experimental-emit-module-separately -disable-cmo
SwiftDriver swift-parsing-benchmark normal arm64_32 com.apple.xcode.tools.swift.compiler (in target 'swift-parsing-benchmark-product' from project 'swift-parsing')
cd /Users/admin/builder/spi-builder-workspace/.swiftpm/xcode
builtin-SwiftDriver -- /Applications/Xcode-27.0.0-Release.Candidate.app/Contents/Developer/Toolchains/XcodeDefault.xctoolchain/usr/bin/swiftc -module-name swift_parsing_benchmark -Onone @/Users/admin/builder/spi-builder-workspace/.derivedData/Build/Intermediates.noindex/swift-parsing.build/Debug-watchos/swift-parsing-benchmark-p.build/Objects-normal/arm64_32/swift-parsing-benchmark.SwiftFileList -DSWIFT_PACKAGE -DDEBUG -DXcode -plugin-path /Applications/Xcode-27.0.0-Release.Candidate.app/Contents/Developer/Toolchains/XcodeDefault.xctoolchain/usr/lib/swift/host/plugins/testing -enable-experimental-feature DebugDescriptionMacro -sdk /Applications/Xcode-27.0.0-Release.Candidate.app/Contents/Developer/Platforms/WatchOS.platform/Developer/SDKs/WatchOS27.0.sdk -target arm64_32-apple-watchos9.0 -g -module-cache-path /Users/admin/builder/spi-builder-workspace/.derivedData/ModuleCache.noindex -Xfrontend -serialize-debugging-options -profile-coverage-mapping -profile-generate -enable-testing -index-store-path /Users/admin/builder/spi-builder-workspace/.derivedData/Index.noindex/DataStore -Xcc -D_LIBCPP_HARDENING_MODE\=_LIBCPP_HARDENING_MODE_DEBUG -swift-version 5 -I /Users/admin/builder/spi-builder-workspace/.derivedData/Build/Products/Debug-watchos -Isystem /Applications/Xcode-27.0.0-Release.Candidate.app/Contents/Developer/Platforms/WatchOS.platform/Developer/usr/lib -F /Users/admin/builder/spi-builder-workspace/.derivedData/Build/Products/Debug-watchos/PackageFrameworks -F /Users/admin/builder/spi-builder-workspace/.derivedData/Build/Products/Debug-watchos -F /Applications/Xcode-27.0.0-Release.Candidate.app/Contents/Developer/Platforms/WatchOS.platform/Developer/Library/Frameworks -F /Applications/Xcode-27.0.0-Release.Candidate.app/Contents/Developer/Platforms/WatchOS.platform/Developer/SDKs/WatchOS27.0.sdk/Developer/Library/Frameworks -c -j10 -enable-batch-mode -incremental -Xcc -ivfsstatcache -Xcc /Users/admin/builder/spi-builder-workspace/.derivedData/SDKStatCaches.noindex/watchos27.0-24R360-e829b21a6f8c9b70876ba0858053c04477534ef55a1706bf4c1112bbb242f0a2.sdkstatcache -output-file-map /Users/admin/builder/spi-builder-workspace/.derivedData/Build/Intermediates.noindex/swift-parsing.build/Debug-watchos/swift-parsing-benchmark-p.build/Objects-normal/arm64_32/swift-parsing-benchmark-OutputFileMap.json -save-temps -no-color-diagnostics -explicit-module-build -module-cache-path /Users/admin/builder/spi-builder-workspace/.derivedData/Build/Intermediates.noindex/SwiftExplicitPrecompiledModules -clang-scanner-module-cache-path /Users/admin/builder/spi-builder-workspace/.derivedData/ModuleCache.noindex -sdk-module-cache-path /Users/admin/builder/spi-builder-workspace/.derivedData/SDKExplicitPrecompiledModules -emit-dependencies -emit-module -emit-module-path /Users/admin/builder/spi-builder-workspace/.derivedData/Build/Intermediates.noindex/swift-parsing.build/Debug-watchos/swift-parsing-benchmark-p.build/Objects-normal/arm64_32/swift_parsing_benchmark.swiftmodule -serialize-diagnostics -dependency-scan-serialize-diagnostics-path /Users/admin/builder/spi-builder-workspace/.derivedData/Build/Intermediates.noindex/swift-parsing.build/Debug-watchos/swift-parsing-benchmark-p.build/Objects-normal/arm64_32/swift_parsing_benchmark-dependency-scan.dia -validate-clang-modules-once -clang-build-session-file /Users/admin/builder/spi-builder-workspace/.derivedData/ModuleCache.noindex/Session.modulevalidation -Xcc -fmodules-prune-interval\=86400 -Xcc -fmodules-prune-after\=345600 -package-name spi_builder_workspace -emit-const-values -const-gather-protocols-list /Users/admin/builder/spi-builder-workspace/.derivedData/Build/Intermediates.noindex/swift-parsing.build/Debug-watchos/swift-parsing-benchmark-p.build/Objects-normal/arm64_32/swift-parsing-benchmark_const_extract_protocols.json -Xcc -I/Users/admin/builder/spi-builder-workspace/.derivedData/Build/Products/Debug-watchos/include -Xcc -I/Users/admin/builder/spi-builder-workspace/.derivedData/Build/Intermediates.noindex/swift-parsing.build/Debug-watchos/swift-parsing-benchmark-p.build/DerivedSources-normal/arm64_32 -Xcc -I/Users/admin/builder/spi-builder-workspace/.derivedData/Build/Intermediates.noindex/swift-parsing.build/Debug-watchos/swift-parsing-benchmark-p.build/DerivedSources/arm64_32 -Xcc -I/Users/admin/builder/spi-builder-workspace/.derivedData/Build/Intermediates.noindex/swift-parsing.build/Debug-watchos/swift-parsing-benchmark-p.build/DerivedSources -Xcc -DSWIFT_PACKAGE -Xcc -DDEBUG\=1 -working-directory /Users/admin/builder/spi-builder-workspace/.swiftpm/xcode -experimental-emit-module-separately -disable-cmo
SwiftDriverJobDiscovery normal arm64_32 Compiling BenchmarkResult.swift, BenchmarkRunner.swift (in target 'Benchmark' from project 'Benchmark')
CreateUniversalBinary /Users/admin/builder/spi-builder-workspace/.derivedData/Build/Products/Debug-watchos/ArgumentParser.o normal arm64\ arm64_32 (in target 'ArgumentParser' from project 'swift-argument-parser')
cd /Users/admin/builder/spi-builder-workspace/.dependencies/checkouts/swift-argument-parser
/Applications/Xcode-27.0.0-Release.Candidate.app/Contents/Developer/Toolchains/XcodeDefault.xctoolchain/usr/bin/lipo -create /Users/admin/builder/spi-builder-workspace/.derivedData/Build/Intermediates.noindex/swift-argument-parser.build/Debug-watchos/ArgumentParser-t.build/Objects-normal/arm64/Binary/ArgumentParser.o /Users/admin/builder/spi-builder-workspace/.derivedData/Build/Intermediates.noindex/swift-argument-parser.build/Debug-watchos/ArgumentParser-t.build/Objects-normal/arm64_32/Binary/ArgumentParser.o -output /Users/admin/builder/spi-builder-workspace/.derivedData/Build/Products/Debug-watchos/ArgumentParser.o
ExtractAppIntentsMetadata (in target 'ArgumentParser' from project 'swift-argument-parser')
cd /Users/admin/builder/spi-builder-workspace/.dependencies/checkouts/swift-argument-parser
/Applications/Xcode-27.0.0-Release.Candidate.app/Contents/Developer/Toolchains/XcodeDefault.xctoolchain/usr/bin/appintentsmetadataprocessor --toolchain-dir /var/run/com.apple.security.cryptexd/mnt/com.apple.MobileAsset.MetalToolchain-v27.1.266.1.gjVLuh/Metal.xctoolchain --module-name ArgumentParser --sdk-root /Applications/Xcode-27.0.0-Release.Candidate.app/Contents/Developer/Platforms/WatchOS.platform/Developer/SDKs/WatchOS27.0.sdk --xcode-version 27A266a --platform-family watchOS --deployment-target 9.0 --bundle-identifier swift-argument-parser.ArgumentParser --output /Users/admin/builder/spi-builder-workspace/.derivedData/Build/Products/Debug-watchos/ArgumentParser.appintents --target-triple arm64-apple-watchos9.0 --target-triple arm64_32-apple-watchos9.0 --binary-file /Users/admin/builder/spi-builder-workspace/.derivedData/Build/Products/Debug-watchos/ArgumentParser.o --dependency-file /Users/admin/builder/spi-builder-workspace/.derivedData/Build/Intermediates.noindex/swift-argument-parser.build/Debug-watchos/ArgumentParser-t.build/Objects-normal/arm64/ArgumentParser_dependency_info.dat --dependency-file /Users/admin/builder/spi-builder-workspace/.derivedData/Build/Intermediates.noindex/swift-argument-parser.build/Debug-watchos/ArgumentParser-t.build/Objects-normal/arm64_32/ArgumentParser_dependency_info.dat --stringsdata-file /Users/admin/builder/spi-builder-workspace/.derivedData/Build/Intermediates.noindex/swift-argument-parser.build/Debug-watchos/ArgumentParser-t.build/Objects-normal/arm64/ExtractedAppShortcutsMetadata.stringsdata --stringsdata-file /Users/admin/builder/spi-builder-workspace/.derivedData/Build/Intermediates.noindex/swift-argument-parser.build/Debug-watchos/ArgumentParser-t.build/Objects-normal/arm64_32/ExtractedAppShortcutsMetadata.stringsdata --source-file-list /Users/admin/builder/spi-builder-workspace/.derivedData/Build/Intermediates.noindex/swift-argument-parser.build/Debug-watchos/ArgumentParser-t.build/Objects-normal/arm64/ArgumentParser.SwiftFileList --source-file-list /Users/admin/builder/spi-builder-workspace/.derivedData/Build/Intermediates.noindex/swift-argument-parser.build/Debug-watchos/ArgumentParser-t.build/Objects-normal/arm64_32/ArgumentParser.SwiftFileList --metadata-file-list /Users/admin/builder/spi-builder-workspace/.derivedData/Build/Intermediates.noindex/swift-argument-parser.build/Debug-watchos/ArgumentParser-t.build/ArgumentParser.DependencyMetadataFileList --static-metadata-file-list /Users/admin/builder/spi-builder-workspace/.derivedData/Build/Intermediates.noindex/swift-argument-parser.build/Debug-watchos/ArgumentParser-t.build/ArgumentParser.DependencyStaticMetadataFileList --swift-const-vals-list /Users/admin/builder/spi-builder-workspace/.derivedData/Build/Intermediates.noindex/swift-argument-parser.build/Debug-watchos/ArgumentParser-t.build/Objects-normal/arm64/ArgumentParser.SwiftConstValuesFileList --swift-const-vals-list /Users/admin/builder/spi-builder-workspace/.derivedData/Build/Intermediates.noindex/swift-argument-parser.build/Debug-watchos/ArgumentParser-t.build/Objects-normal/arm64_32/ArgumentParser.SwiftConstValuesFileList --force --compile-time-extraction --deployment-aware-processing --no-app-shortcuts-localization
2026-09-24 10:06:21.809 appintentsmetadataprocessor[1199:7271] Starting appintentsmetadataprocessor export
2026-09-24 10:06:21.888 appintentsmetadataprocessor[1199:7271] Extracted no relevant App Intents symbols, skipping writing output
SwiftDriverJobDiscovery normal arm64_32 Compiling Benchmark.swift, BenchmarkArguments.swift (in target 'Benchmark' from project 'Benchmark')
SwiftDriverJobDiscovery normal arm64_32 Compiling TestIntegration.swift (in target 'Benchmark' from project 'Benchmark')
SwiftDriverJobDiscovery normal arm64 Compiling BenchmarkSetting.swift, BenchmarkState.swift (in target 'Benchmark' from project 'Benchmark')
SwiftDriverJobDiscovery normal arm64 Compiling Benchmark.swift, BenchmarkArguments.swift (in target 'Benchmark' from project 'Benchmark')
SwiftDriverJobDiscovery normal arm64 Compiling BenchmarkColumn.swift, BenchmarkCommand.swift (in target 'Benchmark' from project 'Benchmark')
SwiftDriver\ Compilation Benchmark normal arm64 com.apple.xcode.tools.swift.compiler (in target 'Benchmark' from project 'Benchmark')
cd /Users/admin/builder/spi-builder-workspace/.swiftpm/xcode
builtin-Swift-Compilation -- /Applications/Xcode-27.0.0-Release.Candidate.app/Contents/Developer/Toolchains/XcodeDefault.xctoolchain/usr/bin/swiftc -parse-as-library -module-name Benchmark -Onone @/Users/admin/builder/spi-builder-workspace/.derivedData/Build/Intermediates.noindex/Benchmark.build/Debug-watchos/Benchmark-t.build/Objects-normal/arm64/Benchmark.SwiftFileList -DSWIFT_PACKAGE -DDEBUG -DSWIFT_MODULE_RESOURCE_BUNDLE_UNAVAILABLE -DXcode -plugin-path /Applications/Xcode-27.0.0-Release.Candidate.app/Contents/Developer/Toolchains/XcodeDefault.xctoolchain/usr/lib/swift/host/plugins/testing -enable-experimental-feature DebugDescriptionMacro -sdk /Applications/Xcode-27.0.0-Release.Candidate.app/Contents/Developer/Platforms/WatchOS.platform/Developer/SDKs/WatchOS27.0.sdk -target arm64-apple-watchos9.0 -g -module-cache-path /Users/admin/builder/spi-builder-workspace/.derivedData/ModuleCache.noindex -Xfrontend -serialize-debugging-options -profile-coverage-mapping -profile-generate -enable-testing -suppress-warnings -index-store-path /Users/admin/builder/spi-builder-workspace/.derivedData/Index.noindex/DataStore -Xcc -D_LIBCPP_HARDENING_MODE\=_LIBCPP_HARDENING_MODE_DEBUG -swift-version 5 -I /Users/admin/builder/spi-builder-workspace/.derivedData/Build/Products/Debug-watchos -Isystem /Applications/Xcode-27.0.0-Release.Candidate.app/Contents/Developer/Platforms/WatchOS.platform/Developer/usr/lib -F /Users/admin/builder/spi-builder-workspace/.derivedData/Build/Products/Debug-watchos/PackageFrameworks -F /Users/admin/builder/spi-builder-workspace/.derivedData/Build/Products/Debug-watchos -F /Applications/Xcode-27.0.0-Release.Candidate.app/Contents/Developer/Platforms/WatchOS.platform/Developer/Library/Frameworks -F /Applications/Xcode-27.0.0-Release.Candidate.app/Contents/Developer/Platforms/WatchOS.platform/Developer/SDKs/WatchOS27.0.sdk/Developer/Library/Frameworks -c -j10 -enable-batch-mode -incremental -Xcc -ivfsstatcache -Xcc /Users/admin/builder/spi-builder-workspace/.derivedData/SDKStatCaches.noindex/watchos27.0-24R360-e829b21a6f8c9b70876ba0858053c04477534ef55a1706bf4c1112bbb242f0a2.sdkstatcache -output-file-map /Users/admin/builder/spi-builder-workspace/.derivedData/Build/Intermediates.noindex/Benchmark.build/Debug-watchos/Benchmark-t.build/Objects-normal/arm64/Benchmark-OutputFileMap.json -save-temps -no-color-diagnostics -explicit-module-build -module-cache-path /Users/admin/builder/spi-builder-workspace/.derivedData/Build/Intermediates.noindex/SwiftExplicitPrecompiledModules -clang-scanner-module-cache-path /Users/admin/builder/spi-builder-workspace/.derivedData/ModuleCache.noindex -sdk-module-cache-path /Users/admin/builder/spi-builder-workspace/.derivedData/SDKExplicitPrecompiledModules -emit-dependencies -emit-module -emit-module-path /Users/admin/builder/spi-builder-workspace/.derivedData/Build/Intermediates.noindex/Benchmark.build/Debug-watchos/Benchmark-t.build/Objects-normal/arm64/Benchmark.swiftmodule -serialize-diagnostics -dependency-scan-serialize-diagnostics-path /Users/admin/builder/spi-builder-workspace/.derivedData/Build/Intermediates.noindex/Benchmark.build/Debug-watchos/Benchmark-t.build/Objects-normal/arm64/Benchmark-dependency-scan.dia -validate-clang-modules-once -clang-build-session-file /Users/admin/builder/spi-builder-workspace/.derivedData/ModuleCache.noindex/Session.modulevalidation -Xcc -fmodules-prune-interval\=86400 -Xcc -fmodules-prune-after\=345600 -emit-const-values -const-gather-protocols-list /Users/admin/builder/spi-builder-workspace/.derivedData/Build/Intermediates.noindex/Benchmark.build/Debug-watchos/Benchmark-t.build/Objects-normal/arm64/Benchmark_const_extract_protocols.json -Xcc -I/Users/admin/builder/spi-builder-workspace/.derivedData/Build/Products/Debug-watchos/include -Xcc -I/Users/admin/builder/spi-builder-workspace/.derivedData/Build/Intermediates.noindex/Benchmark.build/Debug-watchos/Benchmark-t.build/DerivedSources-normal/arm64 -Xcc -I/Users/admin/builder/spi-builder-workspace/.derivedData/Build/Intermediates.noindex/Benchmark.build/Debug-watchos/Benchmark-t.build/DerivedSources/arm64 -Xcc -I/Users/admin/builder/spi-builder-workspace/.derivedData/Build/Intermediates.noindex/Benchmark.build/Debug-watchos/Benchmark-t.build/DerivedSources -Xcc -DSWIFT_PACKAGE -Xcc -DDEBUG\=1 -emit-objc-header -emit-objc-header-path /Users/admin/builder/spi-builder-workspace/.derivedData/Build/Intermediates.noindex/Benchmark.build/Debug-watchos/Benchmark-t.build/Objects-normal/arm64/Benchmark-Swift.h -working-directory /Users/admin/builder/spi-builder-workspace/.swiftpm/xcode -experimental-emit-module-separately -disable-cmo
Ld /Users/admin/builder/spi-builder-workspace/.derivedData/Build/Intermediates.noindex/Benchmark.build/Debug-watchos/Benchmark-t.build/Objects-normal/arm64/Binary/Benchmark.o normal arm64 (in target 'Benchmark' from project 'Benchmark')
cd /Users/admin/builder/spi-builder-workspace/.dependencies/checkouts/swift-benchmark
/Applications/Xcode-27.0.0-Release.Candidate.app/Contents/Developer/Toolchains/XcodeDefault.xctoolchain/usr/bin/clang -Xlinker -reproducible -target arm64-apple-watchos9.0 -r -isysroot /Applications/Xcode-27.0.0-Release.Candidate.app/Contents/Developer/Platforms/WatchOS.platform/Developer/SDKs/WatchOS27.0.sdk -O0 -w -Xlinker -no_warn_duplicate_libraries -F/Users/admin/builder/spi-builder-workspace/.derivedData/Build/Intermediates.noindex/EagerLinkingTBDs/Debug-watchos -F/Users/admin/builder/spi-builder-workspace/.derivedData/Build/Products/Debug-watchos/PackageFrameworks -F/Users/admin/builder/spi-builder-workspace/.derivedData/Build/Products/Debug-watchos -iframework /Applications/Xcode-27.0.0-Release.Candidate.app/Contents/Developer/Platforms/WatchOS.platform/Developer/Library/Frameworks -iframework /Applications/Xcode-27.0.0-Release.Candidate.app/Contents/Developer/Platforms/WatchOS.platform/Developer/SDKs/WatchOS27.0.sdk/Developer/Library/Frameworks -filelist /Users/admin/builder/spi-builder-workspace/.derivedData/Build/Intermediates.noindex/Benchmark.build/Debug-watchos/Benchmark-t.build/Objects-normal/arm64/Benchmark.LinkFileList -nostdlib -Xlinker -object_path_lto -Xlinker /Users/admin/builder/spi-builder-workspace/.derivedData/Build/Intermediates.noindex/Benchmark.build/Debug-watchos/Benchmark-t.build/Objects-normal/arm64/Benchmark_lto.o -Xlinker -no_deduplicate -Xlinker -debug_variant -Xlinker -dependency_info -Xlinker /Users/admin/builder/spi-builder-workspace/.derivedData/Build/Intermediates.noindex/Benchmark.build/Debug-watchos/Benchmark-t.build/Objects-normal/arm64/Benchmark_dependency_info.dat -fobjc-link-runtime -L/Applications/Xcode-27.0.0-Release.Candidate.app/Contents/Developer/Toolchains/XcodeDefault.xctoolchain/usr/lib/swift/watchos -L/usr/lib/swift -Xlinker -add_ast_path -Xlinker /Users/admin/builder/spi-builder-workspace/.derivedData/Build/Intermediates.noindex/Benchmark.build/Debug-watchos/Benchmark-t.build/Objects-normal/arm64/Benchmark.swiftmodule -o /Users/admin/builder/spi-builder-workspace/.derivedData/Build/Intermediates.noindex/Benchmark.build/Debug-watchos/Benchmark-t.build/Objects-normal/arm64/Binary/Benchmark.o
SwiftDriverJobDiscovery normal arm64_32 Compiling BenchmarkMain.swift, BenchmarkReporter.swift (in target 'Benchmark' from project 'Benchmark')
SwiftCompile normal arm64_32 Compiling\ Bool.swift,\ CSV.swift /Users/admin/builder/spi-builder-workspace/Sources/swift-parsing-benchmark/Bool.swift /Users/admin/builder/spi-builder-workspace/Sources/swift-parsing-benchmark/CSV.swift (in target 'swift-parsing-benchmark-product' from project 'swift-parsing')
SwiftCompile normal arm64_32 /Users/admin/builder/spi-builder-workspace/Sources/swift-parsing-benchmark/Bool.swift (in target 'swift-parsing-benchmark-product' from project 'swift-parsing')
cd /Users/admin/builder/spi-builder-workspace/.swiftpm/xcode
builtin-SwiftPerFileCompile Bool.swift
SwiftCompile normal arm64_32 /Users/admin/builder/spi-builder-workspace/Sources/swift-parsing-benchmark/CSV.swift (in target 'swift-parsing-benchmark-product' from project 'swift-parsing')
cd /Users/admin/builder/spi-builder-workspace/.swiftpm/xcode
builtin-SwiftPerFileCompile CSV.swift
SwiftCompile normal arm64_32 Compiling\ HTTP.swift,\ JSON.swift /Users/admin/builder/spi-builder-workspace/Sources/swift-parsing-benchmark/HTTP.swift /Users/admin/builder/spi-builder-workspace/Sources/swift-parsing-benchmark/JSON.swift (in target 'swift-parsing-benchmark-product' from project 'swift-parsing')
SwiftCompile normal arm64_32 /Users/admin/builder/spi-builder-workspace/Sources/swift-parsing-benchmark/HTTP.swift (in target 'swift-parsing-benchmark-product' from project 'swift-parsing')
cd /Users/admin/builder/spi-builder-workspace/.swiftpm/xcode
builtin-SwiftPerFileCompile HTTP.swift
SwiftCompile normal arm64_32 /Users/admin/builder/spi-builder-workspace/Sources/swift-parsing-benchmark/JSON.swift (in target 'swift-parsing-benchmark-product' from project 'swift-parsing')
cd /Users/admin/builder/spi-builder-workspace/.swiftpm/xcode
builtin-SwiftPerFileCompile JSON.swift
/Users/admin/builder/spi-builder-workspace/Sources/swift-parsing-benchmark/JSON.swift:23:29: error: type 'Conversion' has no member 'case'
21 | Whitespace()
22 | OneOf {
23 | JSONObject().map(.case(Output.object))
| `- error: type 'Conversion' has no member 'case'
24 | JSONArray().map(.case(Output.array))
25 | JSONString().map(.case(Output.string))
Failed frontend command:
/Applications/Xcode-27.0.0-Release.Candidate.app/Contents/Developer/Toolchains/XcodeDefault.xctoolchain/usr/bin/swift-frontend -frontend -c /Users/admin/builder/spi-builder-workspace/Sources/swift-parsing-benchmark/Arithmetic.swift /Users/admin/builder/spi-builder-workspace/Sources/swift-parsing-benchmark/BinaryData.swift /Users/admin/builder/spi-builder-workspace/Sources/swift-parsing-benchmark/Bool.swift /Users/admin/builder/spi-builder-workspace/Sources/swift-parsing-benchmark/CSV.swift /Users/admin/builder/spi-builder-workspace/Sources/swift-parsing-benchmark/Color.swift /Users/admin/builder/spi-builder-workspace/Sources/swift-parsing-benchmark/Common/Benchmarking.swift /Users/admin/builder/spi-builder-workspace/Sources/swift-parsing-benchmark/Common/ParsingError.swift /Users/admin/builder/spi-builder-workspace/Sources/swift-parsing-benchmark/Date.swift -primary-file /Users/admin/builder/spi-builder-workspace/Sources/swift-parsing-benchmark/HTTP.swift -primary-file /Users/admin/builder/spi-builder-workspace/Sources/swift-parsing-benchmark/JSON.swift /Users/admin/builder/spi-builder-workspace/Sources/swift-parsing-benchmark/Numerics.swift /Users/admin/builder/spi-builder-workspace/Sources/swift-parsing-benchmark/PrefixUpTo.swift /Users/admin/builder/spi-builder-workspace/Sources/swift-parsing-benchmark/Race.swift /Users/admin/builder/spi-builder-workspace/Sources/swift-parsing-benchmark/ReadmeExample.swift /Users/admin/builder/spi-builder-workspace/Sources/swift-parsing-benchmark/Samples/CSVSample.swift /Users/admin/builder/spi-builder-workspace/Sources/swift-parsing-benchmark/Samples/XCTestLogsSample.swift /Users/admin/builder/spi-builder-workspace/Sources/swift-parsing-benchmark/StringAbstractions.swift /Users/admin/builder/spi-builder-workspace/Sources/swift-parsing-benchmark/UUID.swift /Users/admin/builder/spi-builder-workspace/Sources/swift-parsing-benchmark/XCTestLogs.swift /Users/admin/builder/spi-builder-workspace/Sources/swift-parsing-benchmark/main.swift -emit-dependencies-path /Users/admin/builder/spi-builder-workspace/.derivedData/Build/Intermediates.noindex/swift-parsing.build/Debug-watchos/swift-parsing-benchmark-p.build/Objects-normal/arm64_32/HTTP.d -emit-const-values-path /Users/admin/builder/spi-builder-workspace/.derivedData/Build/Intermediates.noindex/swift-parsing.build/Debug-watchos/swift-parsing-benchmark-p.build/Objects-normal/arm64_32/HTTP.swiftconstvalues -emit-reference-dependencies-path /Users/admin/builder/spi-builder-workspace/.derivedData/Build/Intermediates.noindex/swift-parsing.build/Debug-watchos/swift-parsing-benchmark-p.build/Objects-normal/arm64_32/HTTP.swiftdeps -serialize-diagnostics-path /Users/admin/builder/spi-builder-workspace/.derivedData/Build/Intermediates.noindex/swift-parsing.build/Debug-watchos/swift-parsing-benchmark-p.build/Objects-normal/arm64_32/HTTP.dia -emit-dependencies-path /Users/admin/builder/spi-builder-workspace/.derivedData/Build/Intermediates.noindex/swift-parsing.build/Debug-watchos/swift-parsing-benchmark-p.build/Objects-normal/arm64_32/JSON.d -emit-const-values-path /Users/admin/builder/spi-builder-workspace/.derivedData/Build/Intermediates.noindex/swift-parsing.build/Debug-watchos/swift-parsing-benchmark-p.build/Objects-normal/arm64_32/JSON.swiftconstvalues -emit-reference-dependencies-path /Users/admin/builder/spi-builder-workspace/.derivedData/Build/Intermediates.noindex/swift-parsing.build/Debug-watchos/swift-parsing-benchmark-p.build/Objects-normal/arm64_32/JSON.swiftdeps -serialize-diagnostics-path /Users/admin/builder/spi-builder-workspace/.derivedData/Build/Intermediates.noindex/swift-parsing.build/Debug-watchos/swift-parsing-benchmark-p.build/Objects-normal/arm64_32/JSON.dia -target arm64_32-apple-watchos9.0 -disable-cross-import-overlay-search -load-resolved-plugin /Applications/Xcode-27.0.0-Release.Candidate.app/Contents/Developer/Platforms/WatchOS.platform/Developer/usr/lib/swift/host/plugins/libFoundationMacros.dylib\#/Applications/Xcode-27.0.0-Release.Candidate.app/Contents/Developer/Platforms/WatchOS.platform/Developer/usr/bin/swift-plugin-server\#FoundationMacros -load-resolved-plugin /Applications/Xcode-27.0.0-Release.Candidate.app/Contents/Developer/Platforms/WatchOS.platform/Developer/usr/lib/swift/host/plugins/libObservationMacros.dylib\#/Applications/Xcode-27.0.0-Release.Candidate.app/Contents/Developer/Platforms/WatchOS.platform/Developer/usr/bin/swift-plugin-server\#ObservationMacros -load-resolved-plugin /Applications/Xcode-27.0.0-Release.Candidate.app/Contents/Developer/Platforms/WatchOS.platform/Developer/usr/lib/swift/host/plugins/libSwiftMacros.dylib\#/Applications/Xcode-27.0.0-Release.Candidate.app/Contents/Developer/Platforms/WatchOS.platform/Developer/usr/bin/swift-plugin-server\#SwiftMacros -disable-implicit-swift-modules -Xcc -fno-implicit-modules -Xcc -fno-implicit-module-maps -explicit-swift-module-map-file /Users/admin/builder/spi-builder-workspace/.derivedData/Build/Intermediates.noindex/swift-parsing.build/Debug-watchos/swift-parsing-benchmark-p.build/Objects-normal/arm64_32/swift_parsing_benchmark-dependencies-2.json -enable-objc-interop -sdk /Applications/Xcode-27.0.0-Release.Candidate.app/Contents/Developer/Platforms/WatchOS.platform/Developer/SDKs/WatchOS27.0.sdk -I /Users/admin/builder/spi-builder-workspace/.derivedData/Build/Products/Debug-watchos -Isystem /Applications/Xcode-27.0.0-Release.Candidate.app/Contents/Developer/Platforms/WatchOS.platform/Developer/usr/lib -F /Users/admin/builder/spi-builder-workspace/.derivedData/Build/Products/Debug-watchos/PackageFrameworks -F /Users/admin/builder/spi-builder-workspace/.derivedData/Build/Products/Debug-watchos -F /Applications/Xcode-27.0.0-Release.Candidate.app/Contents/Developer/Platforms/WatchOS.platform/Developer/Library/Frameworks -F /Applications/Xcode-27.0.0-Release.Candidate.app/Contents/Developer/Platforms/WatchOS.platform/Developer/SDKs/WatchOS27.0.sdk/Developer/Library/Frameworks -module-cache-path /Users/admin/builder/spi-builder-workspace/.derivedData/Build/Intermediates.noindex/SwiftExplicitPrecompiledModules -no-color-diagnostics -Xcc -fno-color-diagnostics -enable-testing -g -debug-info-format\=dwarf -dwarf-version\=4 -profile-generate -profile-coverage-mapping -swift-version 5 -Onone -D SWIFT_PACKAGE -D DEBUG -D Xcode -serialize-debugging-options -enable-experimental-feature DebugDescriptionMacro -empty-abi-descriptor -validate-clang-modules-once -clang-build-session-file /Users/admin/builder/spi-builder-workspace/.derivedData/ModuleCache.noindex/Session.modulevalidation -Xcc -working-directory -Xcc /Users/admin/builder/spi-builder-workspace/.swiftpm/xcode -enable-anonymous-context-mangled-names -file-compilation-dir /Users/admin/builder/spi-builder-workspace/.swiftpm/xcode -Xcc -D_LIBCPP_HARDENING_MODE\=_LIBCPP_HARDENING_MODE_DEBUG -Xcc -ivfsstatcache -Xcc /Users/admin/builder/spi-builder-workspace/.derivedData/SDKStatCaches.noindex/watchos27.0-24R360-e829b21a6f8c9b70876ba0858053c04477534ef55a1706bf4c1112bbb242f0a2.sdkstatcache -Xcc -fmodules-prune-interval\=86400 -Xcc -fmodules-prune-after\=345600 -Xcc -I/Users/admin/builder/spi-builder-workspace/.derivedData/Build/Products/Debug-watchos/include -Xcc -I/Users/admin/builder/spi-builder-workspace/.derivedData/Build/Intermediates.noindex/swift-parsing.build/Debug-watchos/swift-parsing-benchmark-p.build/DerivedSources-normal/arm64_32 -Xcc -I/Users/admin/builder/spi-builder-workspace/.derivedData/Build/Intermediates.noindex/swift-parsing.build/Debug-watchos/swift-parsing-benchmark-p.build/DerivedSources/arm64_32 -Xcc -I/Users/admin/builder/spi-builder-workspace/.derivedData/Build/Intermediates.noindex/swift-parsing.build/Debug-watchos/swift-parsing-benchmark-p.build/DerivedSources -Xcc -DSWIFT_PACKAGE -Xcc -DDEBUG\=1 -no-auto-bridging-header-chaining -module-name swift_parsing_benchmark -package-name spi_builder_workspace -const-gather-protocols-file /Users/admin/builder/spi-builder-workspace/.derivedData/Build/Intermediates.noindex/swift-parsing.build/Debug-watchos/swift-parsing-benchmark-p.build/Objects-normal/arm64_32/swift-parsing-benchmark_const_extract_protocols.json -disable-clang-spi -clang-target arm64_32-apple-watchos27.0 -target-sdk-version 27.0 -target-sdk-name watchos27.0 -in-process-plugin-server-path /Applications/Xcode-27.0.0-Release.Candidate.app/Contents/Developer/Toolchains/XcodeDefault.xctoolchain/usr/lib/swift/host/libSwiftInProcPluginServer.dylib -o /Users/admin/builder/spi-builder-workspace/.derivedData/Build/Intermediates.noindex/swift-parsing.build/Debug-watchos/swift-parsing-benchmark-p.build/Objects-normal/arm64_32/HTTP.o -o /Users/admin/builder/spi-builder-workspace/.derivedData/Build/Intermediates.noindex/swift-parsing.build/Debug-watchos/swift-parsing-benchmark-p.build/Objects-normal/arm64_32/JSON.o -debug-module-path /Users/admin/builder/spi-builder-workspace/.derivedData/Build/Intermediates.noindex/swift-parsing.build/Debug-watchos/swift-parsing-benchmark-p.build/Objects-normal/arm64_32/swift_parsing_benchmark.swiftmodule -index-unit-output-path /swift-parsing.build/Debug-watchos/swift-parsing-benchmark-p.build/Objects-normal/arm64_32/HTTP.o -index-unit-output-path /swift-parsing.build/Debug-watchos/swift-parsing-benchmark-p.build/Objects-normal/arm64_32/JSON.o -index-store-path /Users/admin/builder/spi-builder-workspace/.derivedData/Index.noindex/DataStore -index-system-modules
SwiftCompile normal arm64_32 Compiling\ Arithmetic.swift,\ BinaryData.swift /Users/admin/builder/spi-builder-workspace/Sources/swift-parsing-benchmark/Arithmetic.swift /Users/admin/builder/spi-builder-workspace/Sources/swift-parsing-benchmark/BinaryData.swift (in target 'swift-parsing-benchmark-product' from project 'swift-parsing')
SwiftCompile normal arm64_32 /Users/admin/builder/spi-builder-workspace/Sources/swift-parsing-benchmark/Arithmetic.swift (in target 'swift-parsing-benchmark-product' from project 'swift-parsing')
cd /Users/admin/builder/spi-builder-workspace/.swiftpm/xcode
builtin-SwiftPerFileCompile Arithmetic.swift
SwiftCompile normal arm64_32 /Users/admin/builder/spi-builder-workspace/Sources/swift-parsing-benchmark/BinaryData.swift (in target 'swift-parsing-benchmark-product' from project 'swift-parsing')
cd /Users/admin/builder/spi-builder-workspace/.swiftpm/xcode
builtin-SwiftPerFileCompile BinaryData.swift
SwiftCompile normal arm64_32 Compiling\ Color.swift,\ Benchmarking.swift /Users/admin/builder/spi-builder-workspace/Sources/swift-parsing-benchmark/Color.swift /Users/admin/builder/spi-builder-workspace/Sources/swift-parsing-benchmark/Common/Benchmarking.swift (in target 'swift-parsing-benchmark-product' from project 'swift-parsing')
SwiftCompile normal arm64_32 /Users/admin/builder/spi-builder-workspace/Sources/swift-parsing-benchmark/Color.swift (in target 'swift-parsing-benchmark-product' from project 'swift-parsing')
cd /Users/admin/builder/spi-builder-workspace/.swiftpm/xcode
builtin-SwiftPerFileCompile Color.swift
SwiftCompile normal arm64_32 /Users/admin/builder/spi-builder-workspace/Sources/swift-parsing-benchmark/Common/Benchmarking.swift (in target 'swift-parsing-benchmark-product' from project 'swift-parsing')
cd /Users/admin/builder/spi-builder-workspace/.swiftpm/xcode
builtin-SwiftPerFileCompile Benchmarking.swift
SwiftCompile normal arm64_32 Compiling\ ParsingError.swift,\ Date.swift /Users/admin/builder/spi-builder-workspace/Sources/swift-parsing-benchmark/Common/ParsingError.swift /Users/admin/builder/spi-builder-workspace/Sources/swift-parsing-benchmark/Date.swift (in target 'swift-parsing-benchmark-product' from project 'swift-parsing')
SwiftCompile normal arm64_32 /Users/admin/builder/spi-builder-workspace/Sources/swift-parsing-benchmark/Common/ParsingError.swift (in target 'swift-parsing-benchmark-product' from project 'swift-parsing')
cd /Users/admin/builder/spi-builder-workspace/.swiftpm/xcode
builtin-SwiftPerFileCompile ParsingError.swift
SwiftCompile normal arm64_32 /Users/admin/builder/spi-builder-workspace/Sources/swift-parsing-benchmark/Date.swift (in target 'swift-parsing-benchmark-product' from project 'swift-parsing')
cd /Users/admin/builder/spi-builder-workspace/.swiftpm/xcode
builtin-SwiftPerFileCompile Date.swift
SwiftEmitModule normal arm64_32 Emitting\ module\ for\ swift_parsing_benchmark (in target 'swift-parsing-benchmark-product' from project 'swift-parsing')
SwiftCompile normal arm64_32 (in target 'swift-parsing-benchmark-product' from project 'swift-parsing')
cd /Users/admin/builder/spi-builder-workspace/.swiftpm/xcode
SwiftCompile normal arm64_32 Compiling\ Numerics.swift,\ PrefixUpTo.swift /Users/admin/builder/spi-builder-workspace/Sources/swift-parsing-benchmark/Numerics.swift /Users/admin/builder/spi-builder-workspace/Sources/swift-parsing-benchmark/PrefixUpTo.swift (in target 'swift-parsing-benchmark-product' from project 'swift-parsing')
SwiftCompile normal arm64_32 /Users/admin/builder/spi-builder-workspace/Sources/swift-parsing-benchmark/Numerics.swift (in target 'swift-parsing-benchmark-product' from project 'swift-parsing')
cd /Users/admin/builder/spi-builder-workspace/.swiftpm/xcode
builtin-SwiftPerFileCompile Numerics.swift
SwiftCompile normal arm64_32 /Users/admin/builder/spi-builder-workspace/Sources/swift-parsing-benchmark/PrefixUpTo.swift (in target 'swift-parsing-benchmark-product' from project 'swift-parsing')
cd /Users/admin/builder/spi-builder-workspace/.swiftpm/xcode
builtin-SwiftPerFileCompile PrefixUpTo.swift
SwiftCompile normal arm64 Compiling\ HTTP.swift,\ JSON.swift /Users/admin/builder/spi-builder-workspace/Sources/swift-parsing-benchmark/HTTP.swift /Users/admin/builder/spi-builder-workspace/Sources/swift-parsing-benchmark/JSON.swift (in target 'swift-parsing-benchmark-product' from project 'swift-parsing')
SwiftCompile normal arm64 /Users/admin/builder/spi-builder-workspace/Sources/swift-parsing-benchmark/HTTP.swift (in target 'swift-parsing-benchmark-product' from project 'swift-parsing')
cd /Users/admin/builder/spi-builder-workspace/.swiftpm/xcode
builtin-SwiftPerFileCompile HTTP.swift
SwiftCompile normal arm64 /Users/admin/builder/spi-builder-workspace/Sources/swift-parsing-benchmark/JSON.swift (in target 'swift-parsing-benchmark-product' from project 'swift-parsing')
cd /Users/admin/builder/spi-builder-workspace/.swiftpm/xcode
builtin-SwiftPerFileCompile JSON.swift
/Users/admin/builder/spi-builder-workspace/Sources/swift-parsing-benchmark/JSON.swift:23:29: error: type 'Conversion' has no member 'case'
21 | Whitespace()
22 | OneOf {
23 | JSONObject().map(.case(Output.object))
| `- error: type 'Conversion' has no member 'case'
24 | JSONArray().map(.case(Output.array))
25 | JSONString().map(.case(Output.string))
Failed frontend command:
/Applications/Xcode-27.0.0-Release.Candidate.app/Contents/Developer/Toolchains/XcodeDefault.xctoolchain/usr/bin/swift-frontend -frontend -c /Users/admin/builder/spi-builder-workspace/Sources/swift-parsing-benchmark/Arithmetic.swift /Users/admin/builder/spi-builder-workspace/Sources/swift-parsing-benchmark/BinaryData.swift /Users/admin/builder/spi-builder-workspace/Sources/swift-parsing-benchmark/Bool.swift /Users/admin/builder/spi-builder-workspace/Sources/swift-parsing-benchmark/CSV.swift /Users/admin/builder/spi-builder-workspace/Sources/swift-parsing-benchmark/Color.swift /Users/admin/builder/spi-builder-workspace/Sources/swift-parsing-benchmark/Common/Benchmarking.swift /Users/admin/builder/spi-builder-workspace/Sources/swift-parsing-benchmark/Common/ParsingError.swift /Users/admin/builder/spi-builder-workspace/Sources/swift-parsing-benchmark/Date.swift -primary-file /Users/admin/builder/spi-builder-workspace/Sources/swift-parsing-benchmark/HTTP.swift -primary-file /Users/admin/builder/spi-builder-workspace/Sources/swift-parsing-benchmark/JSON.swift /Users/admin/builder/spi-builder-workspace/Sources/swift-parsing-benchmark/Numerics.swift /Users/admin/builder/spi-builder-workspace/Sources/swift-parsing-benchmark/PrefixUpTo.swift /Users/admin/builder/spi-builder-workspace/Sources/swift-parsing-benchmark/Race.swift /Users/admin/builder/spi-builder-workspace/Sources/swift-parsing-benchmark/ReadmeExample.swift /Users/admin/builder/spi-builder-workspace/Sources/swift-parsing-benchmark/Samples/CSVSample.swift /Users/admin/builder/spi-builder-workspace/Sources/swift-parsing-benchmark/Samples/XCTestLogsSample.swift /Users/admin/builder/spi-builder-workspace/Sources/swift-parsing-benchmark/StringAbstractions.swift /Users/admin/builder/spi-builder-workspace/Sources/swift-parsing-benchmark/UUID.swift /Users/admin/builder/spi-builder-workspace/Sources/swift-parsing-benchmark/XCTestLogs.swift /Users/admin/builder/spi-builder-workspace/Sources/swift-parsing-benchmark/main.swift -emit-dependencies-path /Users/admin/builder/spi-builder-workspace/.derivedData/Build/Intermediates.noindex/swift-parsing.build/Debug-watchos/swift-parsing-benchmark-p.build/Objects-normal/arm64/HTTP.d -emit-const-values-path /Users/admin/builder/spi-builder-workspace/.derivedData/Build/Intermediates.noindex/swift-parsing.build/Debug-watchos/swift-parsing-benchmark-p.build/Objects-normal/arm64/HTTP.swiftconstvalues -emit-reference-dependencies-path /Users/admin/builder/spi-builder-workspace/.derivedData/Build/Intermediates.noindex/swift-parsing.build/Debug-watchos/swift-parsing-benchmark-p.build/Objects-normal/arm64/HTTP.swiftdeps -serialize-diagnostics-path /Users/admin/builder/spi-builder-workspace/.derivedData/Build/Intermediates.noindex/swift-parsing.build/Debug-watchos/swift-parsing-benchmark-p.build/Objects-normal/arm64/HTTP.dia -emit-dependencies-path /Users/admin/builder/spi-builder-workspace/.derivedData/Build/Intermediates.noindex/swift-parsing.build/Debug-watchos/swift-parsing-benchmark-p.build/Objects-normal/arm64/JSON.d -emit-const-values-path /Users/admin/builder/spi-builder-workspace/.derivedData/Build/Intermediates.noindex/swift-parsing.build/Debug-watchos/swift-parsing-benchmark-p.build/Objects-normal/arm64/JSON.swiftconstvalues -emit-reference-dependencies-path /Users/admin/builder/spi-builder-workspace/.derivedData/Build/Intermediates.noindex/swift-parsing.build/Debug-watchos/swift-parsing-benchmark-p.build/Objects-normal/arm64/JSON.swiftdeps -serialize-diagnostics-path /Users/admin/builder/spi-builder-workspace/.derivedData/Build/Intermediates.noindex/swift-parsing.build/Debug-watchos/swift-parsing-benchmark-p.build/Objects-normal/arm64/JSON.dia -target arm64-apple-watchos9.0 -disable-cross-import-overlay-search -load-resolved-plugin /Applications/Xcode-27.0.0-Release.Candidate.app/Contents/Developer/Platforms/WatchOS.platform/Developer/usr/lib/swift/host/plugins/libFoundationMacros.dylib\#/Applications/Xcode-27.0.0-Release.Candidate.app/Contents/Developer/Platforms/WatchOS.platform/Developer/usr/bin/swift-plugin-server\#FoundationMacros -load-resolved-plugin /Applications/Xcode-27.0.0-Release.Candidate.app/Contents/Developer/Platforms/WatchOS.platform/Developer/usr/lib/swift/host/plugins/libObservationMacros.dylib\#/Applications/Xcode-27.0.0-Release.Candidate.app/Contents/Developer/Platforms/WatchOS.platform/Developer/usr/bin/swift-plugin-server\#ObservationMacros -load-resolved-plugin /Applications/Xcode-27.0.0-Release.Candidate.app/Contents/Developer/Platforms/WatchOS.platform/Developer/usr/lib/swift/host/plugins/libSwiftMacros.dylib\#/Applications/Xcode-27.0.0-Release.Candidate.app/Contents/Developer/Platforms/WatchOS.platform/Developer/usr/bin/swift-plugin-server\#SwiftMacros -disable-implicit-swift-modules -Xcc -fno-implicit-modules -Xcc -fno-implicit-module-maps -explicit-swift-module-map-file /Users/admin/builder/spi-builder-workspace/.derivedData/Build/Intermediates.noindex/swift-parsing.build/Debug-watchos/swift-parsing-benchmark-p.build/Objects-normal/arm64/swift_parsing_benchmark-dependencies-1.json -Xllvm -aarch64-use-tbi -enable-objc-interop -stack-check -sdk /Applications/Xcode-27.0.0-Release.Candidate.app/Contents/Developer/Platforms/WatchOS.platform/Developer/SDKs/WatchOS27.0.sdk -I /Users/admin/builder/spi-builder-workspace/.derivedData/Build/Products/Debug-watchos -Isystem /Applications/Xcode-27.0.0-Release.Candidate.app/Contents/Developer/Platforms/WatchOS.platform/Developer/usr/lib -F /Users/admin/builder/spi-builder-workspace/.derivedData/Build/Products/Debug-watchos/PackageFrameworks -F /Users/admin/builder/spi-builder-workspace/.derivedData/Build/Products/Debug-watchos -F /Applications/Xcode-27.0.0-Release.Candidate.app/Contents/Developer/Platforms/WatchOS.platform/Developer/Library/Frameworks -F /Applications/Xcode-27.0.0-Release.Candidate.app/Contents/Developer/Platforms/WatchOS.platform/Developer/SDKs/WatchOS27.0.sdk/Developer/Library/Frameworks -module-cache-path /Users/admin/builder/spi-builder-workspace/.derivedData/Build/Intermediates.noindex/SwiftExplicitPrecompiledModules -no-color-diagnostics -Xcc -fno-color-diagnostics -enable-testing -g -debug-info-format\=dwarf -dwarf-version\=4 -profile-generate -profile-coverage-mapping -swift-version 5 -Onone -D SWIFT_PACKAGE -D DEBUG -D Xcode -serialize-debugging-options -enable-experimental-feature DebugDescriptionMacro -empty-abi-descriptor -validate-clang-modules-once -clang-build-session-file /Users/admin/builder/spi-builder-workspace/.derivedData/ModuleCache.noindex/Session.modulevalidation -Xcc -working-directory -Xcc /Users/admin/builder/spi-builder-workspace/.swiftpm/xcode -enable-anonymous-context-mangled-names -file-compilation-dir /Users/admin/builder/spi-builder-workspace/.swiftpm/xcode -Xcc -D_LIBCPP_HARDENING_MODE\=_LIBCPP_HARDENING_MODE_DEBUG -Xcc -ivfsstatcache -Xcc /Users/admin/builder/spi-builder-workspace/.derivedData/SDKStatCaches.noindex/watchos27.0-24R360-e829b21a6f8c9b70876ba0858053c04477534ef55a1706bf4c1112bbb242f0a2.sdkstatcache -Xcc -fmodules-prune-interval\=86400 -Xcc -fmodules-prune-after\=345600 -Xcc -I/Users/admin/builder/spi-builder-workspace/.derivedData/Build/Products/Debug-watchos/include -Xcc -I/Users/admin/builder/spi-builder-workspace/.derivedData/Build/Intermediates.noindex/swift-parsing.build/Debug-watchos/swift-parsing-benchmark-p.build/DerivedSources-normal/arm64 -Xcc -I/Users/admin/builder/spi-builder-workspace/.derivedData/Build/Intermediates.noindex/swift-parsing.build/Debug-watchos/swift-parsing-benchmark-p.build/DerivedSources/arm64 -Xcc -I/Users/admin/builder/spi-builder-workspace/.derivedData/Build/Intermediates.noindex/swift-parsing.build/Debug-watchos/swift-parsing-benchmark-p.build/DerivedSources -Xcc -DSWIFT_PACKAGE -Xcc -DDEBUG\=1 -no-auto-bridging-header-chaining -module-name swift_parsing_benchmark -package-name spi_builder_workspace -const-gather-protocols-file /Users/admin/builder/spi-builder-workspace/.derivedData/Build/Intermediates.noindex/swift-parsing.build/Debug-watchos/swift-parsing-benchmark-p.build/Objects-normal/arm64/swift-parsing-benchmark_const_extract_protocols.json -disable-clang-spi -clang-target arm64-apple-watchos27.0 -target-sdk-version 27.0 -target-sdk-name watchos27.0 -in-process-plugin-server-path /Applications/Xcode-27.0.0-Release.Candidate.app/Contents/Developer/Toolchains/XcodeDefault.xctoolchain/usr/lib/swift/host/libSwiftInProcPluginServer.dylib -o /Users/admin/builder/spi-builder-workspace/.derivedData/Build/Intermediates.noindex/swift-parsing.build/Debug-watchos/swift-parsing-benchmark-p.build/Objects-normal/arm64/HTTP.o -o /Users/admin/builder/spi-builder-workspace/.derivedData/Build/Intermediates.noindex/swift-parsing.build/Debug-watchos/swift-parsing-benchmark-p.build/Objects-normal/arm64/JSON.o -debug-module-path /Users/admin/builder/spi-builder-workspace/.derivedData/Build/Intermediates.noindex/swift-parsing.build/Debug-watchos/swift-parsing-benchmark-p.build/Objects-normal/arm64/swift_parsing_benchmark.swiftmodule -index-unit-output-path /swift-parsing.build/Debug-watchos/swift-parsing-benchmark-p.build/Objects-normal/arm64/HTTP.o -index-unit-output-path /swift-parsing.build/Debug-watchos/swift-parsing-benchmark-p.build/Objects-normal/arm64/JSON.o -index-store-path /Users/admin/builder/spi-builder-workspace/.derivedData/Index.noindex/DataStore -index-system-modules
SwiftEmitModule normal arm64 Emitting\ module\ for\ swift_parsing_benchmark (in target 'swift-parsing-benchmark-product' from project 'swift-parsing')
SwiftCompile normal arm64 (in target 'swift-parsing-benchmark-product' from project 'swift-parsing')
cd /Users/admin/builder/spi-builder-workspace/.swiftpm/xcode
SwiftCompile normal arm64_32 Compiling\ XCTestLogs.swift,\ main.swift /Users/admin/builder/spi-builder-workspace/Sources/swift-parsing-benchmark/XCTestLogs.swift /Users/admin/builder/spi-builder-workspace/Sources/swift-parsing-benchmark/main.swift (in target 'swift-parsing-benchmark-product' from project 'swift-parsing')
SwiftCompile normal arm64_32 /Users/admin/builder/spi-builder-workspace/Sources/swift-parsing-benchmark/XCTestLogs.swift (in target 'swift-parsing-benchmark-product' from project 'swift-parsing')
cd /Users/admin/builder/spi-builder-workspace/.swiftpm/xcode
builtin-SwiftPerFileCompile XCTestLogs.swift
SwiftCompile normal arm64_32 /Users/admin/builder/spi-builder-workspace/Sources/swift-parsing-benchmark/main.swift (in target 'swift-parsing-benchmark-product' from project 'swift-parsing')
cd /Users/admin/builder/spi-builder-workspace/.swiftpm/xcode
builtin-SwiftPerFileCompile main.swift
SwiftCompile normal arm64 Compiling\ Color.swift,\ Benchmarking.swift /Users/admin/builder/spi-builder-workspace/Sources/swift-parsing-benchmark/Color.swift /Users/admin/builder/spi-builder-workspace/Sources/swift-parsing-benchmark/Common/Benchmarking.swift (in target 'swift-parsing-benchmark-product' from project 'swift-parsing')
SwiftCompile normal arm64 /Users/admin/builder/spi-builder-workspace/Sources/swift-parsing-benchmark/Color.swift (in target 'swift-parsing-benchmark-product' from project 'swift-parsing')
cd /Users/admin/builder/spi-builder-workspace/.swiftpm/xcode
builtin-SwiftPerFileCompile Color.swift
SwiftCompile normal arm64 /Users/admin/builder/spi-builder-workspace/Sources/swift-parsing-benchmark/Common/Benchmarking.swift (in target 'swift-parsing-benchmark-product' from project 'swift-parsing')
cd /Users/admin/builder/spi-builder-workspace/.swiftpm/xcode
builtin-SwiftPerFileCompile Benchmarking.swift
SwiftDriverJobDiscovery normal arm64_32 Compiling Color.swift, Benchmarking.swift (in target 'swift-parsing-benchmark-product' from project 'swift-parsing')
SwiftCompile normal arm64 Compiling\ ParsingError.swift,\ Date.swift /Users/admin/builder/spi-builder-workspace/Sources/swift-parsing-benchmark/Common/ParsingError.swift /Users/admin/builder/spi-builder-workspace/Sources/swift-parsing-benchmark/Date.swift (in target 'swift-parsing-benchmark-product' from project 'swift-parsing')
SwiftCompile normal arm64 /Users/admin/builder/spi-builder-workspace/Sources/swift-parsing-benchmark/Common/ParsingError.swift (in target 'swift-parsing-benchmark-product' from project 'swift-parsing')
cd /Users/admin/builder/spi-builder-workspace/.swiftpm/xcode
builtin-SwiftPerFileCompile ParsingError.swift
SwiftCompile normal arm64 /Users/admin/builder/spi-builder-workspace/Sources/swift-parsing-benchmark/Date.swift (in target 'swift-parsing-benchmark-product' from project 'swift-parsing')
cd /Users/admin/builder/spi-builder-workspace/.swiftpm/xcode
builtin-SwiftPerFileCompile Date.swift
SwiftDriverJobDiscovery normal arm64_32 Compiling Bool.swift, CSV.swift (in target 'swift-parsing-benchmark-product' from project 'swift-parsing')
SwiftCompile normal arm64 Compiling\ Arithmetic.swift,\ BinaryData.swift /Users/admin/builder/spi-builder-workspace/Sources/swift-parsing-benchmark/Arithmetic.swift /Users/admin/builder/spi-builder-workspace/Sources/swift-parsing-benchmark/BinaryData.swift (in target 'swift-parsing-benchmark-product' from project 'swift-parsing')
SwiftCompile normal arm64 /Users/admin/builder/spi-builder-workspace/Sources/swift-parsing-benchmark/Arithmetic.swift (in target 'swift-parsing-benchmark-product' from project 'swift-parsing')
cd /Users/admin/builder/spi-builder-workspace/.swiftpm/xcode
builtin-SwiftPerFileCompile Arithmetic.swift
SwiftCompile normal arm64 /Users/admin/builder/spi-builder-workspace/Sources/swift-parsing-benchmark/BinaryData.swift (in target 'swift-parsing-benchmark-product' from project 'swift-parsing')
cd /Users/admin/builder/spi-builder-workspace/.swiftpm/xcode
builtin-SwiftPerFileCompile BinaryData.swift
SwiftDriverJobDiscovery normal arm64_32 Compiling Numerics.swift, PrefixUpTo.swift (in target 'swift-parsing-benchmark-product' from project 'swift-parsing')
SwiftCompile normal arm64 Compiling\ Bool.swift,\ CSV.swift /Users/admin/builder/spi-builder-workspace/Sources/swift-parsing-benchmark/Bool.swift /Users/admin/builder/spi-builder-workspace/Sources/swift-parsing-benchmark/CSV.swift (in target 'swift-parsing-benchmark-product' from project 'swift-parsing')
SwiftCompile normal arm64 /Users/admin/builder/spi-builder-workspace/Sources/swift-parsing-benchmark/Bool.swift (in target 'swift-parsing-benchmark-product' from project 'swift-parsing')
cd /Users/admin/builder/spi-builder-workspace/.swiftpm/xcode
builtin-SwiftPerFileCompile Bool.swift
SwiftCompile normal arm64 /Users/admin/builder/spi-builder-workspace/Sources/swift-parsing-benchmark/CSV.swift (in target 'swift-parsing-benchmark-product' from project 'swift-parsing')
cd /Users/admin/builder/spi-builder-workspace/.swiftpm/xcode
builtin-SwiftPerFileCompile CSV.swift
SwiftDriverJobDiscovery normal arm64_32 Compiling Arithmetic.swift, BinaryData.swift (in target 'swift-parsing-benchmark-product' from project 'swift-parsing')
SwiftCompile normal arm64 Compiling\ XCTestLogs.swift,\ main.swift /Users/admin/builder/spi-builder-workspace/Sources/swift-parsing-benchmark/XCTestLogs.swift /Users/admin/builder/spi-builder-workspace/Sources/swift-parsing-benchmark/main.swift (in target 'swift-parsing-benchmark-product' from project 'swift-parsing')
SwiftCompile normal arm64 /Users/admin/builder/spi-builder-workspace/Sources/swift-parsing-benchmark/XCTestLogs.swift (in target 'swift-parsing-benchmark-product' from project 'swift-parsing')
cd /Users/admin/builder/spi-builder-workspace/.swiftpm/xcode
builtin-SwiftPerFileCompile XCTestLogs.swift
SwiftCompile normal arm64 /Users/admin/builder/spi-builder-workspace/Sources/swift-parsing-benchmark/main.swift (in target 'swift-parsing-benchmark-product' from project 'swift-parsing')
cd /Users/admin/builder/spi-builder-workspace/.swiftpm/xcode
builtin-SwiftPerFileCompile main.swift
SwiftDriverJobDiscovery normal arm64 Compiling Color.swift, Benchmarking.swift (in target 'swift-parsing-benchmark-product' from project 'swift-parsing')
SwiftCompile normal arm64_32 Compiling\ Race.swift,\ ReadmeExample.swift /Users/admin/builder/spi-builder-workspace/Sources/swift-parsing-benchmark/Race.swift /Users/admin/builder/spi-builder-workspace/Sources/swift-parsing-benchmark/ReadmeExample.swift (in target 'swift-parsing-benchmark-product' from project 'swift-parsing')
SwiftCompile normal arm64_32 /Users/admin/builder/spi-builder-workspace/Sources/swift-parsing-benchmark/Race.swift (in target 'swift-parsing-benchmark-product' from project 'swift-parsing')
cd /Users/admin/builder/spi-builder-workspace/.swiftpm/xcode
builtin-SwiftPerFileCompile Race.swift
SwiftCompile normal arm64_32 /Users/admin/builder/spi-builder-workspace/Sources/swift-parsing-benchmark/ReadmeExample.swift (in target 'swift-parsing-benchmark-product' from project 'swift-parsing')
cd /Users/admin/builder/spi-builder-workspace/.swiftpm/xcode
builtin-SwiftPerFileCompile ReadmeExample.swift
SwiftDriverJobDiscovery normal arm64_32 Compiling ParsingError.swift, Date.swift (in target 'swift-parsing-benchmark-product' from project 'swift-parsing')
SwiftCompile normal arm64 Compiling\ Numerics.swift,\ PrefixUpTo.swift /Users/admin/builder/spi-builder-workspace/Sources/swift-parsing-benchmark/Numerics.swift /Users/admin/builder/spi-builder-workspace/Sources/swift-parsing-benchmark/PrefixUpTo.swift (in target 'swift-parsing-benchmark-product' from project 'swift-parsing')
SwiftCompile normal arm64 /Users/admin/builder/spi-builder-workspace/Sources/swift-parsing-benchmark/Numerics.swift (in target 'swift-parsing-benchmark-product' from project 'swift-parsing')
cd /Users/admin/builder/spi-builder-workspace/.swiftpm/xcode
builtin-SwiftPerFileCompile Numerics.swift
SwiftCompile normal arm64 /Users/admin/builder/spi-builder-workspace/Sources/swift-parsing-benchmark/PrefixUpTo.swift (in target 'swift-parsing-benchmark-product' from project 'swift-parsing')
cd /Users/admin/builder/spi-builder-workspace/.swiftpm/xcode
builtin-SwiftPerFileCompile PrefixUpTo.swift
SwiftDriverJobDiscovery normal arm64_32 Emitting module for swift_parsing_benchmark (in target 'swift-parsing-benchmark-product' from project 'swift-parsing')
SwiftDriver\ Compilation\ Requirements swift-parsing-benchmark normal arm64_32 com.apple.xcode.tools.swift.compiler (in target 'swift-parsing-benchmark-product' from project 'swift-parsing')
cd /Users/admin/builder/spi-builder-workspace/.swiftpm/xcode
builtin-Swift-Compilation-Requirements -- /Applications/Xcode-27.0.0-Release.Candidate.app/Contents/Developer/Toolchains/XcodeDefault.xctoolchain/usr/bin/swiftc -module-name swift_parsing_benchmark -Onone @/Users/admin/builder/spi-builder-workspace/.derivedData/Build/Intermediates.noindex/swift-parsing.build/Debug-watchos/swift-parsing-benchmark-p.build/Objects-normal/arm64_32/swift-parsing-benchmark.SwiftFileList -DSWIFT_PACKAGE -DDEBUG -DXcode -plugin-path /Applications/Xcode-27.0.0-Release.Candidate.app/Contents/Developer/Toolchains/XcodeDefault.xctoolchain/usr/lib/swift/host/plugins/testing -enable-experimental-feature DebugDescriptionMacro -sdk /Applications/Xcode-27.0.0-Release.Candidate.app/Contents/Developer/Platforms/WatchOS.platform/Developer/SDKs/WatchOS27.0.sdk -target arm64_32-apple-watchos9.0 -g -module-cache-path /Users/admin/builder/spi-builder-workspace/.derivedData/ModuleCache.noindex -Xfrontend -serialize-debugging-options -profile-coverage-mapping -profile-generate -enable-testing -index-store-path /Users/admin/builder/spi-builder-workspace/.derivedData/Index.noindex/DataStore -Xcc -D_LIBCPP_HARDENING_MODE\=_LIBCPP_HARDENING_MODE_DEBUG -swift-version 5 -I /Users/admin/builder/spi-builder-workspace/.derivedData/Build/Products/Debug-watchos -Isystem /Applications/Xcode-27.0.0-Release.Candidate.app/Contents/Developer/Platforms/WatchOS.platform/Developer/usr/lib -F /Users/admin/builder/spi-builder-workspace/.derivedData/Build/Products/Debug-watchos/PackageFrameworks -F /Users/admin/builder/spi-builder-workspace/.derivedData/Build/Products/Debug-watchos -F /Applications/Xcode-27.0.0-Release.Candidate.app/Contents/Developer/Platforms/WatchOS.platform/Developer/Library/Frameworks -F /Applications/Xcode-27.0.0-Release.Candidate.app/Contents/Developer/Platforms/WatchOS.platform/Developer/SDKs/WatchOS27.0.sdk/Developer/Library/Frameworks -c -j10 -enable-batch-mode -incremental -Xcc -ivfsstatcache -Xcc /Users/admin/builder/spi-builder-workspace/.derivedData/SDKStatCaches.noindex/watchos27.0-24R360-e829b21a6f8c9b70876ba0858053c04477534ef55a1706bf4c1112bbb242f0a2.sdkstatcache -output-file-map /Users/admin/builder/spi-builder-workspace/.derivedData/Build/Intermediates.noindex/swift-parsing.build/Debug-watchos/swift-parsing-benchmark-p.build/Objects-normal/arm64_32/swift-parsing-benchmark-OutputFileMap.json -save-temps -no-color-diagnostics -explicit-module-build -module-cache-path /Users/admin/builder/spi-builder-workspace/.derivedData/Build/Intermediates.noindex/SwiftExplicitPrecompiledModules -clang-scanner-module-cache-path /Users/admin/builder/spi-builder-workspace/.derivedData/ModuleCache.noindex -sdk-module-cache-path /Users/admin/builder/spi-builder-workspace/.derivedData/SDKExplicitPrecompiledModules -emit-dependencies -emit-module -emit-module-path /Users/admin/builder/spi-builder-workspace/.derivedData/Build/Intermediates.noindex/swift-parsing.build/Debug-watchos/swift-parsing-benchmark-p.build/Objects-normal/arm64_32/swift_parsing_benchmark.swiftmodule -serialize-diagnostics -dependency-scan-serialize-diagnostics-path /Users/admin/builder/spi-builder-workspace/.derivedData/Build/Intermediates.noindex/swift-parsing.build/Debug-watchos/swift-parsing-benchmark-p.build/Objects-normal/arm64_32/swift_parsing_benchmark-dependency-scan.dia -validate-clang-modules-once -clang-build-session-file /Users/admin/builder/spi-builder-workspace/.derivedData/ModuleCache.noindex/Session.modulevalidation -Xcc -fmodules-prune-interval\=86400 -Xcc -fmodules-prune-after\=345600 -package-name spi_builder_workspace -emit-const-values -const-gather-protocols-list /Users/admin/builder/spi-builder-workspace/.derivedData/Build/Intermediates.noindex/swift-parsing.build/Debug-watchos/swift-parsing-benchmark-p.build/Objects-normal/arm64_32/swift-parsing-benchmark_const_extract_protocols.json -Xcc -I/Users/admin/builder/spi-builder-workspace/.derivedData/Build/Products/Debug-watchos/include -Xcc -I/Users/admin/builder/spi-builder-workspace/.derivedData/Build/Intermediates.noindex/swift-parsing.build/Debug-watchos/swift-parsing-benchmark-p.build/DerivedSources-normal/arm64_32 -Xcc -I/Users/admin/builder/spi-builder-workspace/.derivedData/Build/Intermediates.noindex/swift-parsing.build/Debug-watchos/swift-parsing-benchmark-p.build/DerivedSources/arm64_32 -Xcc -I/Users/admin/builder/spi-builder-workspace/.derivedData/Build/Intermediates.noindex/swift-parsing.build/Debug-watchos/swift-parsing-benchmark-p.build/DerivedSources -Xcc -DSWIFT_PACKAGE -Xcc -DDEBUG\=1 -working-directory /Users/admin/builder/spi-builder-workspace/.swiftpm/xcode -experimental-emit-module-separately -disable-cmo
SwiftDriverJobDiscovery normal arm64 Emitting module for swift_parsing_benchmark (in target 'swift-parsing-benchmark-product' from project 'swift-parsing')
SwiftDriver\ Compilation\ Requirements swift-parsing-benchmark normal arm64 com.apple.xcode.tools.swift.compiler (in target 'swift-parsing-benchmark-product' from project 'swift-parsing')
cd /Users/admin/builder/spi-builder-workspace/.swiftpm/xcode
builtin-Swift-Compilation-Requirements -- /Applications/Xcode-27.0.0-Release.Candidate.app/Contents/Developer/Toolchains/XcodeDefault.xctoolchain/usr/bin/swiftc -module-name swift_parsing_benchmark -Onone @/Users/admin/builder/spi-builder-workspace/.derivedData/Build/Intermediates.noindex/swift-parsing.build/Debug-watchos/swift-parsing-benchmark-p.build/Objects-normal/arm64/swift-parsing-benchmark.SwiftFileList -DSWIFT_PACKAGE -DDEBUG -DXcode -plugin-path /Applications/Xcode-27.0.0-Release.Candidate.app/Contents/Developer/Toolchains/XcodeDefault.xctoolchain/usr/lib/swift/host/plugins/testing -enable-experimental-feature DebugDescriptionMacro -sdk /Applications/Xcode-27.0.0-Release.Candidate.app/Contents/Developer/Platforms/WatchOS.platform/Developer/SDKs/WatchOS27.0.sdk -target arm64-apple-watchos9.0 -g -module-cache-path /Users/admin/builder/spi-builder-workspace/.derivedData/ModuleCache.noindex -Xfrontend -serialize-debugging-options -profile-coverage-mapping -profile-generate -enable-testing -index-store-path /Users/admin/builder/spi-builder-workspace/.derivedData/Index.noindex/DataStore -Xcc -D_LIBCPP_HARDENING_MODE\=_LIBCPP_HARDENING_MODE_DEBUG -swift-version 5 -I /Users/admin/builder/spi-builder-workspace/.derivedData/Build/Products/Debug-watchos -Isystem /Applications/Xcode-27.0.0-Release.Candidate.app/Contents/Developer/Platforms/WatchOS.platform/Developer/usr/lib -F /Users/admin/builder/spi-builder-workspace/.derivedData/Build/Products/Debug-watchos/PackageFrameworks -F /Users/admin/builder/spi-builder-workspace/.derivedData/Build/Products/Debug-watchos -F /Applications/Xcode-27.0.0-Release.Candidate.app/Contents/Developer/Platforms/WatchOS.platform/Developer/Library/Frameworks -F /Applications/Xcode-27.0.0-Release.Candidate.app/Contents/Developer/Platforms/WatchOS.platform/Developer/SDKs/WatchOS27.0.sdk/Developer/Library/Frameworks -c -j10 -enable-batch-mode -incremental -Xcc -ivfsstatcache -Xcc /Users/admin/builder/spi-builder-workspace/.derivedData/SDKStatCaches.noindex/watchos27.0-24R360-e829b21a6f8c9b70876ba0858053c04477534ef55a1706bf4c1112bbb242f0a2.sdkstatcache -output-file-map /Users/admin/builder/spi-builder-workspace/.derivedData/Build/Intermediates.noindex/swift-parsing.build/Debug-watchos/swift-parsing-benchmark-p.build/Objects-normal/arm64/swift-parsing-benchmark-OutputFileMap.json -save-temps -no-color-diagnostics -explicit-module-build -module-cache-path /Users/admin/builder/spi-builder-workspace/.derivedData/Build/Intermediates.noindex/SwiftExplicitPrecompiledModules -clang-scanner-module-cache-path /Users/admin/builder/spi-builder-workspace/.derivedData/ModuleCache.noindex -sdk-module-cache-path /Users/admin/builder/spi-builder-workspace/.derivedData/SDKExplicitPrecompiledModules -emit-dependencies -emit-module -emit-module-path /Users/admin/builder/spi-builder-workspace/.derivedData/Build/Intermediates.noindex/swift-parsing.build/Debug-watchos/swift-parsing-benchmark-p.build/Objects-normal/arm64/swift_parsing_benchmark.swiftmodule -serialize-diagnostics -dependency-scan-serialize-diagnostics-path /Users/admin/builder/spi-builder-workspace/.derivedData/Build/Intermediates.noindex/swift-parsing.build/Debug-watchos/swift-parsing-benchmark-p.build/Objects-normal/arm64/swift_parsing_benchmark-dependency-scan.dia -validate-clang-modules-once -clang-build-session-file /Users/admin/builder/spi-builder-workspace/.derivedData/ModuleCache.noindex/Session.modulevalidation -Xcc -fmodules-prune-interval\=86400 -Xcc -fmodules-prune-after\=345600 -package-name spi_builder_workspace -emit-const-values -const-gather-protocols-list /Users/admin/builder/spi-builder-workspace/.derivedData/Build/Intermediates.noindex/swift-parsing.build/Debug-watchos/swift-parsing-benchmark-p.build/Objects-normal/arm64/swift-parsing-benchmark_const_extract_protocols.json -Xcc -I/Users/admin/builder/spi-builder-workspace/.derivedData/Build/Products/Debug-watchos/include -Xcc -I/Users/admin/builder/spi-builder-workspace/.derivedData/Build/Intermediates.noindex/swift-parsing.build/Debug-watchos/swift-parsing-benchmark-p.build/DerivedSources-normal/arm64 -Xcc -I/Users/admin/builder/spi-builder-workspace/.derivedData/Build/Intermediates.noindex/swift-parsing.build/Debug-watchos/swift-parsing-benchmark-p.build/DerivedSources/arm64 -Xcc -I/Users/admin/builder/spi-builder-workspace/.derivedData/Build/Intermediates.noindex/swift-parsing.build/Debug-watchos/swift-parsing-benchmark-p.build/DerivedSources -Xcc -DSWIFT_PACKAGE -Xcc -DDEBUG\=1 -working-directory /Users/admin/builder/spi-builder-workspace/.swiftpm/xcode -experimental-emit-module-separately -disable-cmo
SwiftCompile normal arm64 Compiling\ StringAbstractions.swift,\ UUID.swift /Users/admin/builder/spi-builder-workspace/Sources/swift-parsing-benchmark/StringAbstractions.swift /Users/admin/builder/spi-builder-workspace/Sources/swift-parsing-benchmark/UUID.swift (in target 'swift-parsing-benchmark-product' from project 'swift-parsing')
SwiftCompile normal arm64 /Users/admin/builder/spi-builder-workspace/Sources/swift-parsing-benchmark/StringAbstractions.swift (in target 'swift-parsing-benchmark-product' from project 'swift-parsing')
cd /Users/admin/builder/spi-builder-workspace/.swiftpm/xcode
builtin-SwiftPerFileCompile StringAbstractions.swift
SwiftCompile normal arm64 /Users/admin/builder/spi-builder-workspace/Sources/swift-parsing-benchmark/UUID.swift (in target 'swift-parsing-benchmark-product' from project 'swift-parsing')
cd /Users/admin/builder/spi-builder-workspace/.swiftpm/xcode
builtin-SwiftPerFileCompile UUID.swift
SwiftDriverJobDiscovery normal arm64_32 Compiling XCTestLogs.swift, main.swift (in target 'swift-parsing-benchmark-product' from project 'swift-parsing')
SwiftCompile normal arm64 Compiling\ Race.swift,\ ReadmeExample.swift /Users/admin/builder/spi-builder-workspace/Sources/swift-parsing-benchmark/Race.swift /Users/admin/builder/spi-builder-workspace/Sources/swift-parsing-benchmark/ReadmeExample.swift (in target 'swift-parsing-benchmark-product' from project 'swift-parsing')
SwiftCompile normal arm64 /Users/admin/builder/spi-builder-workspace/Sources/swift-parsing-benchmark/Race.swift (in target 'swift-parsing-benchmark-product' from project 'swift-parsing')
cd /Users/admin/builder/spi-builder-workspace/.swiftpm/xcode
builtin-SwiftPerFileCompile Race.swift
SwiftCompile normal arm64 /Users/admin/builder/spi-builder-workspace/Sources/swift-parsing-benchmark/ReadmeExample.swift (in target 'swift-parsing-benchmark-product' from project 'swift-parsing')
cd /Users/admin/builder/spi-builder-workspace/.swiftpm/xcode
builtin-SwiftPerFileCompile ReadmeExample.swift
SwiftCompile normal arm64_32 Compiling\ CSVSample.swift,\ XCTestLogsSample.swift /Users/admin/builder/spi-builder-workspace/Sources/swift-parsing-benchmark/Samples/CSVSample.swift /Users/admin/builder/spi-builder-workspace/Sources/swift-parsing-benchmark/Samples/XCTestLogsSample.swift (in target 'swift-parsing-benchmark-product' from project 'swift-parsing')
SwiftCompile normal arm64_32 /Users/admin/builder/spi-builder-workspace/Sources/swift-parsing-benchmark/Samples/CSVSample.swift (in target 'swift-parsing-benchmark-product' from project 'swift-parsing')
cd /Users/admin/builder/spi-builder-workspace/.swiftpm/xcode
builtin-SwiftPerFileCompile CSVSample.swift
SwiftCompile normal arm64_32 /Users/admin/builder/spi-builder-workspace/Sources/swift-parsing-benchmark/Samples/XCTestLogsSample.swift (in target 'swift-parsing-benchmark-product' from project 'swift-parsing')
cd /Users/admin/builder/spi-builder-workspace/.swiftpm/xcode
builtin-SwiftPerFileCompile XCTestLogsSample.swift
PruneExplicitPrecompiledModules /Users/admin/builder/spi-builder-workspace/.derivedData/SDKExplicitPrecompiledModules
PruneExplicitPrecompiledModules /Users/admin/builder/spi-builder-workspace/.derivedData/Build/Intermediates.noindex/ExplicitPrecompiledModules
PruneExplicitPrecompiledModules /Users/admin/builder/spi-builder-workspace/.derivedData/Build/Intermediates.noindex/SwiftExplicitPrecompiledModules
2026-09-24 10:06:09.099 xcodebuild[941:5684] [MT] IDERunDestination: Supported platforms for the buildables in the current scheme is empty.
** BUILD FAILED **
The following build commands failed:
SwiftCompile normal arm64_32 /Users/admin/builder/spi-builder-workspace/Sources/swift-parsing-benchmark/JSON.swift (in target 'swift-parsing-benchmark-product' from project 'swift-parsing')
SwiftCompile normal arm64_32 Compiling\ HTTP.swift,\ JSON.swift /Users/admin/builder/spi-builder-workspace/Sources/swift-parsing-benchmark/HTTP.swift /Users/admin/builder/spi-builder-workspace/Sources/swift-parsing-benchmark/JSON.swift (in target 'swift-parsing-benchmark-product' from project 'swift-parsing')
SwiftCompile normal arm64 /Users/admin/builder/spi-builder-workspace/Sources/swift-parsing-benchmark/JSON.swift (in target 'swift-parsing-benchmark-product' from project 'swift-parsing')
SwiftCompile normal arm64 Compiling\ HTTP.swift,\ JSON.swift /Users/admin/builder/spi-builder-workspace/Sources/swift-parsing-benchmark/HTTP.swift /Users/admin/builder/spi-builder-workspace/Sources/swift-parsing-benchmark/JSON.swift (in target 'swift-parsing-benchmark-product' from project 'swift-parsing')
Building workspace swift-parsing with scheme swift-parsing-Package
(5 failures)
Command line invocation:
/Applications/Xcode-27.0.0-Release.Candidate.app/Contents/Developer/usr/bin/xcodebuild -IDEClonedSourcePackagesDirPathOverride=/Users/admin/builder/spi-builder-workspace/.dependencies -resolvePackageDependencies
Resolve Package Graph
Resolved source packages:
SwiftDocCPlugin: https://github.com/apple/swift-docc-plugin @ 1.0.0
Benchmark: https://github.com/google/swift-benchmark @ 0.1.1
swift-argument-parser: https://github.com/apple/swift-argument-parser @ 0.5.0
swift-parsing: /Users/admin/builder/spi-builder-workspace
resolved source packages: SwiftDocCPlugin, Benchmark, swift-argument-parser, swift-parsing
2026-09-24 10:06:28.370 xcodebuild[1221:7444] [MT] IDERunDestination: Supported platforms for the buildables in the current scheme is empty.
{
"dependencies" : [
{
"identity" : "swift-docc-plugin",
"requirement" : {
"range" : [
{
"lower_bound" : "1.0.0",
"upper_bound" : "2.0.0"
}
]
},
"type" : "sourceControl",
"url" : "https://github.com/apple/swift-docc-plugin"
},
{
"identity" : "swift-benchmark",
"requirement" : {
"range" : [
{
"lower_bound" : "0.1.1",
"upper_bound" : "1.0.0"
}
]
},
"type" : "sourceControl",
"url" : "https://github.com/google/swift-benchmark"
}
],
"manifest_display_name" : "swift-parsing",
"name" : "swift-parsing",
"path" : "/Users/admin/builder/spi-builder-workspace",
"platforms" : [
{
"name" : "ios",
"version" : "13.0"
},
{
"name" : "macos",
"version" : "10.15"
},
{
"name" : "tvos",
"version" : "13.0"
},
{
"name" : "watchos",
"version" : "6.0"
}
],
"products" : [
{
"name" : "Parsing",
"targets" : [
"Parsing"
],
"type" : {
"library" : [
"automatic"
]
}
},
{
"name" : "swift-parsing-benchmark",
"targets" : [
"swift-parsing-benchmark"
],
"type" : {
"executable" : null
}
}
],
"targets" : [
{
"c99name" : "swift_parsing_benchmark",
"module_type" : "SwiftTarget",
"name" : "swift-parsing-benchmark",
"path" : "Sources/swift-parsing-benchmark",
"product_dependencies" : [
"Benchmark"
],
"product_memberships" : [
"swift-parsing-benchmark"
],
"sources" : [
"Arithmetic.swift",
"BinaryData.swift",
"Bool.swift",
"CSV.swift",
"Color.swift",
"Common/Benchmarking.swift",
"Common/ParsingError.swift",
"Date.swift",
"HTTP.swift",
"JSON.swift",
"Numerics.swift",
"PrefixUpTo.swift",
"Race.swift",
"ReadmeExample.swift",
"Samples/CSVSample.swift",
"Samples/XCTestLogsSample.swift",
"StringAbstractions.swift",
"UUID.swift",
"XCTestLogs.swift",
"main.swift"
],
"target_dependencies" : [
"Parsing"
],
"type" : "executable"
},
{
"c99name" : "ParsingTests",
"module_type" : "SwiftTarget",
"name" : "ParsingTests",
"path" : "Tests/ParsingTests",
"sources" : [
"AlwaysTests.swift",
"AnyParserTests.swift",
"BacktrackTests.swift",
"BoolTests.swift",
"CaseIterableRawRepresentableTests.swift",
"CaseIterableTests.swift",
"CharacterSetTests.swift",
"CompactMapTests.swift",
"ConditionalTests.swift",
"ConsumedTests.swift",
"DigitsTests.swift",
"DoubleTests.swift",
"EndTests.swift",
"FailTests.swift",
"FilterTests.swift",
"FirstTests.swift",
"FlatMapTests.swift",
"FromSubstringTests.swift",
"IntTests.swift",
"LazyTests.swift",
"ManyTests.swift",
"MapTests.swift",
"NotTests.swift",
"OneOfBuilderTests.swift",
"OneOfTests.swift",
"OptionallyTests.swift",
"ParseableFormatTests.swift",
"ParserBuilderTests.swift",
"ParserTests.swift",
"ParsingErrorTests.swift",
"PeekTests.swift",
"PipeEndTests.swift",
"PipeTests.swift",
"PrefixTests.swift",
"PrefixThroughTests.swift",
"PrefixUpToTests.swift",
"RegressionTests.swift",
"ReplaceErrorTests.swift",
"RestTests.swift",
"SkipTests.swift",
"StartsWithTests.swift",
"StreamTests.swift",
"UTF8Tests.swift",
"UUIDTests.swift",
"VariadicTests.swift",
"WhitespaceTests.swift"
],
"target_dependencies" : [
"Parsing"
],
"type" : "test"
},
{
"c99name" : "Parsing",
"module_type" : "SwiftTarget",
"name" : "Parsing",
"path" : "Sources/Parsing",
"product_memberships" : [
"Parsing",
"swift-parsing-benchmark"
],
"sources" : [
"Builders/OneOfBuilder.swift",
"Builders/ParserBuilder.swift",
"Conversion.swift",
"Conversions/AnyConversion.swift",
"Conversions/BinaryFloatingPoint.swift",
"Conversions/ConversionMap.swift",
"Conversions/Conversions.swift",
"Conversions/Data.swift",
"Conversions/FixedWidthInteger.swift",
"Conversions/Identity.swift",
"Conversions/JSON.swift",
"Conversions/LosslessStringConvertible.swift",
"Conversions/Memberwise.swift",
"Conversions/ParseableFormatStyleConversion.swift",
"Conversions/RawRepresentable.swift",
"Conversions/String.swift",
"Conversions/Substring.swift",
"Conversions/UTF8View.swift",
"ConvertingError.swift",
"CountingRange.swift",
"EmptyInitializable.swift",
"Internal/AnyEquatable.swift",
"Internal/Deprecations.swift",
"Parser.swift",
"ParserPrinter.swift",
"ParserPrinters/Always.swift",
"ParserPrinters/AnyParserPrinter.swift",
"ParserPrinters/Backtracking.swift",
"ParserPrinters/Bool.swift",
"ParserPrinters/CaseIterableRawRepresentable.swift",
"ParserPrinters/CharacterSet.swift",
"ParserPrinters/Conditional.swift",
"ParserPrinters/Consumed.swift",
"ParserPrinters/Digits.swift",
"ParserPrinters/End.swift",
"ParserPrinters/Fail.swift",
"ParserPrinters/Filter.swift",
"ParserPrinters/First.swift",
"ParserPrinters/Float.swift",
"ParserPrinters/From.swift",
"ParserPrinters/Int.swift",
"ParserPrinters/Lazy.swift",
"ParserPrinters/Literal.swift",
"ParserPrinters/Many.swift",
"ParserPrinters/Map.swift",
"ParserPrinters/Newline.swift",
"ParserPrinters/Not.swift",
"ParserPrinters/OneOf.swift",
"ParserPrinters/OneOfMany.swift",
"ParserPrinters/Optional.swift",
"ParserPrinters/Optionally.swift",
"ParserPrinters/Parse.swift",
"ParserPrinters/ParseableFormatStyle.swift",
"ParserPrinters/Peek.swift",
"ParserPrinters/Pipe.swift",
"ParserPrinters/Prefix.swift",
"ParserPrinters/PrefixThrough.swift",
"ParserPrinters/PrefixUpTo.swift",
"ParserPrinters/Printing.swift",
"ParserPrinters/Pullback.swift",
"ParserPrinters/ReplaceError.swift",
"ParserPrinters/Rest.swift",
"ParserPrinters/Skip.swift",
"ParserPrinters/StartsWith.swift",
"ParserPrinters/UUID.swift",
"ParserPrinters/Whitespace.swift",
"Parsers/AnyParser.swift",
"Parsers/CompactMap.swift",
"Parsers/FlatMap.swift",
"Parsers/Parsers.swift",
"Parsers/Stream.swift",
"ParsingError.swift",
"PrependableCollection.swift",
"PrintingError.swift"
],
"type" : "library"
}
],
"tools_version" : "5.9"
}
{
"workspace" : {
"name" : "swift-parsing",
"schemes" : [
"Parsing",
"swift-parsing-benchmark",
"swift-parsing-Package"
]
}
}
2026-09-24 10:06:34.392 xcodebuild[1269:7764] [MT] IDERunDestination: Supported platforms for the buildables in the current scheme is empty.
Running build ...
env DEVELOPER_DIR=/Applications/Xcode-27.0.0-Release.Candidate.app xcrun xcodebuild -IDEClonedSourcePackagesDirPathOverride=$PWD/.dependencies -skipMacroValidation -skipPackagePluginValidation -derivedDataPath $PWD/.derivedData build -scheme swift-parsing-Package -destination generic/platform=watchOS
Command line invocation:
/Applications/Xcode-27.0.0-Release.Candidate.app/Contents/Developer/usr/bin/xcodebuild -IDEClonedSourcePackagesDirPathOverride=/Users/admin/builder/spi-builder-workspace/.dependencies -skipMacroValidation -skipPackagePluginValidation -derivedDataPath /Users/admin/builder/spi-builder-workspace/.derivedData build -scheme swift-parsing-Package -destination generic/platform=watchOS
Resolve Package Graph
Resolved source packages:
swift-parsing: /Users/admin/builder/spi-builder-workspace
swift-argument-parser: https://github.com/apple/swift-argument-parser @ 0.5.0
Benchmark: https://github.com/google/swift-benchmark @ 0.1.1
SwiftDocCPlugin: https://github.com/apple/swift-docc-plugin @ 1.0.0
ComputePackagePrebuildTargetDependencyGraph
Prepare packages
CreateBuildRequest
SendProjectDescription
CreateBuildOperation
ComputeTargetDependencyGraph
note: Building targets in dependency order
note: Target dependency graph (8 targets)
Target 'swift-parsing-benchmark-product' in project 'swift-parsing'
➜ Explicit dependency on target 'Parsing' in project 'swift-parsing'
➜ Explicit dependency on target 'Benchmark-product' in project 'Benchmark'
Target 'Benchmark-product' in project 'Benchmark'
➜ Explicit dependency on target 'Benchmark' in project 'Benchmark'
➜ Explicit dependency on target 'ArgumentParser-product' in project 'swift-argument-parser'
Target 'Benchmark' in project 'Benchmark'
➜ Explicit dependency on target 'ArgumentParser-product' in project 'swift-argument-parser'
Target 'ArgumentParser-product' in project 'swift-argument-parser'
➜ Explicit dependency on target 'ArgumentParser' in project 'swift-argument-parser'
➜ Explicit dependency on target 'ArgumentParserToolInfo' in project 'swift-argument-parser'
Target 'ArgumentParser' in project 'swift-argument-parser'
➜ Explicit dependency on target 'ArgumentParserToolInfo' in project 'swift-argument-parser'
Target 'ArgumentParserToolInfo' in project 'swift-argument-parser' (no dependencies)
Target 'Parsing-product' in project 'swift-parsing'
➜ Explicit dependency on target 'Parsing' in project 'swift-parsing'
Target 'Parsing' in project 'swift-parsing' (no dependencies)
GatherProvisioningInputs
CreateBuildDescription
ClangStatCache /Applications/Xcode-27.0.0-Release.Candidate.app/Contents/Developer/Toolchains/XcodeDefault.xctoolchain/usr/bin/clang-stat-cache /Applications/Xcode-27.0.0-Release.Candidate.app/Contents/Developer/Platforms/WatchOS.platform/Developer/SDKs/WatchOS27.0.sdk /Users/admin/builder/spi-builder-workspace/.derivedData/SDKStatCaches.noindex/watchos27.0-24R360-e829b21a6f8c9b70876ba0858053c04477534ef55a1706bf4c1112bbb242f0a2.sdkstatcache
cd /Users/admin/builder/spi-builder-workspace/.swiftpm/xcode
/Applications/Xcode-27.0.0-Release.Candidate.app/Contents/Developer/Toolchains/XcodeDefault.xctoolchain/usr/bin/clang-stat-cache /Applications/Xcode-27.0.0-Release.Candidate.app/Contents/Developer/Platforms/WatchOS.platform/Developer/SDKs/WatchOS27.0.sdk -o /Users/admin/builder/spi-builder-workspace/.derivedData/SDKStatCaches.noindex/watchos27.0-24R360-e829b21a6f8c9b70876ba0858053c04477534ef55a1706bf4c1112bbb242f0a2.sdkstatcache
SwiftDriver swift-parsing-benchmark normal arm64_32 com.apple.xcode.tools.swift.compiler (in target 'swift-parsing-benchmark-product' from project 'swift-parsing')
cd /Users/admin/builder/spi-builder-workspace/.swiftpm/xcode
builtin-SwiftDriver -- /Applications/Xcode-27.0.0-Release.Candidate.app/Contents/Developer/Toolchains/XcodeDefault.xctoolchain/usr/bin/swiftc -module-name swift_parsing_benchmark -Onone @/Users/admin/builder/spi-builder-workspace/.derivedData/Build/Intermediates.noindex/swift-parsing.build/Debug-watchos/swift-parsing-benchmark-p.build/Objects-normal/arm64_32/swift-parsing-benchmark.SwiftFileList -DSWIFT_PACKAGE -DDEBUG -DXcode -plugin-path /Applications/Xcode-27.0.0-Release.Candidate.app/Contents/Developer/Toolchains/XcodeDefault.xctoolchain/usr/lib/swift/host/plugins/testing -enable-experimental-feature DebugDescriptionMacro -sdk /Applications/Xcode-27.0.0-Release.Candidate.app/Contents/Developer/Platforms/WatchOS.platform/Developer/SDKs/WatchOS27.0.sdk -target arm64_32-apple-watchos9.0 -g -module-cache-path /Users/admin/builder/spi-builder-workspace/.derivedData/ModuleCache.noindex -Xfrontend -serialize-debugging-options -profile-coverage-mapping -profile-generate -enable-testing -index-store-path /Users/admin/builder/spi-builder-workspace/.derivedData/Index.noindex/DataStore -Xcc -D_LIBCPP_HARDENING_MODE\=_LIBCPP_HARDENING_MODE_DEBUG -swift-version 5 -I /Users/admin/builder/spi-builder-workspace/.derivedData/Build/Products/Debug-watchos -Isystem /Applications/Xcode-27.0.0-Release.Candidate.app/Contents/Developer/Platforms/WatchOS.platform/Developer/usr/lib -F /Users/admin/builder/spi-builder-workspace/.derivedData/Build/Products/Debug-watchos/PackageFrameworks -F /Users/admin/builder/spi-builder-workspace/.derivedData/Build/Products/Debug-watchos -F /Applications/Xcode-27.0.0-Release.Candidate.app/Contents/Developer/Platforms/WatchOS.platform/Developer/Library/Frameworks -F /Applications/Xcode-27.0.0-Release.Candidate.app/Contents/Developer/Platforms/WatchOS.platform/Developer/SDKs/WatchOS27.0.sdk/Developer/Library/Frameworks -c -j10 -enable-batch-mode -incremental -Xcc -ivfsstatcache -Xcc /Users/admin/builder/spi-builder-workspace/.derivedData/SDKStatCaches.noindex/watchos27.0-24R360-e829b21a6f8c9b70876ba0858053c04477534ef55a1706bf4c1112bbb242f0a2.sdkstatcache -output-file-map /Users/admin/builder/spi-builder-workspace/.derivedData/Build/Intermediates.noindex/swift-parsing.build/Debug-watchos/swift-parsing-benchmark-p.build/Objects-normal/arm64_32/swift-parsing-benchmark-OutputFileMap.json -save-temps -no-color-diagnostics -explicit-module-build -module-cache-path /Users/admin/builder/spi-builder-workspace/.derivedData/Build/Intermediates.noindex/SwiftExplicitPrecompiledModules -clang-scanner-module-cache-path /Users/admin/builder/spi-builder-workspace/.derivedData/ModuleCache.noindex -sdk-module-cache-path /Users/admin/builder/spi-builder-workspace/.derivedData/SDKExplicitPrecompiledModules -emit-dependencies -emit-module -emit-module-path /Users/admin/builder/spi-builder-workspace/.derivedData/Build/Intermediates.noindex/swift-parsing.build/Debug-watchos/swift-parsing-benchmark-p.build/Objects-normal/arm64_32/swift_parsing_benchmark.swiftmodule -serialize-diagnostics -dependency-scan-serialize-diagnostics-path /Users/admin/builder/spi-builder-workspace/.derivedData/Build/Intermediates.noindex/swift-parsing.build/Debug-watchos/swift-parsing-benchmark-p.build/Objects-normal/arm64_32/swift_parsing_benchmark-dependency-scan.dia -validate-clang-modules-once -clang-build-session-file /Users/admin/builder/spi-builder-workspace/.derivedData/ModuleCache.noindex/Session.modulevalidation -Xcc -fmodules-prune-interval\=86400 -Xcc -fmodules-prune-after\=345600 -package-name spi_builder_workspace -emit-const-values -const-gather-protocols-list /Users/admin/builder/spi-builder-workspace/.derivedData/Build/Intermediates.noindex/swift-parsing.build/Debug-watchos/swift-parsing-benchmark-p.build/Objects-normal/arm64_32/swift-parsing-benchmark_const_extract_protocols.json -Xcc -I/Users/admin/builder/spi-builder-workspace/.derivedData/Build/Products/Debug-watchos/include -Xcc -I/Users/admin/builder/spi-builder-workspace/.derivedData/Build/Intermediates.noindex/swift-parsing.build/Debug-watchos/swift-parsing-benchmark-p.build/DerivedSources-normal/arm64_32 -Xcc -I/Users/admin/builder/spi-builder-workspace/.derivedData/Build/Intermediates.noindex/swift-parsing.build/Debug-watchos/swift-parsing-benchmark-p.build/DerivedSources/arm64_32 -Xcc -I/Users/admin/builder/spi-builder-workspace/.derivedData/Build/Intermediates.noindex/swift-parsing.build/Debug-watchos/swift-parsing-benchmark-p.build/DerivedSources -Xcc -DSWIFT_PACKAGE -Xcc -DDEBUG\=1 -working-directory /Users/admin/builder/spi-builder-workspace/.swiftpm/xcode -experimental-emit-module-separately -disable-cmo
SwiftDriver swift-parsing-benchmark normal arm64 com.apple.xcode.tools.swift.compiler (in target 'swift-parsing-benchmark-product' from project 'swift-parsing')
cd /Users/admin/builder/spi-builder-workspace/.swiftpm/xcode
builtin-SwiftDriver -- /Applications/Xcode-27.0.0-Release.Candidate.app/Contents/Developer/Toolchains/XcodeDefault.xctoolchain/usr/bin/swiftc -module-name swift_parsing_benchmark -Onone @/Users/admin/builder/spi-builder-workspace/.derivedData/Build/Intermediates.noindex/swift-parsing.build/Debug-watchos/swift-parsing-benchmark-p.build/Objects-normal/arm64/swift-parsing-benchmark.SwiftFileList -DSWIFT_PACKAGE -DDEBUG -DXcode -plugin-path /Applications/Xcode-27.0.0-Release.Candidate.app/Contents/Developer/Toolchains/XcodeDefault.xctoolchain/usr/lib/swift/host/plugins/testing -enable-experimental-feature DebugDescriptionMacro -sdk /Applications/Xcode-27.0.0-Release.Candidate.app/Contents/Developer/Platforms/WatchOS.platform/Developer/SDKs/WatchOS27.0.sdk -target arm64-apple-watchos9.0 -g -module-cache-path /Users/admin/builder/spi-builder-workspace/.derivedData/ModuleCache.noindex -Xfrontend -serialize-debugging-options -profile-coverage-mapping -profile-generate -enable-testing -index-store-path /Users/admin/builder/spi-builder-workspace/.derivedData/Index.noindex/DataStore -Xcc -D_LIBCPP_HARDENING_MODE\=_LIBCPP_HARDENING_MODE_DEBUG -swift-version 5 -I /Users/admin/builder/spi-builder-workspace/.derivedData/Build/Products/Debug-watchos -Isystem /Applications/Xcode-27.0.0-Release.Candidate.app/Contents/Developer/Platforms/WatchOS.platform/Developer/usr/lib -F /Users/admin/builder/spi-builder-workspace/.derivedData/Build/Products/Debug-watchos/PackageFrameworks -F /Users/admin/builder/spi-builder-workspace/.derivedData/Build/Products/Debug-watchos -F /Applications/Xcode-27.0.0-Release.Candidate.app/Contents/Developer/Platforms/WatchOS.platform/Developer/Library/Frameworks -F /Applications/Xcode-27.0.0-Release.Candidate.app/Contents/Developer/Platforms/WatchOS.platform/Developer/SDKs/WatchOS27.0.sdk/Developer/Library/Frameworks -c -j10 -enable-batch-mode -incremental -Xcc -ivfsstatcache -Xcc /Users/admin/builder/spi-builder-workspace/.derivedData/SDKStatCaches.noindex/watchos27.0-24R360-e829b21a6f8c9b70876ba0858053c04477534ef55a1706bf4c1112bbb242f0a2.sdkstatcache -output-file-map /Users/admin/builder/spi-builder-workspace/.derivedData/Build/Intermediates.noindex/swift-parsing.build/Debug-watchos/swift-parsing-benchmark-p.build/Objects-normal/arm64/swift-parsing-benchmark-OutputFileMap.json -save-temps -no-color-diagnostics -explicit-module-build -module-cache-path /Users/admin/builder/spi-builder-workspace/.derivedData/Build/Intermediates.noindex/SwiftExplicitPrecompiledModules -clang-scanner-module-cache-path /Users/admin/builder/spi-builder-workspace/.derivedData/ModuleCache.noindex -sdk-module-cache-path /Users/admin/builder/spi-builder-workspace/.derivedData/SDKExplicitPrecompiledModules -emit-dependencies -emit-module -emit-module-path /Users/admin/builder/spi-builder-workspace/.derivedData/Build/Intermediates.noindex/swift-parsing.build/Debug-watchos/swift-parsing-benchmark-p.build/Objects-normal/arm64/swift_parsing_benchmark.swiftmodule -serialize-diagnostics -dependency-scan-serialize-diagnostics-path /Users/admin/builder/spi-builder-workspace/.derivedData/Build/Intermediates.noindex/swift-parsing.build/Debug-watchos/swift-parsing-benchmark-p.build/Objects-normal/arm64/swift_parsing_benchmark-dependency-scan.dia -validate-clang-modules-once -clang-build-session-file /Users/admin/builder/spi-builder-workspace/.derivedData/ModuleCache.noindex/Session.modulevalidation -Xcc -fmodules-prune-interval\=86400 -Xcc -fmodules-prune-after\=345600 -package-name spi_builder_workspace -emit-const-values -const-gather-protocols-list /Users/admin/builder/spi-builder-workspace/.derivedData/Build/Intermediates.noindex/swift-parsing.build/Debug-watchos/swift-parsing-benchmark-p.build/Objects-normal/arm64/swift-parsing-benchmark_const_extract_protocols.json -Xcc -I/Users/admin/builder/spi-builder-workspace/.derivedData/Build/Products/Debug-watchos/include -Xcc -I/Users/admin/builder/spi-builder-workspace/.derivedData/Build/Intermediates.noindex/swift-parsing.build/Debug-watchos/swift-parsing-benchmark-p.build/DerivedSources-normal/arm64 -Xcc -I/Users/admin/builder/spi-builder-workspace/.derivedData/Build/Intermediates.noindex/swift-parsing.build/Debug-watchos/swift-parsing-benchmark-p.build/DerivedSources/arm64 -Xcc -I/Users/admin/builder/spi-builder-workspace/.derivedData/Build/Intermediates.noindex/swift-parsing.build/Debug-watchos/swift-parsing-benchmark-p.build/DerivedSources -Xcc -DSWIFT_PACKAGE -Xcc -DDEBUG\=1 -working-directory /Users/admin/builder/spi-builder-workspace/.swiftpm/xcode -experimental-emit-module-separately -disable-cmo
SwiftDriver Benchmark normal arm64_32 com.apple.xcode.tools.swift.compiler (in target 'Benchmark' from project 'Benchmark')
cd /Users/admin/builder/spi-builder-workspace/.swiftpm/xcode
builtin-SwiftDriver -- /Applications/Xcode-27.0.0-Release.Candidate.app/Contents/Developer/Toolchains/XcodeDefault.xctoolchain/usr/bin/swiftc -parse-as-library -module-name Benchmark -Onone @/Users/admin/builder/spi-builder-workspace/.derivedData/Build/Intermediates.noindex/Benchmark.build/Debug-watchos/Benchmark-t.build/Objects-normal/arm64_32/Benchmark.SwiftFileList -DSWIFT_PACKAGE -DDEBUG -DSWIFT_MODULE_RESOURCE_BUNDLE_UNAVAILABLE -DXcode -plugin-path /Applications/Xcode-27.0.0-Release.Candidate.app/Contents/Developer/Toolchains/XcodeDefault.xctoolchain/usr/lib/swift/host/plugins/testing -enable-experimental-feature DebugDescriptionMacro -sdk /Applications/Xcode-27.0.0-Release.Candidate.app/Contents/Developer/Platforms/WatchOS.platform/Developer/SDKs/WatchOS27.0.sdk -target arm64_32-apple-watchos9.0 -g -module-cache-path /Users/admin/builder/spi-builder-workspace/.derivedData/ModuleCache.noindex -Xfrontend -serialize-debugging-options -profile-coverage-mapping -profile-generate -enable-testing -suppress-warnings -index-store-path /Users/admin/builder/spi-builder-workspace/.derivedData/Index.noindex/DataStore -Xcc -D_LIBCPP_HARDENING_MODE\=_LIBCPP_HARDENING_MODE_DEBUG -swift-version 5 -I /Users/admin/builder/spi-builder-workspace/.derivedData/Build/Products/Debug-watchos -Isystem /Applications/Xcode-27.0.0-Release.Candidate.app/Contents/Developer/Platforms/WatchOS.platform/Developer/usr/lib -F /Users/admin/builder/spi-builder-workspace/.derivedData/Build/Products/Debug-watchos/PackageFrameworks -F /Users/admin/builder/spi-builder-workspace/.derivedData/Build/Products/Debug-watchos -F /Applications/Xcode-27.0.0-Release.Candidate.app/Contents/Developer/Platforms/WatchOS.platform/Developer/Library/Frameworks -F /Applications/Xcode-27.0.0-Release.Candidate.app/Contents/Developer/Platforms/WatchOS.platform/Developer/SDKs/WatchOS27.0.sdk/Developer/Library/Frameworks -c -j10 -enable-batch-mode -incremental -Xcc -ivfsstatcache -Xcc /Users/admin/builder/spi-builder-workspace/.derivedData/SDKStatCaches.noindex/watchos27.0-24R360-e829b21a6f8c9b70876ba0858053c04477534ef55a1706bf4c1112bbb242f0a2.sdkstatcache -output-file-map /Users/admin/builder/spi-builder-workspace/.derivedData/Build/Intermediates.noindex/Benchmark.build/Debug-watchos/Benchmark-t.build/Objects-normal/arm64_32/Benchmark-OutputFileMap.json -save-temps -no-color-diagnostics -explicit-module-build -module-cache-path /Users/admin/builder/spi-builder-workspace/.derivedData/Build/Intermediates.noindex/SwiftExplicitPrecompiledModules -clang-scanner-module-cache-path /Users/admin/builder/spi-builder-workspace/.derivedData/ModuleCache.noindex -sdk-module-cache-path /Users/admin/builder/spi-builder-workspace/.derivedData/SDKExplicitPrecompiledModules -emit-dependencies -emit-module -emit-module-path /Users/admin/builder/spi-builder-workspace/.derivedData/Build/Intermediates.noindex/Benchmark.build/Debug-watchos/Benchmark-t.build/Objects-normal/arm64_32/Benchmark.swiftmodule -serialize-diagnostics -dependency-scan-serialize-diagnostics-path /Users/admin/builder/spi-builder-workspace/.derivedData/Build/Intermediates.noindex/Benchmark.build/Debug-watchos/Benchmark-t.build/Objects-normal/arm64_32/Benchmark-dependency-scan.dia -validate-clang-modules-once -clang-build-session-file /Users/admin/builder/spi-builder-workspace/.derivedData/ModuleCache.noindex/Session.modulevalidation -Xcc -fmodules-prune-interval\=86400 -Xcc -fmodules-prune-after\=345600 -emit-const-values -const-gather-protocols-list /Users/admin/builder/spi-builder-workspace/.derivedData/Build/Intermediates.noindex/Benchmark.build/Debug-watchos/Benchmark-t.build/Objects-normal/arm64_32/Benchmark_const_extract_protocols.json -Xcc -I/Users/admin/builder/spi-builder-workspace/.derivedData/Build/Products/Debug-watchos/include -Xcc -I/Users/admin/builder/spi-builder-workspace/.derivedData/Build/Intermediates.noindex/Benchmark.build/Debug-watchos/Benchmark-t.build/DerivedSources-normal/arm64_32 -Xcc -I/Users/admin/builder/spi-builder-workspace/.derivedData/Build/Intermediates.noindex/Benchmark.build/Debug-watchos/Benchmark-t.build/DerivedSources/arm64_32 -Xcc -I/Users/admin/builder/spi-builder-workspace/.derivedData/Build/Intermediates.noindex/Benchmark.build/Debug-watchos/Benchmark-t.build/DerivedSources -Xcc -DSWIFT_PACKAGE -Xcc -DDEBUG\=1 -emit-objc-header -emit-objc-header-path /Users/admin/builder/spi-builder-workspace/.derivedData/Build/Intermediates.noindex/Benchmark.build/Debug-watchos/Benchmark-t.build/Objects-normal/arm64_32/Benchmark-Swift.h -working-directory /Users/admin/builder/spi-builder-workspace/.swiftpm/xcode -experimental-emit-module-separately -disable-cmo
SwiftDriver\ Compilation Benchmark normal arm64_32 com.apple.xcode.tools.swift.compiler (in target 'Benchmark' from project 'Benchmark')
cd /Users/admin/builder/spi-builder-workspace/.swiftpm/xcode
builtin-Swift-Compilation -- /Applications/Xcode-27.0.0-Release.Candidate.app/Contents/Developer/Toolchains/XcodeDefault.xctoolchain/usr/bin/swiftc -parse-as-library -module-name Benchmark -Onone @/Users/admin/builder/spi-builder-workspace/.derivedData/Build/Intermediates.noindex/Benchmark.build/Debug-watchos/Benchmark-t.build/Objects-normal/arm64_32/Benchmark.SwiftFileList -DSWIFT_PACKAGE -DDEBUG -DSWIFT_MODULE_RESOURCE_BUNDLE_UNAVAILABLE -DXcode -plugin-path /Applications/Xcode-27.0.0-Release.Candidate.app/Contents/Developer/Toolchains/XcodeDefault.xctoolchain/usr/lib/swift/host/plugins/testing -enable-experimental-feature DebugDescriptionMacro -sdk /Applications/Xcode-27.0.0-Release.Candidate.app/Contents/Developer/Platforms/WatchOS.platform/Developer/SDKs/WatchOS27.0.sdk -target arm64_32-apple-watchos9.0 -g -module-cache-path /Users/admin/builder/spi-builder-workspace/.derivedData/ModuleCache.noindex -Xfrontend -serialize-debugging-options -profile-coverage-mapping -profile-generate -enable-testing -suppress-warnings -index-store-path /Users/admin/builder/spi-builder-workspace/.derivedData/Index.noindex/DataStore -Xcc -D_LIBCPP_HARDENING_MODE\=_LIBCPP_HARDENING_MODE_DEBUG -swift-version 5 -I /Users/admin/builder/spi-builder-workspace/.derivedData/Build/Products/Debug-watchos -Isystem /Applications/Xcode-27.0.0-Release.Candidate.app/Contents/Developer/Platforms/WatchOS.platform/Developer/usr/lib -F /Users/admin/builder/spi-builder-workspace/.derivedData/Build/Products/Debug-watchos/PackageFrameworks -F /Users/admin/builder/spi-builder-workspace/.derivedData/Build/Products/Debug-watchos -F /Applications/Xcode-27.0.0-Release.Candidate.app/Contents/Developer/Platforms/WatchOS.platform/Developer/Library/Frameworks -F /Applications/Xcode-27.0.0-Release.Candidate.app/Contents/Developer/Platforms/WatchOS.platform/Developer/SDKs/WatchOS27.0.sdk/Developer/Library/Frameworks -c -j10 -enable-batch-mode -incremental -Xcc -ivfsstatcache -Xcc /Users/admin/builder/spi-builder-workspace/.derivedData/SDKStatCaches.noindex/watchos27.0-24R360-e829b21a6f8c9b70876ba0858053c04477534ef55a1706bf4c1112bbb242f0a2.sdkstatcache -output-file-map /Users/admin/builder/spi-builder-workspace/.derivedData/Build/Intermediates.noindex/Benchmark.build/Debug-watchos/Benchmark-t.build/Objects-normal/arm64_32/Benchmark-OutputFileMap.json -save-temps -no-color-diagnostics -explicit-module-build -module-cache-path /Users/admin/builder/spi-builder-workspace/.derivedData/Build/Intermediates.noindex/SwiftExplicitPrecompiledModules -clang-scanner-module-cache-path /Users/admin/builder/spi-builder-workspace/.derivedData/ModuleCache.noindex -sdk-module-cache-path /Users/admin/builder/spi-builder-workspace/.derivedData/SDKExplicitPrecompiledModules -emit-dependencies -emit-module -emit-module-path /Users/admin/builder/spi-builder-workspace/.derivedData/Build/Intermediates.noindex/Benchmark.build/Debug-watchos/Benchmark-t.build/Objects-normal/arm64_32/Benchmark.swiftmodule -serialize-diagnostics -dependency-scan-serialize-diagnostics-path /Users/admin/builder/spi-builder-workspace/.derivedData/Build/Intermediates.noindex/Benchmark.build/Debug-watchos/Benchmark-t.build/Objects-normal/arm64_32/Benchmark-dependency-scan.dia -validate-clang-modules-once -clang-build-session-file /Users/admin/builder/spi-builder-workspace/.derivedData/ModuleCache.noindex/Session.modulevalidation -Xcc -fmodules-prune-interval\=86400 -Xcc -fmodules-prune-after\=345600 -emit-const-values -const-gather-protocols-list /Users/admin/builder/spi-builder-workspace/.derivedData/Build/Intermediates.noindex/Benchmark.build/Debug-watchos/Benchmark-t.build/Objects-normal/arm64_32/Benchmark_const_extract_protocols.json -Xcc -I/Users/admin/builder/spi-builder-workspace/.derivedData/Build/Products/Debug-watchos/include -Xcc -I/Users/admin/builder/spi-builder-workspace/.derivedData/Build/Intermediates.noindex/Benchmark.build/Debug-watchos/Benchmark-t.build/DerivedSources-normal/arm64_32 -Xcc -I/Users/admin/builder/spi-builder-workspace/.derivedData/Build/Intermediates.noindex/Benchmark.build/Debug-watchos/Benchmark-t.build/DerivedSources/arm64_32 -Xcc -I/Users/admin/builder/spi-builder-workspace/.derivedData/Build/Intermediates.noindex/Benchmark.build/Debug-watchos/Benchmark-t.build/DerivedSources -Xcc -DSWIFT_PACKAGE -Xcc -DDEBUG\=1 -emit-objc-header -emit-objc-header-path /Users/admin/builder/spi-builder-workspace/.derivedData/Build/Intermediates.noindex/Benchmark.build/Debug-watchos/Benchmark-t.build/Objects-normal/arm64_32/Benchmark-Swift.h -working-directory /Users/admin/builder/spi-builder-workspace/.swiftpm/xcode -experimental-emit-module-separately -disable-cmo
SwiftCompile normal arm64 Compiling\ HTTP.swift,\ JSON.swift /Users/admin/builder/spi-builder-workspace/Sources/swift-parsing-benchmark/HTTP.swift /Users/admin/builder/spi-builder-workspace/Sources/swift-parsing-benchmark/JSON.swift (in target 'swift-parsing-benchmark-product' from project 'swift-parsing')
SwiftCompile normal arm64 /Users/admin/builder/spi-builder-workspace/Sources/swift-parsing-benchmark/HTTP.swift (in target 'swift-parsing-benchmark-product' from project 'swift-parsing')
cd /Users/admin/builder/spi-builder-workspace/.swiftpm/xcode
builtin-SwiftPerFileCompile HTTP.swift
SwiftCompile normal arm64 /Users/admin/builder/spi-builder-workspace/Sources/swift-parsing-benchmark/JSON.swift (in target 'swift-parsing-benchmark-product' from project 'swift-parsing')
cd /Users/admin/builder/spi-builder-workspace/.swiftpm/xcode
builtin-SwiftPerFileCompile JSON.swift
/Users/admin/builder/spi-builder-workspace/Sources/swift-parsing-benchmark/JSON.swift:23:29: error: type 'Conversion' has no member 'case'
21 | Whitespace()
22 | OneOf {
23 | JSONObject().map(.case(Output.object))
| `- error: type 'Conversion' has no member 'case'
24 | JSONArray().map(.case(Output.array))
25 | JSONString().map(.case(Output.string))
Failed frontend command:
/Applications/Xcode-27.0.0-Release.Candidate.app/Contents/Developer/Toolchains/XcodeDefault.xctoolchain/usr/bin/swift-frontend -frontend -c /Users/admin/builder/spi-builder-workspace/Sources/swift-parsing-benchmark/Arithmetic.swift /Users/admin/builder/spi-builder-workspace/Sources/swift-parsing-benchmark/BinaryData.swift /Users/admin/builder/spi-builder-workspace/Sources/swift-parsing-benchmark/Bool.swift /Users/admin/builder/spi-builder-workspace/Sources/swift-parsing-benchmark/CSV.swift /Users/admin/builder/spi-builder-workspace/Sources/swift-parsing-benchmark/Color.swift /Users/admin/builder/spi-builder-workspace/Sources/swift-parsing-benchmark/Common/Benchmarking.swift /Users/admin/builder/spi-builder-workspace/Sources/swift-parsing-benchmark/Common/ParsingError.swift /Users/admin/builder/spi-builder-workspace/Sources/swift-parsing-benchmark/Date.swift -primary-file /Users/admin/builder/spi-builder-workspace/Sources/swift-parsing-benchmark/HTTP.swift -primary-file /Users/admin/builder/spi-builder-workspace/Sources/swift-parsing-benchmark/JSON.swift /Users/admin/builder/spi-builder-workspace/Sources/swift-parsing-benchmark/Numerics.swift /Users/admin/builder/spi-builder-workspace/Sources/swift-parsing-benchmark/PrefixUpTo.swift /Users/admin/builder/spi-builder-workspace/Sources/swift-parsing-benchmark/Race.swift /Users/admin/builder/spi-builder-workspace/Sources/swift-parsing-benchmark/ReadmeExample.swift /Users/admin/builder/spi-builder-workspace/Sources/swift-parsing-benchmark/Samples/CSVSample.swift /Users/admin/builder/spi-builder-workspace/Sources/swift-parsing-benchmark/Samples/XCTestLogsSample.swift /Users/admin/builder/spi-builder-workspace/Sources/swift-parsing-benchmark/StringAbstractions.swift /Users/admin/builder/spi-builder-workspace/Sources/swift-parsing-benchmark/UUID.swift /Users/admin/builder/spi-builder-workspace/Sources/swift-parsing-benchmark/XCTestLogs.swift /Users/admin/builder/spi-builder-workspace/Sources/swift-parsing-benchmark/main.swift -emit-dependencies-path /Users/admin/builder/spi-builder-workspace/.derivedData/Build/Intermediates.noindex/swift-parsing.build/Debug-watchos/swift-parsing-benchmark-p.build/Objects-normal/arm64/HTTP.d -emit-const-values-path /Users/admin/builder/spi-builder-workspace/.derivedData/Build/Intermediates.noindex/swift-parsing.build/Debug-watchos/swift-parsing-benchmark-p.build/Objects-normal/arm64/HTTP.swiftconstvalues -emit-reference-dependencies-path /Users/admin/builder/spi-builder-workspace/.derivedData/Build/Intermediates.noindex/swift-parsing.build/Debug-watchos/swift-parsing-benchmark-p.build/Objects-normal/arm64/HTTP.swiftdeps -serialize-diagnostics-path /Users/admin/builder/spi-builder-workspace/.derivedData/Build/Intermediates.noindex/swift-parsing.build/Debug-watchos/swift-parsing-benchmark-p.build/Objects-normal/arm64/HTTP.dia -emit-dependencies-path /Users/admin/builder/spi-builder-workspace/.derivedData/Build/Intermediates.noindex/swift-parsing.build/Debug-watchos/swift-parsing-benchmark-p.build/Objects-normal/arm64/JSON.d -emit-const-values-path /Users/admin/builder/spi-builder-workspace/.derivedData/Build/Intermediates.noindex/swift-parsing.build/Debug-watchos/swift-parsing-benchmark-p.build/Objects-normal/arm64/JSON.swiftconstvalues -emit-reference-dependencies-path /Users/admin/builder/spi-builder-workspace/.derivedData/Build/Intermediates.noindex/swift-parsing.build/Debug-watchos/swift-parsing-benchmark-p.build/Objects-normal/arm64/JSON.swiftdeps -serialize-diagnostics-path /Users/admin/builder/spi-builder-workspace/.derivedData/Build/Intermediates.noindex/swift-parsing.build/Debug-watchos/swift-parsing-benchmark-p.build/Objects-normal/arm64/JSON.dia -target arm64-apple-watchos9.0 -disable-cross-import-overlay-search -load-resolved-plugin /Applications/Xcode-27.0.0-Release.Candidate.app/Contents/Developer/Platforms/WatchOS.platform/Developer/usr/lib/swift/host/plugins/libFoundationMacros.dylib\#/Applications/Xcode-27.0.0-Release.Candidate.app/Contents/Developer/Platforms/WatchOS.platform/Developer/usr/bin/swift-plugin-server\#FoundationMacros -load-resolved-plugin /Applications/Xcode-27.0.0-Release.Candidate.app/Contents/Developer/Platforms/WatchOS.platform/Developer/usr/lib/swift/host/plugins/libObservationMacros.dylib\#/Applications/Xcode-27.0.0-Release.Candidate.app/Contents/Developer/Platforms/WatchOS.platform/Developer/usr/bin/swift-plugin-server\#ObservationMacros -load-resolved-plugin /Applications/Xcode-27.0.0-Release.Candidate.app/Contents/Developer/Platforms/WatchOS.platform/Developer/usr/lib/swift/host/plugins/libSwiftMacros.dylib\#/Applications/Xcode-27.0.0-Release.Candidate.app/Contents/Developer/Platforms/WatchOS.platform/Developer/usr/bin/swift-plugin-server\#SwiftMacros -disable-implicit-swift-modules -Xcc -fno-implicit-modules -Xcc -fno-implicit-module-maps -explicit-swift-module-map-file /Users/admin/builder/spi-builder-workspace/.derivedData/Build/Intermediates.noindex/swift-parsing.build/Debug-watchos/swift-parsing-benchmark-p.build/Objects-normal/arm64/swift_parsing_benchmark-dependencies-1.json -Xllvm -aarch64-use-tbi -enable-objc-interop -stack-check -sdk /Applications/Xcode-27.0.0-Release.Candidate.app/Contents/Developer/Platforms/WatchOS.platform/Developer/SDKs/WatchOS27.0.sdk -I /Users/admin/builder/spi-builder-workspace/.derivedData/Build/Products/Debug-watchos -Isystem /Applications/Xcode-27.0.0-Release.Candidate.app/Contents/Developer/Platforms/WatchOS.platform/Developer/usr/lib -F /Users/admin/builder/spi-builder-workspace/.derivedData/Build/Products/Debug-watchos/PackageFrameworks -F /Users/admin/builder/spi-builder-workspace/.derivedData/Build/Products/Debug-watchos -F /Applications/Xcode-27.0.0-Release.Candidate.app/Contents/Developer/Platforms/WatchOS.platform/Developer/Library/Frameworks -F /Applications/Xcode-27.0.0-Release.Candidate.app/Contents/Developer/Platforms/WatchOS.platform/Developer/SDKs/WatchOS27.0.sdk/Developer/Library/Frameworks -module-cache-path /Users/admin/builder/spi-builder-workspace/.derivedData/Build/Intermediates.noindex/SwiftExplicitPrecompiledModules -no-color-diagnostics -Xcc -fno-color-diagnostics -enable-testing -g -debug-info-format\=dwarf -dwarf-version\=4 -profile-generate -profile-coverage-mapping -swift-version 5 -Onone -D SWIFT_PACKAGE -D DEBUG -D Xcode -serialize-debugging-options -enable-experimental-feature DebugDescriptionMacro -empty-abi-descriptor -validate-clang-modules-once -clang-build-session-file /Users/admin/builder/spi-builder-workspace/.derivedData/ModuleCache.noindex/Session.modulevalidation -Xcc -working-directory -Xcc /Users/admin/builder/spi-builder-workspace/.swiftpm/xcode -enable-anonymous-context-mangled-names -file-compilation-dir /Users/admin/builder/spi-builder-workspace/.swiftpm/xcode -Xcc -D_LIBCPP_HARDENING_MODE\=_LIBCPP_HARDENING_MODE_DEBUG -Xcc -ivfsstatcache -Xcc /Users/admin/builder/spi-builder-workspace/.derivedData/SDKStatCaches.noindex/watchos27.0-24R360-e829b21a6f8c9b70876ba0858053c04477534ef55a1706bf4c1112bbb242f0a2.sdkstatcache -Xcc -fmodules-prune-interval\=86400 -Xcc -fmodules-prune-after\=345600 -Xcc -I/Users/admin/builder/spi-builder-workspace/.derivedData/Build/Products/Debug-watchos/include -Xcc -I/Users/admin/builder/spi-builder-workspace/.derivedData/Build/Intermediates.noindex/swift-parsing.build/Debug-watchos/swift-parsing-benchmark-p.build/DerivedSources-normal/arm64 -Xcc -I/Users/admin/builder/spi-builder-workspace/.derivedData/Build/Intermediates.noindex/swift-parsing.build/Debug-watchos/swift-parsing-benchmark-p.build/DerivedSources/arm64 -Xcc -I/Users/admin/builder/spi-builder-workspace/.derivedData/Build/Intermediates.noindex/swift-parsing.build/Debug-watchos/swift-parsing-benchmark-p.build/DerivedSources -Xcc -DSWIFT_PACKAGE -Xcc -DDEBUG\=1 -no-auto-bridging-header-chaining -module-name swift_parsing_benchmark -package-name spi_builder_workspace -const-gather-protocols-file /Users/admin/builder/spi-builder-workspace/.derivedData/Build/Intermediates.noindex/swift-parsing.build/Debug-watchos/swift-parsing-benchmark-p.build/Objects-normal/arm64/swift-parsing-benchmark_const_extract_protocols.json -disable-clang-spi -clang-target arm64-apple-watchos27.0 -target-sdk-version 27.0 -target-sdk-name watchos27.0 -in-process-plugin-server-path /Applications/Xcode-27.0.0-Release.Candidate.app/Contents/Developer/Toolchains/XcodeDefault.xctoolchain/usr/lib/swift/host/libSwiftInProcPluginServer.dylib -o /Users/admin/builder/spi-builder-workspace/.derivedData/Build/Intermediates.noindex/swift-parsing.build/Debug-watchos/swift-parsing-benchmark-p.build/Objects-normal/arm64/HTTP.o -o /Users/admin/builder/spi-builder-workspace/.derivedData/Build/Intermediates.noindex/swift-parsing.build/Debug-watchos/swift-parsing-benchmark-p.build/Objects-normal/arm64/JSON.o -debug-module-path /Users/admin/builder/spi-builder-workspace/.derivedData/Build/Intermediates.noindex/swift-parsing.build/Debug-watchos/swift-parsing-benchmark-p.build/Objects-normal/arm64/swift_parsing_benchmark.swiftmodule -index-unit-output-path /swift-parsing.build/Debug-watchos/swift-parsing-benchmark-p.build/Objects-normal/arm64/HTTP.o -index-unit-output-path /swift-parsing.build/Debug-watchos/swift-parsing-benchmark-p.build/Objects-normal/arm64/JSON.o -index-store-path /Users/admin/builder/spi-builder-workspace/.derivedData/Index.noindex/DataStore -index-system-modules
SwiftCompile normal arm64 Compiling\ Race.swift,\ ReadmeExample.swift /Users/admin/builder/spi-builder-workspace/Sources/swift-parsing-benchmark/Race.swift /Users/admin/builder/spi-builder-workspace/Sources/swift-parsing-benchmark/ReadmeExample.swift (in target 'swift-parsing-benchmark-product' from project 'swift-parsing')
SwiftCompile normal arm64 /Users/admin/builder/spi-builder-workspace/Sources/swift-parsing-benchmark/Race.swift (in target 'swift-parsing-benchmark-product' from project 'swift-parsing')
cd /Users/admin/builder/spi-builder-workspace/.swiftpm/xcode
builtin-SwiftPerFileCompile Race.swift
SwiftCompile normal arm64 /Users/admin/builder/spi-builder-workspace/Sources/swift-parsing-benchmark/ReadmeExample.swift (in target 'swift-parsing-benchmark-product' from project 'swift-parsing')
cd /Users/admin/builder/spi-builder-workspace/.swiftpm/xcode
builtin-SwiftPerFileCompile ReadmeExample.swift
SwiftCompile normal arm64 Compiling\ Arithmetic.swift,\ BinaryData.swift /Users/admin/builder/spi-builder-workspace/Sources/swift-parsing-benchmark/Arithmetic.swift /Users/admin/builder/spi-builder-workspace/Sources/swift-parsing-benchmark/BinaryData.swift (in target 'swift-parsing-benchmark-product' from project 'swift-parsing')
SwiftCompile normal arm64 /Users/admin/builder/spi-builder-workspace/Sources/swift-parsing-benchmark/Arithmetic.swift (in target 'swift-parsing-benchmark-product' from project 'swift-parsing')
cd /Users/admin/builder/spi-builder-workspace/.swiftpm/xcode
builtin-SwiftPerFileCompile Arithmetic.swift
SwiftCompile normal arm64 /Users/admin/builder/spi-builder-workspace/Sources/swift-parsing-benchmark/BinaryData.swift (in target 'swift-parsing-benchmark-product' from project 'swift-parsing')
cd /Users/admin/builder/spi-builder-workspace/.swiftpm/xcode
builtin-SwiftPerFileCompile BinaryData.swift
SwiftCompile normal arm64 Compiling\ ParsingError.swift,\ Date.swift /Users/admin/builder/spi-builder-workspace/Sources/swift-parsing-benchmark/Common/ParsingError.swift /Users/admin/builder/spi-builder-workspace/Sources/swift-parsing-benchmark/Date.swift (in target 'swift-parsing-benchmark-product' from project 'swift-parsing')
SwiftCompile normal arm64 /Users/admin/builder/spi-builder-workspace/Sources/swift-parsing-benchmark/Common/ParsingError.swift (in target 'swift-parsing-benchmark-product' from project 'swift-parsing')
cd /Users/admin/builder/spi-builder-workspace/.swiftpm/xcode
builtin-SwiftPerFileCompile ParsingError.swift
SwiftCompile normal arm64 /Users/admin/builder/spi-builder-workspace/Sources/swift-parsing-benchmark/Date.swift (in target 'swift-parsing-benchmark-product' from project 'swift-parsing')
cd /Users/admin/builder/spi-builder-workspace/.swiftpm/xcode
builtin-SwiftPerFileCompile Date.swift
SwiftCompile normal arm64 Compiling\ Numerics.swift,\ PrefixUpTo.swift /Users/admin/builder/spi-builder-workspace/Sources/swift-parsing-benchmark/Numerics.swift /Users/admin/builder/spi-builder-workspace/Sources/swift-parsing-benchmark/PrefixUpTo.swift (in target 'swift-parsing-benchmark-product' from project 'swift-parsing')
SwiftCompile normal arm64 /Users/admin/builder/spi-builder-workspace/Sources/swift-parsing-benchmark/Numerics.swift (in target 'swift-parsing-benchmark-product' from project 'swift-parsing')
cd /Users/admin/builder/spi-builder-workspace/.swiftpm/xcode
builtin-SwiftPerFileCompile Numerics.swift
SwiftCompile normal arm64 /Users/admin/builder/spi-builder-workspace/Sources/swift-parsing-benchmark/PrefixUpTo.swift (in target 'swift-parsing-benchmark-product' from project 'swift-parsing')
cd /Users/admin/builder/spi-builder-workspace/.swiftpm/xcode
builtin-SwiftPerFileCompile PrefixUpTo.swift
SwiftCompile normal arm64 Compiling\ XCTestLogs.swift /Users/admin/builder/spi-builder-workspace/Sources/swift-parsing-benchmark/XCTestLogs.swift (in target 'swift-parsing-benchmark-product' from project 'swift-parsing')
SwiftCompile normal arm64 /Users/admin/builder/spi-builder-workspace/Sources/swift-parsing-benchmark/XCTestLogs.swift (in target 'swift-parsing-benchmark-product' from project 'swift-parsing')
cd /Users/admin/builder/spi-builder-workspace/.swiftpm/xcode
builtin-SwiftPerFileCompile XCTestLogs.swift
SwiftCompile normal arm64 Compiling\ main.swift /Users/admin/builder/spi-builder-workspace/Sources/swift-parsing-benchmark/main.swift (in target 'swift-parsing-benchmark-product' from project 'swift-parsing')
SwiftCompile normal arm64 /Users/admin/builder/spi-builder-workspace/Sources/swift-parsing-benchmark/main.swift (in target 'swift-parsing-benchmark-product' from project 'swift-parsing')
cd /Users/admin/builder/spi-builder-workspace/.swiftpm/xcode
builtin-SwiftPerFileCompile main.swift
SwiftCompile normal arm64 Compiling\ Bool.swift,\ CSV.swift /Users/admin/builder/spi-builder-workspace/Sources/swift-parsing-benchmark/Bool.swift /Users/admin/builder/spi-builder-workspace/Sources/swift-parsing-benchmark/CSV.swift (in target 'swift-parsing-benchmark-product' from project 'swift-parsing')
SwiftCompile normal arm64 /Users/admin/builder/spi-builder-workspace/Sources/swift-parsing-benchmark/Bool.swift (in target 'swift-parsing-benchmark-product' from project 'swift-parsing')
cd /Users/admin/builder/spi-builder-workspace/.swiftpm/xcode
builtin-SwiftPerFileCompile Bool.swift
SwiftCompile normal arm64 /Users/admin/builder/spi-builder-workspace/Sources/swift-parsing-benchmark/CSV.swift (in target 'swift-parsing-benchmark-product' from project 'swift-parsing')
cd /Users/admin/builder/spi-builder-workspace/.swiftpm/xcode
builtin-SwiftPerFileCompile CSV.swift
SwiftCompile normal arm64 Compiling\ CSVSample.swift,\ XCTestLogsSample.swift /Users/admin/builder/spi-builder-workspace/Sources/swift-parsing-benchmark/Samples/CSVSample.swift /Users/admin/builder/spi-builder-workspace/Sources/swift-parsing-benchmark/Samples/XCTestLogsSample.swift (in target 'swift-parsing-benchmark-product' from project 'swift-parsing')
SwiftCompile normal arm64 /Users/admin/builder/spi-builder-workspace/Sources/swift-parsing-benchmark/Samples/CSVSample.swift (in target 'swift-parsing-benchmark-product' from project 'swift-parsing')
cd /Users/admin/builder/spi-builder-workspace/.swiftpm/xcode
builtin-SwiftPerFileCompile CSVSample.swift
SwiftCompile normal arm64 /Users/admin/builder/spi-builder-workspace/Sources/swift-parsing-benchmark/Samples/XCTestLogsSample.swift (in target 'swift-parsing-benchmark-product' from project 'swift-parsing')
cd /Users/admin/builder/spi-builder-workspace/.swiftpm/xcode
builtin-SwiftPerFileCompile XCTestLogsSample.swift
SwiftEmitModule normal arm64 Emitting\ module\ for\ swift_parsing_benchmark (in target 'swift-parsing-benchmark-product' from project 'swift-parsing')
SwiftCompile normal arm64 (in target 'swift-parsing-benchmark-product' from project 'swift-parsing')
cd /Users/admin/builder/spi-builder-workspace/.swiftpm/xcode
SwiftEmitModule normal arm64_32 Emitting\ module\ for\ swift_parsing_benchmark (in target 'swift-parsing-benchmark-product' from project 'swift-parsing')
SwiftCompile normal arm64_32 (in target 'swift-parsing-benchmark-product' from project 'swift-parsing')
cd /Users/admin/builder/spi-builder-workspace/.swiftpm/xcode
SwiftDriverJobDiscovery normal arm64 Compiling CSVSample.swift, XCTestLogsSample.swift (in target 'swift-parsing-benchmark-product' from project 'swift-parsing')
Ld /Users/admin/builder/spi-builder-workspace/.derivedData/Build/Intermediates.noindex/Benchmark.build/Debug-watchos/Benchmark-t.build/Objects-normal/arm64_32/Binary/Benchmark.o normal arm64_32 (in target 'Benchmark' from project 'Benchmark')
cd /Users/admin/builder/spi-builder-workspace/.dependencies/checkouts/swift-benchmark
/Applications/Xcode-27.0.0-Release.Candidate.app/Contents/Developer/Toolchains/XcodeDefault.xctoolchain/usr/bin/clang -Xlinker -reproducible -target arm64_32-apple-watchos9.0 -r -isysroot /Applications/Xcode-27.0.0-Release.Candidate.app/Contents/Developer/Platforms/WatchOS.platform/Developer/SDKs/WatchOS27.0.sdk -O0 -w -Xlinker -no_warn_duplicate_libraries -F/Users/admin/builder/spi-builder-workspace/.derivedData/Build/Intermediates.noindex/EagerLinkingTBDs/Debug-watchos -F/Users/admin/builder/spi-builder-workspace/.derivedData/Build/Products/Debug-watchos/PackageFrameworks -F/Users/admin/builder/spi-builder-workspace/.derivedData/Build/Products/Debug-watchos -iframework /Applications/Xcode-27.0.0-Release.Candidate.app/Contents/Developer/Platforms/WatchOS.platform/Developer/Library/Frameworks -iframework /Applications/Xcode-27.0.0-Release.Candidate.app/Contents/Developer/Platforms/WatchOS.platform/Developer/SDKs/WatchOS27.0.sdk/Developer/Library/Frameworks -filelist /Users/admin/builder/spi-builder-workspace/.derivedData/Build/Intermediates.noindex/Benchmark.build/Debug-watchos/Benchmark-t.build/Objects-normal/arm64_32/Benchmark.LinkFileList -nostdlib -Xlinker -object_path_lto -Xlinker /Users/admin/builder/spi-builder-workspace/.derivedData/Build/Intermediates.noindex/Benchmark.build/Debug-watchos/Benchmark-t.build/Objects-normal/arm64_32/Benchmark_lto.o -Xlinker -no_deduplicate -Xlinker -debug_variant -Xlinker -dependency_info -Xlinker /Users/admin/builder/spi-builder-workspace/.derivedData/Build/Intermediates.noindex/Benchmark.build/Debug-watchos/Benchmark-t.build/Objects-normal/arm64_32/Benchmark_dependency_info.dat -fobjc-link-runtime -L/Applications/Xcode-27.0.0-Release.Candidate.app/Contents/Developer/Toolchains/XcodeDefault.xctoolchain/usr/lib/swift/watchos -L/usr/lib/swift -Xlinker -add_ast_path -Xlinker /Users/admin/builder/spi-builder-workspace/.derivedData/Build/Intermediates.noindex/Benchmark.build/Debug-watchos/Benchmark-t.build/Objects-normal/arm64_32/Benchmark.swiftmodule -o /Users/admin/builder/spi-builder-workspace/.derivedData/Build/Intermediates.noindex/Benchmark.build/Debug-watchos/Benchmark-t.build/Objects-normal/arm64_32/Binary/Benchmark.o
SwiftDriverJobDiscovery normal arm64 Compiling Bool.swift, CSV.swift (in target 'swift-parsing-benchmark-product' from project 'swift-parsing')
SwiftCompile normal arm64_32 Compiling\ XCTestLogsSample.swift /Users/admin/builder/spi-builder-workspace/Sources/swift-parsing-benchmark/Samples/XCTestLogsSample.swift (in target 'swift-parsing-benchmark-product' from project 'swift-parsing')
SwiftCompile normal arm64_32 /Users/admin/builder/spi-builder-workspace/Sources/swift-parsing-benchmark/Samples/XCTestLogsSample.swift (in target 'swift-parsing-benchmark-product' from project 'swift-parsing')
cd /Users/admin/builder/spi-builder-workspace/.swiftpm/xcode
builtin-SwiftPerFileCompile XCTestLogsSample.swift
SwiftDriverJobDiscovery normal arm64 Compiling XCTestLogs.swift (in target 'swift-parsing-benchmark-product' from project 'swift-parsing')
SwiftCompile normal arm64 Compiling\ Color.swift /Users/admin/builder/spi-builder-workspace/Sources/swift-parsing-benchmark/Color.swift (in target 'swift-parsing-benchmark-product' from project 'swift-parsing')
SwiftCompile normal arm64 /Users/admin/builder/spi-builder-workspace/Sources/swift-parsing-benchmark/Color.swift (in target 'swift-parsing-benchmark-product' from project 'swift-parsing')
cd /Users/admin/builder/spi-builder-workspace/.swiftpm/xcode
builtin-SwiftPerFileCompile Color.swift
CreateUniversalBinary /Users/admin/builder/spi-builder-workspace/.derivedData/Build/Products/Debug-watchos/Benchmark.o normal arm64\ arm64_32 (in target 'Benchmark' from project 'Benchmark')
cd /Users/admin/builder/spi-builder-workspace/.dependencies/checkouts/swift-benchmark
/Applications/Xcode-27.0.0-Release.Candidate.app/Contents/Developer/Toolchains/XcodeDefault.xctoolchain/usr/bin/lipo -create /Users/admin/builder/spi-builder-workspace/.derivedData/Build/Intermediates.noindex/Benchmark.build/Debug-watchos/Benchmark-t.build/Objects-normal/arm64/Binary/Benchmark.o /Users/admin/builder/spi-builder-workspace/.derivedData/Build/Intermediates.noindex/Benchmark.build/Debug-watchos/Benchmark-t.build/Objects-normal/arm64_32/Binary/Benchmark.o -output /Users/admin/builder/spi-builder-workspace/.derivedData/Build/Products/Debug-watchos/Benchmark.o
SwiftDriverJobDiscovery normal arm64 Compiling Numerics.swift, PrefixUpTo.swift (in target 'swift-parsing-benchmark-product' from project 'swift-parsing')
SwiftCompile normal arm64_32 Compiling\ ReadmeExample.swift /Users/admin/builder/spi-builder-workspace/Sources/swift-parsing-benchmark/ReadmeExample.swift (in target 'swift-parsing-benchmark-product' from project 'swift-parsing')
SwiftCompile normal arm64_32 /Users/admin/builder/spi-builder-workspace/Sources/swift-parsing-benchmark/ReadmeExample.swift (in target 'swift-parsing-benchmark-product' from project 'swift-parsing')
cd /Users/admin/builder/spi-builder-workspace/.swiftpm/xcode
builtin-SwiftPerFileCompile ReadmeExample.swift
SwiftCompile normal arm64_32 Compiling\ Race.swift /Users/admin/builder/spi-builder-workspace/Sources/swift-parsing-benchmark/Race.swift (in target 'swift-parsing-benchmark-product' from project 'swift-parsing')
SwiftCompile normal arm64_32 /Users/admin/builder/spi-builder-workspace/Sources/swift-parsing-benchmark/Race.swift (in target 'swift-parsing-benchmark-product' from project 'swift-parsing')
cd /Users/admin/builder/spi-builder-workspace/.swiftpm/xcode
builtin-SwiftPerFileCompile Race.swift
SwiftDriverJobDiscovery normal arm64 Compiling Arithmetic.swift, BinaryData.swift (in target 'swift-parsing-benchmark-product' from project 'swift-parsing')
SwiftCompile normal arm64_32 Compiling\ JSON.swift /Users/admin/builder/spi-builder-workspace/Sources/swift-parsing-benchmark/JSON.swift (in target 'swift-parsing-benchmark-product' from project 'swift-parsing')
SwiftCompile normal arm64_32 /Users/admin/builder/spi-builder-workspace/Sources/swift-parsing-benchmark/JSON.swift (in target 'swift-parsing-benchmark-product' from project 'swift-parsing')
cd /Users/admin/builder/spi-builder-workspace/.swiftpm/xcode
builtin-SwiftPerFileCompile JSON.swift
SwiftDriverJobDiscovery normal arm64_32 Compiling XCTestLogsSample.swift (in target 'swift-parsing-benchmark-product' from project 'swift-parsing')
SwiftCompile normal arm64_32 Compiling\ CSVSample.swift /Users/admin/builder/spi-builder-workspace/Sources/swift-parsing-benchmark/Samples/CSVSample.swift (in target 'swift-parsing-benchmark-product' from project 'swift-parsing')
SwiftCompile normal arm64_32 /Users/admin/builder/spi-builder-workspace/Sources/swift-parsing-benchmark/Samples/CSVSample.swift (in target 'swift-parsing-benchmark-product' from project 'swift-parsing')
cd /Users/admin/builder/spi-builder-workspace/.swiftpm/xcode
builtin-SwiftPerFileCompile CSVSample.swift
SwiftDriverJobDiscovery normal arm64 Compiling Color.swift (in target 'swift-parsing-benchmark-product' from project 'swift-parsing')
SwiftCompile normal arm64_32 Compiling\ main.swift /Users/admin/builder/spi-builder-workspace/Sources/swift-parsing-benchmark/main.swift (in target 'swift-parsing-benchmark-product' from project 'swift-parsing')
SwiftCompile normal arm64_32 /Users/admin/builder/spi-builder-workspace/Sources/swift-parsing-benchmark/main.swift (in target 'swift-parsing-benchmark-product' from project 'swift-parsing')
cd /Users/admin/builder/spi-builder-workspace/.swiftpm/xcode
builtin-SwiftPerFileCompile main.swift
SwiftDriverJobDiscovery normal arm64 Compiling main.swift (in target 'swift-parsing-benchmark-product' from project 'swift-parsing')
SwiftCompile normal arm64_32 Compiling\ HTTP.swift /Users/admin/builder/spi-builder-workspace/Sources/swift-parsing-benchmark/HTTP.swift (in target 'swift-parsing-benchmark-product' from project 'swift-parsing')
SwiftCompile normal arm64_32 /Users/admin/builder/spi-builder-workspace/Sources/swift-parsing-benchmark/HTTP.swift (in target 'swift-parsing-benchmark-product' from project 'swift-parsing')
cd /Users/admin/builder/spi-builder-workspace/.swiftpm/xcode
builtin-SwiftPerFileCompile HTTP.swift
SwiftDriverJobDiscovery normal arm64 Compiling ParsingError.swift, Date.swift (in target 'swift-parsing-benchmark-product' from project 'swift-parsing')
SwiftCompile normal arm64_32 Compiling\ StringAbstractions.swift /Users/admin/builder/spi-builder-workspace/Sources/swift-parsing-benchmark/StringAbstractions.swift (in target 'swift-parsing-benchmark-product' from project 'swift-parsing')
SwiftCompile normal arm64_32 /Users/admin/builder/spi-builder-workspace/Sources/swift-parsing-benchmark/StringAbstractions.swift (in target 'swift-parsing-benchmark-product' from project 'swift-parsing')
cd /Users/admin/builder/spi-builder-workspace/.swiftpm/xcode
builtin-SwiftPerFileCompile StringAbstractions.swift
SwiftDriverJobDiscovery normal arm64 Compiling Race.swift, ReadmeExample.swift (in target 'swift-parsing-benchmark-product' from project 'swift-parsing')
SwiftCompile normal arm64_32 Compiling\ UUID.swift /Users/admin/builder/spi-builder-workspace/Sources/swift-parsing-benchmark/UUID.swift (in target 'swift-parsing-benchmark-product' from project 'swift-parsing')
SwiftCompile normal arm64_32 /Users/admin/builder/spi-builder-workspace/Sources/swift-parsing-benchmark/UUID.swift (in target 'swift-parsing-benchmark-product' from project 'swift-parsing')
cd /Users/admin/builder/spi-builder-workspace/.swiftpm/xcode
builtin-SwiftPerFileCompile UUID.swift
SwiftDriverJobDiscovery normal arm64_32 Compiling CSVSample.swift (in target 'swift-parsing-benchmark-product' from project 'swift-parsing')
SwiftCompile normal arm64_32 Compiling\ CSV.swift /Users/admin/builder/spi-builder-workspace/Sources/swift-parsing-benchmark/CSV.swift (in target 'swift-parsing-benchmark-product' from project 'swift-parsing')
SwiftCompile normal arm64_32 /Users/admin/builder/spi-builder-workspace/Sources/swift-parsing-benchmark/CSV.swift (in target 'swift-parsing-benchmark-product' from project 'swift-parsing')
cd /Users/admin/builder/spi-builder-workspace/.swiftpm/xcode
builtin-SwiftPerFileCompile CSV.swift
SwiftCompile normal arm64 Compiling\ StringAbstractions.swift,\ UUID.swift /Users/admin/builder/spi-builder-workspace/Sources/swift-parsing-benchmark/StringAbstractions.swift /Users/admin/builder/spi-builder-workspace/Sources/swift-parsing-benchmark/UUID.swift (in target 'swift-parsing-benchmark-product' from project 'swift-parsing')
SwiftCompile normal arm64 /Users/admin/builder/spi-builder-workspace/Sources/swift-parsing-benchmark/StringAbstractions.swift (in target 'swift-parsing-benchmark-product' from project 'swift-parsing')
cd /Users/admin/builder/spi-builder-workspace/.swiftpm/xcode
builtin-SwiftPerFileCompile StringAbstractions.swift
SwiftCompile normal arm64 /Users/admin/builder/spi-builder-workspace/Sources/swift-parsing-benchmark/UUID.swift (in target 'swift-parsing-benchmark-product' from project 'swift-parsing')
cd /Users/admin/builder/spi-builder-workspace/.swiftpm/xcode
builtin-SwiftPerFileCompile UUID.swift
SwiftCompile normal arm64_32 Compiling\ XCTestLogs.swift /Users/admin/builder/spi-builder-workspace/Sources/swift-parsing-benchmark/XCTestLogs.swift (in target 'swift-parsing-benchmark-product' from project 'swift-parsing')
SwiftCompile normal arm64_32 /Users/admin/builder/spi-builder-workspace/Sources/swift-parsing-benchmark/XCTestLogs.swift (in target 'swift-parsing-benchmark-product' from project 'swift-parsing')
cd /Users/admin/builder/spi-builder-workspace/.swiftpm/xcode
builtin-SwiftPerFileCompile XCTestLogs.swift
PruneExplicitPrecompiledModules /Users/admin/builder/spi-builder-workspace/.derivedData/Build/Intermediates.noindex/SwiftExplicitPrecompiledModules
PruneExplicitPrecompiledModules /Users/admin/builder/spi-builder-workspace/.derivedData/Build/Intermediates.noindex/ExplicitPrecompiledModules
PruneExplicitPrecompiledModules /Users/admin/builder/spi-builder-workspace/.derivedData/SDKExplicitPrecompiledModules
2026-09-24 10:06:40.502 xcodebuild[1310:8044] [MT] IDERunDestination: Supported platforms for the buildables in the current scheme is empty.
** BUILD FAILED **
The following build commands failed:
SwiftCompile normal arm64 /Users/admin/builder/spi-builder-workspace/Sources/swift-parsing-benchmark/JSON.swift (in target 'swift-parsing-benchmark-product' from project 'swift-parsing')
SwiftCompile normal arm64 Compiling\ HTTP.swift,\ JSON.swift /Users/admin/builder/spi-builder-workspace/Sources/swift-parsing-benchmark/HTTP.swift /Users/admin/builder/spi-builder-workspace/Sources/swift-parsing-benchmark/JSON.swift (in target 'swift-parsing-benchmark-product' from project 'swift-parsing')
Building workspace swift-parsing with scheme swift-parsing-Package
(3 failures)
BUILD FAILURE 6.4 watchOS