The Swift Package Index logo.Swift Package Index

Build Information

Failed to build SearchExpressionParser, reference 2.0.0 (bb1a1a), with Swift 6.3 for macOS (Xcode) using Xcode 26.4 on 13 Aug 2026 23:19:44 UTC.

Build Command

env DEVELOPER_DIR=/Applications/Xcode-26.4.0.app xcrun xcodebuild -IDEClonedSourcePackagesDirPathOverride=$PWD/.dependencies -skipMacroValidation -skipPackagePluginValidation -derivedDataPath $PWD/.derivedData build -scheme SearchExpressionParser -destination platform=macOS,arch=arm64

Build Log

========================================
RunAll
========================================
Builder version: undefined version: run 'make version' to update
Interrupt handler set up.
========================================
Checkout
========================================
Clone URL: https://github.com/CleanCocoa/SearchExpressionParser.git
Reference: 2.0.0
Initialized empty Git repository in /Users/admin/builder/spi-builder-workspace/.git/
From https://github.com/CleanCocoa/SearchExpressionParser
 * tag               2.0.0      -> FETCH_HEAD
HEAD is now at bb1a1ad docs: refresh README and add CHANGELOG for 2.0.0
Cloned https://github.com/CleanCocoa/SearchExpressionParser.git
Revision (git rev-parse @):
bb1a1ad7b42028efad7d4859a534f852bab17209
SUCCESS checkout https://github.com/CleanCocoa/SearchExpressionParser.git at 2.0.0
========================================
Build
========================================
Selected platform:         macosXcodebuild
Swift version:             6.3
Building package at path:  $PWD
https://github.com/CleanCocoa/SearchExpressionParser.git
Command line invocation:
    /Applications/Xcode-26.4.0.app/Contents/Developer/usr/bin/xcodebuild -IDEClonedSourcePackagesDirPathOverride=/Users/admin/builder/spi-builder-workspace/.dependencies -resolvePackageDependencies
resolved source packages:
{
  "dependencies" : [
  ],
  "manifest_display_name" : "SearchExpressionParser",
  "name" : "SearchExpressionParser",
  "path" : "/Users/admin/builder/spi-builder-workspace",
  "platforms" : [
    {
      "name" : "macos",
      "version" : "13"
    }
  ],
  "products" : [
    {
      "name" : "SearchExpressionParser",
      "targets" : [
        "SearchExpressionParser"
      ],
      "type" : {
        "library" : [
          "automatic"
        ]
      }
    }
  ],
  "targets" : [
    {
      "c99name" : "SearchExpressionParserTests",
      "module_type" : "SwiftTarget",
      "name" : "SearchExpressionParserTests",
      "path" : "Tests/SearchExpressionParserTests",
      "sources" : [
        "AnyEquatable.swift",
        "BalanceParenthesesTests.swift",
        "ExpressionDescriptionTests.swift",
        "ExpressionEnumTests.swift",
        "ExpressionEvaluatorTests.swift",
        "KeyValueNodesTests.swift",
        "KeyValueTokenTests.swift",
        "NormalizeTests.swift",
        "ParserTests.swift",
        "PhraseExtractorTests.swift",
        "StackOverflowTests.swift",
        "StringContainmentEvaluatorTests.swift",
        "TestHelpers.swift",
        "TokenizerTests.swift",
        "XCTAssertEqual+Token.swift"
      ],
      "target_dependencies" : [
        "SearchExpressionParser"
      ],
      "type" : "test"
    },
    {
      "c99name" : "SearchExpressionParser",
      "module_type" : "SwiftTarget",
      "name" : "SearchExpressionParser",
      "path" : "Sources/SearchExpressionParser",
      "product_memberships" : [
        "SearchExpressionParser"
      ],
      "sources" : [
        "Either.swift",
        "ExpressionEvaluator.swift",
        "Inspection/KeyValueNodes.swift",
        "NormalForm/Normalize.swift",
        "Parsing/Expressions.swift",
        "Parsing/Parser.swift",
        "Parsing/TokenBuffer.swift",
        "PhraseExtractor.swift",
        "SearchExpressionParser.swift",
        "StringContainmentEvaluator.swift",
        "Tokenization/Character+isWhitespace.swift",
        "Tokenization/TokenCharacterBuffer.swift",
        "Tokenization/TokenExtractor/AndExtractor.swift",
        "Tokenization/TokenExtractor/BangExtractor.swift",
        "Tokenization/TokenExtractor/Character+Extensions.swift",
        "Tokenization/TokenExtractor/KeyValueExtractor.swift",
        "Tokenization/TokenExtractor/NotExtractor.swift",
        "Tokenization/TokenExtractor/OrExtractor.swift",
        "Tokenization/TokenExtractor/ParensExtractors.swift",
        "Tokenization/TokenExtractor/QuotedPhraseExtractor.swift",
        "Tokenization/TokenExtractor/TokenExtractor.swift",
        "Tokenization/TokenExtractor/WordExtractor.swift",
        "Tokenization/Tokenizer.swift",
        "Tokenization/Tokens.swift"
      ],
      "type" : "library"
    }
  ],
  "tools_version" : "6.2"
}
{
  "project" : {
    "configurations" : [
      "Debug",
      "Release"
    ],
    "name" : "SearchExpressionParser",
    "schemes" : [
      "SearchExpressionParser"
    ],
    "targets" : [
      "SearchExpressionParser",
      "SearchExpressionParserTests"
    ]
  }
}
Running build ...
env DEVELOPER_DIR=/Applications/Xcode-26.4.0.app xcrun xcodebuild -IDEClonedSourcePackagesDirPathOverride=$PWD/.dependencies -skipMacroValidation -skipPackagePluginValidation -derivedDataPath $PWD/.derivedData build -scheme SearchExpressionParser -destination platform=macOS,arch=arm64
Command line invocation:
    /Applications/Xcode-26.4.0.app/Contents/Developer/usr/bin/xcodebuild -IDEClonedSourcePackagesDirPathOverride=/Users/admin/builder/spi-builder-workspace/.dependencies -skipMacroValidation -skipPackagePluginValidation -derivedDataPath /Users/admin/builder/spi-builder-workspace/.derivedData build -scheme SearchExpressionParser -destination platform=macOS,arch=arm64
ComputePackagePrebuildTargetDependencyGraph
Prepare packages
CreateBuildRequest
SendProjectDescription
CreateBuildOperation
ComputeTargetDependencyGraph
note: Building targets in dependency order
note: Target dependency graph (1 target)
    Target 'SearchExpressionParser' in project 'SearchExpressionParser' (no dependencies)
GatherProvisioningInputs
CreateBuildDescription
ExecuteExternalTool /Applications/Xcode-26.4.0.app/Contents/Developer/Toolchains/XcodeDefault.xctoolchain/usr/bin/clang -v -E -dM -isysroot /Applications/Xcode-26.4.0.app/Contents/Developer/Platforms/MacOSX.platform/Developer/SDKs/MacOSX26.4.sdk -x c -c /dev/null
ExecuteExternalTool /Applications/Xcode-26.4.0.app/Contents/Developer/Toolchains/XcodeDefault.xctoolchain/usr/bin/clang -v -E -dM -arch arm64 -isysroot /Applications/Xcode-26.4.0.app/Contents/Developer/Platforms/MacOSX.platform/Developer/SDKs/MacOSX26.4.sdk -x c -c /dev/null
ExecuteExternalTool /Applications/Xcode-26.4.0.app/Contents/Developer/Toolchains/XcodeDefault.xctoolchain/usr/bin/swiftc --version
ExecuteExternalTool /Applications/Xcode-26.4.0.app/Contents/Developer/Toolchains/XcodeDefault.xctoolchain/usr/bin/ld -version_details
Build description signature: 9088a2543d5684d45c3573f48613a044
Build description path: /Users/admin/builder/spi-builder-workspace/.derivedData/Build/Intermediates.noindex/XCBuildData/9088a2543d5684d45c3573f48613a044.xcbuilddata
ClangStatCache /Applications/Xcode-26.4.0.app/Contents/Developer/Toolchains/XcodeDefault.xctoolchain/usr/bin/clang-stat-cache /Applications/Xcode-26.4.0.app/Contents/Developer/Platforms/MacOSX.platform/Developer/SDKs/MacOSX26.4.sdk /Users/admin/builder/spi-builder-workspace/.derivedData/SDKStatCaches.noindex/macosx26.4-25E236-688ef53f1462e2c8f657fdc38a81448fdfce61f96a3a6fc38dcbb3b93e3bb2ee.sdkstatcache
    cd /Users/admin/builder/spi-builder-workspace/SearchExpressionParser.xcodeproj
    /Applications/Xcode-26.4.0.app/Contents/Developer/Toolchains/XcodeDefault.xctoolchain/usr/bin/clang-stat-cache /Applications/Xcode-26.4.0.app/Contents/Developer/Platforms/MacOSX.platform/Developer/SDKs/MacOSX26.4.sdk -o /Users/admin/builder/spi-builder-workspace/.derivedData/SDKStatCaches.noindex/macosx26.4-25E236-688ef53f1462e2c8f657fdc38a81448fdfce61f96a3a6fc38dcbb3b93e3bb2ee.sdkstatcache
CreateBuildDirectory /Users/admin/builder/spi-builder-workspace/.derivedData/Build/Products
    cd /Users/admin/builder/spi-builder-workspace/SearchExpressionParser.xcodeproj
    builtin-create-build-directory /Users/admin/builder/spi-builder-workspace/.derivedData/Build/Products
CreateBuildDirectory /Users/admin/builder/spi-builder-workspace/.derivedData/Build/Intermediates.noindex
    cd /Users/admin/builder/spi-builder-workspace/SearchExpressionParser.xcodeproj
    builtin-create-build-directory /Users/admin/builder/spi-builder-workspace/.derivedData/Build/Intermediates.noindex
CreateBuildDirectory /Users/admin/builder/spi-builder-workspace/.derivedData/Build/Intermediates.noindex/SwiftExplicitPrecompiledModules
    cd /Users/admin/builder/spi-builder-workspace/SearchExpressionParser.xcodeproj
    builtin-create-build-directory /Users/admin/builder/spi-builder-workspace/.derivedData/Build/Intermediates.noindex/SwiftExplicitPrecompiledModules
CreateBuildDirectory /Users/admin/builder/spi-builder-workspace/.derivedData/Build/Intermediates.noindex/ExplicitPrecompiledModules
    cd /Users/admin/builder/spi-builder-workspace/SearchExpressionParser.xcodeproj
    builtin-create-build-directory /Users/admin/builder/spi-builder-workspace/.derivedData/Build/Intermediates.noindex/ExplicitPrecompiledModules
CreateBuildDirectory /Users/admin/builder/spi-builder-workspace/.derivedData/Build/Intermediates.noindex/EagerLinkingTBDs/Debug
    cd /Users/admin/builder/spi-builder-workspace/SearchExpressionParser.xcodeproj
    builtin-create-build-directory /Users/admin/builder/spi-builder-workspace/.derivedData/Build/Intermediates.noindex/EagerLinkingTBDs/Debug
WriteAuxiliaryFile /Users/admin/builder/spi-builder-workspace/.derivedData/Build/Intermediates.noindex/SearchExpressionParser.build/Debug/SearchExpressionParser-af377b4623936568c10cf6a3dbf22a4b-VFS/all-product-headers.yaml
    cd /Users/admin/builder/spi-builder-workspace/SearchExpressionParser.xcodeproj
    write-file /Users/admin/builder/spi-builder-workspace/.derivedData/Build/Intermediates.noindex/SearchExpressionParser.build/Debug/SearchExpressionParser-af377b4623936568c10cf6a3dbf22a4b-VFS/all-product-headers.yaml
CreateBuildDirectory /Users/admin/builder/spi-builder-workspace/.derivedData/Build/Products/Debug
    cd /Users/admin/builder/spi-builder-workspace/SearchExpressionParser.xcodeproj
    builtin-create-build-directory /Users/admin/builder/spi-builder-workspace/.derivedData/Build/Products/Debug
WriteAuxiliaryFile /Users/admin/builder/spi-builder-workspace/.derivedData/Build/Intermediates.noindex/SearchExpressionParser.build/Debug/SearchExpressionParser.build/SearchExpressionParser.hmap (in target 'SearchExpressionParser' from project 'SearchExpressionParser')
    cd /Users/admin/builder/spi-builder-workspace
    write-file /Users/admin/builder/spi-builder-workspace/.derivedData/Build/Intermediates.noindex/SearchExpressionParser.build/Debug/SearchExpressionParser.build/SearchExpressionParser.hmap
WriteAuxiliaryFile /Users/admin/builder/spi-builder-workspace/.derivedData/Build/Intermediates.noindex/SearchExpressionParser.build/Debug/SearchExpressionParser.build/SearchExpressionParser-project-headers.hmap (in target 'SearchExpressionParser' from project 'SearchExpressionParser')
    cd /Users/admin/builder/spi-builder-workspace
    write-file /Users/admin/builder/spi-builder-workspace/.derivedData/Build/Intermediates.noindex/SearchExpressionParser.build/Debug/SearchExpressionParser.build/SearchExpressionParser-project-headers.hmap
WriteAuxiliaryFile /Users/admin/builder/spi-builder-workspace/.derivedData/Build/Intermediates.noindex/SearchExpressionParser.build/Debug/SearchExpressionParser.build/SearchExpressionParser-own-target-headers.hmap (in target 'SearchExpressionParser' from project 'SearchExpressionParser')
    cd /Users/admin/builder/spi-builder-workspace
    write-file /Users/admin/builder/spi-builder-workspace/.derivedData/Build/Intermediates.noindex/SearchExpressionParser.build/Debug/SearchExpressionParser.build/SearchExpressionParser-own-target-headers.hmap
WriteAuxiliaryFile /Users/admin/builder/spi-builder-workspace/.derivedData/Build/Intermediates.noindex/SearchExpressionParser.build/Debug/SearchExpressionParser.build/unextended-module-overlay.yaml (in target 'SearchExpressionParser' from project 'SearchExpressionParser')
    cd /Users/admin/builder/spi-builder-workspace
    write-file /Users/admin/builder/spi-builder-workspace/.derivedData/Build/Intermediates.noindex/SearchExpressionParser.build/Debug/SearchExpressionParser.build/unextended-module-overlay.yaml
WriteAuxiliaryFile /Users/admin/builder/spi-builder-workspace/.derivedData/Build/Intermediates.noindex/SearchExpressionParser.build/Debug/SearchExpressionParser.build/unextended-module.modulemap (in target 'SearchExpressionParser' from project 'SearchExpressionParser')
    cd /Users/admin/builder/spi-builder-workspace
    write-file /Users/admin/builder/spi-builder-workspace/.derivedData/Build/Intermediates.noindex/SearchExpressionParser.build/Debug/SearchExpressionParser.build/unextended-module.modulemap
WriteAuxiliaryFile /Users/admin/builder/spi-builder-workspace/.derivedData/Build/Intermediates.noindex/SearchExpressionParser.build/Debug/SearchExpressionParser.build/SearchExpressionParser.DependencyStaticMetadataFileList (in target 'SearchExpressionParser' from project 'SearchExpressionParser')
    cd /Users/admin/builder/spi-builder-workspace
    write-file /Users/admin/builder/spi-builder-workspace/.derivedData/Build/Intermediates.noindex/SearchExpressionParser.build/Debug/SearchExpressionParser.build/SearchExpressionParser.DependencyStaticMetadataFileList
WriteAuxiliaryFile /Users/admin/builder/spi-builder-workspace/.derivedData/Build/Intermediates.noindex/SearchExpressionParser.build/Debug/SearchExpressionParser.build/SearchExpressionParser.DependencyMetadataFileList (in target 'SearchExpressionParser' from project 'SearchExpressionParser')
    cd /Users/admin/builder/spi-builder-workspace
    write-file /Users/admin/builder/spi-builder-workspace/.derivedData/Build/Intermediates.noindex/SearchExpressionParser.build/Debug/SearchExpressionParser.build/SearchExpressionParser.DependencyMetadataFileList
WriteAuxiliaryFile /Users/admin/builder/spi-builder-workspace/.derivedData/Build/Intermediates.noindex/SearchExpressionParser.build/Debug/SearchExpressionParser.build/module.modulemap (in target 'SearchExpressionParser' from project 'SearchExpressionParser')
    cd /Users/admin/builder/spi-builder-workspace
    write-file /Users/admin/builder/spi-builder-workspace/.derivedData/Build/Intermediates.noindex/SearchExpressionParser.build/Debug/SearchExpressionParser.build/module.modulemap
WriteAuxiliaryFile /Users/admin/builder/spi-builder-workspace/.derivedData/Build/Intermediates.noindex/SearchExpressionParser.build/Debug/SearchExpressionParser.build/SearchExpressionParser-generated-files.hmap (in target 'SearchExpressionParser' from project 'SearchExpressionParser')
    cd /Users/admin/builder/spi-builder-workspace
    write-file /Users/admin/builder/spi-builder-workspace/.derivedData/Build/Intermediates.noindex/SearchExpressionParser.build/Debug/SearchExpressionParser.build/SearchExpressionParser-generated-files.hmap
WriteAuxiliaryFile /Users/admin/builder/spi-builder-workspace/.derivedData/Build/Intermediates.noindex/SearchExpressionParser.build/Debug/SearchExpressionParser.build/SearchExpressionParser-all-target-headers.hmap (in target 'SearchExpressionParser' from project 'SearchExpressionParser')
    cd /Users/admin/builder/spi-builder-workspace
    write-file /Users/admin/builder/spi-builder-workspace/.derivedData/Build/Intermediates.noindex/SearchExpressionParser.build/Debug/SearchExpressionParser.build/SearchExpressionParser-all-target-headers.hmap
WriteAuxiliaryFile /Users/admin/builder/spi-builder-workspace/.derivedData/Build/Intermediates.noindex/SearchExpressionParser.build/Debug/SearchExpressionParser.build/SearchExpressionParser-all-non-framework-target-headers.hmap (in target 'SearchExpressionParser' from project 'SearchExpressionParser')
    cd /Users/admin/builder/spi-builder-workspace
    write-file /Users/admin/builder/spi-builder-workspace/.derivedData/Build/Intermediates.noindex/SearchExpressionParser.build/Debug/SearchExpressionParser.build/SearchExpressionParser-all-non-framework-target-headers.hmap
WriteAuxiliaryFile /Users/admin/builder/spi-builder-workspace/.derivedData/Build/Intermediates.noindex/SearchExpressionParser.build/Debug/SearchExpressionParser.build/Objects-normal/arm64/SearchExpressionParser_const_extract_protocols.json (in target 'SearchExpressionParser' from project 'SearchExpressionParser')
    cd /Users/admin/builder/spi-builder-workspace
    write-file /Users/admin/builder/spi-builder-workspace/.derivedData/Build/Intermediates.noindex/SearchExpressionParser.build/Debug/SearchExpressionParser.build/Objects-normal/arm64/SearchExpressionParser_const_extract_protocols.json
WriteAuxiliaryFile /Users/admin/builder/spi-builder-workspace/.derivedData/Build/Intermediates.noindex/SearchExpressionParser.build/Debug/SearchExpressionParser.build/Objects-normal/arm64/SearchExpressionParser.SwiftFileList (in target 'SearchExpressionParser' from project 'SearchExpressionParser')
    cd /Users/admin/builder/spi-builder-workspace
    write-file /Users/admin/builder/spi-builder-workspace/.derivedData/Build/Intermediates.noindex/SearchExpressionParser.build/Debug/SearchExpressionParser.build/Objects-normal/arm64/SearchExpressionParser.SwiftFileList
WriteAuxiliaryFile /Users/admin/builder/spi-builder-workspace/.derivedData/Build/Intermediates.noindex/SearchExpressionParser.build/Debug/SearchExpressionParser.build/Objects-normal/arm64/SearchExpressionParser.SwiftConstValuesFileList (in target 'SearchExpressionParser' from project 'SearchExpressionParser')
    cd /Users/admin/builder/spi-builder-workspace
    write-file /Users/admin/builder/spi-builder-workspace/.derivedData/Build/Intermediates.noindex/SearchExpressionParser.build/Debug/SearchExpressionParser.build/Objects-normal/arm64/SearchExpressionParser.SwiftConstValuesFileList
WriteAuxiliaryFile /Users/admin/builder/spi-builder-workspace/.derivedData/Build/Intermediates.noindex/SearchExpressionParser.build/Debug/SearchExpressionParser.build/Objects-normal/arm64/SearchExpressionParser.LinkFileList (in target 'SearchExpressionParser' from project 'SearchExpressionParser')
    cd /Users/admin/builder/spi-builder-workspace
    write-file /Users/admin/builder/spi-builder-workspace/.derivedData/Build/Intermediates.noindex/SearchExpressionParser.build/Debug/SearchExpressionParser.build/Objects-normal/arm64/SearchExpressionParser.LinkFileList
WriteAuxiliaryFile /Users/admin/builder/spi-builder-workspace/.derivedData/Build/Intermediates.noindex/SearchExpressionParser.build/Debug/SearchExpressionParser.build/Objects-normal/arm64/SearchExpressionParser-OutputFileMap.json (in target 'SearchExpressionParser' from project 'SearchExpressionParser')
    cd /Users/admin/builder/spi-builder-workspace
    write-file /Users/admin/builder/spi-builder-workspace/.derivedData/Build/Intermediates.noindex/SearchExpressionParser.build/Debug/SearchExpressionParser.build/Objects-normal/arm64/SearchExpressionParser-OutputFileMap.json
WriteAuxiliaryFile /Users/admin/builder/spi-builder-workspace/.derivedData/Build/Intermediates.noindex/SearchExpressionParser.build/Debug/SearchExpressionParser.build/Objects-normal/arm64/7187679823f38a2a940e0043cdf9d637-common-args.resp (in target 'SearchExpressionParser' from project 'SearchExpressionParser')
    cd /Users/admin/builder/spi-builder-workspace
    write-file /Users/admin/builder/spi-builder-workspace/.derivedData/Build/Intermediates.noindex/SearchExpressionParser.build/Debug/SearchExpressionParser.build/Objects-normal/arm64/7187679823f38a2a940e0043cdf9d637-common-args.resp
'-std=gnu11' -fmodules -gmodules '-fmodules-cache-path=/Users/admin/builder/spi-builder-workspace/.derivedData/ModuleCache.noindex' '-fmodule-name=SearchExpressionParser' -fpascal-strings -O0 -fno-common '-DDEBUG=1' -g -iquote /Users/admin/builder/spi-builder-workspace/.derivedData/Build/Intermediates.noindex/SearchExpressionParser.build/Debug/SearchExpressionParser.build/SearchExpressionParser-generated-files.hmap -I/Users/admin/builder/spi-builder-workspace/.derivedData/Build/Intermediates.noindex/SearchExpressionParser.build/Debug/SearchExpressionParser.build/SearchExpressionParser-own-target-headers.hmap -I/Users/admin/builder/spi-builder-workspace/.derivedData/Build/Intermediates.noindex/SearchExpressionParser.build/Debug/SearchExpressionParser.build/SearchExpressionParser-all-non-framework-target-headers.hmap -ivfsoverlay /Users/admin/builder/spi-builder-workspace/.derivedData/Build/Intermediates.noindex/SearchExpressionParser.build/Debug/SearchExpressionParser-af377b4623936568c10cf6a3dbf22a4b-VFS/all-product-headers.yaml -iquote /Users/admin/builder/spi-builder-workspace/.derivedData/Build/Intermediates.noindex/SearchExpressionParser.build/Debug/SearchExpressionParser.build/SearchExpressionParser-project-headers.hmap -I/Users/admin/builder/spi-builder-workspace/.derivedData/Build/Products/Debug/include -I/Users/admin/builder/spi-builder-workspace/.derivedData/Build/Intermediates.noindex/SearchExpressionParser.build/Debug/SearchExpressionParser.build/DerivedSources-normal/arm64 -I/Users/admin/builder/spi-builder-workspace/.derivedData/Build/Intermediates.noindex/SearchExpressionParser.build/Debug/SearchExpressionParser.build/DerivedSources/arm64 -I/Users/admin/builder/spi-builder-workspace/.derivedData/Build/Intermediates.noindex/SearchExpressionParser.build/Debug/SearchExpressionParser.build/DerivedSources -F/Users/admin/builder/spi-builder-workspace/.derivedData/Build/Products/Debug
WriteAuxiliaryFile /Users/admin/builder/spi-builder-workspace/.derivedData/Build/Intermediates.noindex/SearchExpressionParser.build/Debug/SearchExpressionParser.build/DerivedSources/SearchExpressionParser_vers.c (in target 'SearchExpressionParser' from project 'SearchExpressionParser')
    cd /Users/admin/builder/spi-builder-workspace
    write-file /Users/admin/builder/spi-builder-workspace/.derivedData/Build/Intermediates.noindex/SearchExpressionParser.build/Debug/SearchExpressionParser.build/DerivedSources/SearchExpressionParser_vers.c
SymLink /Users/admin/builder/spi-builder-workspace/.derivedData/Build/Products/Debug/SearchExpressionParser.framework/Resources Versions/Current/Resources (in target 'SearchExpressionParser' from project 'SearchExpressionParser')
    cd /Users/admin/builder/spi-builder-workspace
    /bin/ln -sfh Versions/Current/Resources /Users/admin/builder/spi-builder-workspace/.derivedData/Build/Products/Debug/SearchExpressionParser.framework/Resources
SymLink /Users/admin/builder/spi-builder-workspace/.derivedData/Build/Products/Debug/SearchExpressionParser.framework/Modules Versions/Current/Modules (in target 'SearchExpressionParser' from project 'SearchExpressionParser')
    cd /Users/admin/builder/spi-builder-workspace
    /bin/ln -sfh Versions/Current/Modules /Users/admin/builder/spi-builder-workspace/.derivedData/Build/Products/Debug/SearchExpressionParser.framework/Modules
SymLink /Users/admin/builder/spi-builder-workspace/.derivedData/Build/Products/Debug/SearchExpressionParser.framework/SearchExpressionParser Versions/Current/SearchExpressionParser (in target 'SearchExpressionParser' from project 'SearchExpressionParser')
    cd /Users/admin/builder/spi-builder-workspace
    /bin/ln -sfh Versions/Current/SearchExpressionParser /Users/admin/builder/spi-builder-workspace/.derivedData/Build/Products/Debug/SearchExpressionParser.framework/SearchExpressionParser
SymLink /Users/admin/builder/spi-builder-workspace/.derivedData/Build/Products/Debug/SearchExpressionParser.framework/Versions/Current A (in target 'SearchExpressionParser' from project 'SearchExpressionParser')
    cd /Users/admin/builder/spi-builder-workspace
    /bin/ln -sfh A /Users/admin/builder/spi-builder-workspace/.derivedData/Build/Products/Debug/SearchExpressionParser.framework/Versions/Current
Copy /Users/admin/builder/spi-builder-workspace/.derivedData/Build/Products/Debug/SearchExpressionParser.framework/Versions/A/Modules/module.modulemap /Users/admin/builder/spi-builder-workspace/.derivedData/Build/Intermediates.noindex/SearchExpressionParser.build/Debug/SearchExpressionParser.build/module.modulemap (in target 'SearchExpressionParser' from project 'SearchExpressionParser')
    cd /Users/admin/builder/spi-builder-workspace
    builtin-copy -exclude .DS_Store -exclude CVS -exclude .svn -exclude .git -exclude .hg -resolve-src-symlinks /Users/admin/builder/spi-builder-workspace/.derivedData/Build/Intermediates.noindex/SearchExpressionParser.build/Debug/SearchExpressionParser.build/module.modulemap /Users/admin/builder/spi-builder-workspace/.derivedData/Build/Products/Debug/SearchExpressionParser.framework/Versions/A/Modules
CpHeader /Users/admin/builder/spi-builder-workspace/.derivedData/Build/Products/Debug/SearchExpressionParser.framework/Versions/A/Headers/SearchExpressionParser.h /Users/admin/builder/spi-builder-workspace/SearchExpressionParser/SearchExpressionParser.h (in target 'SearchExpressionParser' from project 'SearchExpressionParser')
    cd /Users/admin/builder/spi-builder-workspace
    builtin-copy -exclude .DS_Store -exclude CVS -exclude .svn -exclude .git -exclude .hg -resolve-src-symlinks /Users/admin/builder/spi-builder-workspace/SearchExpressionParser/SearchExpressionParser.h /Users/admin/builder/spi-builder-workspace/.derivedData/Build/Products/Debug/SearchExpressionParser.framework/Versions/A/Headers
SymLink /Users/admin/builder/spi-builder-workspace/.derivedData/Build/Products/Debug/SearchExpressionParser.framework/Headers Versions/Current/Headers (in target 'SearchExpressionParser' from project 'SearchExpressionParser')
    cd /Users/admin/builder/spi-builder-workspace
    /bin/ln -sfh Versions/Current/Headers /Users/admin/builder/spi-builder-workspace/.derivedData/Build/Products/Debug/SearchExpressionParser.framework/Headers
MkDir /Users/admin/builder/spi-builder-workspace/.derivedData/Build/Products/Debug/SearchExpressionParser.framework/Versions/A/Resources (in target 'SearchExpressionParser' from project 'SearchExpressionParser')
    cd /Users/admin/builder/spi-builder-workspace
    /bin/mkdir -p /Users/admin/builder/spi-builder-workspace/.derivedData/Build/Products/Debug/SearchExpressionParser.framework/Versions/A/Resources
MkDir /Users/admin/builder/spi-builder-workspace/.derivedData/Build/Products/Debug/SearchExpressionParser.framework/Versions/A/Headers (in target 'SearchExpressionParser' from project 'SearchExpressionParser')
    cd /Users/admin/builder/spi-builder-workspace
    /bin/mkdir -p /Users/admin/builder/spi-builder-workspace/.derivedData/Build/Products/Debug/SearchExpressionParser.framework/Versions/A/Headers
MkDir /Users/admin/builder/spi-builder-workspace/.derivedData/Build/Products/Debug/SearchExpressionParser.framework/Versions/A (in target 'SearchExpressionParser' from project 'SearchExpressionParser')
    cd /Users/admin/builder/spi-builder-workspace
    /bin/mkdir -p /Users/admin/builder/spi-builder-workspace/.derivedData/Build/Products/Debug/SearchExpressionParser.framework/Versions/A
MkDir /Users/admin/builder/spi-builder-workspace/.derivedData/Build/Products/Debug/SearchExpressionParser.framework/Versions (in target 'SearchExpressionParser' from project 'SearchExpressionParser')
    cd /Users/admin/builder/spi-builder-workspace
    /bin/mkdir -p /Users/admin/builder/spi-builder-workspace/.derivedData/Build/Products/Debug/SearchExpressionParser.framework/Versions
MkDir /Users/admin/builder/spi-builder-workspace/.derivedData/Build/Products/Debug/SearchExpressionParser.framework (in target 'SearchExpressionParser' from project 'SearchExpressionParser')
    cd /Users/admin/builder/spi-builder-workspace
    /bin/mkdir -p /Users/admin/builder/spi-builder-workspace/.derivedData/Build/Products/Debug/SearchExpressionParser.framework
ProcessInfoPlistFile /Users/admin/builder/spi-builder-workspace/.derivedData/Build/Products/Debug/SearchExpressionParser.framework/Versions/A/Resources/Info.plist /Users/admin/builder/spi-builder-workspace/SearchExpressionParser/Info.plist (in target 'SearchExpressionParser' from project 'SearchExpressionParser')
    cd /Users/admin/builder/spi-builder-workspace
    builtin-infoPlistUtility /Users/admin/builder/spi-builder-workspace/SearchExpressionParser/Info.plist -producttype com.apple.product-type.framework -expandbuildsettings -platform macosx -o /Users/admin/builder/spi-builder-workspace/.derivedData/Build/Products/Debug/SearchExpressionParser.framework/Versions/A/Resources/Info.plist
SwiftDriver\ Compilation\ Requirements SearchExpressionParser normal arm64 com.apple.xcode.tools.swift.compiler (in target 'SearchExpressionParser' from project 'SearchExpressionParser')
    cd /Users/admin/builder/spi-builder-workspace
    builtin-Swift-Compilation-Requirements -- /Applications/Xcode-26.4.0.app/Contents/Developer/Toolchains/XcodeDefault.xctoolchain/usr/bin/swiftc -module-name SearchExpressionParser -Onone @/Users/admin/builder/spi-builder-workspace/.derivedData/Build/Intermediates.noindex/SearchExpressionParser.build/Debug/SearchExpressionParser.build/Objects-normal/arm64/SearchExpressionParser.SwiftFileList -DDEBUG -enable-bare-slash-regex -enable-experimental-feature DebugDescriptionMacro -sdk /Applications/Xcode-26.4.0.app/Contents/Developer/Platforms/MacOSX.platform/Developer/SDKs/MacOSX26.4.sdk -target arm64-apple-macos10.13 -g -module-cache-path /Users/admin/builder/spi-builder-workspace/.derivedData/ModuleCache.noindex -Xfrontend -serialize-debugging-options -enable-testing -index-store-path /Users/admin/builder/spi-builder-workspace/.derivedData/Index.noindex/DataStore -Xcc -D_LIBCPP_HARDENING_MODE\=_LIBCPP_HARDENING_MODE_DEBUG -swift-version 5 -I /Users/admin/builder/spi-builder-workspace/.derivedData/Build/Products/Debug -F /Users/admin/builder/spi-builder-workspace/.derivedData/Build/Products/Debug -c -j10 -enable-batch-mode -incremental -Xcc -ivfsstatcache -Xcc /Users/admin/builder/spi-builder-workspace/.derivedData/SDKStatCaches.noindex/macosx26.4-25E236-688ef53f1462e2c8f657fdc38a81448fdfce61f96a3a6fc38dcbb3b93e3bb2ee.sdkstatcache -output-file-map /Users/admin/builder/spi-builder-workspace/.derivedData/Build/Intermediates.noindex/SearchExpressionParser.build/Debug/SearchExpressionParser.build/Objects-normal/arm64/SearchExpressionParser-OutputFileMap.json -use-frontend-parseable-output -save-temps -no-color-diagnostics -explicit-module-build -module-cache-path /Users/admin/builder/spi-builder-workspace/.derivedData/Build/Intermediates.noindex/SwiftExplicitPrecompiledModules -clang-scanner-module-cache-path /Users/admin/builder/spi-builder-workspace/.derivedData/ModuleCache.noindex -sdk-module-cache-path /Users/admin/builder/spi-builder-workspace/.derivedData/ModuleCache.noindex -serialize-diagnostics -emit-dependencies -emit-module -emit-module-path /Users/admin/builder/spi-builder-workspace/.derivedData/Build/Intermediates.noindex/SearchExpressionParser.build/Debug/SearchExpressionParser.build/Objects-normal/arm64/SearchExpressionParser.swiftmodule -validate-clang-modules-once -clang-build-session-file /Users/admin/builder/spi-builder-workspace/.derivedData/ModuleCache.noindex/Session.modulevalidation -Xcc -I/Users/admin/builder/spi-builder-workspace/.derivedData/Build/Intermediates.noindex/SearchExpressionParser.build/Debug/SearchExpressionParser.build/swift-overrides.hmap -emit-const-values -Xfrontend -const-gather-protocols-file -Xfrontend /Users/admin/builder/spi-builder-workspace/.derivedData/Build/Intermediates.noindex/SearchExpressionParser.build/Debug/SearchExpressionParser.build/Objects-normal/arm64/SearchExpressionParser_const_extract_protocols.json -Xcc -iquote -Xcc /Users/admin/builder/spi-builder-workspace/.derivedData/Build/Intermediates.noindex/SearchExpressionParser.build/Debug/SearchExpressionParser.build/SearchExpressionParser-generated-files.hmap -Xcc -I/Users/admin/builder/spi-builder-workspace/.derivedData/Build/Intermediates.noindex/SearchExpressionParser.build/Debug/SearchExpressionParser.build/SearchExpressionParser-own-target-headers.hmap -Xcc -I/Users/admin/builder/spi-builder-workspace/.derivedData/Build/Intermediates.noindex/SearchExpressionParser.build/Debug/SearchExpressionParser.build/SearchExpressionParser-all-non-framework-target-headers.hmap -Xcc -ivfsoverlay -Xcc /Users/admin/builder/spi-builder-workspace/.derivedData/Build/Intermediates.noindex/SearchExpressionParser.build/Debug/SearchExpressionParser-af377b4623936568c10cf6a3dbf22a4b-VFS/all-product-headers.yaml -Xcc -iquote -Xcc /Users/admin/builder/spi-builder-workspace/.derivedData/Build/Intermediates.noindex/SearchExpressionParser.build/Debug/SearchExpressionParser.build/SearchExpressionParser-project-headers.hmap -Xcc -I/Users/admin/builder/spi-builder-workspace/.derivedData/Build/Products/Debug/include -Xcc -I/Users/admin/builder/spi-builder-workspace/.derivedData/Build/Intermediates.noindex/SearchExpressionParser.build/Debug/SearchExpressionParser.build/DerivedSources-normal/arm64 -Xcc -I/Users/admin/builder/spi-builder-workspace/.derivedData/Build/Intermediates.noindex/SearchExpressionParser.build/Debug/SearchExpressionParser.build/DerivedSources/arm64 -Xcc -I/Users/admin/builder/spi-builder-workspace/.derivedData/Build/Intermediates.noindex/SearchExpressionParser.build/Debug/SearchExpressionParser.build/DerivedSources -Xcc -DDEBUG\=1 -emit-objc-header -emit-objc-header-path /Users/admin/builder/spi-builder-workspace/.derivedData/Build/Intermediates.noindex/SearchExpressionParser.build/Debug/SearchExpressionParser.build/Objects-normal/arm64/SearchExpressionParser-Swift.h -import-underlying-module -Xcc -ivfsoverlay -Xcc /Users/admin/builder/spi-builder-workspace/.derivedData/Build/Intermediates.noindex/SearchExpressionParser.build/Debug/SearchExpressionParser.build/unextended-module-overlay.yaml -working-directory /Users/admin/builder/spi-builder-workspace -experimental-emit-module-separately -disable-cmo
error: Build input files cannot be found: '/Users/admin/builder/spi-builder-workspace/Sources/SearchExpressionParser/NormalForm/ContainmentEvaluator.swift', '/Users/admin/builder/spi-builder-workspace/Sources/SearchExpressionParser/NormalForm/PhraseCollectionConvertible.swift'. Did you forget to declare these files as outputs of any script phases or custom build rules which produce them? (in target 'SearchExpressionParser' from project 'SearchExpressionParser')
SwiftDriver\ Compilation SearchExpressionParser normal arm64 com.apple.xcode.tools.swift.compiler (in target 'SearchExpressionParser' from project 'SearchExpressionParser')
    cd /Users/admin/builder/spi-builder-workspace
    builtin-Swift-Compilation -- /Applications/Xcode-26.4.0.app/Contents/Developer/Toolchains/XcodeDefault.xctoolchain/usr/bin/swiftc -module-name SearchExpressionParser -Onone @/Users/admin/builder/spi-builder-workspace/.derivedData/Build/Intermediates.noindex/SearchExpressionParser.build/Debug/SearchExpressionParser.build/Objects-normal/arm64/SearchExpressionParser.SwiftFileList -DDEBUG -enable-bare-slash-regex -enable-experimental-feature DebugDescriptionMacro -sdk /Applications/Xcode-26.4.0.app/Contents/Developer/Platforms/MacOSX.platform/Developer/SDKs/MacOSX26.4.sdk -target arm64-apple-macos10.13 -g -module-cache-path /Users/admin/builder/spi-builder-workspace/.derivedData/ModuleCache.noindex -Xfrontend -serialize-debugging-options -enable-testing -index-store-path /Users/admin/builder/spi-builder-workspace/.derivedData/Index.noindex/DataStore -Xcc -D_LIBCPP_HARDENING_MODE\=_LIBCPP_HARDENING_MODE_DEBUG -swift-version 5 -I /Users/admin/builder/spi-builder-workspace/.derivedData/Build/Products/Debug -F /Users/admin/builder/spi-builder-workspace/.derivedData/Build/Products/Debug -c -j10 -enable-batch-mode -incremental -Xcc -ivfsstatcache -Xcc /Users/admin/builder/spi-builder-workspace/.derivedData/SDKStatCaches.noindex/macosx26.4-25E236-688ef53f1462e2c8f657fdc38a81448fdfce61f96a3a6fc38dcbb3b93e3bb2ee.sdkstatcache -output-file-map /Users/admin/builder/spi-builder-workspace/.derivedData/Build/Intermediates.noindex/SearchExpressionParser.build/Debug/SearchExpressionParser.build/Objects-normal/arm64/SearchExpressionParser-OutputFileMap.json -use-frontend-parseable-output -save-temps -no-color-diagnostics -explicit-module-build -module-cache-path /Users/admin/builder/spi-builder-workspace/.derivedData/Build/Intermediates.noindex/SwiftExplicitPrecompiledModules -clang-scanner-module-cache-path /Users/admin/builder/spi-builder-workspace/.derivedData/ModuleCache.noindex -sdk-module-cache-path /Users/admin/builder/spi-builder-workspace/.derivedData/ModuleCache.noindex -serialize-diagnostics -emit-dependencies -emit-module -emit-module-path /Users/admin/builder/spi-builder-workspace/.derivedData/Build/Intermediates.noindex/SearchExpressionParser.build/Debug/SearchExpressionParser.build/Objects-normal/arm64/SearchExpressionParser.swiftmodule -validate-clang-modules-once -clang-build-session-file /Users/admin/builder/spi-builder-workspace/.derivedData/ModuleCache.noindex/Session.modulevalidation -Xcc -I/Users/admin/builder/spi-builder-workspace/.derivedData/Build/Intermediates.noindex/SearchExpressionParser.build/Debug/SearchExpressionParser.build/swift-overrides.hmap -emit-const-values -Xfrontend -const-gather-protocols-file -Xfrontend /Users/admin/builder/spi-builder-workspace/.derivedData/Build/Intermediates.noindex/SearchExpressionParser.build/Debug/SearchExpressionParser.build/Objects-normal/arm64/SearchExpressionParser_const_extract_protocols.json -Xcc -iquote -Xcc /Users/admin/builder/spi-builder-workspace/.derivedData/Build/Intermediates.noindex/SearchExpressionParser.build/Debug/SearchExpressionParser.build/SearchExpressionParser-generated-files.hmap -Xcc -I/Users/admin/builder/spi-builder-workspace/.derivedData/Build/Intermediates.noindex/SearchExpressionParser.build/Debug/SearchExpressionParser.build/SearchExpressionParser-own-target-headers.hmap -Xcc -I/Users/admin/builder/spi-builder-workspace/.derivedData/Build/Intermediates.noindex/SearchExpressionParser.build/Debug/SearchExpressionParser.build/SearchExpressionParser-all-non-framework-target-headers.hmap -Xcc -ivfsoverlay -Xcc /Users/admin/builder/spi-builder-workspace/.derivedData/Build/Intermediates.noindex/SearchExpressionParser.build/Debug/SearchExpressionParser-af377b4623936568c10cf6a3dbf22a4b-VFS/all-product-headers.yaml -Xcc -iquote -Xcc /Users/admin/builder/spi-builder-workspace/.derivedData/Build/Intermediates.noindex/SearchExpressionParser.build/Debug/SearchExpressionParser.build/SearchExpressionParser-project-headers.hmap -Xcc -I/Users/admin/builder/spi-builder-workspace/.derivedData/Build/Products/Debug/include -Xcc -I/Users/admin/builder/spi-builder-workspace/.derivedData/Build/Intermediates.noindex/SearchExpressionParser.build/Debug/SearchExpressionParser.build/DerivedSources-normal/arm64 -Xcc -I/Users/admin/builder/spi-builder-workspace/.derivedData/Build/Intermediates.noindex/SearchExpressionParser.build/Debug/SearchExpressionParser.build/DerivedSources/arm64 -Xcc -I/Users/admin/builder/spi-builder-workspace/.derivedData/Build/Intermediates.noindex/SearchExpressionParser.build/Debug/SearchExpressionParser.build/DerivedSources -Xcc -DDEBUG\=1 -emit-objc-header -emit-objc-header-path /Users/admin/builder/spi-builder-workspace/.derivedData/Build/Intermediates.noindex/SearchExpressionParser.build/Debug/SearchExpressionParser.build/Objects-normal/arm64/SearchExpressionParser-Swift.h -import-underlying-module -Xcc -ivfsoverlay -Xcc /Users/admin/builder/spi-builder-workspace/.derivedData/Build/Intermediates.noindex/SearchExpressionParser.build/Debug/SearchExpressionParser.build/unextended-module-overlay.yaml -working-directory /Users/admin/builder/spi-builder-workspace -experimental-emit-module-separately -disable-cmo
error: Build input files cannot be found: '/Users/admin/builder/spi-builder-workspace/Sources/SearchExpressionParser/NormalForm/ContainmentEvaluator.swift', '/Users/admin/builder/spi-builder-workspace/Sources/SearchExpressionParser/NormalForm/PhraseCollectionConvertible.swift'. Did you forget to declare these files as outputs of any script phases or custom build rules which produce them? (in target 'SearchExpressionParser' from project 'SearchExpressionParser')
** BUILD FAILED **
The following build commands failed:
	SwiftDriver\ Compilation\ Requirements SearchExpressionParser normal arm64 com.apple.xcode.tools.swift.compiler (in target 'SearchExpressionParser' from project 'SearchExpressionParser')
	SwiftDriver\ Compilation SearchExpressionParser normal arm64 com.apple.xcode.tools.swift.compiler (in target 'SearchExpressionParser' from project 'SearchExpressionParser')
	Building project SearchExpressionParser with scheme SearchExpressionParser
(3 failures)
Command line invocation:
    /Applications/Xcode-26.4.0.app/Contents/Developer/usr/bin/xcodebuild -IDEClonedSourcePackagesDirPathOverride=/Users/admin/builder/spi-builder-workspace/.dependencies -resolvePackageDependencies
resolved source packages:
{
  "dependencies" : [
  ],
  "manifest_display_name" : "SearchExpressionParser",
  "name" : "SearchExpressionParser",
  "path" : "/Users/admin/builder/spi-builder-workspace",
  "platforms" : [
    {
      "name" : "macos",
      "version" : "13"
    }
  ],
  "products" : [
    {
      "name" : "SearchExpressionParser",
      "targets" : [
        "SearchExpressionParser"
      ],
      "type" : {
        "library" : [
          "automatic"
        ]
      }
    }
  ],
  "targets" : [
    {
      "c99name" : "SearchExpressionParserTests",
      "module_type" : "SwiftTarget",
      "name" : "SearchExpressionParserTests",
      "path" : "Tests/SearchExpressionParserTests",
      "sources" : [
        "AnyEquatable.swift",
        "BalanceParenthesesTests.swift",
        "ExpressionDescriptionTests.swift",
        "ExpressionEnumTests.swift",
        "ExpressionEvaluatorTests.swift",
        "KeyValueNodesTests.swift",
        "KeyValueTokenTests.swift",
        "NormalizeTests.swift",
        "ParserTests.swift",
        "PhraseExtractorTests.swift",
        "StackOverflowTests.swift",
        "StringContainmentEvaluatorTests.swift",
        "TestHelpers.swift",
        "TokenizerTests.swift",
        "XCTAssertEqual+Token.swift"
      ],
      "target_dependencies" : [
        "SearchExpressionParser"
      ],
      "type" : "test"
    },
    {
      "c99name" : "SearchExpressionParser",
      "module_type" : "SwiftTarget",
      "name" : "SearchExpressionParser",
      "path" : "Sources/SearchExpressionParser",
      "product_memberships" : [
        "SearchExpressionParser"
      ],
      "sources" : [
        "Either.swift",
        "ExpressionEvaluator.swift",
        "Inspection/KeyValueNodes.swift",
        "NormalForm/Normalize.swift",
        "Parsing/Expressions.swift",
        "Parsing/Parser.swift",
        "Parsing/TokenBuffer.swift",
        "PhraseExtractor.swift",
        "SearchExpressionParser.swift",
        "StringContainmentEvaluator.swift",
        "Tokenization/Character+isWhitespace.swift",
        "Tokenization/TokenCharacterBuffer.swift",
        "Tokenization/TokenExtractor/AndExtractor.swift",
        "Tokenization/TokenExtractor/BangExtractor.swift",
        "Tokenization/TokenExtractor/Character+Extensions.swift",
        "Tokenization/TokenExtractor/KeyValueExtractor.swift",
        "Tokenization/TokenExtractor/NotExtractor.swift",
        "Tokenization/TokenExtractor/OrExtractor.swift",
        "Tokenization/TokenExtractor/ParensExtractors.swift",
        "Tokenization/TokenExtractor/QuotedPhraseExtractor.swift",
        "Tokenization/TokenExtractor/TokenExtractor.swift",
        "Tokenization/TokenExtractor/WordExtractor.swift",
        "Tokenization/Tokenizer.swift",
        "Tokenization/Tokens.swift"
      ],
      "type" : "library"
    }
  ],
  "tools_version" : "6.2"
}
{
  "project" : {
    "configurations" : [
      "Debug",
      "Release"
    ],
    "name" : "SearchExpressionParser",
    "schemes" : [
      "SearchExpressionParser"
    ],
    "targets" : [
      "SearchExpressionParser",
      "SearchExpressionParserTests"
    ]
  }
}
Running build ...
env DEVELOPER_DIR=/Applications/Xcode-26.4.0.app xcrun xcodebuild -IDEClonedSourcePackagesDirPathOverride=$PWD/.dependencies -skipMacroValidation -skipPackagePluginValidation -derivedDataPath $PWD/.derivedData build -scheme SearchExpressionParser -destination platform=macOS,arch=arm64
Command line invocation:
    /Applications/Xcode-26.4.0.app/Contents/Developer/usr/bin/xcodebuild -IDEClonedSourcePackagesDirPathOverride=/Users/admin/builder/spi-builder-workspace/.dependencies -skipMacroValidation -skipPackagePluginValidation -derivedDataPath /Users/admin/builder/spi-builder-workspace/.derivedData build -scheme SearchExpressionParser -destination platform=macOS,arch=arm64
ComputePackagePrebuildTargetDependencyGraph
Prepare packages
CreateBuildRequest
SendProjectDescription
CreateBuildOperation
ComputeTargetDependencyGraph
note: Building targets in dependency order
note: Target dependency graph (1 target)
    Target 'SearchExpressionParser' in project 'SearchExpressionParser' (no dependencies)
GatherProvisioningInputs
CreateBuildDescription
ClangStatCache /Applications/Xcode-26.4.0.app/Contents/Developer/Toolchains/XcodeDefault.xctoolchain/usr/bin/clang-stat-cache /Applications/Xcode-26.4.0.app/Contents/Developer/Platforms/MacOSX.platform/Developer/SDKs/MacOSX26.4.sdk /Users/admin/builder/spi-builder-workspace/.derivedData/SDKStatCaches.noindex/macosx26.4-25E236-688ef53f1462e2c8f657fdc38a81448fdfce61f96a3a6fc38dcbb3b93e3bb2ee.sdkstatcache
    cd /Users/admin/builder/spi-builder-workspace/SearchExpressionParser.xcodeproj
    /Applications/Xcode-26.4.0.app/Contents/Developer/Toolchains/XcodeDefault.xctoolchain/usr/bin/clang-stat-cache /Applications/Xcode-26.4.0.app/Contents/Developer/Platforms/MacOSX.platform/Developer/SDKs/MacOSX26.4.sdk -o /Users/admin/builder/spi-builder-workspace/.derivedData/SDKStatCaches.noindex/macosx26.4-25E236-688ef53f1462e2c8f657fdc38a81448fdfce61f96a3a6fc38dcbb3b93e3bb2ee.sdkstatcache
SwiftDriver\ Compilation SearchExpressionParser normal arm64 com.apple.xcode.tools.swift.compiler (in target 'SearchExpressionParser' from project 'SearchExpressionParser')
    cd /Users/admin/builder/spi-builder-workspace
    builtin-Swift-Compilation -- /Applications/Xcode-26.4.0.app/Contents/Developer/Toolchains/XcodeDefault.xctoolchain/usr/bin/swiftc -module-name SearchExpressionParser -Onone @/Users/admin/builder/spi-builder-workspace/.derivedData/Build/Intermediates.noindex/SearchExpressionParser.build/Debug/SearchExpressionParser.build/Objects-normal/arm64/SearchExpressionParser.SwiftFileList -DDEBUG -enable-bare-slash-regex -enable-experimental-feature DebugDescriptionMacro -sdk /Applications/Xcode-26.4.0.app/Contents/Developer/Platforms/MacOSX.platform/Developer/SDKs/MacOSX26.4.sdk -target arm64-apple-macos10.13 -g -module-cache-path /Users/admin/builder/spi-builder-workspace/.derivedData/ModuleCache.noindex -Xfrontend -serialize-debugging-options -enable-testing -index-store-path /Users/admin/builder/spi-builder-workspace/.derivedData/Index.noindex/DataStore -Xcc -D_LIBCPP_HARDENING_MODE\=_LIBCPP_HARDENING_MODE_DEBUG -swift-version 5 -I /Users/admin/builder/spi-builder-workspace/.derivedData/Build/Products/Debug -F /Users/admin/builder/spi-builder-workspace/.derivedData/Build/Products/Debug -c -j10 -enable-batch-mode -incremental -Xcc -ivfsstatcache -Xcc /Users/admin/builder/spi-builder-workspace/.derivedData/SDKStatCaches.noindex/macosx26.4-25E236-688ef53f1462e2c8f657fdc38a81448fdfce61f96a3a6fc38dcbb3b93e3bb2ee.sdkstatcache -output-file-map /Users/admin/builder/spi-builder-workspace/.derivedData/Build/Intermediates.noindex/SearchExpressionParser.build/Debug/SearchExpressionParser.build/Objects-normal/arm64/SearchExpressionParser-OutputFileMap.json -use-frontend-parseable-output -save-temps -no-color-diagnostics -explicit-module-build -module-cache-path /Users/admin/builder/spi-builder-workspace/.derivedData/Build/Intermediates.noindex/SwiftExplicitPrecompiledModules -clang-scanner-module-cache-path /Users/admin/builder/spi-builder-workspace/.derivedData/ModuleCache.noindex -sdk-module-cache-path /Users/admin/builder/spi-builder-workspace/.derivedData/ModuleCache.noindex -serialize-diagnostics -emit-dependencies -emit-module -emit-module-path /Users/admin/builder/spi-builder-workspace/.derivedData/Build/Intermediates.noindex/SearchExpressionParser.build/Debug/SearchExpressionParser.build/Objects-normal/arm64/SearchExpressionParser.swiftmodule -validate-clang-modules-once -clang-build-session-file /Users/admin/builder/spi-builder-workspace/.derivedData/ModuleCache.noindex/Session.modulevalidation -Xcc -I/Users/admin/builder/spi-builder-workspace/.derivedData/Build/Intermediates.noindex/SearchExpressionParser.build/Debug/SearchExpressionParser.build/swift-overrides.hmap -emit-const-values -Xfrontend -const-gather-protocols-file -Xfrontend /Users/admin/builder/spi-builder-workspace/.derivedData/Build/Intermediates.noindex/SearchExpressionParser.build/Debug/SearchExpressionParser.build/Objects-normal/arm64/SearchExpressionParser_const_extract_protocols.json -Xcc -iquote -Xcc /Users/admin/builder/spi-builder-workspace/.derivedData/Build/Intermediates.noindex/SearchExpressionParser.build/Debug/SearchExpressionParser.build/SearchExpressionParser-generated-files.hmap -Xcc -I/Users/admin/builder/spi-builder-workspace/.derivedData/Build/Intermediates.noindex/SearchExpressionParser.build/Debug/SearchExpressionParser.build/SearchExpressionParser-own-target-headers.hmap -Xcc -I/Users/admin/builder/spi-builder-workspace/.derivedData/Build/Intermediates.noindex/SearchExpressionParser.build/Debug/SearchExpressionParser.build/SearchExpressionParser-all-non-framework-target-headers.hmap -Xcc -ivfsoverlay -Xcc /Users/admin/builder/spi-builder-workspace/.derivedData/Build/Intermediates.noindex/SearchExpressionParser.build/Debug/SearchExpressionParser-af377b4623936568c10cf6a3dbf22a4b-VFS/all-product-headers.yaml -Xcc -iquote -Xcc /Users/admin/builder/spi-builder-workspace/.derivedData/Build/Intermediates.noindex/SearchExpressionParser.build/Debug/SearchExpressionParser.build/SearchExpressionParser-project-headers.hmap -Xcc -I/Users/admin/builder/spi-builder-workspace/.derivedData/Build/Products/Debug/include -Xcc -I/Users/admin/builder/spi-builder-workspace/.derivedData/Build/Intermediates.noindex/SearchExpressionParser.build/Debug/SearchExpressionParser.build/DerivedSources-normal/arm64 -Xcc -I/Users/admin/builder/spi-builder-workspace/.derivedData/Build/Intermediates.noindex/SearchExpressionParser.build/Debug/SearchExpressionParser.build/DerivedSources/arm64 -Xcc -I/Users/admin/builder/spi-builder-workspace/.derivedData/Build/Intermediates.noindex/SearchExpressionParser.build/Debug/SearchExpressionParser.build/DerivedSources -Xcc -DDEBUG\=1 -emit-objc-header -emit-objc-header-path /Users/admin/builder/spi-builder-workspace/.derivedData/Build/Intermediates.noindex/SearchExpressionParser.build/Debug/SearchExpressionParser.build/Objects-normal/arm64/SearchExpressionParser-Swift.h -import-underlying-module -Xcc -ivfsoverlay -Xcc /Users/admin/builder/spi-builder-workspace/.derivedData/Build/Intermediates.noindex/SearchExpressionParser.build/Debug/SearchExpressionParser.build/unextended-module-overlay.yaml -working-directory /Users/admin/builder/spi-builder-workspace -experimental-emit-module-separately -disable-cmo
error: Build input files cannot be found: '/Users/admin/builder/spi-builder-workspace/Sources/SearchExpressionParser/NormalForm/PhraseCollectionConvertible.swift', '/Users/admin/builder/spi-builder-workspace/Sources/SearchExpressionParser/NormalForm/ContainmentEvaluator.swift'. Did you forget to declare these files as outputs of any script phases or custom build rules which produce them? (in target 'SearchExpressionParser' from project 'SearchExpressionParser')
SwiftDriver\ Compilation\ Requirements SearchExpressionParser normal arm64 com.apple.xcode.tools.swift.compiler (in target 'SearchExpressionParser' from project 'SearchExpressionParser')
    cd /Users/admin/builder/spi-builder-workspace
    builtin-Swift-Compilation-Requirements -- /Applications/Xcode-26.4.0.app/Contents/Developer/Toolchains/XcodeDefault.xctoolchain/usr/bin/swiftc -module-name SearchExpressionParser -Onone @/Users/admin/builder/spi-builder-workspace/.derivedData/Build/Intermediates.noindex/SearchExpressionParser.build/Debug/SearchExpressionParser.build/Objects-normal/arm64/SearchExpressionParser.SwiftFileList -DDEBUG -enable-bare-slash-regex -enable-experimental-feature DebugDescriptionMacro -sdk /Applications/Xcode-26.4.0.app/Contents/Developer/Platforms/MacOSX.platform/Developer/SDKs/MacOSX26.4.sdk -target arm64-apple-macos10.13 -g -module-cache-path /Users/admin/builder/spi-builder-workspace/.derivedData/ModuleCache.noindex -Xfrontend -serialize-debugging-options -enable-testing -index-store-path /Users/admin/builder/spi-builder-workspace/.derivedData/Index.noindex/DataStore -Xcc -D_LIBCPP_HARDENING_MODE\=_LIBCPP_HARDENING_MODE_DEBUG -swift-version 5 -I /Users/admin/builder/spi-builder-workspace/.derivedData/Build/Products/Debug -F /Users/admin/builder/spi-builder-workspace/.derivedData/Build/Products/Debug -c -j10 -enable-batch-mode -incremental -Xcc -ivfsstatcache -Xcc /Users/admin/builder/spi-builder-workspace/.derivedData/SDKStatCaches.noindex/macosx26.4-25E236-688ef53f1462e2c8f657fdc38a81448fdfce61f96a3a6fc38dcbb3b93e3bb2ee.sdkstatcache -output-file-map /Users/admin/builder/spi-builder-workspace/.derivedData/Build/Intermediates.noindex/SearchExpressionParser.build/Debug/SearchExpressionParser.build/Objects-normal/arm64/SearchExpressionParser-OutputFileMap.json -use-frontend-parseable-output -save-temps -no-color-diagnostics -explicit-module-build -module-cache-path /Users/admin/builder/spi-builder-workspace/.derivedData/Build/Intermediates.noindex/SwiftExplicitPrecompiledModules -clang-scanner-module-cache-path /Users/admin/builder/spi-builder-workspace/.derivedData/ModuleCache.noindex -sdk-module-cache-path /Users/admin/builder/spi-builder-workspace/.derivedData/ModuleCache.noindex -serialize-diagnostics -emit-dependencies -emit-module -emit-module-path /Users/admin/builder/spi-builder-workspace/.derivedData/Build/Intermediates.noindex/SearchExpressionParser.build/Debug/SearchExpressionParser.build/Objects-normal/arm64/SearchExpressionParser.swiftmodule -validate-clang-modules-once -clang-build-session-file /Users/admin/builder/spi-builder-workspace/.derivedData/ModuleCache.noindex/Session.modulevalidation -Xcc -I/Users/admin/builder/spi-builder-workspace/.derivedData/Build/Intermediates.noindex/SearchExpressionParser.build/Debug/SearchExpressionParser.build/swift-overrides.hmap -emit-const-values -Xfrontend -const-gather-protocols-file -Xfrontend /Users/admin/builder/spi-builder-workspace/.derivedData/Build/Intermediates.noindex/SearchExpressionParser.build/Debug/SearchExpressionParser.build/Objects-normal/arm64/SearchExpressionParser_const_extract_protocols.json -Xcc -iquote -Xcc /Users/admin/builder/spi-builder-workspace/.derivedData/Build/Intermediates.noindex/SearchExpressionParser.build/Debug/SearchExpressionParser.build/SearchExpressionParser-generated-files.hmap -Xcc -I/Users/admin/builder/spi-builder-workspace/.derivedData/Build/Intermediates.noindex/SearchExpressionParser.build/Debug/SearchExpressionParser.build/SearchExpressionParser-own-target-headers.hmap -Xcc -I/Users/admin/builder/spi-builder-workspace/.derivedData/Build/Intermediates.noindex/SearchExpressionParser.build/Debug/SearchExpressionParser.build/SearchExpressionParser-all-non-framework-target-headers.hmap -Xcc -ivfsoverlay -Xcc /Users/admin/builder/spi-builder-workspace/.derivedData/Build/Intermediates.noindex/SearchExpressionParser.build/Debug/SearchExpressionParser-af377b4623936568c10cf6a3dbf22a4b-VFS/all-product-headers.yaml -Xcc -iquote -Xcc /Users/admin/builder/spi-builder-workspace/.derivedData/Build/Intermediates.noindex/SearchExpressionParser.build/Debug/SearchExpressionParser.build/SearchExpressionParser-project-headers.hmap -Xcc -I/Users/admin/builder/spi-builder-workspace/.derivedData/Build/Products/Debug/include -Xcc -I/Users/admin/builder/spi-builder-workspace/.derivedData/Build/Intermediates.noindex/SearchExpressionParser.build/Debug/SearchExpressionParser.build/DerivedSources-normal/arm64 -Xcc -I/Users/admin/builder/spi-builder-workspace/.derivedData/Build/Intermediates.noindex/SearchExpressionParser.build/Debug/SearchExpressionParser.build/DerivedSources/arm64 -Xcc -I/Users/admin/builder/spi-builder-workspace/.derivedData/Build/Intermediates.noindex/SearchExpressionParser.build/Debug/SearchExpressionParser.build/DerivedSources -Xcc -DDEBUG\=1 -emit-objc-header -emit-objc-header-path /Users/admin/builder/spi-builder-workspace/.derivedData/Build/Intermediates.noindex/SearchExpressionParser.build/Debug/SearchExpressionParser.build/Objects-normal/arm64/SearchExpressionParser-Swift.h -import-underlying-module -Xcc -ivfsoverlay -Xcc /Users/admin/builder/spi-builder-workspace/.derivedData/Build/Intermediates.noindex/SearchExpressionParser.build/Debug/SearchExpressionParser.build/unextended-module-overlay.yaml -working-directory /Users/admin/builder/spi-builder-workspace -experimental-emit-module-separately -disable-cmo
error: Build input files cannot be found: '/Users/admin/builder/spi-builder-workspace/Sources/SearchExpressionParser/NormalForm/PhraseCollectionConvertible.swift', '/Users/admin/builder/spi-builder-workspace/Sources/SearchExpressionParser/NormalForm/ContainmentEvaluator.swift'. Did you forget to declare these files as outputs of any script phases or custom build rules which produce them? (in target 'SearchExpressionParser' from project 'SearchExpressionParser')
** BUILD FAILED **
The following build commands failed:
	SwiftDriver\ Compilation SearchExpressionParser normal arm64 com.apple.xcode.tools.swift.compiler (in target 'SearchExpressionParser' from project 'SearchExpressionParser')
	SwiftDriver\ Compilation\ Requirements SearchExpressionParser normal arm64 com.apple.xcode.tools.swift.compiler (in target 'SearchExpressionParser' from project 'SearchExpressionParser')
	Building project SearchExpressionParser with scheme SearchExpressionParser
(3 failures)
BUILD FAILURE 6.3 macosXcodebuild