Build Information
Failed to build HelpfulKit, reference 1.1.4 (b2f27d), with Swift 6.4 for iOS using Xcode 27.0 on 20 Sep 2026 11:16:07 UTC.
Build Command
env DEVELOPER_DIR=/Applications/Xcode-27.0.0-Release.Candidate.app xcrun xcodebuild -IDEClonedSourcePackagesDirPathOverride=$PWD/.dependencies -skipMacroValidation -skipPackagePluginValidation -derivedDataPath $PWD/.derivedData build -scheme HelpfulKit -destination generic/platform=iOSBuild Log
========================================
RunAll
========================================
Builder version: 5.1.0
Interrupt handler set up.
========================================
Checkout
========================================
Clone URL: https://github.com/DipakPanchasara/HelpfulKit.git
Reference: 1.1.4
Initialized empty Git repository in /Users/admin/builder/spi-builder-workspace/.git/
From https://github.com/DipakPanchasara/HelpfulKit
* tag 1.1.4 -> FETCH_HEAD
HEAD is now at b2f27dd Crash Bug fixing
Cloned https://github.com/DipakPanchasara/HelpfulKit.git
Revision (git rev-parse @):
b2f27dd6f1bb3f866d4754fc8c8af4c1a9046f09
SUCCESS checkout https://github.com/DipakPanchasara/HelpfulKit.git at 1.1.4
========================================
Build
========================================
Selected platform: iOS
Swift version: 6.4
Building package at path: $PWD
https://github.com/DipakPanchasara/HelpfulKit.git
Command line invocation:
/Applications/Xcode-27.0.0-Release.Candidate.app/Contents/Developer/usr/bin/xcodebuild -IDEClonedSourcePackagesDirPathOverride=/Users/admin/builder/spi-builder-workspace/.dependencies -resolvePackageDependencies
resolved source packages:
{
"dependencies" : [
],
"manifest_display_name" : "HelpfulKit",
"name" : "HelpfulKit",
"path" : "/Users/admin/builder/spi-builder-workspace",
"platforms" : [
{
"name" : "ios",
"version" : "12.0"
}
],
"products" : [
{
"name" : "HelpfulKit",
"targets" : [
"HelpfulKit"
],
"type" : {
"library" : [
"automatic"
]
}
}
],
"targets" : [
{
"c99name" : "HelpfulKit",
"module_type" : "SwiftTarget",
"name" : "HelpfulKit",
"path" : "HelpfulKit",
"product_memberships" : [
"HelpfulKit"
],
"resources" : [
{
"path" : "/Users/admin/builder/spi-builder-workspace/HelpfulKit/Resources/EmptyView.xib",
"rule" : {
"process" : {
}
}
}
],
"sources" : [
"CodableHelper.swift",
"CustomPrint.swift",
"EmptyView.swift",
"Error.swift",
"ExtensionArray.swift",
"ExtensionCALayer.swift",
"ExtensionDate.swift",
"ExtensionDictionary.swift",
"ExtensionEncodable.swift",
"ExtensionInt.swift",
"ExtensionNSObject.swift",
"ExtensionSequence.swift",
"ExtensionString.swift",
"ExtensionUIApplication.swift",
"ExtensionUICollectionView.swift",
"ExtensionUIColor.swift",
"ExtensionUIImage.swift",
"ExtensionUIPageViewController.swift",
"ExtensionUIScrollView.swift",
"ExtensionUITableView.swift",
"ExtensionUITextField.swift",
"ExtensionUITextView.swift",
"ExtensionUIView.swift",
"ExtensionUIViewController.swift",
"ExtensionUIWindow.swift",
"ExtensionURL.swift",
"ExtensionsNSBundle.swift",
"JSONValue.swift",
"Logger.swift",
"Nullable.swift",
"Utility.swift"
],
"type" : "library"
}
],
"tools_version" : "5.3"
}
{
"project" : {
"configurations" : [
"Debug",
"Release"
],
"name" : "HelpfulKit",
"schemes" : [
"HelpfulKit"
],
"targets" : [
"HelpfulKit"
]
}
}
Running build ...
env DEVELOPER_DIR=/Applications/Xcode-27.0.0-Release.Candidate.app xcrun xcodebuild -IDEClonedSourcePackagesDirPathOverride=$PWD/.dependencies -skipMacroValidation -skipPackagePluginValidation -derivedDataPath $PWD/.derivedData build -scheme HelpfulKit -destination generic/platform=iOS
Command line invocation:
/Applications/Xcode-27.0.0-Release.Candidate.app/Contents/Developer/usr/bin/xcodebuild -IDEClonedSourcePackagesDirPathOverride=/Users/admin/builder/spi-builder-workspace/.dependencies -skipMacroValidation -skipPackagePluginValidation -derivedDataPath /Users/admin/builder/spi-builder-workspace/.derivedData build -scheme HelpfulKit -destination generic/platform=iOS
ComputePackagePrebuildTargetDependencyGraph
Prepare packages
CreateBuildRequest
SendProjectDescription
CreateBuildOperation
ComputeTargetDependencyGraph
note: Building targets in dependency order
note: Target dependency graph (1 target)
Target 'HelpfulKit' in project 'HelpfulKit' (no dependencies)
GatherProvisioningInputs
CreateBuildDescription
ExecuteExternalTool /Applications/Xcode-27.0.0-Release.Candidate.app/Contents/Developer/Toolchains/XcodeDefault.xctoolchain/usr/bin/clang -v -E -dM -isysroot /Applications/Xcode-27.0.0-Release.Candidate.app/Contents/Developer/Platforms/iPhoneOS.platform/Developer/SDKs/iPhoneOS27.0.sdk -x c -c /dev/null
ExecuteExternalTool /Applications/Xcode-27.0.0-Release.Candidate.app/Contents/Developer/Toolchains/XcodeDefault.xctoolchain/usr/bin/clang -v -E -dM -arch arm64 -isysroot /Applications/Xcode-27.0.0-Release.Candidate.app/Contents/Developer/Platforms/iPhoneOS.platform/Developer/SDKs/iPhoneOS27.0.sdk -x c -c /dev/null
ExecuteExternalTool /Applications/Xcode-27.0.0-Release.Candidate.app/Contents/Developer/usr/bin/ibtool --version --output-format xml1
ExecuteExternalTool /Applications/Xcode-27.0.0-Release.Candidate.app/Contents/Developer/Toolchains/XcodeDefault.xctoolchain/usr/bin/swiftc --version
ExecuteExternalTool /Applications/Xcode-27.0.0-Release.Candidate.app/Contents/Developer/Toolchains/XcodeDefault.xctoolchain/usr/bin/ld -version_details
Build description signature: ea3e80bd6720b70b30f3cbc1f4d970e2
Build description path: /Users/admin/builder/spi-builder-workspace/.derivedData/Build/Intermediates.noindex/XCBuildData/ea3e80bd6720b70b30f3cbc1f4d970e2.xcbuilddata
/Users/admin/builder/spi-builder-workspace/HelpfulKit.xcodeproj: error: The iOS deployment target 'IPHONEOS_DEPLOYMENT_TARGET' is set to 12.0, but the range of supported deployment target versions is 15.0 to 27.0.x. (in target 'HelpfulKit' from project 'HelpfulKit')
warning: Run script build phase 'Run Script' will be run during every build because it does not specify any outputs. To address this issue, either add output dependencies to the script phase, or configure it to run in every build by unchecking "Based on dependency analysis" in the script phase. (in target 'HelpfulKit' from project 'HelpfulKit')
2026-09-20 07:16:01.960 xcodebuild[616:3846] [MT] IDERunDestination: Supported platforms for the buildables in the current scheme is empty.
** BUILD FAILED **
The following build commands failed:
Building project HelpfulKit with scheme HelpfulKit
(1 failure)
Command line invocation:
/Applications/Xcode-27.0.0-Release.Candidate.app/Contents/Developer/usr/bin/xcodebuild -IDEClonedSourcePackagesDirPathOverride=/Users/admin/builder/spi-builder-workspace/.dependencies -resolvePackageDependencies
resolved source packages:
{
"dependencies" : [
],
"manifest_display_name" : "HelpfulKit",
"name" : "HelpfulKit",
"path" : "/Users/admin/builder/spi-builder-workspace",
"platforms" : [
{
"name" : "ios",
"version" : "12.0"
}
],
"products" : [
{
"name" : "HelpfulKit",
"targets" : [
"HelpfulKit"
],
"type" : {
"library" : [
"automatic"
]
}
}
],
"targets" : [
{
"c99name" : "HelpfulKit",
"module_type" : "SwiftTarget",
"name" : "HelpfulKit",
"path" : "HelpfulKit",
"product_memberships" : [
"HelpfulKit"
],
"resources" : [
{
"path" : "/Users/admin/builder/spi-builder-workspace/HelpfulKit/Resources/EmptyView.xib",
"rule" : {
"process" : {
}
}
}
],
"sources" : [
"CodableHelper.swift",
"CustomPrint.swift",
"EmptyView.swift",
"Error.swift",
"ExtensionArray.swift",
"ExtensionCALayer.swift",
"ExtensionDate.swift",
"ExtensionDictionary.swift",
"ExtensionEncodable.swift",
"ExtensionInt.swift",
"ExtensionNSObject.swift",
"ExtensionSequence.swift",
"ExtensionString.swift",
"ExtensionUIApplication.swift",
"ExtensionUICollectionView.swift",
"ExtensionUIColor.swift",
"ExtensionUIImage.swift",
"ExtensionUIPageViewController.swift",
"ExtensionUIScrollView.swift",
"ExtensionUITableView.swift",
"ExtensionUITextField.swift",
"ExtensionUITextView.swift",
"ExtensionUIView.swift",
"ExtensionUIViewController.swift",
"ExtensionUIWindow.swift",
"ExtensionURL.swift",
"ExtensionsNSBundle.swift",
"JSONValue.swift",
"Logger.swift",
"Nullable.swift",
"Utility.swift"
],
"type" : "library"
}
],
"tools_version" : "5.3"
}
{
"project" : {
"configurations" : [
"Debug",
"Release"
],
"name" : "HelpfulKit",
"schemes" : [
"HelpfulKit"
],
"targets" : [
"HelpfulKit"
]
}
}
Running build ...
env DEVELOPER_DIR=/Applications/Xcode-27.0.0-Release.Candidate.app xcrun xcodebuild -IDEClonedSourcePackagesDirPathOverride=$PWD/.dependencies -skipMacroValidation -skipPackagePluginValidation -derivedDataPath $PWD/.derivedData build -scheme HelpfulKit -destination generic/platform=iOS
Command line invocation:
/Applications/Xcode-27.0.0-Release.Candidate.app/Contents/Developer/usr/bin/xcodebuild -IDEClonedSourcePackagesDirPathOverride=/Users/admin/builder/spi-builder-workspace/.dependencies -skipMacroValidation -skipPackagePluginValidation -derivedDataPath /Users/admin/builder/spi-builder-workspace/.derivedData build -scheme HelpfulKit -destination generic/platform=iOS
ComputePackagePrebuildTargetDependencyGraph
Prepare packages
CreateBuildRequest
SendProjectDescription
CreateBuildOperation
ComputeTargetDependencyGraph
note: Building targets in dependency order
note: Target dependency graph (1 target)
Target 'HelpfulKit' in project 'HelpfulKit' (no dependencies)
GatherProvisioningInputs
CreateBuildDescription
/Users/admin/builder/spi-builder-workspace/HelpfulKit.xcodeproj: error: The iOS deployment target 'IPHONEOS_DEPLOYMENT_TARGET' is set to 12.0, but the range of supported deployment target versions is 15.0 to 27.0.x. (in target 'HelpfulKit' from project 'HelpfulKit')
warning: Run script build phase 'Run Script' will be run during every build because it does not specify any outputs. To address this issue, either add output dependencies to the script phase, or configure it to run in every build by unchecking "Based on dependency analysis" in the script phase. (in target 'HelpfulKit' from project 'HelpfulKit')
2026-09-20 07:16:07.211 xcodebuild[658:4185] [MT] IDERunDestination: Supported platforms for the buildables in the current scheme is empty.
** BUILD FAILED **
The following build commands failed:
Building project HelpfulKit with scheme HelpfulKit
(1 failure)
BUILD FAILURE 6.4 iOS