The Swift Package Index logo.Swift Package Index

Build Information

Failed to build EmbraceIO, reference 6.22.1 (280e44), with Swift 6.4 for Wasm on 1 Oct 2026 02:40:50 UTC.

Build Command

bash -c docker run --pull=always --rm -v "checkouts-54344843-0":/host -w "$PWD" -e JAVA_HOME="/root/.sdkman/candidates/java/current" -e SPI_BUILD="1" -e SPI_PROCESSING="1" registry.gitlab.com/saguaro1/spi-images:wasm-6.4-latest swift build --swift-sdk swift-6.4.x-DEVELOPMENT-SNAPSHOT-2026-09-04-a_wasm 2>&1

Build Log

========================================
RunAll
========================================
Builder version: 5.1.1
Interrupt handler set up.
========================================
Checkout
========================================
Clone URL: https://github.com/embrace-io/embrace-apple-sdk.git
Reference: 6.22.1
Initialized empty Git repository in /host/spi-builder-workspace/.git/
hint: Using 'master' as the name for the initial branch. This default branch name
hint: is subject to change. To configure the initial branch name to use in all
hint: of your new repositories, which will suppress this warning, call:
hint:
hint: 	git config --global init.defaultBranch <name>
hint:
hint: Names commonly chosen instead of 'master' are 'main', 'trunk' and
hint: 'development'. The just-created branch can be renamed via this command:
hint:
hint: 	git branch -m <name>
From https://github.com/embrace-io/embrace-apple-sdk
 * tag               6.22.1     -> FETCH_HEAD
HEAD is now at 280e449 CI/CD: Bumps version to '6.22.1'
Cloned https://github.com/embrace-io/embrace-apple-sdk.git
Revision (git rev-parse @):
280e4497a859781f3682f4bf12172fc4a89e9869
SUCCESS checkout https://github.com/embrace-io/embrace-apple-sdk.git at 6.22.1
========================================
Build
========================================
Selected platform:         wasm
Swift version:             6.4
Building package at path:  $PWD
https://github.com/embrace-io/embrace-apple-sdk.git
Running build ...
bash -c docker run --pull=always --rm -v "checkouts-54344843-0":/host -w "$PWD" -e JAVA_HOME="/root/.sdkman/candidates/java/current" -e SPI_BUILD="1" -e SPI_PROCESSING="1" registry.gitlab.com/saguaro1/spi-images:wasm-6.4-latest swift build --swift-sdk swift-6.4.x-DEVELOPMENT-SNAPSHOT-2026-09-04-a_wasm 2>&1
wasm-6.4-latest: Pulling from saguaro1/spi-images
Digest: sha256:4328fdb43c680d205c1d6761b1e3267aa38277eefdda9ddfb17b6a0f1a77857a
Status: Image is up to date for registry.gitlab.com/saguaro1/spi-images:wasm-6.4-latest
Fetching https://github.com/kstenerud/KSCrash
Fetching https://github.com/swiftlang/swift-syntax.git
Fetching https://github.com/open-telemetry/opentelemetry-swift-core
[1/15117] Fetching opentelemetry-swift-core
[15118/63881] Fetching opentelemetry-swift-core, kscrash
Fetched https://github.com/open-telemetry/opentelemetry-swift-core (0.72s)
[1952/128857] Fetching kscrash, swift-syntax
Fetched https://github.com/swiftlang/swift-syntax.git (4.01s)
[9239/48764] Fetching kscrash
Fetched https://github.com/kstenerud/KSCrash (10.20s)
Computing version for https://github.com/kstenerud/KSCrash
Computed https://github.com/kstenerud/KSCrash at 2.6.0 (10.50s)
Computing version for https://github.com/open-telemetry/opentelemetry-swift-core
warning: 'opentelemetry-swift-core': /Package.swift:13:15: warning: 'v4' is deprecated: watchOS 9.0 is the oldest supported version [#DeprecatedDeclaration]
11 |     .iOS(.v12),
12 |     .tvOS(.v12),
13 |     .watchOS(.v4),
   |               `- warning: 'v4' is deprecated: watchOS 9.0 is the oldest supported version [#DeprecatedDeclaration]
14 |     .visionOS(.v1),
15 |   ],
[#DeprecatedDeclaration]: <https://docs.swift.org/compiler/documentation/diagnostics/deprecated-declaration>
Computed https://github.com/open-telemetry/opentelemetry-swift-core at 2.6.0 (1.24s)
Fetching https://github.com/apple/swift-atomics.git
[1/1885] Fetching swift-atomics
Fetched https://github.com/apple/swift-atomics.git (0.47s)
Computing version for https://github.com/apple/swift-atomics.git
Computed https://github.com/apple/swift-atomics.git at 1.3.1 (0.65s)
Computing version for https://github.com/swiftlang/swift-syntax.git
Computed https://github.com/swiftlang/swift-syntax.git at 603.0.2 (0.36s)
Creating working copy for https://github.com/kstenerud/KSCrash
Working copy of https://github.com/kstenerud/KSCrash resolved at 2.6.0
Creating working copy for https://github.com/apple/swift-atomics.git
Working copy of https://github.com/apple/swift-atomics.git resolved at 1.3.1
Creating working copy for https://github.com/open-telemetry/opentelemetry-swift-core
Working copy of https://github.com/open-telemetry/opentelemetry-swift-core resolved at 2.6.0
Creating working copy for https://github.com/swiftlang/swift-syntax.git
Working copy of https://github.com/swiftlang/swift-syntax.git resolved at 603.0.2
warning: 'opentelemetry-swift-core': /host/spi-builder-workspace/.build/checkouts/opentelemetry-swift-core/Package.swift:13:15: warning: 'v4' is deprecated: watchOS 9.0 is the oldest supported version [#DeprecatedDeclaration]
11 |     .iOS(.v12),
12 |     .tvOS(.v12),
13 |     .watchOS(.v4),
   |               `- warning: 'v4' is deprecated: watchOS 9.0 is the oldest supported version [#DeprecatedDeclaration]
14 |     .visionOS(.v1),
15 |   ],
[#DeprecatedDeclaration]: <https://docs.swift.org/compiler/documentation/diagnostics/deprecated-declaration>
Building for debugging...
[Computing dependencies]
[Provisioning 5 / 67]
[Pre-planning 1 / 1790]
[Planning 764 / 1790]
[Planning 1029 / 1790]
[Planning 1216 / 1790]
[Planning 1278 / 1790]
[Planning deferred tasks]
[Constructing 2399 / 3692]
[135 / 689] SwiftCompilerPluginMessageHandling
In file included from /host/spi-builder-workspace/Tests/TestSupport/Objc/source/URLSessionDelegateImplementerButWithoutConforming.m:5:
/host/spi-builder-workspace/Tests/TestSupport/Objc/include/URLSessionDelegateImplementerButWithoutConforming.h:5:9: fatal error: 'Foundation/Foundation.h' file not found
    5 | #import <Foundation/Foundation.h>
      |         ^~~~~~~~~~~~~~~~~~~~~~~~~
1 error generated.
error: CompileC /host/spi-builder-workspace/.build/out/Intermediates.noindex/EmbraceIO.build/Debug-webassembly-wasm32/TestSupportObjc-t.build/Objects-normal/wasm32/URLSessionDelegateImplementerButWithoutConforming.o /host/spi-builder-workspace/Tests/TestSupport/Objc/source/URLSessionDelegateImplementerButWithoutConforming.m normal wasm32 objective-c com.apple.compilers.llvm.clang.1_0.compiler failed with a nonzero exit code. Command line:     cd /host

    Using response file: /host/spi-builder-workspace/.build/out/Intermediates.noindex/EmbraceIO.build/Debug-webassembly-wasm32/TestSupportObjc-t.build/Objects-normal/wasm32/6f95552a3397ee1cec971b90cf334075d5f321c3a3b0689ad55c3d1e24702600-common-args.resp

    /usr/bin/clang -x objective-c -target wasm32-unknown-wasip1 -fmessage-length\=0 -fdiagnostics-show-note-include-stack -fmacro-backtrace-limit\=0 -fcolor-diagnostics -Wno-trigraphs -Wno-missing-field-initializers -Wno-missing-prototypes -Wno-return-type -Wno-implicit-atomic-properties -Wno-objc-interface-ivars -Wno-arc-repeated-use-of-weak -Wno-missing-braces -Wparentheses -Wswitch -Wno-unused-function -Wno-unused-label -Wno-unused-parameter -Wno-unused-variable -Wunused-value -Wno-empty-body -Wno-uninitialized -Wno-unknown-pragmas -Wno-shadow -Wno-four-char-constants -Wno-conversion -Wno-constant-conversion -Wno-int-conversion -Wno-bool-conversion -Wno-enum-conversion -Wno-float-conversion -Wno-non-literal-null-conversion -Wno-objc-literal-conversion -Wno-shorten-64-to-32 -Wpointer-sign -Wno-newline-eof -Wno-selector -Wno-strict-selector-match -Wno-undeclared-selector -Wno-deprecated-implementations -Wno-implicit-fallthrough -fstrict-aliasing -Wprotocol -Wdeprecated-declarations -Wno-sign-conversion -Wno-infinite-recursion -Wno-comma -Wno-block-capture-autoreleasing -Wno-strict-prototypes -Wno-semicolon-before-method-body --sysroot /root/.swiftpm/swift-sdks/swift-6.4.x-DEVELOPMENT-SNAPSHOT-2026-09-04-a_wasm.artifactbundle/swift-6.4.x-DEVELOPMENT-SNAPSHOT-2026-09-04-a_wasm/wasm32-unknown-wasip1/WASI.sdk @/host/spi-builder-workspace/.build/out/Intermediates.noindex/EmbraceIO.build/Debug-webassembly-wasm32/TestSupportObjc-t.build/Objects-normal/wasm32/6f95552a3397ee1cec971b90cf334075d5f321c3a3b0689ad55c3d1e24702600-common-args.resp -MMD -MT dependencies -MF /host/spi-builder-workspace/.build/out/Intermediates.noindex/EmbraceIO.build/Debug-webassembly-wasm32/TestSupportObjc-t.build/Objects-normal/wasm32/URLSessionDelegateImplementerButWithoutConforming.d --serialize-diagnostics /host/spi-builder-workspace/.build/out/Intermediates.noindex/EmbraceIO.build/Debug-webassembly-wasm32/TestSupportObjc-t.build/Objects-normal/wasm32/URLSessionDelegateImplementerButWithoutConforming.dia -c /host/spi-builder-workspace/Tests/TestSupport/Objc/source/URLSessionDelegateImplementerButWithoutConforming.m -o /host/spi-builder-workspace/.build/out/Intermediates.noindex/EmbraceIO.build/Debug-webassembly-wasm32/TestSupportObjc-t.build/Objects-normal/wasm32/URLSessionDelegateImplementerButWithoutConforming.o
In file included from /host/spi-builder-workspace/Tests/TestSupport/Objc/source/LegacyProxyTestFactory.m:5:
/host/spi-builder-workspace/Tests/TestSupport/Objc/include/LegacyProxyTestFactory.h:5:9: fatal error: 'Foundation/Foundation.h' file not found
    5 | #import <Foundation/Foundation.h>
      |         ^~~~~~~~~~~~~~~~~~~~~~~~~
1 error generated.
error: CompileC /host/spi-builder-workspace/.build/out/Intermediates.noindex/EmbraceIO.build/Debug-webassembly-wasm32/TestSupportObjc-t.build/Objects-normal/wasm32/LegacyProxyTestFactory.o /host/spi-builder-workspace/Tests/TestSupport/Objc/source/LegacyProxyTestFactory.m normal wasm32 objective-c com.apple.compilers.llvm.clang.1_0.compiler failed with a nonzero exit code. Command line:     cd /host

    Using response file: /host/spi-builder-workspace/.build/out/Intermediates.noindex/EmbraceIO.build/Debug-webassembly-wasm32/TestSupportObjc-t.build/Objects-normal/wasm32/6f95552a3397ee1cec971b90cf334075d5f321c3a3b0689ad55c3d1e24702600-common-args.resp

    /usr/bin/clang -x objective-c -target wasm32-unknown-wasip1 -fmessage-length\=0 -fdiagnostics-show-note-include-stack -fmacro-backtrace-limit\=0 -fcolor-diagnostics -Wno-trigraphs -Wno-missing-field-initializers -Wno-missing-prototypes -Wno-return-type -Wno-implicit-atomic-properties -Wno-objc-interface-ivars -Wno-arc-repeated-use-of-weak -Wno-missing-braces -Wparentheses -Wswitch -Wno-unused-function -Wno-unused-label -Wno-unused-parameter -Wno-unused-variable -Wunused-value -Wno-empty-body -Wno-uninitialized -Wno-unknown-pragmas -Wno-shadow -Wno-four-char-constants -Wno-conversion -Wno-constant-conversion -Wno-int-conversion -Wno-bool-conversion -Wno-enum-conversion -Wno-float-conversion -Wno-non-literal-null-conversion -Wno-objc-literal-conversion -Wno-shorten-64-to-32 -Wpointer-sign -Wno-newline-eof -Wno-selector -Wno-strict-selector-match -Wno-undeclared-selector -Wno-deprecated-implementations -Wno-implicit-fallthrough -fstrict-aliasing -Wprotocol -Wdeprecated-declarations -Wno-sign-conversion -Wno-infinite-recursion -Wno-comma -Wno-block-capture-autoreleasing -Wno-strict-prototypes -Wno-semicolon-before-method-body --sysroot /root/.swiftpm/swift-sdks/swift-6.4.x-DEVELOPMENT-SNAPSHOT-2026-09-04-a_wasm.artifactbundle/swift-6.4.x-DEVELOPMENT-SNAPSHOT-2026-09-04-a_wasm/wasm32-unknown-wasip1/WASI.sdk @/host/spi-builder-workspace/.build/out/Intermediates.noindex/EmbraceIO.build/Debug-webassembly-wasm32/TestSupportObjc-t.build/Objects-normal/wasm32/6f95552a3397ee1cec971b90cf334075d5f321c3a3b0689ad55c3d1e24702600-common-args.resp -MMD -MT dependencies -MF /host/spi-builder-workspace/.build/out/Intermediates.noindex/EmbraceIO.build/Debug-webassembly-wasm32/TestSupportObjc-t.build/Objects-normal/wasm32/LegacyProxyTestFactory.d --serialize-diagnostics /host/spi-builder-workspace/.build/out/Intermediates.noindex/EmbraceIO.build/Debug-webassembly-wasm32/TestSupportObjc-t.build/Objects-normal/wasm32/LegacyProxyTestFactory.dia -c /host/spi-builder-workspace/Tests/TestSupport/Objc/source/LegacyProxyTestFactory.m -o /host/spi-builder-workspace/.build/out/Intermediates.noindex/EmbraceIO.build/Debug-webassembly-wasm32/TestSupportObjc-t.build/Objects-normal/wasm32/LegacyProxyTestFactory.o
error: Build failed
BUILD FAILURE 6.4 wasm