The Swift Package Index logo.Swift Package Index

Build Information

Failed to build ImageOCRUI, reference main (d97b08), with Swift 6.4 for macOS (SPM) on 20 Sep 2026 20:03:53 UTC.

Build Command

env DEVELOPER_DIR=/Applications/Xcode-27.0.0-Release.Candidate.app xcrun swift build --arch arm64

Build Log

========================================
RunAll
========================================
Builder version: 5.1.0
Interrupt handler set up.
========================================
Checkout
========================================
Clone URL: https://github.com/fatihdurmaz/ImageOCRUI.git
Reference: main
Initialized empty Git repository in /Users/admin/builder/spi-builder-workspace/.git/
From https://github.com/fatihdurmaz/ImageOCRUI
 * branch            main       -> FETCH_HEAD
 * [new branch]      main       -> origin/main
HEAD is now at d97b084 Create LICENSE
Cloned https://github.com/fatihdurmaz/ImageOCRUI.git
Revision (git rev-parse @):
d97b084385f99244089922ed376f5b61ba9d9dcb
SUCCESS checkout https://github.com/fatihdurmaz/ImageOCRUI.git at main
========================================
Build
========================================
Selected platform:         macosSpm
Swift version:             6.4
Building package at path:  $PWD
https://github.com/fatihdurmaz/ImageOCRUI.git
Running build ...
env DEVELOPER_DIR=/Applications/Xcode-27.0.0-Release.Candidate.app xcrun swift build --arch arm64
Building for debugging...
[Planning deferred tasks]
[19 / 28]
[20 / 29] ImageOCRUI
[31 / 111]
[34 / 111]
[42 / 111]
[44 / 111]
[45 / 111]
[51 / 111]
[53 / 111]
[55 / 111]
[58 / 111]
[63 / 111]
[66 / 111]
[68 / 111]
[69 / 111]
[80 / 111]
[83 / 111]
[84 / 111]
[90 / 111]
[96 / 111]
[97 / 111]
error: SwiftCompile normal arm64 failed with a nonzero exit code. Command line:     cd /Users/admin/builder

/Users/admin/builder/spi-builder-workspace/Sources/ImageOCRUI/ScannerView.swift:18:45: error: cannot find type 'VNDocumentCameraViewController' in scope
16 |     }
17 |
18 |     public typealias UIViewControllerType = VNDocumentCameraViewController
   |                                             `- error: cannot find type 'VNDocumentCameraViewController' in scope
19 |
20 |     public func makeUIViewController(context: UIViewControllerRepresentableContext<ScannerView>) -> VNDocumentCameraViewController {
/Users/admin/builder/spi-builder-workspace/Sources/ImageOCRUI/ScannerView.swift:20:101: error: cannot find type 'VNDocumentCameraViewController' in scope
18 |     public typealias UIViewControllerType = VNDocumentCameraViewController
19 |
20 |     public func makeUIViewController(context: UIViewControllerRepresentableContext<ScannerView>) -> VNDocumentCameraViewController {
   |                                                                                                     `- error: cannot find type 'VNDocumentCameraViewController' in scope
21 |         let viewController = VNDocumentCameraViewController()
22 |         viewController.delegate = context.coordinator
/Users/admin/builder/spi-builder-workspace/Sources/ImageOCRUI/ScannerView.swift:20:47: error: cannot find type 'UIViewControllerRepresentableContext' in scope
18 |     public typealias UIViewControllerType = VNDocumentCameraViewController
19 |
20 |     public func makeUIViewController(context: UIViewControllerRepresentableContext<ScannerView>) -> VNDocumentCameraViewController {
   |                                               `- error: cannot find type 'UIViewControllerRepresentableContext' in scope
21 |         let viewController = VNDocumentCameraViewController()
22 |         viewController.delegate = context.coordinator
/Users/admin/builder/spi-builder-workspace/Sources/ImageOCRUI/ScannerView.swift:26:60: error: cannot find type 'VNDocumentCameraViewController' in scope
24 |     }
25 |
26 |     public func updateUIViewController(_ uiViewController: VNDocumentCameraViewController, context: UIViewControllerRepresentableContext<ScannerView>) {}
   |                                                            `- error: cannot find type 'VNDocumentCameraViewController' in scope
27 |
28 |     public func makeCoordinator() -> Coordinator {
/Users/admin/builder/spi-builder-workspace/Sources/ImageOCRUI/ScannerView.swift:26:101: error: cannot find type 'UIViewControllerRepresentableContext' in scope
24 |     }
25 |
26 |     public func updateUIViewController(_ uiViewController: VNDocumentCameraViewController, context: UIViewControllerRepresentableContext<ScannerView>) {}
   |                                                                                                     `- error: cannot find type 'UIViewControllerRepresentableContext' in scope
27 |
28 |     public func makeCoordinator() -> Coordinator {
/Users/admin/builder/spi-builder-workspace/Sources/ImageOCRUI/ScannerView.swift:32:47: error: cannot find type 'VNDocumentCameraViewControllerDelegate' in scope
30 |     }
31 |
32 |     final public class Coordinator: NSObject, VNDocumentCameraViewControllerDelegate {
   |                                               `- error: cannot find type 'VNDocumentCameraViewControllerDelegate' in scope
33 |         public let completionHandler: ([String]?) -> Void
34 |
/Users/admin/builder/spi-builder-workspace/Sources/ImageOCRUI/ScannerView.swift:39:64: error: cannot find type 'VNDocumentCameraViewController' in scope
37 |         }
38 |
39 |         public func documentCameraViewController(_ controller: VNDocumentCameraViewController, didFinishWith scan: VNDocumentCameraScan) {
   |                                                                `- error: cannot find type 'VNDocumentCameraViewController' in scope
40 |             print("Document camera view controller did finish with ", scan)
41 |             let recognizer = TextRecognizer(cameraScan: scan)
/Users/admin/builder/spi-builder-workspace/Sources/ImageOCRUI/ScannerView.swift:39:116: error: cannot find type 'VNDocumentCameraScan' in scope
37 |         }
38 |
39 |         public func documentCameraViewController(_ controller: VNDocumentCameraViewController, didFinishWith scan: VNDocumentCameraScan) {
   |                                                                                                                    `- error: cannot find type 'VNDocumentCameraScan' in scope
40 |             print("Document camera view controller did finish with ", scan)
41 |             let recognizer = TextRecognizer(cameraScan: scan)
/Users/admin/builder/spi-builder-workspace/Sources/ImageOCRUI/ScannerView.swift:45:73: error: cannot find type 'VNDocumentCameraViewController' in scope
43 |         }
44 |
45 |         public func documentCameraViewControllerDidCancel(_ controller: VNDocumentCameraViewController) {
   |                                                                         `- error: cannot find type 'VNDocumentCameraViewController' in scope
46 |             completionHandler(nil)
47 |         }
/Users/admin/builder/spi-builder-workspace/Sources/ImageOCRUI/ScannerView.swift:49:64: error: cannot find type 'VNDocumentCameraViewController' in scope
47 |         }
48 |
49 |         public func documentCameraViewController(_ controller: VNDocumentCameraViewController, didFailWithError error: Error) {
   |                                                                `- error: cannot find type 'VNDocumentCameraViewController' in scope
50 |             print("Document camera view controller did finish with error ", error)
51 |             completionHandler(nil)
/Users/admin/builder/spi-builder-workspace/Sources/ImageOCRUI/ScannerView.swift:11:28: error: cannot find type 'UIViewControllerRepresentable' in scope
 9 | import SwiftUI
10 |
11 | public struct ScannerView: UIViewControllerRepresentable {
   |                            `- error: cannot find type 'UIViewControllerRepresentable' in scope
12 |     public let completionHandler: ([String]?) -> Void
13 |
/Users/admin/builder/spi-builder-workspace/Sources/ImageOCRUI/TextRecognizer.swift:13:21: error: cannot find type 'VNDocumentCameraScan' in scope
11 |
12 | final class TextRecognizer {
13 |     let cameraScan: VNDocumentCameraScan
   |                     `- error: cannot find type 'VNDocumentCameraScan' in scope
14 |
15 |     init(cameraScan: VNDocumentCameraScan) {
/Users/admin/builder/spi-builder-workspace/Sources/ImageOCRUI/TextRecognizer.swift:15:22: error: cannot find type 'VNDocumentCameraScan' in scope
13 |     let cameraScan: VNDocumentCameraScan
14 |
15 |     init(cameraScan: VNDocumentCameraScan) {
   |                      `- error: cannot find type 'VNDocumentCameraScan' in scope
16 |         self.cameraScan = cameraScan
17 |     }
Failed frontend command:
/Applications/Xcode-27.0.0-Release.Candidate.app/Contents/Developer/Toolchains/XcodeDefault.xctoolchain/usr/bin/swift-frontend -frontend -emit-module -experimental-skip-non-inlinable-function-bodies-without-types /Users/admin/builder/spi-builder-workspace/Sources/ImageOCRUI/ScannedText.swift /Users/admin/builder/spi-builder-workspace/Sources/ImageOCRUI/ScannerView.swift /Users/admin/builder/spi-builder-workspace/Sources/ImageOCRUI/TextRecognizer.swift -target arm64-apple-macos12.0 -disable-cross-import-overlay-search -swift-module-cross-import Vision /Applications/Xcode-27.0.0-Release.Candidate.app/Contents/Developer/Platforms/MacOSX.platform/Developer/SDKs/MacOSX.sdk/System/Library/Frameworks/Vision.framework/Modules/Vision.swiftcrossimport/FoundationModels.swiftoverlay -swift-module-cross-import Vision /Applications/Xcode-27.0.0-Release.Candidate.app/Contents/Developer/Platforms/MacOSX.platform/Developer/SDKs/MacOSX27.0.sdk/System/Library/Frameworks/Vision.framework/Modules/Vision.swiftcrossimport/FoundationModels.swiftoverlay -load-resolved-plugin /Applications/Xcode-27.0.0-Release.Candidate.app/Contents/Developer/Platforms/MacOSX.platform/Developer/usr/lib/swift/host/plugins/libFoundationMacros.dylib\#/Applications/Xcode-27.0.0-Release.Candidate.app/Contents/Developer/Platforms/MacOSX.platform/Developer/usr/bin/swift-plugin-server\#FoundationMacros -load-resolved-plugin /Applications/Xcode-27.0.0-Release.Candidate.app/Contents/Developer/Platforms/MacOSX.platform/Developer/usr/lib/swift/host/plugins/libObservationMacros.dylib\#/Applications/Xcode-27.0.0-Release.Candidate.app/Contents/Developer/Platforms/MacOSX.platform/Developer/usr/bin/swift-plugin-server\#ObservationMacros -load-resolved-plugin /Applications/Xcode-27.0.0-Release.Candidate.app/Contents/Developer/Platforms/MacOSX.platform/Developer/usr/lib/swift/host/plugins/libPreviewsMacros.dylib\#/Applications/Xcode-27.0.0-Release.Candidate.app/Contents/Developer/Platforms/MacOSX.platform/Developer/usr/bin/swift-plugin-server\#PreviewsMacros -load-resolved-plugin /Applications/Xcode-27.0.0-Release.Candidate.app/Contents/Developer/Platforms/MacOSX.platform/Developer/usr/lib/swift/host/plugins/libSwiftMacros.dylib\#/Applications/Xcode-27.0.0-Release.Candidate.app/Contents/Developer/Platforms/MacOSX.platform/Developer/usr/bin/swift-plugin-server\#SwiftMacros -load-resolved-plugin /Applications/Xcode-27.0.0-Release.Candidate.app/Contents/Developer/Platforms/MacOSX.platform/Developer/usr/lib/swift/host/plugins/libSwiftUIMacros.dylib\#/Applications/Xcode-27.0.0-Release.Candidate.app/Contents/Developer/Platforms/MacOSX.platform/Developer/usr/bin/swift-plugin-server\#SwiftUIMacros -disable-implicit-swift-modules -Xcc -fno-implicit-modules -Xcc -fno-implicit-module-maps -explicit-swift-module-map-file /Users/admin/builder/spi-builder-workspace/.build/out/Intermediates.noindex/ImageOCRUI.build/Debug/ImageOCRUI-t.build/Objects-normal/arm64/ImageOCRUI-dependencies-1.json -Xllvm -aarch64-use-tbi -enable-objc-interop -stack-check -sdk /Applications/Xcode-27.0.0-Release.Candidate.app/Contents/Developer/Platforms/MacOSX.platform/Developer/SDKs/MacOSX27.0.sdk -I /Users/admin/builder/spi-builder-workspace/.build/out/Products/Debug -Isystem /Applications/Xcode-27.0.0-Release.Candidate.app/Contents/Developer/Platforms/MacOSX.platform/Developer/usr/lib -F /Users/admin/builder/spi-builder-workspace/.build/out/Products/Debug -F /Applications/Xcode-27.0.0-Release.Candidate.app/Contents/Developer/Platforms/MacOSX.platform/Developer/Library/Frameworks -module-cache-path /Users/admin/builder/spi-builder-workspace/.build/out/Intermediates.noindex/SwiftExplicitPrecompiledModules -color-diagnostics -Xcc -fcolor-diagnostics -enable-testing -g -debug-info-format\=dwarf -dwarf-version\=4 -swift-version 5 -Onone -D SWIFT_PACKAGE -D DEBUG -D SWIFT_MODULE_RESOURCE_BUNDLE_UNAVAILABLE -D Xcode -serialize-debugging-options -enable-experimental-feature DebugDescriptionMacro -empty-abi-descriptor -validate-clang-modules-once -clang-build-session-file /Users/admin/builder/spi-builder-workspace/.build/out/ModuleCache.noindex/Session.modulevalidation -Xcc -working-directory -Xcc /Users/admin/builder -enable-anonymous-context-mangled-names -file-compilation-dir /Users/admin/builder -Xcc -D_LIBCPP_HARDENING_MODE\=_LIBCPP_HARDENING_MODE_DEBUG -Xcc -ivfsstatcache -Xcc /Users/admin/builder/spi-builder-workspace/.build/out/SDKStatCaches.noindex/macosx27.0-26A425-80c5bbf1d171475443272936d42f90a36a22442a12e9d48fe1a705f55a1adfc4.sdkstatcache -Xcc -fmodules-prune-interval\=86400 -Xcc -fmodules-prune-after\=345600 -Xcc -I/Users/admin/builder/spi-builder-workspace/.build/out/Products/Debug/include -Xcc -I/Users/admin/builder/spi-builder-workspace/.build/out/Intermediates.noindex/ImageOCRUI.build/Debug/ImageOCRUI-t.build/DerivedSources-normal/arm64 -Xcc -I/Users/admin/builder/spi-builder-workspace/.build/out/Intermediates.noindex/ImageOCRUI.build/Debug/ImageOCRUI-t.build/DerivedSources/arm64 -Xcc -I/Users/admin/builder/spi-builder-workspace/.build/out/Intermediates.noindex/ImageOCRUI.build/Debug/ImageOCRUI-t.build/DerivedSources -Xcc -DSWIFT_PACKAGE -Xcc -DDEBUG\=1 -no-auto-bridging-header-chaining -module-name ImageOCRUI -const-gather-protocols-file /Users/admin/builder/spi-builder-workspace/.build/out/Intermediates.noindex/ImageOCRUI.build/Debug/ImageOCRUI-t.build/Objects-normal/arm64/ImageOCRUI_const_extract_protocols.json -disable-clang-spi -clang-target arm64-apple-macos27.0 -target-sdk-version 27.0 -target-sdk-name macosx27.0 -in-process-plugin-server-path /Applications/Xcode-27.0.0-Release.Candidate.app/Contents/Developer/Toolchains/XcodeDefault.xctoolchain/usr/lib/swift/host/libSwiftInProcPluginServer.dylib -emit-module-doc-path /Users/admin/builder/spi-builder-workspace/.build/out/Intermediates.noindex/ImageOCRUI.build/Debug/ImageOCRUI-t.build/Objects-normal/arm64/ImageOCRUI.swiftdoc -emit-module-source-info-path /Users/admin/builder/spi-builder-workspace/.build/out/Intermediates.noindex/ImageOCRUI.build/Debug/ImageOCRUI-t.build/Objects-normal/arm64/ImageOCRUI.swiftsourceinfo -emit-objc-header-path /Users/admin/builder/spi-builder-workspace/.build/out/Intermediates.noindex/ImageOCRUI.build/Debug/ImageOCRUI-t.build/Objects-normal/arm64/ImageOCRUI-Swift.h -serialize-diagnostics-path /Users/admin/builder/spi-builder-workspace/.build/out/Intermediates.noindex/ImageOCRUI.build/Debug/ImageOCRUI-t.build/Objects-normal/arm64/ImageOCRUI-primary-emit-module.dia -emit-dependencies-path /Users/admin/builder/spi-builder-workspace/.build/out/Intermediates.noindex/ImageOCRUI.build/Debug/ImageOCRUI-t.build/Objects-normal/arm64/ImageOCRUI-primary-emit-module.d -parse-as-library -o /Users/admin/builder/spi-builder-workspace/.build/out/Intermediates.noindex/ImageOCRUI.build/Debug/ImageOCRUI-t.build/Objects-normal/arm64/ImageOCRUI.swiftmodule -emit-abi-descriptor-path /Users/admin/builder/spi-builder-workspace/.build/out/Intermediates.noindex/ImageOCRUI.build/Debug/ImageOCRUI-t.build/Objects-normal/arm64/ImageOCRUI.abi.json
error: Build failed
BUILD FAILURE 6.4 macosSpm