Build Information
Failed to build TransitionPatch, reference master (d7f716), with Swift 6.4 for iOS using Xcode 27.0 on 18 Sep 2026 11:30:25 UTC.
Build Command
env DEVELOPER_DIR=/Applications/Xcode-27.0.0-Release.Candidate.app xcrun xcodebuild -IDEClonedSourcePackagesDirPathOverride=$PWD/.dependencies -skipMacroValidation -skipPackagePluginValidation -derivedDataPath $PWD/.derivedData build -scheme TransitionPatch -destination generic/platform=iOSBuild Log
========================================
RunAll
========================================
Builder version: 5.1.0
Interrupt handler set up.
========================================
Checkout
========================================
Clone URL: https://github.com/FluidGroup/TransitionPatch.git
Reference: master
Initialized empty Git repository in /Users/admin/builder/spi-builder-workspace/.git/
From https://github.com/FluidGroup/TransitionPatch
* branch master -> FETCH_HEAD
* [new branch] master -> origin/master
HEAD is now at d7f7165 Create Release.yml
Cloned https://github.com/FluidGroup/TransitionPatch.git
Revision (git rev-parse @):
d7f7165384a811f47bdf3ba7be7108b51b2cf3e6
SUCCESS checkout https://github.com/FluidGroup/TransitionPatch.git at master
========================================
Build
========================================
Selected platform: iOS
Swift version: 6.4
Building package at path: $PWD
https://github.com/FluidGroup/TransitionPatch.git
Command line invocation:
/Applications/Xcode-27.0.0-Release.Candidate.app/Contents/Developer/usr/bin/xcodebuild -IDEClonedSourcePackagesDirPathOverride=/Users/admin/builder/spi-builder-workspace/.dependencies -resolvePackageDependencies
resolved source packages:
{
"dependencies" : [
],
"manifest_display_name" : "TransitionPatch",
"name" : "TransitionPatch",
"path" : "/Users/admin/builder/spi-builder-workspace",
"platforms" : [
{
"name" : "ios",
"version" : "10.0"
}
],
"products" : [
{
"name" : "TransitionPatch",
"targets" : [
"TransitionPatch"
],
"type" : {
"library" : [
"automatic"
]
}
}
],
"targets" : [
{
"c99name" : "TransitionPatch",
"module_type" : "SwiftTarget",
"name" : "TransitionPatch",
"path" : "TransitionPatch",
"product_memberships" : [
"TransitionPatch"
],
"sources" : [
"Source.swift"
],
"type" : "library"
}
],
"tools_version" : "5.1"
}
{
"project" : {
"configurations" : [
"Debug",
"Release"
],
"name" : "TransitionPatch",
"schemes" : [
"TransitionPatch"
],
"targets" : [
"TransitionPatch",
"TransitionPatchTests"
]
}
}
Running build ...
env DEVELOPER_DIR=/Applications/Xcode-27.0.0-Release.Candidate.app xcrun xcodebuild -IDEClonedSourcePackagesDirPathOverride=$PWD/.dependencies -skipMacroValidation -skipPackagePluginValidation -derivedDataPath $PWD/.derivedData build -scheme TransitionPatch -destination generic/platform=iOS
Command line invocation:
/Applications/Xcode-27.0.0-Release.Candidate.app/Contents/Developer/usr/bin/xcodebuild -IDEClonedSourcePackagesDirPathOverride=/Users/admin/builder/spi-builder-workspace/.dependencies -skipMacroValidation -skipPackagePluginValidation -derivedDataPath /Users/admin/builder/spi-builder-workspace/.derivedData build -scheme TransitionPatch -destination generic/platform=iOS
ComputePackagePrebuildTargetDependencyGraph
Prepare packages
CreateBuildRequest
SendProjectDescription
CreateBuildOperation
ComputeTargetDependencyGraph
note: Building targets in dependency order
note: Target dependency graph (1 target)
Target 'TransitionPatch' in project 'TransitionPatch' (no dependencies)
GatherProvisioningInputs
CreateBuildDescription
ExecuteExternalTool /Applications/Xcode-27.0.0-Release.Candidate.app/Contents/Developer/Toolchains/XcodeDefault.xctoolchain/usr/bin/clang -v -E -dM -isysroot /Applications/Xcode-27.0.0-Release.Candidate.app/Contents/Developer/Platforms/iPhoneOS.platform/Developer/SDKs/iPhoneOS27.0.sdk -x c -c /dev/null
ExecuteExternalTool /Applications/Xcode-27.0.0-Release.Candidate.app/Contents/Developer/Toolchains/XcodeDefault.xctoolchain/usr/bin/clang -v -E -dM -arch arm64 -isysroot /Applications/Xcode-27.0.0-Release.Candidate.app/Contents/Developer/Platforms/iPhoneOS.platform/Developer/SDKs/iPhoneOS27.0.sdk -x c -c /dev/null
ExecuteExternalTool /Applications/Xcode-27.0.0-Release.Candidate.app/Contents/Developer/Toolchains/XcodeDefault.xctoolchain/usr/bin/swiftc --version
ExecuteExternalTool /Applications/Xcode-27.0.0-Release.Candidate.app/Contents/Developer/Toolchains/XcodeDefault.xctoolchain/usr/bin/ld -version_details
Build description signature: 7dc58fd7414c23faeafceeee7b52aef2
Build description path: /Users/admin/builder/spi-builder-workspace/.derivedData/Build/Intermediates.noindex/XCBuildData/7dc58fd7414c23faeafceeee7b52aef2.xcbuilddata
/Users/admin/builder/spi-builder-workspace/TransitionPatch.xcodeproj: error: The iOS deployment target 'IPHONEOS_DEPLOYMENT_TARGET' is set to 12.2, but the range of supported deployment target versions is 15.0 to 27.0.x. (in target 'TransitionPatch' from project 'TransitionPatch')
** BUILD FAILED **
The following build commands failed:
Building project TransitionPatch with scheme TransitionPatch
(1 failure)
Command line invocation:
/Applications/Xcode-27.0.0-Release.Candidate.app/Contents/Developer/usr/bin/xcodebuild -IDEClonedSourcePackagesDirPathOverride=/Users/admin/builder/spi-builder-workspace/.dependencies -resolvePackageDependencies
resolved source packages:
{
"dependencies" : [
],
"manifest_display_name" : "TransitionPatch",
"name" : "TransitionPatch",
"path" : "/Users/admin/builder/spi-builder-workspace",
"platforms" : [
{
"name" : "ios",
"version" : "10.0"
}
],
"products" : [
{
"name" : "TransitionPatch",
"targets" : [
"TransitionPatch"
],
"type" : {
"library" : [
"automatic"
]
}
}
],
"targets" : [
{
"c99name" : "TransitionPatch",
"module_type" : "SwiftTarget",
"name" : "TransitionPatch",
"path" : "TransitionPatch",
"product_memberships" : [
"TransitionPatch"
],
"sources" : [
"Source.swift"
],
"type" : "library"
}
],
"tools_version" : "5.1"
}
{
"project" : {
"configurations" : [
"Debug",
"Release"
],
"name" : "TransitionPatch",
"schemes" : [
"TransitionPatch"
],
"targets" : [
"TransitionPatch",
"TransitionPatchTests"
]
}
}
Running build ...
env DEVELOPER_DIR=/Applications/Xcode-27.0.0-Release.Candidate.app xcrun xcodebuild -IDEClonedSourcePackagesDirPathOverride=$PWD/.dependencies -skipMacroValidation -skipPackagePluginValidation -derivedDataPath $PWD/.derivedData build -scheme TransitionPatch -destination generic/platform=iOS
Command line invocation:
/Applications/Xcode-27.0.0-Release.Candidate.app/Contents/Developer/usr/bin/xcodebuild -IDEClonedSourcePackagesDirPathOverride=/Users/admin/builder/spi-builder-workspace/.dependencies -skipMacroValidation -skipPackagePluginValidation -derivedDataPath /Users/admin/builder/spi-builder-workspace/.derivedData build -scheme TransitionPatch -destination generic/platform=iOS
ComputePackagePrebuildTargetDependencyGraph
Prepare packages
CreateBuildRequest
SendProjectDescription
CreateBuildOperation
ComputeTargetDependencyGraph
note: Building targets in dependency order
note: Target dependency graph (1 target)
Target 'TransitionPatch' in project 'TransitionPatch' (no dependencies)
GatherProvisioningInputs
CreateBuildDescription
/Users/admin/builder/spi-builder-workspace/TransitionPatch.xcodeproj: error: The iOS deployment target 'IPHONEOS_DEPLOYMENT_TARGET' is set to 12.2, but the range of supported deployment target versions is 15.0 to 27.0.x. (in target 'TransitionPatch' from project 'TransitionPatch')
** BUILD FAILED **
The following build commands failed:
Building project TransitionPatch with scheme TransitionPatch
(1 failure)
BUILD FAILURE 6.4 iOS