The Swift Package Index logo.Swift Package Index

Build Information

Failed to build TrailerJson, reference 1.3.1 (541648), with Swift 6.2 for watchOS using Xcode 26.3 on 26 Sep 2026 22:14:20 UTC.

Build Command

No build command. This typically means the build failed at an early stage where we determine the build command.

Build Log

========================================
RunAll
========================================
Builder version: 5.1.0
Interrupt handler set up.
========================================
Checkout
========================================
Clone URL: https://github.com/ptsochantaris/trailer-json.git
Reference: 1.3.1
Initialized empty Git repository in /Users/admin/builder/spi-builder-workspace/.git/
From https://github.com/ptsochantaris/trailer-json
 * tag               1.3.1      -> FETCH_HEAD
HEAD is now at 5416484 Performance improvements
Cloned https://github.com/ptsochantaris/trailer-json.git
Revision (git rev-parse @):
541648434ad1417d76a54bf10f5e08e65ad74347
SPI manifest file found: $PWD/.spi.yml
SUCCESS checkout https://github.com/ptsochantaris/trailer-json.git at 1.3.1
========================================
Build
========================================
Selected platform:         watchOS
Swift version:             6.2
Building package at path:  $PWD
https://github.com/ptsochantaris/trailer-json.git
Command line invocation:
    /Applications/Xcode-26.3.0.app/Contents/Developer/usr/bin/xcodebuild -IDEClonedSourcePackagesDirPathOverride=/Users/admin/builder/spi-builder-workspace/.dependencies -resolvePackageDependencies
Resolve Package Graph
package 'spi-builder-workspace' is using Swift tools version 6.3.0 but the installed version is 6.2.4
Resolved source packages:
  spi-builder-workspace: (null)
2026-09-26 18:14:11.435 xcodebuild[538:3093] [MT] IDERunDestination: Supported platforms for the buildables in the current scheme is empty.
2026-09-26 18:14:18.984 xcodebuild[538:3093] [MT] IDERunDestination: Supported platforms for the buildables in the current scheme is empty.
2026-09-26 18:14:19.039 xcodebuild[538:3093] Writing error result bundle to /var/folders/xq/y_g06wb113726d38xsyx71_h0000gn/T/ResultBundle_2026-26-09_18-14-0019.xcresult
xcodebuild: error: Could not resolve package dependencies:
  package 'spi-builder-workspace' is using Swift tools version 6.3.0 but the installed version is 6.2.4
Command line invocation:
    /Applications/Xcode-26.3.0.app/Contents/Developer/usr/bin/xcodebuild -IDEClonedSourcePackagesDirPathOverride=/Users/admin/builder/spi-builder-workspace/.dependencies -resolvePackageDependencies
Resolve Package Graph
package 'spi-builder-workspace' is using Swift tools version 6.3.0 but the installed version is 6.2.4
Resolved source packages:
  spi-builder-workspace: (null)
2026-09-26 18:14:19.747 xcodebuild[600:3626] [MT] IDERunDestination: Supported platforms for the buildables in the current scheme is empty.
2026-09-26 18:14:19.920 xcodebuild[600:3626] [MT] IDERunDestination: Supported platforms for the buildables in the current scheme is empty.
2026-09-26 18:14:19.970 xcodebuild[600:3626] Writing error result bundle to /var/folders/xq/y_g06wb113726d38xsyx71_h0000gn/T/ResultBundle_2026-26-09_18-14-0019.xcresult
xcodebuild: error: Could not resolve package dependencies:
  package 'spi-builder-workspace' is using Swift tools version 6.3.0 but the installed version is 6.2.4
BUILD FAILURE 6.2 watchOS