Build Information
Failed to build TCJSON, reference master (2d41c5), with Swift 6.4 for watchOS using Xcode 27.0 on 16 Sep 2026 09:03:09 UTC.
Build Command
No build command. This typically means the build failed at an early stage where we determine the build command.Build Log
========================================
RunAll
========================================
Builder version: 5.1.0
Interrupt handler set up.
========================================
Checkout
========================================
Clone URL: https://github.com/TizianoCoroneo/TCJSON.git
Reference: master
Initialized empty Git repository in /Users/admin/builder/spi-builder-workspace/.git/
From https://github.com/TizianoCoroneo/TCJSON
* branch master -> FETCH_HEAD
* [new branch] master -> origin/master
HEAD is now at 2d41c5d Bumped to version 0.3.13 Updated docs.
Cloned https://github.com/TizianoCoroneo/TCJSON.git
Revision (git rev-parse @):
2d41c5d42ed218089b333651b821379d78512e1d
SUCCESS checkout https://github.com/TizianoCoroneo/TCJSON.git at master
========================================
Build
========================================
Selected platform: watchOS
Swift version: 6.4
Building package at path: $PWD
https://github.com/TizianoCoroneo/TCJSON.git
Command line invocation:
/Applications/Xcode-27.0.0-Release.Candidate.app/Contents/Developer/usr/bin/xcodebuild -IDEClonedSourcePackagesDirPathOverride=/Users/admin/builder/spi-builder-workspace/.dependencies -resolvePackageDependencies
2026-09-16 05:03:07.955 xcodebuild[529:3046] Writing error result bundle to /var/folders/xq/y_g06wb113726d38xsyx71_h0000gn/T/ResultBundle_2026-16-09_05-03-0007.xcresult
xcodebuild: error: '_Pods.xcodeproj' does not exist.
Command line invocation:
/Applications/Xcode-27.0.0-Release.Candidate.app/Contents/Developer/usr/bin/xcodebuild -IDEClonedSourcePackagesDirPathOverride=/Users/admin/builder/spi-builder-workspace/.dependencies -resolvePackageDependencies
2026-09-16 05:03:08.952 xcodebuild[539:3137] Writing error result bundle to /var/folders/xq/y_g06wb113726d38xsyx71_h0000gn/T/ResultBundle_2026-16-09_05-03-0008.xcresult
xcodebuild: error: '_Pods.xcodeproj' does not exist.
BUILD FAILURE 6.4 watchOS