The Swift Package Index logo.Swift Package Index

Build Information

Failed to build Lark, reference master (b1ed2b), with Swift 6.4 for watchOS using Xcode 27.0 on 16 Sep 2026 12:56:46 UTC.

Build Command

env DEVELOPER_DIR=/Applications/Xcode-27.0.0-Release.Candidate.app xcrun xcodebuild -IDEClonedSourcePackagesDirPathOverride=$PWD/.dependencies -skipMacroValidation -skipPackagePluginValidation -derivedDataPath $PWD/.derivedData build -scheme Lark-Package -destination generic/platform=watchOS

Build Log

 39 |         element.stringValue = "\(self)"
 40 |     }
/Users/admin/builder/spi-builder-workspace/Sources/Lark/Serialization.swift:43:35: error: cannot find type 'XMLElement' in scope
 41 | }
 42 | extension Int16: XMLDeserializable, XMLSerializable {
 43 |     public init(deserialize node: XMLElement) throws {
    |                                   `- error: cannot find type 'XMLElement' in scope
 44 |         guard let value = Int16(node.stringValue ?? "") else {
 45 |             throw XMLDeserializationError.cannotDeserialize
/Users/admin/builder/spi-builder-workspace/Sources/Lark/Serialization.swift:49:38: error: cannot find type 'XMLElement' in scope
 47 |         self = value
 48 |     }
 49 |     public func serialize(_ element: XMLElement) throws {
    |                                      `- error: cannot find type 'XMLElement' in scope
 50 |         element.stringValue = "\(self)"
 51 |     }
/Users/admin/builder/spi-builder-workspace/Sources/Lark/Serialization.swift:55:35: error: cannot find type 'XMLElement' in scope
 53 |
 54 | extension Int32: XMLDeserializable, XMLSerializable {
 55 |     public init(deserialize node: XMLElement) throws {
    |                                   `- error: cannot find type 'XMLElement' in scope
 56 |         guard let value = Int32(node.stringValue ?? "") else {
 57 |             throw XMLDeserializationError.cannotDeserialize
/Users/admin/builder/spi-builder-workspace/Sources/Lark/Serialization.swift:61:38: error: cannot find type 'XMLElement' in scope
 59 |         self = value
 60 |     }
 61 |     public func serialize(_ element: XMLElement) throws {
    |                                      `- error: cannot find type 'XMLElement' in scope
 62 |         element.stringValue = "\(self)"
 63 |     }
/Users/admin/builder/spi-builder-workspace/Sources/Lark/Serialization.swift:67:35: error: cannot find type 'XMLElement' in scope
 65 |
 66 | extension Int64: XMLDeserializable, XMLSerializable {
 67 |     public init(deserialize node: XMLElement) throws {
    |                                   `- error: cannot find type 'XMLElement' in scope
 68 |         guard let value = Int64(node.stringValue ?? "") else {
 69 |             throw XMLDeserializationError.cannotDeserialize
/Users/admin/builder/spi-builder-workspace/Sources/Lark/Serialization.swift:73:38: error: cannot find type 'XMLElement' in scope
 71 |         self = value
 72 |     }
 73 |     public func serialize(_ element: XMLElement) throws {
    |                                      `- error: cannot find type 'XMLElement' in scope
 74 |         element.stringValue = "\(self)"
 75 |     }
/Users/admin/builder/spi-builder-workspace/Sources/Lark/Serialization.swift:81:35: error: cannot find type 'XMLElement' in scope
 79 |
 80 | extension UInt8: XMLDeserializable, XMLSerializable {
 81 |     public init(deserialize node: XMLElement) throws {
    |                                   `- error: cannot find type 'XMLElement' in scope
 82 |         guard let value = UInt8(node.stringValue ?? "") else {
 83 |             throw XMLDeserializationError.cannotDeserialize
/Users/admin/builder/spi-builder-workspace/Sources/Lark/Serialization.swift:87:38: error: cannot find type 'XMLElement' in scope
 85 |         self = value
 86 |     }
 87 |     public func serialize(_ element: XMLElement) throws {
    |                                      `- error: cannot find type 'XMLElement' in scope
 88 |         element.stringValue = "\(self)"
 89 |     }
/Users/admin/builder/spi-builder-workspace/Sources/Lark/Serialization.swift:92:35: error: cannot find type 'XMLElement' in scope
 90 | }
 91 | extension UInt16: XMLDeserializable, XMLSerializable {
 92 |     public init(deserialize node: XMLElement) throws {
    |                                   `- error: cannot find type 'XMLElement' in scope
 93 |         guard let value = UInt16(node.stringValue ?? "") else {
 94 |             throw XMLDeserializationError.cannotDeserialize
/Users/admin/builder/spi-builder-workspace/Sources/Lark/Serialization.swift:98:38: error: cannot find type 'XMLElement' in scope
 96 |         self = value
 97 |     }
 98 |     public func serialize(_ element: XMLElement) throws {
    |                                      `- error: cannot find type 'XMLElement' in scope
 99 |         element.stringValue = "\(self)"
100 |     }
/Users/admin/builder/spi-builder-workspace/Sources/Lark/Serialization.swift:104:35: error: cannot find type 'XMLElement' in scope
102 |
103 | extension UInt32: XMLDeserializable, XMLSerializable {
104 |     public init(deserialize node: XMLElement) throws {
    |                                   `- error: cannot find type 'XMLElement' in scope
105 |         guard let value = UInt32(node.stringValue ?? "") else {
106 |             throw XMLDeserializationError.cannotDeserialize
/Users/admin/builder/spi-builder-workspace/Sources/Lark/Serialization.swift:110:38: error: cannot find type 'XMLElement' in scope
108 |         self = value
109 |     }
110 |     public func serialize(_ element: XMLElement) throws {
    |                                      `- error: cannot find type 'XMLElement' in scope
111 |         element.stringValue = "\(self)"
112 |     }
/Users/admin/builder/spi-builder-workspace/Sources/Lark/Serialization.swift:116:35: error: cannot find type 'XMLElement' in scope
114 |
115 | extension UInt64: XMLDeserializable, XMLSerializable {
116 |     public init(deserialize node: XMLElement) throws {
    |                                   `- error: cannot find type 'XMLElement' in scope
117 |         guard let value = UInt64(node.stringValue ?? "") else {
118 |             throw XMLDeserializationError.cannotDeserialize
/Users/admin/builder/spi-builder-workspace/Sources/Lark/Serialization.swift:122:38: error: cannot find type 'XMLElement' in scope
120 |         self = value
121 |     }
122 |     public func serialize(_ element: XMLElement) throws {
    |                                      `- error: cannot find type 'XMLElement' in scope
123 |         element.stringValue = "\(self)"
124 |     }
/Users/admin/builder/spi-builder-workspace/Sources/Lark/Serialization.swift:130:35: error: cannot find type 'XMLElement' in scope
128 |
129 | extension Bool: XMLDeserializable, XMLSerializable {
130 |     public init(deserialize node: XMLElement) throws {
    |                                   `- error: cannot find type 'XMLElement' in scope
131 |         switch node.stringValue {
132 |         case "1"?, "true"?: self = true
/Users/admin/builder/spi-builder-workspace/Sources/Lark/Serialization.swift:137:38: error: cannot find type 'XMLElement' in scope
135 |         }
136 |     }
137 |     public func serialize(_ element: XMLElement) throws {
    |                                      `- error: cannot find type 'XMLElement' in scope
138 |         element.stringValue = "\(self)"
139 |     }
/Users/admin/builder/spi-builder-workspace/Sources/Lark/Serialization.swift:147:35: error: cannot find type 'XMLElement' in scope
145 |
146 | extension FloatingPointSerialization {
147 |     public init(deserialize node: XMLElement) throws {
    |                                   `- error: cannot find type 'XMLElement' in scope
148 |         guard let stringValue = node.stringValue else {
149 |             throw XMLDeserializationError.cannotDeserialize
/Users/admin/builder/spi-builder-workspace/Sources/Lark/Serialization.swift:163:38: error: cannot find type 'XMLElement' in scope
161 |     }
162 |
163 |     public func serialize(_ element: XMLElement) throws {
    |                                      `- error: cannot find type 'XMLElement' in scope
164 |         if isNaN {
165 |             element.stringValue = "NaN"
/Users/admin/builder/spi-builder-workspace/Sources/Lark/Serialization.swift:181:35: error: cannot find type 'XMLElement' in scope
179 |
180 | extension Int: XMLDeserializable, XMLSerializable {
181 |     public init(deserialize node: XMLElement) throws {
    |                                   `- error: cannot find type 'XMLElement' in scope
182 |         guard let value = Int(node.stringValue ?? "") else {
183 |             throw XMLDeserializationError.cannotDeserialize
/Users/admin/builder/spi-builder-workspace/Sources/Lark/Serialization.swift:187:38: error: cannot find type 'XMLElement' in scope
185 |         self = value
186 |     }
187 |     public func serialize(_ element: XMLElement) throws {
    |                                      `- error: cannot find type 'XMLElement' in scope
188 |         element.stringValue = "\(self)"
189 |     }
/Users/admin/builder/spi-builder-workspace/Sources/Lark/Serialization.swift:193:35: error: cannot find type 'XMLElement' in scope
191 |
192 | extension Decimal: XMLDeserializable, XMLSerializable {
193 |     public init(deserialize node: XMLElement) throws {
    |                                   `- error: cannot find type 'XMLElement' in scope
194 |         guard let value = Decimal(string: node.stringValue ?? "") else {
195 |             throw XMLDeserializationError.cannotDeserialize
/Users/admin/builder/spi-builder-workspace/Sources/Lark/Serialization.swift:199:38: error: cannot find type 'XMLElement' in scope
197 |         self = value
198 |     }
199 |     public func serialize(_ element: XMLElement) throws {
    |                                      `- error: cannot find type 'XMLElement' in scope
200 |         element.stringValue = "\(self)"
201 |     }
/Users/admin/builder/spi-builder-workspace/Sources/Lark/Serialization.swift:207:35: error: cannot find type 'XMLElement' in scope
205 |
206 | extension String: XMLDeserializable, XMLSerializable {
207 |     public init(deserialize node: XMLElement) throws {
    |                                   `- error: cannot find type 'XMLElement' in scope
208 |         guard let value = node.stringValue else {
209 |             throw XMLDeserializationError.cannotDeserialize
/Users/admin/builder/spi-builder-workspace/Sources/Lark/Serialization.swift:213:38: error: cannot find type 'XMLElement' in scope
211 |         self = value
212 |     }
213 |     public func serialize(_ element: XMLElement) throws {
    |                                      `- error: cannot find type 'XMLElement' in scope
214 |         element.stringValue = self
215 |     }
/Users/admin/builder/spi-builder-workspace/Sources/Lark/Serialization.swift:219:35: error: cannot find type 'XMLElement' in scope
217 |
218 | extension URL: XMLDeserializable, XMLSerializable {
219 |     public init(deserialize node: XMLElement) throws {
    |                                   `- error: cannot find type 'XMLElement' in scope
220 |         guard let value = URL(string: node.stringValue ?? "") else {
221 |             throw XMLDeserializationError.cannotDeserialize
/Users/admin/builder/spi-builder-workspace/Sources/Lark/Serialization.swift:225:38: error: cannot find type 'XMLElement' in scope
223 |         self = value
224 |     }
225 |     public func serialize(_ element: XMLElement) throws {
    |                                      `- error: cannot find type 'XMLElement' in scope
226 |         element.stringValue = self.absoluteString
227 |     }
/Users/admin/builder/spi-builder-workspace/Sources/Lark/Serialization.swift:231:35: error: cannot find type 'XMLElement' in scope
229 |
230 | extension Data: XMLDeserializable, XMLSerializable {
231 |     public init(deserialize node: XMLElement) throws {
    |                                   `- error: cannot find type 'XMLElement' in scope
232 |         guard let value = Data(base64Encoded: node.stringValue ?? "") else {
233 |             throw XMLDeserializationError.cannotDeserialize
/Users/admin/builder/spi-builder-workspace/Sources/Lark/Serialization.swift:237:38: error: cannot find type 'XMLElement' in scope
235 |         self = value
236 |     }
237 |     public func serialize(_ element: XMLElement) throws {
    |                                      `- error: cannot find type 'XMLElement' in scope
238 |         element.stringValue = base64EncodedString()
239 |     }
/Users/admin/builder/spi-builder-workspace/Sources/Lark/Serialization.swift:275:35: error: cannot find type 'XMLElement' in scope
273 |     ]
274 |
275 |     public init(deserialize node: XMLElement) throws {
    |                                   `- error: cannot find type 'XMLElement' in scope
276 |         guard let stringValue = node.stringValue else {
277 |             throw XMLDeserializationError.cannotDeserialize
/Users/admin/builder/spi-builder-workspace/Sources/Lark/Serialization.swift:292:38: error: cannot find type 'XMLElement' in scope
290 |         throw XMLDeserializationError.cannotDeserialize
291 |     }
292 |     public func serialize(_ element: XMLElement) throws {
    |                                      `- error: cannot find type 'XMLElement' in scope
293 |         element.stringValue = Date.dateFormatter.string(from: self)
294 |     }
/Users/admin/builder/spi-builder-workspace/Sources/Lark/Serialization.swift:300:35: error: cannot find type 'XMLElement' in scope
298 |
299 | extension QualifiedName: XMLDeserializable, XMLSerializable {
300 |     public init(deserialize node: XMLElement) throws {
    |                                   `- error: cannot find type 'XMLElement' in scope
301 |         try self.init(type: node.stringValue ?? "", inTree: node)
302 |     }
/Users/admin/builder/spi-builder-workspace/Sources/Lark/Serialization.swift:303:38: error: cannot find type 'XMLElement' in scope
301 |         try self.init(type: node.stringValue ?? "", inTree: node)
302 |     }
303 |     public func serialize(_ element: XMLElement) throws {
    |                                      `- error: cannot find type 'XMLElement' in scope
304 |         switch element.targetNamespace {
305 |         case uri?:
/Users/admin/builder/spi-builder-workspace/Sources/Lark/Serialization.swift:315:29: error: cannot find type 'XMLElement' in scope
313 |
314 | // Ugh required convenience designated final initializer. Swift is drunk.
315 | public final class AnyType: XMLElement, XMLDeserializable, XMLSerializable {
    |                             `- error: cannot find type 'XMLElement' in scope
316 |     public convenience init(deserialize node: XMLElement) throws {
317 |         try self.init(xmlString: node.canonicalXMLStringPreservingComments(true))
/Users/admin/builder/spi-builder-workspace/Sources/Lark/Serialization.swift:316:47: error: cannot find type 'XMLElement' in scope
314 | // Ugh required convenience designated final initializer. Swift is drunk.
315 | public final class AnyType: XMLElement, XMLDeserializable, XMLSerializable {
316 |     public convenience init(deserialize node: XMLElement) throws {
    |                                               `- error: cannot find type 'XMLElement' in scope
317 |         try self.init(xmlString: node.canonicalXMLStringPreservingComments(true))
318 |     }
/Users/admin/builder/spi-builder-workspace/Sources/Lark/Serialization.swift:319:38: error: cannot find type 'XMLElement' in scope
317 |         try self.init(xmlString: node.canonicalXMLStringPreservingComments(true))
318 |     }
319 |     public func serialize(_ element: XMLElement) throws {
    |                                      `- error: cannot find type 'XMLElement' in scope
320 |         for namespace in namespaces ?? [] {
321 |             element.addNamespace(namespace.copy() as! XMLNode)
/Users/admin/builder/spi-builder-workspace/Sources/Lark/StringSerializableList.swift:12:38: error: cannot find type 'XMLElement' in scope
10 | /// XMLDeserializable
11 | extension StringSerializableList {
12 |     public init(deserialize element: XMLElement) throws {
   |                                      `- error: cannot find type 'XMLElement' in scope
13 |         self.init(try element.stringValue!.components(separatedBy: " ").map(Element.init(string:)))
14 |     }
/Users/admin/builder/spi-builder-workspace/Sources/Lark/StringSerializableList.swift:19:38: error: cannot find type 'XMLElement' in scope
17 | /// XMLSerializable
18 | extension StringSerializableList {
19 |     public func serialize(_ element: XMLElement) throws {
   |                                      `- error: cannot find type 'XMLElement' in scope
20 |         element.stringValue = try _contents.map { try $0.serialize() }.joined(separator: " ")
21 |     }
/Users/admin/builder/spi-builder-workspace/Sources/Lark/Utils.swift:3:11: error: cannot find type 'XMLElement' in scope
  1 | import Foundation
  2 |
  3 | extension XMLElement {
    |           `- error: cannot find type 'XMLElement' in scope
  4 |
  5 |     /// Creates an XMLElement with the given namespace prefix.
/Users/admin/builder/spi-builder-workspace/Sources/Lark/Utils.swift:87:11: error: cannot find type 'XMLNode' in scope
 85 | }
 86 |
 87 | extension XMLNode {
    |           `- error: cannot find type 'XMLNode' in scope
 88 |     /// Creates an attribute XMLNode with the given namespace prefix.
 89 |     ///
/Users/admin/builder/spi-builder-workspace/Sources/Lark/Validation.swift:56:25: error: cannot find type 'XMLNode' in scope
 54 |
 55 |     /// Carries application specific error information related to the `Body` element.
 56 |     public let detail: [XMLNode]
    |                         `- error: cannot find type 'XMLNode' in scope
 57 |
 58 |     /// A textual representation of this `Fault` instance.
/Users/admin/builder/spi-builder-workspace/Sources/Lark/Validation.swift:71:31: error: cannot find type 'XMLElement' in scope
 69 |     /// - Parameter element: the `<soap:fault/>` node
 70 |     /// - Throws: errors when a typed property cannot be deserialized
 71 |     init(deserialize element: XMLElement) throws {
    |                               `- error: cannot find type 'XMLElement' in scope
 72 |         guard let faultcode = element.elements(forName: "faultcode").first?.stringValue else {
 73 |             fatalError("Missing faultcode")
/Users/admin/builder/spi-builder-workspace/Sources/Lark/Validation.swift:86:84: error: cannot find type 'XMLNode' in scope
 84 |     }
 85 |
 86 |     init(faultcode: QualifiedName, faultstring: String, faultactor: URL?, detail: [XMLNode]) {
    |                                                                                    `- error: cannot find type 'XMLNode' in scope
 87 |         self.faultcode = faultcode
 88 |         self.faultstring = faultstring
/Users/admin/builder/spi-builder-workspace/Sources/Lark/Validation.swift:98:31: error: cannot find type 'XMLElement' in scope
 96 |     ///
 97 |     /// - Parameter element: the `XMLElement` node to serialize into.
 98 |     func serialize(_ element: XMLElement) {
    |                               `- error: cannot find type 'XMLElement' in scope
 99 |         let faultcodePrefix = element.resolveOrAddPrefix(forNamespaceURI: faultcode.uri)
100 |         element.addChild(XMLElement(name: "faultcode", stringValue: "\(faultcodePrefix):\(faultcode.localName)"))
/Users/admin/builder/spi-builder-workspace/Sources/Lark/Validation.swift:75:43: error: incorrect argument labels in call (have 'type:inTree:', expected 'uri:localName:')
 73 |             fatalError("Missing faultcode")
 74 |         }
 75 |         self.faultcode = try QualifiedName(type: faultcode, inTree: element)
    |                                           `- error: incorrect argument labels in call (have 'type:inTree:', expected 'uri:localName:')
 76 |         faultstring = element.elements(forName: "faultstring").first!.stringValue!
 77 |
/Users/admin/builder/spi-builder-workspace/Sources/Lark/Validation.swift:79:33: error: extraneous argument label 'deserialize:' in call
 77 |
 78 |         if let actor = element.elements(forName: "faultactor").first, actor.stringValue != "" {
 79 |             faultactor = try URL(deserialize: actor)
    |                                 `- error: extraneous argument label 'deserialize:' in call
 80 |         } else {
 81 |             faultactor = nil
[#DeprecatedDeclaration]: <https://docs.swift.org/compiler/documentation/diagnostics/deprecated-declaration>
Failed frontend command:
SwiftCompile normal arm64_32 (in target 'Lark' from project 'Lark')
    cd /Users/admin/builder/spi-builder-workspace/.swiftpm/xcode

/Applications/Xcode-27.0.0-Release.Candidate.app/Contents/Developer/Toolchains/XcodeDefault.xctoolchain/usr/bin/swift-frontend -frontend -emit-module -experimental-skip-non-inlinable-function-bodies-without-types /Users/admin/builder/spi-builder-workspace/Sources/Lark/Alamofire+Extensions.swift /Users/admin/builder/spi-builder-workspace/Sources/Lark/Client.swift /Users/admin/builder/spi-builder-workspace/Sources/Lark/Envelope.swift /Users/admin/builder/spi-builder-workspace/Sources/Lark/QualifiedName.swift /Users/admin/builder/spi-builder-workspace/Sources/Lark/Serialization.swift /Users/admin/builder/spi-builder-workspace/Sources/Lark/StringSerializableList.swift /Users/admin/builder/spi-builder-workspace/Sources/Lark/Utils.swift /Users/admin/builder/spi-builder-workspace/Sources/Lark/Validation.swift -target arm64_32-apple-watchos9.0 -enable-objc-interop -sdk /Applications/Xcode-27.0.0-Release.Candidate.app/Contents/Developer/Platforms/WatchOS.platform/Developer/SDKs/WatchOS27.0.sdk -I /Users/admin/builder/spi-builder-workspace/.derivedData/Build/Products/Debug-watchos -Isystem /Applications/Xcode-27.0.0-Release.Candidate.app/Contents/Developer/Platforms/WatchOS.platform/Developer/usr/lib -F /Users/admin/builder/spi-builder-workspace/.derivedData/Build/Products/Debug-watchos/PackageFrameworks -F /Users/admin/builder/spi-builder-workspace/.derivedData/Build/Products/Debug-watchos -F /Applications/Xcode-27.0.0-Release.Candidate.app/Contents/Developer/Platforms/WatchOS.platform/Developer/Library/Frameworks -F /Applications/Xcode-27.0.0-Release.Candidate.app/Contents/Developer/Platforms/WatchOS.platform/Developer/SDKs/WatchOS27.0.sdk/Developer/Library/Frameworks -module-cache-path /Users/admin/builder/spi-builder-workspace/.derivedData/ModuleCache.noindex -no-color-diagnostics -Xcc -fno-color-diagnostics -enable-testing -g -debug-info-format\=dwarf -dwarf-version\=4 -profile-generate -profile-coverage-mapping -swift-version 4 -Onone -D SWIFT_PACKAGE -D DEBUG -D SWIFT_MODULE_RESOURCE_BUNDLE_UNAVAILABLE -D Xcode -serialize-debugging-options -enable-experimental-feature DebugDescriptionMacro -empty-abi-descriptor -plugin-path /Applications/Xcode-27.0.0-Release.Candidate.app/Contents/Developer/Toolchains/XcodeDefault.xctoolchain/usr/lib/swift/host/plugins/testing -validate-clang-modules-once -clang-build-session-file /Users/admin/builder/spi-builder-workspace/.derivedData/ModuleCache.noindex/Session.modulevalidation -Xcc -working-directory -Xcc /Users/admin/builder/spi-builder-workspace/.swiftpm/xcode -enable-anonymous-context-mangled-names -file-compilation-dir /Users/admin/builder/spi-builder-workspace/.swiftpm/xcode -Xcc -D_LIBCPP_HARDENING_MODE\=_LIBCPP_HARDENING_MODE_DEBUG -Xcc -ivfsstatcache -Xcc /Users/admin/builder/spi-builder-workspace/.derivedData/SDKStatCaches.noindex/watchos27.0-24R360-e829b21a6f8c9b70876ba0858053c04477534ef55a1706bf4c1112bbb242f0a2.sdkstatcache -Xcc -fmodules-prune-interval\=86400 -Xcc -fmodules-prune-after\=345600 -Xcc -I/Users/admin/builder/spi-builder-workspace/.derivedData/Build/Products/Debug-watchos/include -Xcc -I/Users/admin/builder/spi-builder-workspace/.derivedData/Build/Intermediates.noindex/Lark.build/Debug-watchos/Lark-t.build/DerivedSources-normal/arm64_32 -Xcc -I/Users/admin/builder/spi-builder-workspace/.derivedData/Build/Intermediates.noindex/Lark.build/Debug-watchos/Lark-t.build/DerivedSources/arm64_32 -Xcc -I/Users/admin/builder/spi-builder-workspace/.derivedData/Build/Intermediates.noindex/Lark.build/Debug-watchos/Lark-t.build/DerivedSources -Xcc -DSWIFT_PACKAGE -Xcc -DDEBUG\=1 -no-auto-bridging-header-chaining -module-name Lark -const-gather-protocols-file /Users/admin/builder/spi-builder-workspace/.derivedData/Build/Intermediates.noindex/Lark.build/Debug-watchos/Lark-t.build/Objects-normal/arm64_32/Lark_const_extract_protocols.json -disable-clang-spi -target-sdk-version 27.0 -target-sdk-name watchos27.0 -external-plugin-path /Applications/Xcode-27.0.0-Release.Candidate.app/Contents/Developer/Platforms/WatchOS.platform/Developer/usr/lib/swift/host/plugins\#/Applications/Xcode-27.0.0-Release.Candidate.app/Contents/Developer/Platforms/WatchOS.platform/Developer/usr/bin/swift-plugin-server -external-plugin-path /Applications/Xcode-27.0.0-Release.Candidate.app/Contents/Developer/Platforms/WatchOS.platform/Developer/usr/local/lib/swift/host/plugins\#/Applications/Xcode-27.0.0-Release.Candidate.app/Contents/Developer/Platforms/WatchOS.platform/Developer/usr/bin/swift-plugin-server -in-process-plugin-server-path /Applications/Xcode-27.0.0-Release.Candidate.app/Contents/Developer/Toolchains/XcodeDefault.xctoolchain/usr/lib/swift/host/libSwiftInProcPluginServer.dylib -plugin-path /Applications/Xcode-27.0.0-Release.Candidate.app/Contents/Developer/Toolchains/XcodeDefault.xctoolchain/usr/lib/swift/host/plugins -plugin-path /Applications/Xcode-27.0.0-Release.Candidate.app/Contents/Developer/Toolchains/XcodeDefault.xctoolchain/usr/local/lib/swift/host/plugins -emit-module-doc-path /Users/admin/builder/spi-builder-workspace/.derivedData/Build/Intermediates.noindex/Lark.build/Debug-watchos/Lark-t.build/Objects-normal/arm64_32/Lark.swiftdoc -emit-module-source-info-path /Users/admin/builder/spi-builder-workspace/.derivedData/Build/Intermediates.noindex/Lark.build/Debug-watchos/Lark-t.build/Objects-normal/arm64_32/Lark.swiftsourceinfo -emit-objc-header-path /Users/admin/builder/spi-builder-workspace/.derivedData/Build/Intermediates.noindex/Lark.build/Debug-watchos/Lark-t.build/Objects-normal/arm64_32/Lark-Swift.h -serialize-diagnostics-path /Users/admin/builder/spi-builder-workspace/.derivedData/Build/Intermediates.noindex/Lark.build/Debug-watchos/Lark-t.build/Objects-normal/arm64_32/Lark-primary-emit-module.dia -emit-dependencies-path /Users/admin/builder/spi-builder-workspace/.derivedData/Build/Intermediates.noindex/Lark.build/Debug-watchos/Lark-t.build/Objects-normal/arm64_32/Lark-primary-emit-module.d -parse-as-library -o /Users/admin/builder/spi-builder-workspace/.derivedData/Build/Intermediates.noindex/Lark.build/Debug-watchos/Lark-t.build/Objects-normal/arm64_32/Lark.swiftmodule -emit-abi-descriptor-path /Users/admin/builder/spi-builder-workspace/.derivedData/Build/Intermediates.noindex/Lark.build/Debug-watchos/Lark-t.build/Objects-normal/arm64_32/Lark.abi.json
SwiftCompile normal arm64_32 Compiling\ Alamofire+Extensions.swift /Users/admin/builder/spi-builder-workspace/Sources/Lark/Alamofire+Extensions.swift (in target 'Lark' from project 'Lark')
SwiftCompile normal arm64_32 /Users/admin/builder/spi-builder-workspace/Sources/Lark/Alamofire+Extensions.swift (in target 'Lark' from project 'Lark')
    cd /Users/admin/builder/spi-builder-workspace/.swiftpm/xcode
    builtin-SwiftPerFileCompile Alamofire+Extensions.swift
SwiftEmitModule normal arm64 Emitting\ module\ for\ Lark (in target 'Lark' from project 'Lark')
/Users/admin/builder/spi-builder-workspace/Sources/Lark/Envelope.swift:78:32: error: cannot find type 'XMLElement' in scope
 76 |     /// - Returns: XML serialization of the header
 77 |     /// - Throws: can throw any error
 78 |     func serialize() throws -> XMLElement
    |                                `- error: cannot find type 'XMLElement' in scope
 79 | }
 80 |
/Users/admin/builder/spi-builder-workspace/Sources/Lark/Envelope.swift:13:19: error: cannot find type 'XMLDocument' in scope
 11 | /// consists of an optional SOAP header and a mandatory SOAP body.
 12 | public struct Envelope {
 13 |     let document: XMLDocument
    |                   `- error: cannot find type 'XMLDocument' in scope
 14 |
 15 |     /// SOAP body.
/Users/admin/builder/spi-builder-workspace/Sources/Lark/Envelope.swift:16:22: error: cannot find type 'XMLElement' in scope
 14 |
 15 |     /// SOAP body.
 16 |     public let body: XMLElement
    |                      `- error: cannot find type 'XMLElement' in scope
 17 |
 18 |     init() {
/Users/admin/builder/spi-builder-workspace/Sources/Lark/Envelope.swift:30:20: error: cannot find type 'XMLDocument' in scope
 28 |     }
 29 |
 30 |     init(document: XMLDocument) throws {
    |                    `- error: cannot find type 'XMLDocument' in scope
 31 |         self.document = document
 32 |         guard let body = document.rootElement()?.elements(forLocalName: "Body", uri: NS_SOAP_ENVELOPE).first else {
/Users/admin/builder/spi-builder-workspace/Sources/Lark/Envelope.swift:38:24: error: cannot find type 'XMLElement' in scope
 36 |     }
 37 |
 38 |     public var header: XMLElement {
    |                        `- error: cannot find type 'XMLElement' in scope
 39 |         let root = document.rootElement()!
 40 |         if let header = root.elements(forLocalName: "Header", uri: NS_SOAP_ENVELOPE).first {
/Users/admin/builder/spi-builder-workspace/Sources/Lark/Envelope.swift:57:36: error: cannot find 'XMLDocument' in scope
 55 |         do {
 56 |             if let data = $2 {
 57 |                 let document = try XMLDocument(data: data, options: [])
    |                                    `- error: cannot find 'XMLDocument' in scope
 58 |                 return .success(try Envelope(document: document))
 59 |             }
/Users/admin/builder/spi-builder-workspace/Sources/Lark/Envelope.swift:100:39: error: cannot find type 'XMLElement' in scope
 98 |     }
 99 |
100 |     public func serialize() throws -> XMLElement {
    |                                       `- error: cannot find type 'XMLElement' in scope
101 |         let node = XMLElement(name: name.localName, uri: name.uri)
102 |         node.setAttributesWith(["xmlns": name.uri])
/Users/admin/builder/spi-builder-workspace/Sources/Lark/StringSerializableList.swift:4:20: warning: redeclaration of associated type 'Element' from protocol 'Collection' is better expressed as a 'where' clause on the protocol
 2 |
 3 | public protocol StringSerializableList: XMLDeserializable, XMLSerializable, Sequence, Collection, ExpressibleByArrayLiteral {
 4 |     associatedtype Element: StringDeserializable, StringSerializable
   |                    `- warning: redeclaration of associated type 'Element' from protocol 'Collection' is better expressed as a 'where' clause on the protocol
 5 |
 6 |     var _contents: [Element] { get }
Swift.Collection.Element:2:16: note: 'Element' declared here
1 | protocol Collection {
2 | associatedtype Element}
  |                `- note: 'Element' declared here
3 |
/Users/admin/builder/spi-builder-workspace/Sources/Lark/QualifiedName.swift:31:16: warning: 'Hashable.hashValue' is deprecated as a protocol requirement; conform type 'QualifiedName' to 'Hashable' by implementing 'hash(into:)' instead [#DeprecatedDeclaration]
29 |
30 | extension QualifiedName: Hashable {
31 |     public var hashValue: Int {
   |                `- warning: 'Hashable.hashValue' is deprecated as a protocol requirement; conform type 'QualifiedName' to 'Hashable' by implementing 'hash(into:)' instead [#DeprecatedDeclaration]
32 |         return uri.hashValue % 17 + localName.hashValue
33 |     }
/Users/admin/builder/spi-builder-workspace/Sources/Lark/QualifiedName.swift:37:44: error: cannot find type 'XMLElement' in scope
35 |
36 | extension QualifiedName {
37 |     public init(type: String, inTree tree: XMLElement) throws {
   |                                            `- error: cannot find type 'XMLElement' in scope
38 |         if type.contains(":") {
39 |             guard let namespace = tree.resolveNamespace(forName: type) else {
/Users/admin/builder/spi-builder-workspace/Sources/Lark/Serialization.swift:4:23: error: cannot find type 'XMLElement' in scope
  2 |
  3 | public protocol XMLDeserializable {
  4 |     init(deserialize: XMLElement) throws
    |                       `- error: cannot find type 'XMLElement' in scope
  5 | }
  6 |
/Users/admin/builder/spi-builder-workspace/Sources/Lark/Serialization.swift:8:31: error: cannot find type 'XMLElement' in scope
  6 |
  7 | public protocol XMLSerializable {
  8 |     func serialize(_ element: XMLElement) throws
    |                               `- error: cannot find type 'XMLElement' in scope
  9 | }
 10 |
/Users/admin/builder/spi-builder-workspace/Sources/Lark/Serialization.swift:32:35: error: cannot find type 'XMLElement' in scope
 30 |
 31 | extension Int8: XMLDeserializable, XMLSerializable {
 32 |     public init(deserialize node: XMLElement) throws {
    |                                   `- error: cannot find type 'XMLElement' in scope
 33 |         guard let value = Int8(node.stringValue ?? "") else {
 34 |             throw XMLDeserializationError.cannotDeserialize
/Users/admin/builder/spi-builder-workspace/Sources/Lark/Serialization.swift:38:38: error: cannot find type 'XMLElement' in scope
 36 |         self = value
 37 |     }
 38 |     public func serialize(_ element: XMLElement) throws {
    |                                      `- error: cannot find type 'XMLElement' in scope
 39 |         element.stringValue = "\(self)"
 40 |     }
/Users/admin/builder/spi-builder-workspace/Sources/Lark/Serialization.swift:43:35: error: cannot find type 'XMLElement' in scope
 41 | }
 42 | extension Int16: XMLDeserializable, XMLSerializable {
 43 |     public init(deserialize node: XMLElement) throws {
    |                                   `- error: cannot find type 'XMLElement' in scope
 44 |         guard let value = Int16(node.stringValue ?? "") else {
 45 |             throw XMLDeserializationError.cannotDeserialize
/Users/admin/builder/spi-builder-workspace/Sources/Lark/Serialization.swift:49:38: error: cannot find type 'XMLElement' in scope
 47 |         self = value
 48 |     }
 49 |     public func serialize(_ element: XMLElement) throws {
    |                                      `- error: cannot find type 'XMLElement' in scope
 50 |         element.stringValue = "\(self)"
 51 |     }
/Users/admin/builder/spi-builder-workspace/Sources/Lark/Serialization.swift:55:35: error: cannot find type 'XMLElement' in scope
 53 |
 54 | extension Int32: XMLDeserializable, XMLSerializable {
 55 |     public init(deserialize node: XMLElement) throws {
    |                                   `- error: cannot find type 'XMLElement' in scope
 56 |         guard let value = Int32(node.stringValue ?? "") else {
 57 |             throw XMLDeserializationError.cannotDeserialize
/Users/admin/builder/spi-builder-workspace/Sources/Lark/Serialization.swift:61:38: error: cannot find type 'XMLElement' in scope
 59 |         self = value
 60 |     }
 61 |     public func serialize(_ element: XMLElement) throws {
    |                                      `- error: cannot find type 'XMLElement' in scope
 62 |         element.stringValue = "\(self)"
 63 |     }
/Users/admin/builder/spi-builder-workspace/Sources/Lark/Serialization.swift:67:35: error: cannot find type 'XMLElement' in scope
 65 |
 66 | extension Int64: XMLDeserializable, XMLSerializable {
 67 |     public init(deserialize node: XMLElement) throws {
    |                                   `- error: cannot find type 'XMLElement' in scope
 68 |         guard let value = Int64(node.stringValue ?? "") else {
 69 |             throw XMLDeserializationError.cannotDeserialize
/Users/admin/builder/spi-builder-workspace/Sources/Lark/Serialization.swift:73:38: error: cannot find type 'XMLElement' in scope
 71 |         self = value
 72 |     }
 73 |     public func serialize(_ element: XMLElement) throws {
    |                                      `- error: cannot find type 'XMLElement' in scope
 74 |         element.stringValue = "\(self)"
 75 |     }
/Users/admin/builder/spi-builder-workspace/Sources/Lark/Serialization.swift:81:35: error: cannot find type 'XMLElement' in scope
 79 |
 80 | extension UInt8: XMLDeserializable, XMLSerializable {
 81 |     public init(deserialize node: XMLElement) throws {
    |                                   `- error: cannot find type 'XMLElement' in scope
 82 |         guard let value = UInt8(node.stringValue ?? "") else {
 83 |             throw XMLDeserializationError.cannotDeserialize
/Users/admin/builder/spi-builder-workspace/Sources/Lark/Serialization.swift:87:38: error: cannot find type 'XMLElement' in scope
 85 |         self = value
 86 |     }
 87 |     public func serialize(_ element: XMLElement) throws {
    |                                      `- error: cannot find type 'XMLElement' in scope
 88 |         element.stringValue = "\(self)"
 89 |     }
/Users/admin/builder/spi-builder-workspace/Sources/Lark/Serialization.swift:92:35: error: cannot find type 'XMLElement' in scope
 90 | }
 91 | extension UInt16: XMLDeserializable, XMLSerializable {
 92 |     public init(deserialize node: XMLElement) throws {
    |                                   `- error: cannot find type 'XMLElement' in scope
 93 |         guard let value = UInt16(node.stringValue ?? "") else {
 94 |             throw XMLDeserializationError.cannotDeserialize
/Users/admin/builder/spi-builder-workspace/Sources/Lark/Serialization.swift:98:38: error: cannot find type 'XMLElement' in scope
 96 |         self = value
 97 |     }
 98 |     public func serialize(_ element: XMLElement) throws {
    |                                      `- error: cannot find type 'XMLElement' in scope
 99 |         element.stringValue = "\(self)"
100 |     }
/Users/admin/builder/spi-builder-workspace/Sources/Lark/Serialization.swift:104:35: error: cannot find type 'XMLElement' in scope
102 |
103 | extension UInt32: XMLDeserializable, XMLSerializable {
104 |     public init(deserialize node: XMLElement) throws {
    |                                   `- error: cannot find type 'XMLElement' in scope
105 |         guard let value = UInt32(node.stringValue ?? "") else {
106 |             throw XMLDeserializationError.cannotDeserialize
/Users/admin/builder/spi-builder-workspace/Sources/Lark/Serialization.swift:110:38: error: cannot find type 'XMLElement' in scope
108 |         self = value
109 |     }
110 |     public func serialize(_ element: XMLElement) throws {
    |                                      `- error: cannot find type 'XMLElement' in scope
111 |         element.stringValue = "\(self)"
112 |     }
/Users/admin/builder/spi-builder-workspace/Sources/Lark/Serialization.swift:116:35: error: cannot find type 'XMLElement' in scope
114 |
115 | extension UInt64: XMLDeserializable, XMLSerializable {
116 |     public init(deserialize node: XMLElement) throws {
    |                                   `- error: cannot find type 'XMLElement' in scope
117 |         guard let value = UInt64(node.stringValue ?? "") else {
118 |             throw XMLDeserializationError.cannotDeserialize
/Users/admin/builder/spi-builder-workspace/Sources/Lark/Serialization.swift:122:38: error: cannot find type 'XMLElement' in scope
120 |         self = value
121 |     }
122 |     public func serialize(_ element: XMLElement) throws {
    |                                      `- error: cannot find type 'XMLElement' in scope
123 |         element.stringValue = "\(self)"
124 |     }
/Users/admin/builder/spi-builder-workspace/Sources/Lark/Serialization.swift:130:35: error: cannot find type 'XMLElement' in scope
128 |
129 | extension Bool: XMLDeserializable, XMLSerializable {
130 |     public init(deserialize node: XMLElement) throws {
    |                                   `- error: cannot find type 'XMLElement' in scope
131 |         switch node.stringValue {
132 |         case "1"?, "true"?: self = true
/Users/admin/builder/spi-builder-workspace/Sources/Lark/Serialization.swift:137:38: error: cannot find type 'XMLElement' in scope
135 |         }
136 |     }
137 |     public func serialize(_ element: XMLElement) throws {
    |                                      `- error: cannot find type 'XMLElement' in scope
138 |         element.stringValue = "\(self)"
139 |     }
/Users/admin/builder/spi-builder-workspace/Sources/Lark/Serialization.swift:147:35: error: cannot find type 'XMLElement' in scope
145 |
146 | extension FloatingPointSerialization {
147 |     public init(deserialize node: XMLElement) throws {
    |                                   `- error: cannot find type 'XMLElement' in scope
148 |         guard let stringValue = node.stringValue else {
149 |             throw XMLDeserializationError.cannotDeserialize
/Users/admin/builder/spi-builder-workspace/Sources/Lark/Serialization.swift:163:38: error: cannot find type 'XMLElement' in scope
161 |     }
162 |
163 |     public func serialize(_ element: XMLElement) throws {
    |                                      `- error: cannot find type 'XMLElement' in scope
164 |         if isNaN {
165 |             element.stringValue = "NaN"
/Users/admin/builder/spi-builder-workspace/Sources/Lark/Serialization.swift:181:35: error: cannot find type 'XMLElement' in scope
179 |
180 | extension Int: XMLDeserializable, XMLSerializable {
181 |     public init(deserialize node: XMLElement) throws {
    |                                   `- error: cannot find type 'XMLElement' in scope
182 |         guard let value = Int(node.stringValue ?? "") else {
183 |             throw XMLDeserializationError.cannotDeserialize
/Users/admin/builder/spi-builder-workspace/Sources/Lark/Serialization.swift:187:38: error: cannot find type 'XMLElement' in scope
185 |         self = value
186 |     }
187 |     public func serialize(_ element: XMLElement) throws {
    |                                      `- error: cannot find type 'XMLElement' in scope
188 |         element.stringValue = "\(self)"
189 |     }
/Users/admin/builder/spi-builder-workspace/Sources/Lark/Serialization.swift:193:35: error: cannot find type 'XMLElement' in scope
191 |
192 | extension Decimal: XMLDeserializable, XMLSerializable {
193 |     public init(deserialize node: XMLElement) throws {
    |                                   `- error: cannot find type 'XMLElement' in scope
194 |         guard let value = Decimal(string: node.stringValue ?? "") else {
195 |             throw XMLDeserializationError.cannotDeserialize
/Users/admin/builder/spi-builder-workspace/Sources/Lark/Serialization.swift:199:38: error: cannot find type 'XMLElement' in scope
197 |         self = value
198 |     }
199 |     public func serialize(_ element: XMLElement) throws {
    |                                      `- error: cannot find type 'XMLElement' in scope
200 |         element.stringValue = "\(self)"
201 |     }
/Users/admin/builder/spi-builder-workspace/Sources/Lark/Serialization.swift:207:35: error: cannot find type 'XMLElement' in scope
205 |
206 | extension String: XMLDeserializable, XMLSerializable {
207 |     public init(deserialize node: XMLElement) throws {
    |                                   `- error: cannot find type 'XMLElement' in scope
208 |         guard let value = node.stringValue else {
209 |             throw XMLDeserializationError.cannotDeserialize
/Users/admin/builder/spi-builder-workspace/Sources/Lark/Serialization.swift:213:38: error: cannot find type 'XMLElement' in scope
211 |         self = value
212 |     }
213 |     public func serialize(_ element: XMLElement) throws {
    |                                      `- error: cannot find type 'XMLElement' in scope
214 |         element.stringValue = self
215 |     }
/Users/admin/builder/spi-builder-workspace/Sources/Lark/Serialization.swift:219:35: error: cannot find type 'XMLElement' in scope
217 |
218 | extension URL: XMLDeserializable, XMLSerializable {
219 |     public init(deserialize node: XMLElement) throws {
    |                                   `- error: cannot find type 'XMLElement' in scope
220 |         guard let value = URL(string: node.stringValue ?? "") else {
221 |             throw XMLDeserializationError.cannotDeserialize
/Users/admin/builder/spi-builder-workspace/Sources/Lark/Serialization.swift:225:38: error: cannot find type 'XMLElement' in scope
223 |         self = value
224 |     }
225 |     public func serialize(_ element: XMLElement) throws {
    |                                      `- error: cannot find type 'XMLElement' in scope
226 |         element.stringValue = self.absoluteString
227 |     }
/Users/admin/builder/spi-builder-workspace/Sources/Lark/Serialization.swift:231:35: error: cannot find type 'XMLElement' in scope
229 |
230 | extension Data: XMLDeserializable, XMLSerializable {
231 |     public init(deserialize node: XMLElement) throws {
    |                                   `- error: cannot find type 'XMLElement' in scope
232 |         guard let value = Data(base64Encoded: node.stringValue ?? "") else {
233 |             throw XMLDeserializationError.cannotDeserialize
/Users/admin/builder/spi-builder-workspace/Sources/Lark/Serialization.swift:237:38: error: cannot find type 'XMLElement' in scope
235 |         self = value
236 |     }
237 |     public func serialize(_ element: XMLElement) throws {
    |                                      `- error: cannot find type 'XMLElement' in scope
238 |         element.stringValue = base64EncodedString()
239 |     }
/Users/admin/builder/spi-builder-workspace/Sources/Lark/Serialization.swift:275:35: error: cannot find type 'XMLElement' in scope
273 |     ]
274 |
275 |     public init(deserialize node: XMLElement) throws {
    |                                   `- error: cannot find type 'XMLElement' in scope
276 |         guard let stringValue = node.stringValue else {
277 |             throw XMLDeserializationError.cannotDeserialize
/Users/admin/builder/spi-builder-workspace/Sources/Lark/Serialization.swift:292:38: error: cannot find type 'XMLElement' in scope
290 |         throw XMLDeserializationError.cannotDeserialize
291 |     }
292 |     public func serialize(_ element: XMLElement) throws {
    |                                      `- error: cannot find type 'XMLElement' in scope
293 |         element.stringValue = Date.dateFormatter.string(from: self)
294 |     }
/Users/admin/builder/spi-builder-workspace/Sources/Lark/Serialization.swift:300:35: error: cannot find type 'XMLElement' in scope
298 |
299 | extension QualifiedName: XMLDeserializable, XMLSerializable {
300 |     public init(deserialize node: XMLElement) throws {
    |                                   `- error: cannot find type 'XMLElement' in scope
301 |         try self.init(type: node.stringValue ?? "", inTree: node)
302 |     }
/Users/admin/builder/spi-builder-workspace/Sources/Lark/Serialization.swift:303:38: error: cannot find type 'XMLElement' in scope
301 |         try self.init(type: node.stringValue ?? "", inTree: node)
302 |     }
303 |     public func serialize(_ element: XMLElement) throws {
    |                                      `- error: cannot find type 'XMLElement' in scope
304 |         switch element.targetNamespace {
305 |         case uri?:
/Users/admin/builder/spi-builder-workspace/Sources/Lark/Serialization.swift:315:29: error: cannot find type 'XMLElement' in scope
313 |
314 | // Ugh required convenience designated final initializer. Swift is drunk.
315 | public final class AnyType: XMLElement, XMLDeserializable, XMLSerializable {
    |                             `- error: cannot find type 'XMLElement' in scope
316 |     public convenience init(deserialize node: XMLElement) throws {
317 |         try self.init(xmlString: node.canonicalXMLStringPreservingComments(true))
/Users/admin/builder/spi-builder-workspace/Sources/Lark/Serialization.swift:316:47: error: cannot find type 'XMLElement' in scope
314 | // Ugh required convenience designated final initializer. Swift is drunk.
315 | public final class AnyType: XMLElement, XMLDeserializable, XMLSerializable {
316 |     public convenience init(deserialize node: XMLElement) throws {
    |                                               `- error: cannot find type 'XMLElement' in scope
317 |         try self.init(xmlString: node.canonicalXMLStringPreservingComments(true))
318 |     }
/Users/admin/builder/spi-builder-workspace/Sources/Lark/Serialization.swift:319:38: error: cannot find type 'XMLElement' in scope
317 |         try self.init(xmlString: node.canonicalXMLStringPreservingComments(true))
318 |     }
319 |     public func serialize(_ element: XMLElement) throws {
    |                                      `- error: cannot find type 'XMLElement' in scope
320 |         for namespace in namespaces ?? [] {
321 |             element.addNamespace(namespace.copy() as! XMLNode)
/Users/admin/builder/spi-builder-workspace/Sources/Lark/StringSerializableList.swift:12:38: error: cannot find type 'XMLElement' in scope
10 | /// XMLDeserializable
11 | extension StringSerializableList {
12 |     public init(deserialize element: XMLElement) throws {
   |                                      `- error: cannot find type 'XMLElement' in scope
13 |         self.init(try element.stringValue!.components(separatedBy: " ").map(Element.init(string:)))
14 |     }
/Users/admin/builder/spi-builder-workspace/Sources/Lark/StringSerializableList.swift:19:38: error: cannot find type 'XMLElement' in scope
17 | /// XMLSerializable
18 | extension StringSerializableList {
19 |     public func serialize(_ element: XMLElement) throws {
   |                                      `- error: cannot find type 'XMLElement' in scope
20 |         element.stringValue = try _contents.map { try $0.serialize() }.joined(separator: " ")
21 |     }
/Users/admin/builder/spi-builder-workspace/Sources/Lark/Utils.swift:3:11: error: cannot find type 'XMLElement' in scope
  1 | import Foundation
  2 |
  3 | extension XMLElement {
    |           `- error: cannot find type 'XMLElement' in scope
  4 |
  5 |     /// Creates an XMLElement with the given namespace prefix.
/Users/admin/builder/spi-builder-workspace/Sources/Lark/Utils.swift:87:11: error: cannot find type 'XMLNode' in scope
 85 | }
 86 |
 87 | extension XMLNode {
    |           `- error: cannot find type 'XMLNode' in scope
 88 |     /// Creates an attribute XMLNode with the given namespace prefix.
 89 |     ///
/Users/admin/builder/spi-builder-workspace/Sources/Lark/Validation.swift:56:25: error: cannot find type 'XMLNode' in scope
 54 |
 55 |     /// Carries application specific error information related to the `Body` element.
 56 |     public let detail: [XMLNode]
    |                         `- error: cannot find type 'XMLNode' in scope
 57 |
 58 |     /// A textual representation of this `Fault` instance.
/Users/admin/builder/spi-builder-workspace/Sources/Lark/Validation.swift:71:31: error: cannot find type 'XMLElement' in scope
 69 |     /// - Parameter element: the `<soap:fault/>` node
 70 |     /// - Throws: errors when a typed property cannot be deserialized
 71 |     init(deserialize element: XMLElement) throws {
    |                               `- error: cannot find type 'XMLElement' in scope
 72 |         guard let faultcode = element.elements(forName: "faultcode").first?.stringValue else {
 73 |             fatalError("Missing faultcode")
/Users/admin/builder/spi-builder-workspace/Sources/Lark/Validation.swift:86:84: error: cannot find type 'XMLNode' in scope
 84 |     }
 85 |
 86 |     init(faultcode: QualifiedName, faultstring: String, faultactor: URL?, detail: [XMLNode]) {
    |                                                                                    `- error: cannot find type 'XMLNode' in scope
 87 |         self.faultcode = faultcode
 88 |         self.faultstring = faultstring
/Users/admin/builder/spi-builder-workspace/Sources/Lark/Validation.swift:98:31: error: cannot find type 'XMLElement' in scope
 96 |     ///
 97 |     /// - Parameter element: the `XMLElement` node to serialize into.
 98 |     func serialize(_ element: XMLElement) {
    |                               `- error: cannot find type 'XMLElement' in scope
 99 |         let faultcodePrefix = element.resolveOrAddPrefix(forNamespaceURI: faultcode.uri)
100 |         element.addChild(XMLElement(name: "faultcode", stringValue: "\(faultcodePrefix):\(faultcode.localName)"))
/Users/admin/builder/spi-builder-workspace/Sources/Lark/Validation.swift:75:43: error: incorrect argument labels in call (have 'type:inTree:', expected 'uri:localName:')
 73 |             fatalError("Missing faultcode")
 74 |         }
 75 |         self.faultcode = try QualifiedName(type: faultcode, inTree: element)
    |                                           `- error: incorrect argument labels in call (have 'type:inTree:', expected 'uri:localName:')
 76 |         faultstring = element.elements(forName: "faultstring").first!.stringValue!
 77 |
/Users/admin/builder/spi-builder-workspace/Sources/Lark/Validation.swift:79:33: error: extraneous argument label 'deserialize:' in call
 77 |
 78 |         if let actor = element.elements(forName: "faultactor").first, actor.stringValue != "" {
 79 |             faultactor = try URL(deserialize: actor)
    |                                 `- error: extraneous argument label 'deserialize:' in call
 80 |         } else {
 81 |             faultactor = nil
[#DeprecatedDeclaration]: <https://docs.swift.org/compiler/documentation/diagnostics/deprecated-declaration>
Failed frontend command:
SwiftCompile normal arm64 (in target 'Lark' from project 'Lark')
    cd /Users/admin/builder/spi-builder-workspace/.swiftpm/xcode

/Applications/Xcode-27.0.0-Release.Candidate.app/Contents/Developer/Toolchains/XcodeDefault.xctoolchain/usr/bin/swift-frontend -frontend -emit-module -experimental-skip-non-inlinable-function-bodies-without-types /Users/admin/builder/spi-builder-workspace/Sources/Lark/Alamofire+Extensions.swift /Users/admin/builder/spi-builder-workspace/Sources/Lark/Client.swift /Users/admin/builder/spi-builder-workspace/Sources/Lark/Envelope.swift /Users/admin/builder/spi-builder-workspace/Sources/Lark/QualifiedName.swift /Users/admin/builder/spi-builder-workspace/Sources/Lark/Serialization.swift /Users/admin/builder/spi-builder-workspace/Sources/Lark/StringSerializableList.swift /Users/admin/builder/spi-builder-workspace/Sources/Lark/Utils.swift /Users/admin/builder/spi-builder-workspace/Sources/Lark/Validation.swift -target arm64-apple-watchos9.0 -Xllvm -aarch64-use-tbi -enable-objc-interop -stack-check -sdk /Applications/Xcode-27.0.0-Release.Candidate.app/Contents/Developer/Platforms/WatchOS.platform/Developer/SDKs/WatchOS27.0.sdk -I /Users/admin/builder/spi-builder-workspace/.derivedData/Build/Products/Debug-watchos -Isystem /Applications/Xcode-27.0.0-Release.Candidate.app/Contents/Developer/Platforms/WatchOS.platform/Developer/usr/lib -F /Users/admin/builder/spi-builder-workspace/.derivedData/Build/Products/Debug-watchos/PackageFrameworks -F /Users/admin/builder/spi-builder-workspace/.derivedData/Build/Products/Debug-watchos -F /Applications/Xcode-27.0.0-Release.Candidate.app/Contents/Developer/Platforms/WatchOS.platform/Developer/Library/Frameworks -F /Applications/Xcode-27.0.0-Release.Candidate.app/Contents/Developer/Platforms/WatchOS.platform/Developer/SDKs/WatchOS27.0.sdk/Developer/Library/Frameworks -module-cache-path /Users/admin/builder/spi-builder-workspace/.derivedData/ModuleCache.noindex -no-color-diagnostics -Xcc -fno-color-diagnostics -enable-testing -g -debug-info-format\=dwarf -dwarf-version\=4 -profile-generate -profile-coverage-mapping -swift-version 4 -Onone -D SWIFT_PACKAGE -D DEBUG -D SWIFT_MODULE_RESOURCE_BUNDLE_UNAVAILABLE -D Xcode -serialize-debugging-options -enable-experimental-feature DebugDescriptionMacro -empty-abi-descriptor -plugin-path /Applications/Xcode-27.0.0-Release.Candidate.app/Contents/Developer/Toolchains/XcodeDefault.xctoolchain/usr/lib/swift/host/plugins/testing -validate-clang-modules-once -clang-build-session-file /Users/admin/builder/spi-builder-workspace/.derivedData/ModuleCache.noindex/Session.modulevalidation -Xcc -working-directory -Xcc /Users/admin/builder/spi-builder-workspace/.swiftpm/xcode -enable-anonymous-context-mangled-names -file-compilation-dir /Users/admin/builder/spi-builder-workspace/.swiftpm/xcode -Xcc -D_LIBCPP_HARDENING_MODE\=_LIBCPP_HARDENING_MODE_DEBUG -Xcc -ivfsstatcache -Xcc /Users/admin/builder/spi-builder-workspace/.derivedData/SDKStatCaches.noindex/watchos27.0-24R360-e829b21a6f8c9b70876ba0858053c04477534ef55a1706bf4c1112bbb242f0a2.sdkstatcache -Xcc -fmodules-prune-interval\=86400 -Xcc -fmodules-prune-after\=345600 -Xcc -I/Users/admin/builder/spi-builder-workspace/.derivedData/Build/Products/Debug-watchos/include -Xcc -I/Users/admin/builder/spi-builder-workspace/.derivedData/Build/Intermediates.noindex/Lark.build/Debug-watchos/Lark-t.build/DerivedSources-normal/arm64 -Xcc -I/Users/admin/builder/spi-builder-workspace/.derivedData/Build/Intermediates.noindex/Lark.build/Debug-watchos/Lark-t.build/DerivedSources/arm64 -Xcc -I/Users/admin/builder/spi-builder-workspace/.derivedData/Build/Intermediates.noindex/Lark.build/Debug-watchos/Lark-t.build/DerivedSources -Xcc -DSWIFT_PACKAGE -Xcc -DDEBUG\=1 -no-auto-bridging-header-chaining -module-name Lark -const-gather-protocols-file /Users/admin/builder/spi-builder-workspace/.derivedData/Build/Intermediates.noindex/Lark.build/Debug-watchos/Lark-t.build/Objects-normal/arm64/Lark_const_extract_protocols.json -disable-clang-spi -target-sdk-version 27.0 -target-sdk-name watchos27.0 -external-plugin-path /Applications/Xcode-27.0.0-Release.Candidate.app/Contents/Developer/Platforms/WatchOS.platform/Developer/usr/lib/swift/host/plugins\#/Applications/Xcode-27.0.0-Release.Candidate.app/Contents/Developer/Platforms/WatchOS.platform/Developer/usr/bin/swift-plugin-server -external-plugin-path /Applications/Xcode-27.0.0-Release.Candidate.app/Contents/Developer/Platforms/WatchOS.platform/Developer/usr/local/lib/swift/host/plugins\#/Applications/Xcode-27.0.0-Release.Candidate.app/Contents/Developer/Platforms/WatchOS.platform/Developer/usr/bin/swift-plugin-server -in-process-plugin-server-path /Applications/Xcode-27.0.0-Release.Candidate.app/Contents/Developer/Toolchains/XcodeDefault.xctoolchain/usr/lib/swift/host/libSwiftInProcPluginServer.dylib -plugin-path /Applications/Xcode-27.0.0-Release.Candidate.app/Contents/Developer/Toolchains/XcodeDefault.xctoolchain/usr/lib/swift/host/plugins -plugin-path /Applications/Xcode-27.0.0-Release.Candidate.app/Contents/Developer/Toolchains/XcodeDefault.xctoolchain/usr/local/lib/swift/host/plugins -emit-module-doc-path /Users/admin/builder/spi-builder-workspace/.derivedData/Build/Intermediates.noindex/Lark.build/Debug-watchos/Lark-t.build/Objects-normal/arm64/Lark.swiftdoc -emit-module-source-info-path /Users/admin/builder/spi-builder-workspace/.derivedData/Build/Intermediates.noindex/Lark.build/Debug-watchos/Lark-t.build/Objects-normal/arm64/Lark.swiftsourceinfo -emit-objc-header-path /Users/admin/builder/spi-builder-workspace/.derivedData/Build/Intermediates.noindex/Lark.build/Debug-watchos/Lark-t.build/Objects-normal/arm64/Lark-Swift.h -serialize-diagnostics-path /Users/admin/builder/spi-builder-workspace/.derivedData/Build/Intermediates.noindex/Lark.build/Debug-watchos/Lark-t.build/Objects-normal/arm64/Lark-primary-emit-module.dia -emit-dependencies-path /Users/admin/builder/spi-builder-workspace/.derivedData/Build/Intermediates.noindex/Lark.build/Debug-watchos/Lark-t.build/Objects-normal/arm64/Lark-primary-emit-module.d -parse-as-library -o /Users/admin/builder/spi-builder-workspace/.derivedData/Build/Intermediates.noindex/Lark.build/Debug-watchos/Lark-t.build/Objects-normal/arm64/Lark.swiftmodule -emit-abi-descriptor-path /Users/admin/builder/spi-builder-workspace/.derivedData/Build/Intermediates.noindex/Lark.build/Debug-watchos/Lark-t.build/Objects-normal/arm64/Lark.abi.json
SwiftDriverJobDiscovery normal arm64 Compiling Timeline.swift (in target 'Alamofire' from project 'Alamofire')
SwiftCompile normal arm64_32 Compiling\ Validation.swift /Users/admin/builder/spi-builder-workspace/Sources/Lark/Validation.swift (in target 'Lark' from project 'Lark')
/Users/admin/builder/spi-builder-workspace/Sources/Lark/Validation.swift:56:25: error: cannot find type 'XMLNode' in scope
 54 |
 55 |     /// Carries application specific error information related to the `Body` element.
 56 |     public let detail: [XMLNode]
    |                         `- error: cannot find type 'XMLNode' in scope
 57 |
 58 |     /// A textual representation of this `Fault` instance.
/Users/admin/builder/spi-builder-workspace/Sources/Lark/Validation.swift:71:31: error: cannot find type 'XMLElement' in scope
 69 |     /// - Parameter element: the `<soap:fault/>` node
 70 |     /// - Throws: errors when a typed property cannot be deserialized
 71 |     init(deserialize element: XMLElement) throws {
    |                               `- error: cannot find type 'XMLElement' in scope
 72 |         guard let faultcode = element.elements(forName: "faultcode").first?.stringValue else {
 73 |             fatalError("Missing faultcode")
/Users/admin/builder/spi-builder-workspace/Sources/Lark/Validation.swift:86:84: error: cannot find type 'XMLNode' in scope
 84 |     }
 85 |
 86 |     init(faultcode: QualifiedName, faultstring: String, faultactor: URL?, detail: [XMLNode]) {
    |                                                                                    `- error: cannot find type 'XMLNode' in scope
 87 |         self.faultcode = faultcode
 88 |         self.faultstring = faultstring
/Users/admin/builder/spi-builder-workspace/Sources/Lark/Validation.swift:98:31: error: cannot find type 'XMLElement' in scope
 96 |     ///
 97 |     /// - Parameter element: the `XMLElement` node to serialize into.
 98 |     func serialize(_ element: XMLElement) {
    |                               `- error: cannot find type 'XMLElement' in scope
 99 |         let faultcodePrefix = element.resolveOrAddPrefix(forNamespaceURI: faultcode.uri)
100 |         element.addChild(XMLElement(name: "faultcode", stringValue: "\(faultcodePrefix):\(faultcode.localName)"))
/Users/admin/builder/spi-builder-workspace/Sources/Lark/Validation.swift:17:40: error: cannot find 'XMLDocument' in scope
 15 |             case 500:
 16 |                 do {
 17 |                     let document = try XMLDocument(data: data!, options: [])
    |                                        `- error: cannot find 'XMLDocument' in scope
 18 |                     let envelope = try Envelope(document: document)
 19 |                     guard let faultElement = envelope.body.elements(forLocalName: "Fault", uri: NS_SOAP_ENVELOPE).first else {
/Users/admin/builder/spi-builder-workspace/Sources/Lark/Validation.swift:12:16: error: no exact matches in call to instance method 'validate'
 10 |     /// - Returns: self, to chain other response handlers
 11 |     func deserializeFault() -> Self {
 12 |         return validate { _, response, data in
    |                |- error: no exact matches in call to instance method 'validate'
    |                |- note: found candidate with type '(@escaping (_, _, _) -> _) -> Self'
    |                `- note: found candidate with type '(@escaping (_, _, _) -> _) -> Self'
 13 |             switch response.statusCode {
 14 |             case 200: return .success
/Users/admin/builder/spi-builder-workspace/Sources/Lark/Validation.swift:12:27: error: cannot infer type of closure parameter '_' without a type annotation
 10 |     /// - Returns: self, to chain other response handlers
 11 |     func deserializeFault() -> Self {
 12 |         return validate { _, response, data in
    |                           `- error: cannot infer type of closure parameter '_' without a type annotation
 13 |             switch response.statusCode {
 14 |             case 200: return .success
/Users/admin/builder/spi-builder-workspace/Sources/Lark/Validation.swift:12:30: error: cannot infer type of closure parameter 'response' without a type annotation
 10 |     /// - Returns: self, to chain other response handlers
 11 |     func deserializeFault() -> Self {
 12 |         return validate { _, response, data in
    |                              `- error: cannot infer type of closure parameter 'response' without a type annotation
 13 |             switch response.statusCode {
 14 |             case 200: return .success
/Users/admin/builder/spi-builder-workspace/Sources/Lark/Validation.swift:12:40: error: cannot infer type of closure parameter 'data' without a type annotation
 10 |     /// - Returns: self, to chain other response handlers
 11 |     func deserializeFault() -> Self {
 12 |         return validate { _, response, data in
    |                                        `- error: cannot infer type of closure parameter 'data' without a type annotation
 13 |             switch response.statusCode {
 14 |             case 200: return .success
/Users/admin/builder/spi-builder-workspace/Sources/Lark/Validation.swift:14:31: error: cannot infer contextual base in reference to member 'success'
 12 |         return validate { _, response, data in
 13 |             switch response.statusCode {
 14 |             case 200: return .success
    |                               `- error: cannot infer contextual base in reference to member 'success'
 15 |             case 500:
 16 |                 do {
/Users/admin/builder/spi-builder-workspace/Sources/Lark/Serialization.swift:4:23: error: cannot find type 'XMLElement' in scope
  2 |
  3 | public protocol XMLDeserializable {
  4 |     init(deserialize: XMLElement) throws
    |                       `- error: cannot find type 'XMLElement' in scope
  5 | }
  6 |
/Users/admin/builder/spi-builder-workspace/Sources/Lark/QualifiedName.swift:37:44: error: cannot find type 'XMLElement' in scope
35 |
36 | extension QualifiedName {
37 |     public init(type: String, inTree tree: XMLElement) throws {
   |                                            `- error: cannot find type 'XMLElement' in scope
38 |         if type.contains(":") {
39 |             guard let namespace = tree.resolveNamespace(forName: type) else {
/Users/admin/builder/spi-builder-workspace/Sources/Lark/Serialization.swift:300:35: error: cannot find type 'XMLElement' in scope
298 |
299 | extension QualifiedName: XMLDeserializable, XMLSerializable {
300 |     public init(deserialize node: XMLElement) throws {
    |                                   `- error: cannot find type 'XMLElement' in scope
301 |         try self.init(type: node.stringValue ?? "", inTree: node)
302 |     }
/Users/admin/builder/spi-builder-workspace/Sources/Lark/Validation.swift:75:43: error: incorrect argument labels in call (have 'type:inTree:', expected 'uri:localName:')
 73 |             fatalError("Missing faultcode")
 74 |         }
 75 |         self.faultcode = try QualifiedName(type: faultcode, inTree: element)
    |                                           `- error: incorrect argument labels in call (have 'type:inTree:', expected 'uri:localName:')
 76 |         faultstring = element.elements(forName: "faultstring").first!.stringValue!
 77 |
/Users/admin/builder/spi-builder-workspace/Sources/Lark/Serialization.swift:219:35: error: cannot find type 'XMLElement' in scope
217 |
218 | extension URL: XMLDeserializable, XMLSerializable {
219 |     public init(deserialize node: XMLElement) throws {
    |                                   `- error: cannot find type 'XMLElement' in scope
220 |         guard let value = URL(string: node.stringValue ?? "") else {
221 |             throw XMLDeserializationError.cannotDeserialize
/Users/admin/builder/spi-builder-workspace/Sources/Lark/Validation.swift:79:33: error: extraneous argument label 'deserialize:' in call
 77 |
 78 |         if let actor = element.elements(forName: "faultactor").first, actor.stringValue != "" {
 79 |             faultactor = try URL(deserialize: actor)
    |                                 `- error: extraneous argument label 'deserialize:' in call
 80 |         } else {
 81 |             faultactor = nil
/Users/admin/builder/spi-builder-workspace/Sources/Lark/Validation.swift:100:26: error: cannot find 'XMLElement' in scope
 98 |     func serialize(_ element: XMLElement) {
 99 |         let faultcodePrefix = element.resolveOrAddPrefix(forNamespaceURI: faultcode.uri)
100 |         element.addChild(XMLElement(name: "faultcode", stringValue: "\(faultcodePrefix):\(faultcode.localName)"))
    |                          `- error: cannot find 'XMLElement' in scope
101 |
102 |         element.addChild(XMLElement(name: "faultstring", stringValue: faultstring))
/Users/admin/builder/spi-builder-workspace/Sources/Lark/Validation.swift:102:26: error: cannot find 'XMLElement' in scope
100 |         element.addChild(XMLElement(name: "faultcode", stringValue: "\(faultcodePrefix):\(faultcode.localName)"))
101 |
102 |         element.addChild(XMLElement(name: "faultstring", stringValue: faultstring))
    |                          `- error: cannot find 'XMLElement' in scope
103 |         element.addChild(XMLElement(name: "faultactor", stringValue: faultactor?.absoluteString))
104 |
/Users/admin/builder/spi-builder-workspace/Sources/Lark/Validation.swift:103:26: error: cannot find 'XMLElement' in scope
101 |
102 |         element.addChild(XMLElement(name: "faultstring", stringValue: faultstring))
103 |         element.addChild(XMLElement(name: "faultactor", stringValue: faultactor?.absoluteString))
    |                          `- error: cannot find 'XMLElement' in scope
104 |
105 |         let detailNode = XMLElement(name: "detail")
/Users/admin/builder/spi-builder-workspace/Sources/Lark/Validation.swift:105:26: error: cannot find 'XMLElement' in scope
103 |         element.addChild(XMLElement(name: "faultactor", stringValue: faultactor?.absoluteString))
104 |
105 |         let detailNode = XMLElement(name: "detail")
    |                          `- error: cannot find 'XMLElement' in scope
106 |         for child in detail {
107 |             detailNode.addChild(child)
Failed frontend command:
SwiftCompile normal arm64_32 /Users/admin/builder/spi-builder-workspace/Sources/Lark/Validation.swift (in target 'Lark' from project 'Lark')
    cd /Users/admin/builder/spi-builder-workspace/.swiftpm/xcode
    builtin-SwiftPerFileCompile Validation.swift
/Applications/Xcode-27.0.0-Release.Candidate.app/Contents/Developer/Toolchains/XcodeDefault.xctoolchain/usr/bin/swift-frontend -frontend -c /Users/admin/builder/spi-builder-workspace/Sources/Lark/Alamofire+Extensions.swift /Users/admin/builder/spi-builder-workspace/Sources/Lark/Client.swift /Users/admin/builder/spi-builder-workspace/Sources/Lark/Envelope.swift /Users/admin/builder/spi-builder-workspace/Sources/Lark/QualifiedName.swift /Users/admin/builder/spi-builder-workspace/Sources/Lark/Serialization.swift /Users/admin/builder/spi-builder-workspace/Sources/Lark/StringSerializableList.swift /Users/admin/builder/spi-builder-workspace/Sources/Lark/Utils.swift -primary-file /Users/admin/builder/spi-builder-workspace/Sources/Lark/Validation.swift -emit-dependencies-path /Users/admin/builder/spi-builder-workspace/.derivedData/Build/Intermediates.noindex/Lark.build/Debug-watchos/Lark-t.build/Objects-normal/arm64_32/Validation.d -emit-const-values-path /Users/admin/builder/spi-builder-workspace/.derivedData/Build/Intermediates.noindex/Lark.build/Debug-watchos/Lark-t.build/Objects-normal/arm64_32/Validation.swiftconstvalues -emit-reference-dependencies-path /Users/admin/builder/spi-builder-workspace/.derivedData/Build/Intermediates.noindex/Lark.build/Debug-watchos/Lark-t.build/Objects-normal/arm64_32/Validation.swiftdeps -serialize-diagnostics-path /Users/admin/builder/spi-builder-workspace/.derivedData/Build/Intermediates.noindex/Lark.build/Debug-watchos/Lark-t.build/Objects-normal/arm64_32/Validation.dia -target arm64_32-apple-watchos9.0 -enable-objc-interop -sdk /Applications/Xcode-27.0.0-Release.Candidate.app/Contents/Developer/Platforms/WatchOS.platform/Developer/SDKs/WatchOS27.0.sdk -I /Users/admin/builder/spi-builder-workspace/.derivedData/Build/Products/Debug-watchos -Isystem /Applications/Xcode-27.0.0-Release.Candidate.app/Contents/Developer/Platforms/WatchOS.platform/Developer/usr/lib -F /Users/admin/builder/spi-builder-workspace/.derivedData/Build/Products/Debug-watchos/PackageFrameworks -F /Users/admin/builder/spi-builder-workspace/.derivedData/Build/Products/Debug-watchos -F /Applications/Xcode-27.0.0-Release.Candidate.app/Contents/Developer/Platforms/WatchOS.platform/Developer/Library/Frameworks -F /Applications/Xcode-27.0.0-Release.Candidate.app/Contents/Developer/Platforms/WatchOS.platform/Developer/SDKs/WatchOS27.0.sdk/Developer/Library/Frameworks -module-cache-path /Users/admin/builder/spi-builder-workspace/.derivedData/ModuleCache.noindex -no-color-diagnostics -Xcc -fno-color-diagnostics -enable-testing -g -debug-info-format\=dwarf -dwarf-version\=4 -profile-generate -profile-coverage-mapping -swift-version 4 -Onone -D SWIFT_PACKAGE -D DEBUG -D SWIFT_MODULE_RESOURCE_BUNDLE_UNAVAILABLE -D Xcode -serialize-debugging-options -enable-experimental-feature DebugDescriptionMacro -empty-abi-descriptor -plugin-path /Applications/Xcode-27.0.0-Release.Candidate.app/Contents/Developer/Toolchains/XcodeDefault.xctoolchain/usr/lib/swift/host/plugins/testing -validate-clang-modules-once -clang-build-session-file /Users/admin/builder/spi-builder-workspace/.derivedData/ModuleCache.noindex/Session.modulevalidation -Xcc -working-directory -Xcc /Users/admin/builder/spi-builder-workspace/.swiftpm/xcode -enable-anonymous-context-mangled-names -file-compilation-dir /Users/admin/builder/spi-builder-workspace/.swiftpm/xcode -Xcc -D_LIBCPP_HARDENING_MODE\=_LIBCPP_HARDENING_MODE_DEBUG -Xcc -ivfsstatcache -Xcc /Users/admin/builder/spi-builder-workspace/.derivedData/SDKStatCaches.noindex/watchos27.0-24R360-e829b21a6f8c9b70876ba0858053c04477534ef55a1706bf4c1112bbb242f0a2.sdkstatcache -Xcc -fmodules-prune-interval\=86400 -Xcc -fmodules-prune-after\=345600 -Xcc -I/Users/admin/builder/spi-builder-workspace/.derivedData/Build/Products/Debug-watchos/include -Xcc -I/Users/admin/builder/spi-builder-workspace/.derivedData/Build/Intermediates.noindex/Lark.build/Debug-watchos/Lark-t.build/DerivedSources-normal/arm64_32 -Xcc -I/Users/admin/builder/spi-builder-workspace/.derivedData/Build/Intermediates.noindex/Lark.build/Debug-watchos/Lark-t.build/DerivedSources/arm64_32 -Xcc -I/Users/admin/builder/spi-builder-workspace/.derivedData/Build/Intermediates.noindex/Lark.build/Debug-watchos/Lark-t.build/DerivedSources -Xcc -DSWIFT_PACKAGE -Xcc -DDEBUG\=1 -no-auto-bridging-header-chaining -module-name Lark -const-gather-protocols-file /Users/admin/builder/spi-builder-workspace/.derivedData/Build/Intermediates.noindex/Lark.build/Debug-watchos/Lark-t.build/Objects-normal/arm64_32/Lark_const_extract_protocols.json -disable-clang-spi -target-sdk-version 27.0 -target-sdk-name watchos27.0 -external-plugin-path /Applications/Xcode-27.0.0-Release.Candidate.app/Contents/Developer/Platforms/WatchOS.platform/Developer/usr/lib/swift/host/plugins\#/Applications/Xcode-27.0.0-Release.Candidate.app/Contents/Developer/Platforms/WatchOS.platform/Developer/usr/bin/swift-plugin-server -external-plugin-path /Applications/Xcode-27.0.0-Release.Candidate.app/Contents/Developer/Platforms/WatchOS.platform/Developer/usr/local/lib/swift/host/plugins\#/Applications/Xcode-27.0.0-Release.Candidate.app/Contents/Developer/Platforms/WatchOS.platform/Developer/usr/bin/swift-plugin-server -in-process-plugin-server-path /Applications/Xcode-27.0.0-Release.Candidate.app/Contents/Developer/Toolchains/XcodeDefault.xctoolchain/usr/lib/swift/host/libSwiftInProcPluginServer.dylib -plugin-path /Applications/Xcode-27.0.0-Release.Candidate.app/Contents/Developer/Toolchains/XcodeDefault.xctoolchain/usr/lib/swift/host/plugins -plugin-path /Applications/Xcode-27.0.0-Release.Candidate.app/Contents/Developer/Toolchains/XcodeDefault.xctoolchain/usr/local/lib/swift/host/plugins -parse-as-library -o /Users/admin/builder/spi-builder-workspace/.derivedData/Build/Intermediates.noindex/Lark.build/Debug-watchos/Lark-t.build/Objects-normal/arm64_32/Validation.o -index-unit-output-path /Lark.build/Debug-watchos/Lark-t.build/Objects-normal/arm64_32/Validation.o -index-store-path /Users/admin/builder/spi-builder-workspace/.derivedData/Index.noindex/DataStore -index-system-modules
SwiftDriverJobDiscovery normal arm64 Compiling Validation.swift (in target 'Alamofire' from project 'Alamofire')
SwiftCompile normal arm64 Compiling\ Utils.swift /Users/admin/builder/spi-builder-workspace/Sources/Lark/Utils.swift (in target 'Lark' from project 'Lark')
SwiftCompile normal arm64 /Users/admin/builder/spi-builder-workspace/Sources/Lark/Utils.swift (in target 'Lark' from project 'Lark')
    cd /Users/admin/builder/spi-builder-workspace/.swiftpm/xcode
    builtin-SwiftPerFileCompile Utils.swift
SwiftDriverJobDiscovery normal arm64 Compiling AFError.swift, Alamofire.swift (in target 'Alamofire' from project 'Alamofire')
SwiftCompile normal arm64 Compiling\ Validation.swift /Users/admin/builder/spi-builder-workspace/Sources/Lark/Validation.swift (in target 'Lark' from project 'Lark')
SwiftCompile normal arm64 /Users/admin/builder/spi-builder-workspace/Sources/Lark/Validation.swift (in target 'Lark' from project 'Lark')
    cd /Users/admin/builder/spi-builder-workspace/.swiftpm/xcode
    builtin-SwiftPerFileCompile Validation.swift
SwiftDriverJobDiscovery normal arm64 Compiling SessionDelegate.swift, SessionManager.swift (in target 'Alamofire' from project 'Alamofire')
SwiftCompile normal arm64_32 Compiling\ QualifiedName.swift /Users/admin/builder/spi-builder-workspace/Sources/Lark/QualifiedName.swift (in target 'Lark' from project 'Lark')
SwiftCompile normal arm64_32 /Users/admin/builder/spi-builder-workspace/Sources/Lark/QualifiedName.swift (in target 'Lark' from project 'Lark')
    cd /Users/admin/builder/spi-builder-workspace/.swiftpm/xcode
    builtin-SwiftPerFileCompile QualifiedName.swift
/Users/admin/builder/spi-builder-workspace/Sources/Lark/StringSerializableList.swift:4:20: warning: redeclaration of associated type 'Element' from protocol 'Collection' is better expressed as a 'where' clause on the protocol
 2 |
 3 | public protocol StringSerializableList: XMLDeserializable, XMLSerializable, Sequence, Collection, ExpressibleByArrayLiteral {
 4 |     associatedtype Element: StringDeserializable, StringSerializable
   |                    `- warning: redeclaration of associated type 'Element' from protocol 'Collection' is better expressed as a 'where' clause on the protocol
 5 |
 6 |     var _contents: [Element] { get }
Swift.Collection.Element:2:16: note: 'Element' declared here
1 | protocol Collection {
2 | associatedtype Element}
  |                `- note: 'Element' declared here
3 |
/Users/admin/builder/spi-builder-workspace/Sources/Lark/QualifiedName.swift:31:16: warning: 'Hashable.hashValue' is deprecated as a protocol requirement; conform type 'QualifiedName' to 'Hashable' by implementing 'hash(into:)' instead [#DeprecatedDeclaration]
29 |
30 | extension QualifiedName: Hashable {
31 |     public var hashValue: Int {
   |                `- warning: 'Hashable.hashValue' is deprecated as a protocol requirement; conform type 'QualifiedName' to 'Hashable' by implementing 'hash(into:)' instead [#DeprecatedDeclaration]
32 |         return uri.hashValue % 17 + localName.hashValue
33 |     }
/Users/admin/builder/spi-builder-workspace/Sources/Lark/QualifiedName.swift:37:44: error: cannot find type 'XMLElement' in scope
35 |
36 | extension QualifiedName {
37 |     public init(type: String, inTree tree: XMLElement) throws {
   |                                            `- error: cannot find type 'XMLElement' in scope
38 |         if type.contains(":") {
39 |             guard let namespace = tree.resolveNamespace(forName: type) else {
SwiftDriverJobDiscovery normal arm64 Compiling ParameterEncoding.swift, Request.swift (in target 'Alamofire' from project 'Alamofire')
SwiftCompile normal arm64 Compiling\ StringSerializableList.swift /Users/admin/builder/spi-builder-workspace/Sources/Lark/StringSerializableList.swift (in target 'Lark' from project 'Lark')
SwiftCompile normal arm64 /Users/admin/builder/spi-builder-workspace/Sources/Lark/StringSerializableList.swift (in target 'Lark' from project 'Lark')
    cd /Users/admin/builder/spi-builder-workspace/.swiftpm/xcode
    builtin-SwiftPerFileCompile StringSerializableList.swift
/Users/admin/builder/spi-builder-workspace/Sources/Lark/StringSerializableList.swift:4:20: warning: redeclaration of associated type 'Element' from protocol 'Collection' is better expressed as a 'where' clause on the protocol
 2 |
 3 | public protocol StringSerializableList: XMLDeserializable, XMLSerializable, Sequence, Collection, ExpressibleByArrayLiteral {
 4 |     associatedtype Element: StringDeserializable, StringSerializable
   |                    `- warning: redeclaration of associated type 'Element' from protocol 'Collection' is better expressed as a 'where' clause on the protocol
 5 |
 6 |     var _contents: [Element] { get }
Swift.Collection.Element:2:16: note: 'Element' declared here
1 | protocol Collection {
2 | associatedtype Element}
  |                `- note: 'Element' declared here
3 |
/Users/admin/builder/spi-builder-workspace/Sources/Lark/StringSerializableList.swift:12:38: error: cannot find type 'XMLElement' in scope
10 | /// XMLDeserializable
11 | extension StringSerializableList {
12 |     public init(deserialize element: XMLElement) throws {
   |                                      `- error: cannot find type 'XMLElement' in scope
13 |         self.init(try element.stringValue!.components(separatedBy: " ").map(Element.init(string:)))
14 |     }
/Users/admin/builder/spi-builder-workspace/Sources/Lark/StringSerializableList.swift:19:38: error: cannot find type 'XMLElement' in scope
17 | /// XMLSerializable
18 | extension StringSerializableList {
19 |     public func serialize(_ element: XMLElement) throws {
   |                                      `- error: cannot find type 'XMLElement' in scope
20 |         element.stringValue = try _contents.map { try $0.serialize() }.joined(separator: " ")
21 |     }
SwiftDriverJobDiscovery normal arm64 Compiling TaskDelegate.swift (in target 'Alamofire' from project 'Alamofire')
SwiftCompile normal arm64_32 Compiling\ StringSerializableList.swift /Users/admin/builder/spi-builder-workspace/Sources/Lark/StringSerializableList.swift (in target 'Lark' from project 'Lark')
/Users/admin/builder/spi-builder-workspace/Sources/Lark/StringSerializableList.swift:4:20: warning: redeclaration of associated type 'Element' from protocol 'Collection' is better expressed as a 'where' clause on the protocol
 2 |
 3 | public protocol StringSerializableList: XMLDeserializable, XMLSerializable, Sequence, Collection, ExpressibleByArrayLiteral {
 4 |     associatedtype Element: StringDeserializable, StringSerializable
   |                    `- warning: redeclaration of associated type 'Element' from protocol 'Collection' is better expressed as a 'where' clause on the protocol
 5 |
 6 |     var _contents: [Element] { get }
Swift.Collection.Element:2:16: note: 'Element' declared here
1 | protocol Collection {
2 | associatedtype Element}
  |                `- note: 'Element' declared here
3 |
/Users/admin/builder/spi-builder-workspace/Sources/Lark/StringSerializableList.swift:12:38: error: cannot find type 'XMLElement' in scope
10 | /// XMLDeserializable
11 | extension StringSerializableList {
12 |     public init(deserialize element: XMLElement) throws {
   |                                      `- error: cannot find type 'XMLElement' in scope
13 |         self.init(try element.stringValue!.components(separatedBy: " ").map(Element.init(string:)))
14 |     }
/Users/admin/builder/spi-builder-workspace/Sources/Lark/StringSerializableList.swift:19:38: error: cannot find type 'XMLElement' in scope
17 | /// XMLSerializable
18 | extension StringSerializableList {
19 |     public func serialize(_ element: XMLElement) throws {
   |                                      `- error: cannot find type 'XMLElement' in scope
20 |         element.stringValue = try _contents.map { try $0.serialize() }.joined(separator: " ")
21 |     }
SwiftCompile normal arm64_32 /Users/admin/builder/spi-builder-workspace/Sources/Lark/StringSerializableList.swift (in target 'Lark' from project 'Lark')
    cd /Users/admin/builder/spi-builder-workspace/.swiftpm/xcode
    builtin-SwiftPerFileCompile StringSerializableList.swift
SwiftDriverJobDiscovery normal arm64 Compiling DispatchQueue+Alamofire.swift, MultipartFormData.swift (in target 'Alamofire' from project 'Alamofire')
SwiftCompile normal arm64 Compiling\ Client.swift /Users/admin/builder/spi-builder-workspace/Sources/Lark/Client.swift (in target 'Lark' from project 'Lark')
SwiftCompile normal arm64 /Users/admin/builder/spi-builder-workspace/Sources/Lark/Client.swift (in target 'Lark' from project 'Lark')
    cd /Users/admin/builder/spi-builder-workspace/.swiftpm/xcode
    builtin-SwiftPerFileCompile Client.swift
SwiftDriverJobDiscovery normal arm64_32 Compiling TaskDelegate.swift (in target 'Alamofire' from project 'Alamofire')
SwiftCompile normal arm64 Compiling\ Serialization.swift /Users/admin/builder/spi-builder-workspace/Sources/Lark/Serialization.swift (in target 'Lark' from project 'Lark')
SwiftCompile normal arm64 /Users/admin/builder/spi-builder-workspace/Sources/Lark/Serialization.swift (in target 'Lark' from project 'Lark')
    cd /Users/admin/builder/spi-builder-workspace/.swiftpm/xcode
    builtin-SwiftPerFileCompile Serialization.swift
SwiftDriverJobDiscovery normal arm64_32 Compiling Alamofire+Extensions.swift (in target 'Lark' from project 'Lark')
PruneExplicitPrecompiledModules /Users/admin/builder/spi-builder-workspace/.derivedData/Build/Intermediates.noindex/ExplicitPrecompiledModules
PruneExplicitPrecompiledModules /Users/admin/builder/spi-builder-workspace/.derivedData/Build/Intermediates.noindex/SwiftExplicitPrecompiledModules
PruneExplicitPrecompiledModules /Users/admin/builder/spi-builder-workspace/.derivedData/SDKExplicitPrecompiledModules
2026-09-16 08:56:34.946 xcodebuild[699:4521] [MT] IDERunDestination: Supported platforms for the buildables in the current scheme is empty.
** BUILD FAILED **
The following build commands failed:
	SwiftCompile normal arm64_32 (in target 'Lark' from project 'Lark')
	SwiftEmitModule normal arm64_32 Emitting\ module\ for\ Lark (in target 'Lark' from project 'Lark')
	SwiftCompile normal arm64 (in target 'Lark' from project 'Lark')
	SwiftEmitModule normal arm64 Emitting\ module\ for\ Lark (in target 'Lark' from project 'Lark')
	SwiftCompile normal arm64_32 /Users/admin/builder/spi-builder-workspace/Sources/Lark/Validation.swift (in target 'Lark' from project 'Lark')
	SwiftCompile normal arm64_32 Compiling\ Validation.swift /Users/admin/builder/spi-builder-workspace/Sources/Lark/Validation.swift (in target 'Lark' from project 'Lark')
	Building workspace Lark with scheme Lark-Package
(7 failures)
Command line invocation:
    /Applications/Xcode-27.0.0-Release.Candidate.app/Contents/Developer/usr/bin/xcodebuild -IDEClonedSourcePackagesDirPathOverride=/Users/admin/builder/spi-builder-workspace/.dependencies -resolvePackageDependencies
Resolve Package Graph
Resolved source packages:
  Alamofire: https://github.com/Alamofire/Alamofire.git @ 4.9.1
  Lark: /Users/admin/builder/spi-builder-workspace
resolved source packages: Alamofire, Lark
2026-09-16 08:56:43.200 xcodebuild[811:5053] [MT] IDERunDestination: Supported platforms for the buildables in the current scheme is empty.
{
  "dependencies" : [
    {
      "identity" : "alamofire",
      "requirement" : {
        "range" : [
          {
            "lower_bound" : "4.5.0",
            "upper_bound" : "5.0.0"
          }
        ]
      },
      "type" : "sourceControl",
      "url" : "https://github.com/Alamofire/Alamofire.git"
    }
  ],
  "manifest_display_name" : "Lark",
  "name" : "Lark",
  "path" : "/Users/admin/builder/spi-builder-workspace",
  "platforms" : [
  ],
  "products" : [
    {
      "name" : "Lark",
      "targets" : [
        "Lark"
      ],
      "type" : {
        "library" : [
          "automatic"
        ]
      }
    },
    {
      "name" : "lark-generate-client",
      "targets" : [
        "lark-generate-client"
      ],
      "type" : {
        "executable" : null
      }
    }
  ],
  "swift_languages_versions" : [
    "4"
  ],
  "targets" : [
    {
      "c99name" : "lark_generate_client",
      "module_type" : "SwiftTarget",
      "name" : "lark-generate-client",
      "path" : "Sources/lark-generate-client",
      "product_memberships" : [
        "lark-generate-client"
      ],
      "sources" : [
        "main.swift"
      ],
      "target_dependencies" : [
        "SchemaParser",
        "CodeGenerator"
      ],
      "type" : "executable"
    },
    {
      "c99name" : "SchemaParserTests",
      "module_type" : "SwiftTarget",
      "name" : "SchemaParserTests",
      "path" : "Tests/SchemaParserTests",
      "sources" : [
        "SchemaTests.swift",
        "WebServiceDescriptionTests.swift"
      ],
      "target_dependencies" : [
        "SchemaParser"
      ],
      "type" : "test"
    },
    {
      "c99name" : "SchemaParser",
      "module_type" : "SwiftTarget",
      "name" : "SchemaParser",
      "path" : "Sources/SchemaParser",
      "product_memberships" : [
        "lark-generate-client"
      ],
      "sources" : [
        "QualifiedName+XMLElement.swift",
        "Schema+Extensions.swift",
        "Schema.swift",
        "SchemaParser.swift",
        "Utils.swift",
        "WebServiceDescription.swift"
      ],
      "target_dependencies" : [
        "Lark"
      ],
      "type" : "library"
    },
    {
      "c99name" : "LarkTests",
      "module_type" : "SwiftTarget",
      "name" : "LarkTests",
      "path" : "Tests/LarkTests",
      "sources" : [
        "SerializationTests.swift",
        "StringSerializableListTests.swift",
        "Utils.swift",
        "UtilsTests.swift",
        "ValidationTests.swift"
      ],
      "target_dependencies" : [
        "Lark"
      ],
      "type" : "test"
    },
    {
      "c99name" : "Lark",
      "module_type" : "SwiftTarget",
      "name" : "Lark",
      "path" : "Sources/Lark",
      "product_dependencies" : [
        "Alamofire"
      ],
      "product_memberships" : [
        "Lark",
        "lark-generate-client"
      ],
      "sources" : [
        "Alamofire+Extensions.swift",
        "Client.swift",
        "Envelope.swift",
        "QualifiedName.swift",
        "Serialization.swift",
        "StringSerializableList.swift",
        "Utils.swift",
        "Validation.swift"
      ],
      "type" : "library"
    },
    {
      "c99name" : "CodeGeneratorTests",
      "module_type" : "SwiftTarget",
      "name" : "CodeGeneratorTests",
      "path" : "Tests/CodeGeneratorTests",
      "sources" : [
        "CodeGeneratorTests.swift",
        "NameTranslationTests.swift",
        "RandomServicesTests.swift",
        "SwiftTypeTests.swift",
        "Utils.swift",
        "WebServiceDescription+verifyTests.swift",
        "simplediff.swift"
      ],
      "target_dependencies" : [
        "CodeGenerator"
      ],
      "type" : "test"
    },
    {
      "c99name" : "CodeGenerator",
      "module_type" : "SwiftTarget",
      "name" : "CodeGenerator",
      "path" : "Sources/CodeGenerator",
      "product_memberships" : [
        "lark-generate-client"
      ],
      "sources" : [
        "Generator.swift",
        "Graph.swift",
        "Models.swift",
        "NameTranslation.swift",
        "Schema+toSwift.swift",
        "SwiftCodeGenerator.swift",
        "Utils.swift",
        "WebServiceDescription+verify.swift"
      ],
      "target_dependencies" : [
        "Lark",
        "SchemaParser"
      ],
      "type" : "library"
    }
  ],
  "tools_version" : "4.0"
}
{
  "workspace" : {
    "name" : "Lark",
    "schemes" : [
      "Lark",
      "lark-generate-client",
      "Lark-Package"
    ]
  }
}
2026-09-16 08:56:44.479 xcodebuild[819:5121] [MT] IDERunDestination: Supported platforms for the buildables in the current scheme is empty.
Running build ...
env DEVELOPER_DIR=/Applications/Xcode-27.0.0-Release.Candidate.app xcrun xcodebuild -IDEClonedSourcePackagesDirPathOverride=$PWD/.dependencies -skipMacroValidation -skipPackagePluginValidation -derivedDataPath $PWD/.derivedData build -scheme Lark-Package -destination generic/platform=watchOS
Command line invocation:
    /Applications/Xcode-27.0.0-Release.Candidate.app/Contents/Developer/usr/bin/xcodebuild -IDEClonedSourcePackagesDirPathOverride=/Users/admin/builder/spi-builder-workspace/.dependencies -skipMacroValidation -skipPackagePluginValidation -derivedDataPath /Users/admin/builder/spi-builder-workspace/.derivedData build -scheme Lark-Package -destination generic/platform=watchOS
Resolve Package Graph
Resolved source packages:
  Lark: /Users/admin/builder/spi-builder-workspace
  Alamofire: https://github.com/Alamofire/Alamofire.git @ 4.9.1
ComputePackagePrebuildTargetDependencyGraph
Prepare packages
CreateBuildRequest
SendProjectDescription
CreateBuildOperation
ComputeTargetDependencyGraph
note: Building targets in dependency order
note: Target dependency graph (7 targets)
    Target 'lark-generate-client-product' in project 'Lark'
        ➜ Explicit dependency on target 'Lark' in project 'Lark'
        ➜ Explicit dependency on target 'SchemaParser' in project 'Lark'
        ➜ Explicit dependency on target 'CodeGenerator' in project 'Lark'
        ➜ Explicit dependency on target 'Alamofire-product' in project 'Alamofire'
    Target 'CodeGenerator' in project 'Lark'
        ➜ Explicit dependency on target 'Lark' in project 'Lark'
        ➜ Explicit dependency on target 'SchemaParser' in project 'Lark'
        ➜ Explicit dependency on target 'Alamofire-product' in project 'Alamofire'
    Target 'SchemaParser' in project 'Lark'
        ➜ Explicit dependency on target 'Lark' in project 'Lark'
        ➜ Explicit dependency on target 'Alamofire-product' in project 'Alamofire'
    Target 'Lark-product' in project 'Lark'
        ➜ Explicit dependency on target 'Lark' in project 'Lark'
        ➜ Explicit dependency on target 'Alamofire-product' in project 'Alamofire'
    Target 'Lark' in project 'Lark'
        ➜ Explicit dependency on target 'Alamofire-product' in project 'Alamofire'
    Target 'Alamofire-product' in project 'Alamofire'
        ➜ Explicit dependency on target 'Alamofire' in project 'Alamofire'
    Target 'Alamofire' in project 'Alamofire' (no dependencies)
GatherProvisioningInputs
CreateBuildDescription
ClangStatCache /Applications/Xcode-27.0.0-Release.Candidate.app/Contents/Developer/Toolchains/XcodeDefault.xctoolchain/usr/bin/clang-stat-cache /Applications/Xcode-27.0.0-Release.Candidate.app/Contents/Developer/Platforms/WatchOS.platform/Developer/SDKs/WatchOS27.0.sdk /Users/admin/builder/spi-builder-workspace/.derivedData/SDKStatCaches.noindex/watchos27.0-24R360-e829b21a6f8c9b70876ba0858053c04477534ef55a1706bf4c1112bbb242f0a2.sdkstatcache
    cd /Users/admin/builder/spi-builder-workspace/.swiftpm/xcode
    /Applications/Xcode-27.0.0-Release.Candidate.app/Contents/Developer/Toolchains/XcodeDefault.xctoolchain/usr/bin/clang-stat-cache /Applications/Xcode-27.0.0-Release.Candidate.app/Contents/Developer/Platforms/WatchOS.platform/Developer/SDKs/WatchOS27.0.sdk -o /Users/admin/builder/spi-builder-workspace/.derivedData/SDKStatCaches.noindex/watchos27.0-24R360-e829b21a6f8c9b70876ba0858053c04477534ef55a1706bf4c1112bbb242f0a2.sdkstatcache
SwiftDriver Lark normal arm64 com.apple.xcode.tools.swift.compiler (in target 'Lark' from project 'Lark')
    cd /Users/admin/builder/spi-builder-workspace/.swiftpm/xcode
    builtin-SwiftDriver -- /Applications/Xcode-27.0.0-Release.Candidate.app/Contents/Developer/Toolchains/XcodeDefault.xctoolchain/usr/bin/swiftc -parse-as-library -module-name Lark -Onone @/Users/admin/builder/spi-builder-workspace/.derivedData/Build/Intermediates.noindex/Lark.build/Debug-watchos/Lark-t.build/Objects-normal/arm64/Lark.SwiftFileList -DSWIFT_PACKAGE -DDEBUG -DSWIFT_MODULE_RESOURCE_BUNDLE_UNAVAILABLE -DXcode -plugin-path /Applications/Xcode-27.0.0-Release.Candidate.app/Contents/Developer/Toolchains/XcodeDefault.xctoolchain/usr/lib/swift/host/plugins/testing -enable-experimental-feature DebugDescriptionMacro -sdk /Applications/Xcode-27.0.0-Release.Candidate.app/Contents/Developer/Platforms/WatchOS.platform/Developer/SDKs/WatchOS27.0.sdk -target arm64-apple-watchos9.0 -g -module-cache-path /Users/admin/builder/spi-builder-workspace/.derivedData/ModuleCache.noindex -Xfrontend -serialize-debugging-options -profile-coverage-mapping -profile-generate -enable-testing -index-store-path /Users/admin/builder/spi-builder-workspace/.derivedData/Index.noindex/DataStore -Xcc -D_LIBCPP_HARDENING_MODE\=_LIBCPP_HARDENING_MODE_DEBUG -swift-version 4 -I /Users/admin/builder/spi-builder-workspace/.derivedData/Build/Products/Debug-watchos -Isystem /Applications/Xcode-27.0.0-Release.Candidate.app/Contents/Developer/Platforms/WatchOS.platform/Developer/usr/lib -F /Users/admin/builder/spi-builder-workspace/.derivedData/Build/Products/Debug-watchos/PackageFrameworks -F /Users/admin/builder/spi-builder-workspace/.derivedData/Build/Products/Debug-watchos -F /Applications/Xcode-27.0.0-Release.Candidate.app/Contents/Developer/Platforms/WatchOS.platform/Developer/Library/Frameworks -F /Applications/Xcode-27.0.0-Release.Candidate.app/Contents/Developer/Platforms/WatchOS.platform/Developer/SDKs/WatchOS27.0.sdk/Developer/Library/Frameworks -c -j10 -enable-batch-mode -incremental -Xcc -ivfsstatcache -Xcc /Users/admin/builder/spi-builder-workspace/.derivedData/SDKStatCaches.noindex/watchos27.0-24R360-e829b21a6f8c9b70876ba0858053c04477534ef55a1706bf4c1112bbb242f0a2.sdkstatcache -output-file-map /Users/admin/builder/spi-builder-workspace/.derivedData/Build/Intermediates.noindex/Lark.build/Debug-watchos/Lark-t.build/Objects-normal/arm64/Lark-OutputFileMap.json -save-temps -no-color-diagnostics -emit-dependencies -emit-module -emit-module-path /Users/admin/builder/spi-builder-workspace/.derivedData/Build/Intermediates.noindex/Lark.build/Debug-watchos/Lark-t.build/Objects-normal/arm64/Lark.swiftmodule -serialize-diagnostics -validate-clang-modules-once -clang-build-session-file /Users/admin/builder/spi-builder-workspace/.derivedData/ModuleCache.noindex/Session.modulevalidation -Xcc -fmodules-prune-interval\=86400 -Xcc -fmodules-prune-after\=345600 -emit-const-values -const-gather-protocols-list /Users/admin/builder/spi-builder-workspace/.derivedData/Build/Intermediates.noindex/Lark.build/Debug-watchos/Lark-t.build/Objects-normal/arm64/Lark_const_extract_protocols.json -Xcc -I/Users/admin/builder/spi-builder-workspace/.derivedData/Build/Products/Debug-watchos/include -Xcc -I/Users/admin/builder/spi-builder-workspace/.derivedData/Build/Intermediates.noindex/Lark.build/Debug-watchos/Lark-t.build/DerivedSources-normal/arm64 -Xcc -I/Users/admin/builder/spi-builder-workspace/.derivedData/Build/Intermediates.noindex/Lark.build/Debug-watchos/Lark-t.build/DerivedSources/arm64 -Xcc -I/Users/admin/builder/spi-builder-workspace/.derivedData/Build/Intermediates.noindex/Lark.build/Debug-watchos/Lark-t.build/DerivedSources -Xcc -DSWIFT_PACKAGE -Xcc -DDEBUG\=1 -emit-objc-header -emit-objc-header-path /Users/admin/builder/spi-builder-workspace/.derivedData/Build/Intermediates.noindex/Lark.build/Debug-watchos/Lark-t.build/Objects-normal/arm64/Lark-Swift.h -working-directory /Users/admin/builder/spi-builder-workspace/.swiftpm/xcode -experimental-emit-module-separately -disable-cmo
SwiftDriver Lark normal arm64_32 com.apple.xcode.tools.swift.compiler (in target 'Lark' from project 'Lark')
    cd /Users/admin/builder/spi-builder-workspace/.swiftpm/xcode
    builtin-SwiftDriver -- /Applications/Xcode-27.0.0-Release.Candidate.app/Contents/Developer/Toolchains/XcodeDefault.xctoolchain/usr/bin/swiftc -parse-as-library -module-name Lark -Onone @/Users/admin/builder/spi-builder-workspace/.derivedData/Build/Intermediates.noindex/Lark.build/Debug-watchos/Lark-t.build/Objects-normal/arm64_32/Lark.SwiftFileList -DSWIFT_PACKAGE -DDEBUG -DSWIFT_MODULE_RESOURCE_BUNDLE_UNAVAILABLE -DXcode -plugin-path /Applications/Xcode-27.0.0-Release.Candidate.app/Contents/Developer/Toolchains/XcodeDefault.xctoolchain/usr/lib/swift/host/plugins/testing -enable-experimental-feature DebugDescriptionMacro -sdk /Applications/Xcode-27.0.0-Release.Candidate.app/Contents/Developer/Platforms/WatchOS.platform/Developer/SDKs/WatchOS27.0.sdk -target arm64_32-apple-watchos9.0 -g -module-cache-path /Users/admin/builder/spi-builder-workspace/.derivedData/ModuleCache.noindex -Xfrontend -serialize-debugging-options -profile-coverage-mapping -profile-generate -enable-testing -index-store-path /Users/admin/builder/spi-builder-workspace/.derivedData/Index.noindex/DataStore -Xcc -D_LIBCPP_HARDENING_MODE\=_LIBCPP_HARDENING_MODE_DEBUG -swift-version 4 -I /Users/admin/builder/spi-builder-workspace/.derivedData/Build/Products/Debug-watchos -Isystem /Applications/Xcode-27.0.0-Release.Candidate.app/Contents/Developer/Platforms/WatchOS.platform/Developer/usr/lib -F /Users/admin/builder/spi-builder-workspace/.derivedData/Build/Products/Debug-watchos/PackageFrameworks -F /Users/admin/builder/spi-builder-workspace/.derivedData/Build/Products/Debug-watchos -F /Applications/Xcode-27.0.0-Release.Candidate.app/Contents/Developer/Platforms/WatchOS.platform/Developer/Library/Frameworks -F /Applications/Xcode-27.0.0-Release.Candidate.app/Contents/Developer/Platforms/WatchOS.platform/Developer/SDKs/WatchOS27.0.sdk/Developer/Library/Frameworks -c -j10 -enable-batch-mode -incremental -Xcc -ivfsstatcache -Xcc /Users/admin/builder/spi-builder-workspace/.derivedData/SDKStatCaches.noindex/watchos27.0-24R360-e829b21a6f8c9b70876ba0858053c04477534ef55a1706bf4c1112bbb242f0a2.sdkstatcache -output-file-map /Users/admin/builder/spi-builder-workspace/.derivedData/Build/Intermediates.noindex/Lark.build/Debug-watchos/Lark-t.build/Objects-normal/arm64_32/Lark-OutputFileMap.json -save-temps -no-color-diagnostics -emit-dependencies -emit-module -emit-module-path /Users/admin/builder/spi-builder-workspace/.derivedData/Build/Intermediates.noindex/Lark.build/Debug-watchos/Lark-t.build/Objects-normal/arm64_32/Lark.swiftmodule -serialize-diagnostics -validate-clang-modules-once -clang-build-session-file /Users/admin/builder/spi-builder-workspace/.derivedData/ModuleCache.noindex/Session.modulevalidation -Xcc -fmodules-prune-interval\=86400 -Xcc -fmodules-prune-after\=345600 -emit-const-values -const-gather-protocols-list /Users/admin/builder/spi-builder-workspace/.derivedData/Build/Intermediates.noindex/Lark.build/Debug-watchos/Lark-t.build/Objects-normal/arm64_32/Lark_const_extract_protocols.json -Xcc -I/Users/admin/builder/spi-builder-workspace/.derivedData/Build/Products/Debug-watchos/include -Xcc -I/Users/admin/builder/spi-builder-workspace/.derivedData/Build/Intermediates.noindex/Lark.build/Debug-watchos/Lark-t.build/DerivedSources-normal/arm64_32 -Xcc -I/Users/admin/builder/spi-builder-workspace/.derivedData/Build/Intermediates.noindex/Lark.build/Debug-watchos/Lark-t.build/DerivedSources/arm64_32 -Xcc -I/Users/admin/builder/spi-builder-workspace/.derivedData/Build/Intermediates.noindex/Lark.build/Debug-watchos/Lark-t.build/DerivedSources -Xcc -DSWIFT_PACKAGE -Xcc -DDEBUG\=1 -emit-objc-header -emit-objc-header-path /Users/admin/builder/spi-builder-workspace/.derivedData/Build/Intermediates.noindex/Lark.build/Debug-watchos/Lark-t.build/Objects-normal/arm64_32/Lark-Swift.h -working-directory /Users/admin/builder/spi-builder-workspace/.swiftpm/xcode -experimental-emit-module-separately -disable-cmo
SwiftDriver Alamofire normal arm64_32 com.apple.xcode.tools.swift.compiler (in target 'Alamofire' from project 'Alamofire')
    cd /Users/admin/builder/spi-builder-workspace/.swiftpm/xcode
    builtin-SwiftDriver -- /Applications/Xcode-27.0.0-Release.Candidate.app/Contents/Developer/Toolchains/XcodeDefault.xctoolchain/usr/bin/swiftc -parse-as-library -module-name Alamofire -Onone @/Users/admin/builder/spi-builder-workspace/.derivedData/Build/Intermediates.noindex/Alamofire.build/Debug-watchos/Alamofire-t.build/Objects-normal/arm64_32/Alamofire.SwiftFileList -DSWIFT_PACKAGE -DDEBUG -DSWIFT_MODULE_RESOURCE_BUNDLE_UNAVAILABLE -DXcode -plugin-path /Applications/Xcode-27.0.0-Release.Candidate.app/Contents/Developer/Toolchains/XcodeDefault.xctoolchain/usr/lib/swift/host/plugins/testing -enable-experimental-feature DebugDescriptionMacro -sdk /Applications/Xcode-27.0.0-Release.Candidate.app/Contents/Developer/Platforms/WatchOS.platform/Developer/SDKs/WatchOS27.0.sdk -target arm64_32-apple-watchos9.0 -g -module-cache-path /Users/admin/builder/spi-builder-workspace/.derivedData/ModuleCache.noindex -Xfrontend -serialize-debugging-options -profile-coverage-mapping -profile-generate -enable-testing -suppress-warnings -index-store-path /Users/admin/builder/spi-builder-workspace/.derivedData/Index.noindex/DataStore -Xcc -D_LIBCPP_HARDENING_MODE\=_LIBCPP_HARDENING_MODE_DEBUG -swift-version 5 -I /Users/admin/builder/spi-builder-workspace/.derivedData/Build/Products/Debug-watchos -Isystem /Applications/Xcode-27.0.0-Release.Candidate.app/Contents/Developer/Platforms/WatchOS.platform/Developer/usr/lib -F /Users/admin/builder/spi-builder-workspace/.derivedData/Build/Products/Debug-watchos -F /Applications/Xcode-27.0.0-Release.Candidate.app/Contents/Developer/Platforms/WatchOS.platform/Developer/Library/Frameworks -F /Applications/Xcode-27.0.0-Release.Candidate.app/Contents/Developer/Platforms/WatchOS.platform/Developer/SDKs/WatchOS27.0.sdk/Developer/Library/Frameworks -c -j10 -enable-batch-mode -incremental -Xcc -ivfsstatcache -Xcc /Users/admin/builder/spi-builder-workspace/.derivedData/SDKStatCaches.noindex/watchos27.0-24R360-e829b21a6f8c9b70876ba0858053c04477534ef55a1706bf4c1112bbb242f0a2.sdkstatcache -output-file-map /Users/admin/builder/spi-builder-workspace/.derivedData/Build/Intermediates.noindex/Alamofire.build/Debug-watchos/Alamofire-t.build/Objects-normal/arm64_32/Alamofire-OutputFileMap.json -save-temps -no-color-diagnostics -explicit-module-build -module-cache-path /Users/admin/builder/spi-builder-workspace/.derivedData/Build/Intermediates.noindex/SwiftExplicitPrecompiledModules -clang-scanner-module-cache-path /Users/admin/builder/spi-builder-workspace/.derivedData/ModuleCache.noindex -sdk-module-cache-path /Users/admin/builder/spi-builder-workspace/.derivedData/SDKExplicitPrecompiledModules -emit-dependencies -emit-module -emit-module-path /Users/admin/builder/spi-builder-workspace/.derivedData/Build/Intermediates.noindex/Alamofire.build/Debug-watchos/Alamofire-t.build/Objects-normal/arm64_32/Alamofire.swiftmodule -serialize-diagnostics -dependency-scan-serialize-diagnostics-path /Users/admin/builder/spi-builder-workspace/.derivedData/Build/Intermediates.noindex/Alamofire.build/Debug-watchos/Alamofire-t.build/Objects-normal/arm64_32/Alamofire-dependency-scan.dia -validate-clang-modules-once -clang-build-session-file /Users/admin/builder/spi-builder-workspace/.derivedData/ModuleCache.noindex/Session.modulevalidation -Xcc -fmodules-prune-interval\=86400 -Xcc -fmodules-prune-after\=345600 -emit-const-values -const-gather-protocols-list /Users/admin/builder/spi-builder-workspace/.derivedData/Build/Intermediates.noindex/Alamofire.build/Debug-watchos/Alamofire-t.build/Objects-normal/arm64_32/Alamofire_const_extract_protocols.json -Xcc -I/Users/admin/builder/spi-builder-workspace/.derivedData/Build/Products/Debug-watchos/include -Xcc -I/Users/admin/builder/spi-builder-workspace/.derivedData/Build/Intermediates.noindex/Alamofire.build/Debug-watchos/Alamofire-t.build/DerivedSources-normal/arm64_32 -Xcc -I/Users/admin/builder/spi-builder-workspace/.derivedData/Build/Intermediates.noindex/Alamofire.build/Debug-watchos/Alamofire-t.build/DerivedSources/arm64_32 -Xcc -I/Users/admin/builder/spi-builder-workspace/.derivedData/Build/Intermediates.noindex/Alamofire.build/Debug-watchos/Alamofire-t.build/DerivedSources -Xcc -DSWIFT_PACKAGE -Xcc -DDEBUG\=1 -emit-objc-header -emit-objc-header-path /Users/admin/builder/spi-builder-workspace/.derivedData/Build/Intermediates.noindex/Alamofire.build/Debug-watchos/Alamofire-t.build/Objects-normal/arm64_32/Alamofire-Swift.h -working-directory /Users/admin/builder/spi-builder-workspace/.swiftpm/xcode -experimental-emit-module-separately -disable-cmo
SwiftDriver Alamofire normal arm64 com.apple.xcode.tools.swift.compiler (in target 'Alamofire' from project 'Alamofire')
    cd /Users/admin/builder/spi-builder-workspace/.swiftpm/xcode
    builtin-SwiftDriver -- /Applications/Xcode-27.0.0-Release.Candidate.app/Contents/Developer/Toolchains/XcodeDefault.xctoolchain/usr/bin/swiftc -parse-as-library -module-name Alamofire -Onone @/Users/admin/builder/spi-builder-workspace/.derivedData/Build/Intermediates.noindex/Alamofire.build/Debug-watchos/Alamofire-t.build/Objects-normal/arm64/Alamofire.SwiftFileList -DSWIFT_PACKAGE -DDEBUG -DSWIFT_MODULE_RESOURCE_BUNDLE_UNAVAILABLE -DXcode -plugin-path /Applications/Xcode-27.0.0-Release.Candidate.app/Contents/Developer/Toolchains/XcodeDefault.xctoolchain/usr/lib/swift/host/plugins/testing -enable-experimental-feature DebugDescriptionMacro -sdk /Applications/Xcode-27.0.0-Release.Candidate.app/Contents/Developer/Platforms/WatchOS.platform/Developer/SDKs/WatchOS27.0.sdk -target arm64-apple-watchos9.0 -g -module-cache-path /Users/admin/builder/spi-builder-workspace/.derivedData/ModuleCache.noindex -Xfrontend -serialize-debugging-options -profile-coverage-mapping -profile-generate -enable-testing -suppress-warnings -index-store-path /Users/admin/builder/spi-builder-workspace/.derivedData/Index.noindex/DataStore -Xcc -D_LIBCPP_HARDENING_MODE\=_LIBCPP_HARDENING_MODE_DEBUG -swift-version 5 -I /Users/admin/builder/spi-builder-workspace/.derivedData/Build/Products/Debug-watchos -Isystem /Applications/Xcode-27.0.0-Release.Candidate.app/Contents/Developer/Platforms/WatchOS.platform/Developer/usr/lib -F /Users/admin/builder/spi-builder-workspace/.derivedData/Build/Products/Debug-watchos -F /Applications/Xcode-27.0.0-Release.Candidate.app/Contents/Developer/Platforms/WatchOS.platform/Developer/Library/Frameworks -F /Applications/Xcode-27.0.0-Release.Candidate.app/Contents/Developer/Platforms/WatchOS.platform/Developer/SDKs/WatchOS27.0.sdk/Developer/Library/Frameworks -c -j10 -enable-batch-mode -incremental -Xcc -ivfsstatcache -Xcc /Users/admin/builder/spi-builder-workspace/.derivedData/SDKStatCaches.noindex/watchos27.0-24R360-e829b21a6f8c9b70876ba0858053c04477534ef55a1706bf4c1112bbb242f0a2.sdkstatcache -output-file-map /Users/admin/builder/spi-builder-workspace/.derivedData/Build/Intermediates.noindex/Alamofire.build/Debug-watchos/Alamofire-t.build/Objects-normal/arm64/Alamofire-OutputFileMap.json -save-temps -no-color-diagnostics -explicit-module-build -module-cache-path /Users/admin/builder/spi-builder-workspace/.derivedData/Build/Intermediates.noindex/SwiftExplicitPrecompiledModules -clang-scanner-module-cache-path /Users/admin/builder/spi-builder-workspace/.derivedData/ModuleCache.noindex -sdk-module-cache-path /Users/admin/builder/spi-builder-workspace/.derivedData/SDKExplicitPrecompiledModules -emit-dependencies -emit-module -emit-module-path /Users/admin/builder/spi-builder-workspace/.derivedData/Build/Intermediates.noindex/Alamofire.build/Debug-watchos/Alamofire-t.build/Objects-normal/arm64/Alamofire.swiftmodule -serialize-diagnostics -dependency-scan-serialize-diagnostics-path /Users/admin/builder/spi-builder-workspace/.derivedData/Build/Intermediates.noindex/Alamofire.build/Debug-watchos/Alamofire-t.build/Objects-normal/arm64/Alamofire-dependency-scan.dia -validate-clang-modules-once -clang-build-session-file /Users/admin/builder/spi-builder-workspace/.derivedData/ModuleCache.noindex/Session.modulevalidation -Xcc -fmodules-prune-interval\=86400 -Xcc -fmodules-prune-after\=345600 -emit-const-values -const-gather-protocols-list /Users/admin/builder/spi-builder-workspace/.derivedData/Build/Intermediates.noindex/Alamofire.build/Debug-watchos/Alamofire-t.build/Objects-normal/arm64/Alamofire_const_extract_protocols.json -Xcc -I/Users/admin/builder/spi-builder-workspace/.derivedData/Build/Products/Debug-watchos/include -Xcc -I/Users/admin/builder/spi-builder-workspace/.derivedData/Build/Intermediates.noindex/Alamofire.build/Debug-watchos/Alamofire-t.build/DerivedSources-normal/arm64 -Xcc -I/Users/admin/builder/spi-builder-workspace/.derivedData/Build/Intermediates.noindex/Alamofire.build/Debug-watchos/Alamofire-t.build/DerivedSources/arm64 -Xcc -I/Users/admin/builder/spi-builder-workspace/.derivedData/Build/Intermediates.noindex/Alamofire.build/Debug-watchos/Alamofire-t.build/DerivedSources -Xcc -DSWIFT_PACKAGE -Xcc -DDEBUG\=1 -emit-objc-header -emit-objc-header-path /Users/admin/builder/spi-builder-workspace/.derivedData/Build/Intermediates.noindex/Alamofire.build/Debug-watchos/Alamofire-t.build/Objects-normal/arm64/Alamofire-Swift.h -working-directory /Users/admin/builder/spi-builder-workspace/.swiftpm/xcode -experimental-emit-module-separately -disable-cmo
SwiftCompile normal arm64 Compiling\ Envelope.swift /Users/admin/builder/spi-builder-workspace/Sources/Lark/Envelope.swift (in target 'Lark' from project 'Lark')
/Users/admin/builder/spi-builder-workspace/Sources/Lark/Envelope.swift:13:19: error: cannot find type 'XMLDocument' in scope
 11 | /// consists of an optional SOAP header and a mandatory SOAP body.
 12 | public struct Envelope {
 13 |     let document: XMLDocument
    |                   `- error: cannot find type 'XMLDocument' in scope
 14 |
 15 |     /// SOAP body.
/Users/admin/builder/spi-builder-workspace/Sources/Lark/Envelope.swift:16:22: error: cannot find type 'XMLElement' in scope
 14 |
 15 |     /// SOAP body.
 16 |     public let body: XMLElement
    |                      `- error: cannot find type 'XMLElement' in scope
 17 |
 18 |     init() {
/Users/admin/builder/spi-builder-workspace/Sources/Lark/Envelope.swift:30:20: error: cannot find type 'XMLDocument' in scope
 28 |     }
 29 |
 30 |     init(document: XMLDocument) throws {
    |                    `- error: cannot find type 'XMLDocument' in scope
 31 |         self.document = document
 32 |         guard let body = document.rootElement()?.elements(forLocalName: "Body", uri: NS_SOAP_ENVELOPE).first else {
/Users/admin/builder/spi-builder-workspace/Sources/Lark/Envelope.swift:38:24: error: cannot find type 'XMLElement' in scope
 36 |     }
 37 |
 38 |     public var header: XMLElement {
    |                        `- error: cannot find type 'XMLElement' in scope
 39 |         let root = document.rootElement()!
 40 |         if let header = root.elements(forLocalName: "Header", uri: NS_SOAP_ENVELOPE).first {
/Users/admin/builder/spi-builder-workspace/Sources/Lark/Envelope.swift:57:36: error: cannot find 'XMLDocument' in scope
 55 |         do {
 56 |             if let data = $2 {
 57 |                 let document = try XMLDocument(data: data, options: [])
    |                                    `- error: cannot find 'XMLDocument' in scope
 58 |                 return .success(try Envelope(document: document))
 59 |             }
/Users/admin/builder/spi-builder-workspace/Sources/Lark/Envelope.swift:78:32: error: cannot find type 'XMLElement' in scope
 76 |     /// - Returns: XML serialization of the header
 77 |     /// - Throws: can throw any error
 78 |     func serialize() throws -> XMLElement
    |                                `- error: cannot find type 'XMLElement' in scope
 79 | }
 80 |
/Users/admin/builder/spi-builder-workspace/Sources/Lark/Envelope.swift:100:39: error: cannot find type 'XMLElement' in scope
 98 |     }
 99 |
100 |     public func serialize() throws -> XMLElement {
    |                                       `- error: cannot find type 'XMLElement' in scope
101 |         let node = XMLElement(name: name.localName, uri: name.uri)
102 |         node.setAttributesWith(["xmlns": name.uri])
/Users/admin/builder/spi-builder-workspace/Sources/Lark/Envelope.swift:19:20: error: cannot find 'XMLElement' in scope
 17 |
 18 |     init() {
 19 |         let root = XMLElement.element(withName: "soap:Envelope", uri: NS_SOAP_ENVELOPE) as! XMLElement
    |                    `- error: cannot find 'XMLElement' in scope
 20 |         root.addNamespace(XMLElement.namespace(withName: "soap", stringValue: NS_SOAP_ENVELOPE) as! XMLNode)
 21 |         root.addNamespace(XMLElement.namespace(withName: "xsi", stringValue: NS_XSI) as! XMLNode)
/Users/admin/builder/spi-builder-workspace/Sources/Lark/Envelope.swift:19:93: error: cannot find type 'XMLElement' in scope
 17 |
 18 |     init() {
 19 |         let root = XMLElement.element(withName: "soap:Envelope", uri: NS_SOAP_ENVELOPE) as! XMLElement
    |                                                                                             `- error: cannot find type 'XMLElement' in scope
 20 |         root.addNamespace(XMLElement.namespace(withName: "soap", stringValue: NS_SOAP_ENVELOPE) as! XMLNode)
 21 |         root.addNamespace(XMLElement.namespace(withName: "xsi", stringValue: NS_XSI) as! XMLNode)
/Users/admin/builder/spi-builder-workspace/Sources/Lark/Envelope.swift:20:27: error: cannot find 'XMLElement' in scope
 18 |     init() {
 19 |         let root = XMLElement.element(withName: "soap:Envelope", uri: NS_SOAP_ENVELOPE) as! XMLElement
 20 |         root.addNamespace(XMLElement.namespace(withName: "soap", stringValue: NS_SOAP_ENVELOPE) as! XMLNode)
    |                           `- error: cannot find 'XMLElement' in scope
 21 |         root.addNamespace(XMLElement.namespace(withName: "xsi", stringValue: NS_XSI) as! XMLNode)
 22 |         body = XMLElement.element(withName: "soap:Body", uri: NS_SOAP_ENVELOPE) as! XMLElement
/Users/admin/builder/spi-builder-workspace/Sources/Lark/Envelope.swift:20:101: error: cannot find type 'XMLNode' in scope
 18 |     init() {
 19 |         let root = XMLElement.element(withName: "soap:Envelope", uri: NS_SOAP_ENVELOPE) as! XMLElement
 20 |         root.addNamespace(XMLElement.namespace(withName: "soap", stringValue: NS_SOAP_ENVELOPE) as! XMLNode)
    |                                                                                                     `- error: cannot find type 'XMLNode' in scope
 21 |         root.addNamespace(XMLElement.namespace(withName: "xsi", stringValue: NS_XSI) as! XMLNode)
 22 |         body = XMLElement.element(withName: "soap:Body", uri: NS_SOAP_ENVELOPE) as! XMLElement
/Users/admin/builder/spi-builder-workspace/Sources/Lark/Envelope.swift:21:27: error: cannot find 'XMLElement' in scope
 19 |         let root = XMLElement.element(withName: "soap:Envelope", uri: NS_SOAP_ENVELOPE) as! XMLElement
 20 |         root.addNamespace(XMLElement.namespace(withName: "soap", stringValue: NS_SOAP_ENVELOPE) as! XMLNode)
 21 |         root.addNamespace(XMLElement.namespace(withName: "xsi", stringValue: NS_XSI) as! XMLNode)
    |                           `- error: cannot find 'XMLElement' in scope
 22 |         body = XMLElement.element(withName: "soap:Body", uri: NS_SOAP_ENVELOPE) as! XMLElement
 23 |         root.addChild(body)
/Users/admin/builder/spi-builder-workspace/Sources/Lark/Envelope.swift:21:90: error: cannot find type 'XMLNode' in scope
 19 |         let root = XMLElement.element(withName: "soap:Envelope", uri: NS_SOAP_ENVELOPE) as! XMLElement
 20 |         root.addNamespace(XMLElement.namespace(withName: "soap", stringValue: NS_SOAP_ENVELOPE) as! XMLNode)
 21 |         root.addNamespace(XMLElement.namespace(withName: "xsi", stringValue: NS_XSI) as! XMLNode)
    |                                                                                          `- error: cannot find type 'XMLNode' in scope
 22 |         body = XMLElement.element(withName: "soap:Body", uri: NS_SOAP_ENVELOPE) as! XMLElement
 23 |         root.addChild(body)
/Users/admin/builder/spi-builder-workspace/Sources/Lark/Envelope.swift:22:16: error: cannot find 'XMLElement' in scope
 20 |         root.addNamespace(XMLElement.namespace(withName: "soap", stringValue: NS_SOAP_ENVELOPE) as! XMLNode)
 21 |         root.addNamespace(XMLElement.namespace(withName: "xsi", stringValue: NS_XSI) as! XMLNode)
 22 |         body = XMLElement.element(withName: "soap:Body", uri: NS_SOAP_ENVELOPE) as! XMLElement
    |                `- error: cannot find 'XMLElement' in scope
 23 |         root.addChild(body)
 24 |         document = XMLDocument(rootElement: root)
/Users/admin/builder/spi-builder-workspace/Sources/Lark/Envelope.swift:22:85: error: cannot find type 'XMLElement' in scope
 20 |         root.addNamespace(XMLElement.namespace(withName: "soap", stringValue: NS_SOAP_ENVELOPE) as! XMLNode)
 21 |         root.addNamespace(XMLElement.namespace(withName: "xsi", stringValue: NS_XSI) as! XMLNode)
 22 |         body = XMLElement.element(withName: "soap:Body", uri: NS_SOAP_ENVELOPE) as! XMLElement
    |                                                                                     `- error: cannot find type 'XMLElement' in scope
 23 |         root.addChild(body)
 24 |         document = XMLDocument(rootElement: root)
/Users/admin/builder/spi-builder-workspace/Sources/Lark/Envelope.swift:24:20: error: cannot find 'XMLDocument' in scope
 22 |         body = XMLElement.element(withName: "soap:Body", uri: NS_SOAP_ENVELOPE) as! XMLElement
 23 |         root.addChild(body)
 24 |         document = XMLDocument(rootElement: root)
    |                    `- error: cannot find 'XMLDocument' in scope
 25 |         document.version = "1.0"
 26 |         document.characterEncoding = "utf-8"
/Users/admin/builder/spi-builder-workspace/Sources/Lark/Serialization.swift:4:23: error: cannot find type 'XMLElement' in scope
  2 |
  3 | public protocol XMLDeserializable {
  4 |     init(deserialize: XMLElement) throws
    |                       `- error: cannot find type 'XMLElement' in scope
  5 | }
  6 |
/Users/admin/builder/spi-builder-workspace/Sources/Lark/QualifiedName.swift:37:44: error: cannot find type 'XMLElement' in scope
35 |
36 | extension QualifiedName {
37 |     public init(type: String, inTree tree: XMLElement) throws {
   |                                            `- error: cannot find type 'XMLElement' in scope
38 |         if type.contains(":") {
39 |             guard let namespace = tree.resolveNamespace(forName: type) else {
/Users/admin/builder/spi-builder-workspace/Sources/Lark/Serialization.swift:300:35: error: cannot find type 'XMLElement' in scope
298 |
299 | extension QualifiedName: XMLDeserializable, XMLSerializable {
300 |     public init(deserialize node: XMLElement) throws {
    |                                   `- error: cannot find type 'XMLElement' in scope
301 |         try self.init(type: node.stringValue ?? "", inTree: node)
302 |     }
/Users/admin/builder/spi-builder-workspace/Sources/Lark/Envelope.swift:43:22: error: cannot find 'XMLElement' in scope
 41 |             return header
 42 |         }
 43 |         let header = XMLElement.element(withName: "soap:Header", uri: NS_SOAP_ENVELOPE) as! XMLElement
    |                      `- error: cannot find 'XMLElement' in scope
 44 |         root.insertChild(header, at: 0)
 45 |         return header
/Users/admin/builder/spi-builder-workspace/Sources/Lark/Envelope.swift:43:93: error: cannot find type 'XMLElement' in scope
 41 |             return header
 42 |         }
 43 |         let header = XMLElement.element(withName: "soap:Header", uri: NS_SOAP_ENVELOPE) as! XMLElement
    |                                                                                             `- error: cannot find type 'XMLElement' in scope
 44 |         root.insertChild(header, at: 0)
 45 |         return header
/Users/admin/builder/spi-builder-workspace/Sources/Lark/Envelope.swift:101:20: error: cannot find 'XMLElement' in scope
 99 |
100 |     public func serialize() throws -> XMLElement {
101 |         let node = XMLElement(name: name.localName, uri: name.uri)
    |                    `- error: cannot find 'XMLElement' in scope
102 |         node.setAttributesWith(["xmlns": name.uri])
103 |         try value.serialize(node)
/Users/admin/builder/spi-builder-workspace/Sources/Lark/Serialization.swift:8:31: error: cannot find type 'XMLElement' in scope
  6 |
  7 | public protocol XMLSerializable {
  8 |     func serialize(_ element: XMLElement) throws
    |                               `- error: cannot find type 'XMLElement' in scope
  9 | }
 10 |
Failed frontend command:
/Applications/Xcode-27.0.0-Release.Candidate.app/Contents/Developer/Toolchains/XcodeDefault.xctoolchain/usr/bin/swift-frontend -frontend -c /Users/admin/builder/spi-builder-workspace/Sources/Lark/Alamofire+Extensions.swift /Users/admin/builder/spi-builder-workspace/Sources/Lark/Client.swift -primary-file /Users/admin/builder/spi-builder-workspace/Sources/Lark/Envelope.swift /Users/admin/builder/spi-builder-workspace/Sources/Lark/QualifiedName.swift /Users/admin/builder/spi-builder-workspace/Sources/Lark/Serialization.swift /Users/admin/builder/spi-builder-workspace/Sources/Lark/StringSerializableList.swift /Users/admin/builder/spi-builder-workspace/Sources/Lark/Utils.swift /Users/admin/builder/spi-builder-workspace/Sources/Lark/Validation.swift -emit-dependencies-path /Users/admin/builder/spi-builder-workspace/.derivedData/Build/Intermediates.noindex/Lark.build/Debug-watchos/Lark-t.build/Objects-normal/arm64/Envelope.d -emit-const-values-path /Users/admin/builder/spi-builder-workspace/.derivedData/Build/Intermediates.noindex/Lark.build/Debug-watchos/Lark-t.build/Objects-normal/arm64/Envelope.swiftconstvalues -emit-reference-dependencies-path /Users/admin/builder/spi-builder-workspace/.derivedData/Build/Intermediates.noindex/Lark.build/Debug-watchos/Lark-t.build/Objects-normal/arm64/Envelope.swiftdeps -serialize-diagnostics-path /Users/admin/builder/spi-builder-workspace/.derivedData/Build/Intermediates.noindex/Lark.build/Debug-watchos/Lark-t.build/Objects-normal/arm64/Envelope.dia -target arm64-apple-watchos9.0 -Xllvm -aarch64-use-tbi -enable-objc-interop -stack-check -sdk /Applications/Xcode-27.0.0-Release.Candidate.app/Contents/Developer/Platforms/WatchOS.platform/Developer/SDKs/WatchOS27.0.sdk -I /Users/admin/builder/spi-builder-workspace/.derivedData/Build/Products/Debug-watchos -Isystem /Applications/Xcode-27.0.0-Release.Candidate.app/Contents/Developer/Platforms/WatchOS.platform/Developer/usr/lib -F /Users/admin/builder/spi-builder-workspace/.derivedData/Build/Products/Debug-watchos/PackageFrameworks -F /Users/admin/builder/spi-builder-workspace/.derivedData/Build/Products/Debug-watchos -F /Applications/Xcode-27.0.0-Release.Candidate.app/Contents/Developer/Platforms/WatchOS.platform/Developer/Library/Frameworks -F /Applications/Xcode-27.0.0-Release.Candidate.app/Contents/Developer/Platforms/WatchOS.platform/Developer/SDKs/WatchOS27.0.sdk/Developer/Library/Frameworks -module-cache-path /Users/admin/builder/spi-builder-workspace/.derivedData/ModuleCache.noindex -no-color-diagnostics -Xcc -fno-color-diagnostics -enable-testing -g -debug-info-format\=dwarf -dwarf-version\=4 -profile-generate -profile-coverage-mapping -swift-version 4 -Onone -D SWIFT_PACKAGE -D DEBUG -D SWIFT_MODULE_RESOURCE_BUNDLE_UNAVAILABLE -D Xcode -serialize-debugging-options -enable-experimental-feature DebugDescriptionMacro -empty-abi-descriptor -plugin-path /Applications/Xcode-27.0.0-Release.Candidate.app/Contents/Developer/Toolchains/XcodeDefault.xctoolchain/usr/lib/swift/host/plugins/testing -validate-clang-modules-once -clang-build-session-file /Users/admin/builder/spi-builder-workspace/.derivedData/ModuleCache.noindex/Session.modulevalidation -Xcc -working-directory -Xcc /Users/admin/builder/spi-builder-workspace/.swiftpm/xcode -enable-anonymous-context-mangled-names -file-compilation-dir /Users/admin/builder/spi-builder-workspace/.swiftpm/xcode -Xcc -D_LIBCPP_HARDENING_MODE\=_LIBCPP_HARDENING_MODE_DEBUG -Xcc -ivfsstatcache -Xcc /Users/admin/builder/spi-builder-workspace/.derivedData/SDKStatCaches.noindex/watchos27.0-24R360-e829b21a6f8c9b70876ba0858053c04477534ef55a1706bf4c1112bbb242f0a2.sdkstatcache -Xcc -fmodules-prune-interval\=86400 -Xcc -fmodules-prune-after\=345600 -Xcc -I/Users/admin/builder/spi-builder-workspace/.derivedData/Build/Products/Debug-watchos/include -Xcc -I/Users/admin/builder/spi-builder-workspace/.derivedData/Build/Intermediates.noindex/Lark.build/Debug-watchos/Lark-t.build/DerivedSources-normal/arm64 -Xcc -I/Users/admin/builder/spi-builder-workspace/.derivedData/Build/Intermediates.noindex/Lark.build/Debug-watchos/Lark-t.build/DerivedSources/arm64 -Xcc -I/Users/admin/builder/spi-builder-workspace/.derivedData/Build/Intermediates.noindex/Lark.build/Debug-watchos/Lark-t.build/DerivedSources -Xcc -DSWIFT_PACKAGE -Xcc -DDEBUG\=1 -no-auto-bridging-header-chaining -module-name Lark -const-gather-protocols-file /Users/admin/builder/spi-builder-workspace/.derivedData/Build/Intermediates.noindex/Lark.build/Debug-watchos/Lark-t.build/Objects-normal/arm64/Lark_const_extract_protocols.json -disable-clang-spi -target-sdk-version 27.0 -target-sdk-name watchos27.0 -external-plugin-path /Applications/Xcode-27.0.0-Release.Candidate.app/Contents/Developer/Platforms/WatchOS.platform/Developer/usr/lib/swift/host/plugins\#/Applications/Xcode-27.0.0-Release.Candidate.app/Contents/Developer/Platforms/WatchOS.platform/Developer/usr/bin/swift-plugin-server -external-plugin-path /Applications/Xcode-27.0.0-Release.Candidate.app/Contents/Developer/Platforms/WatchOS.platform/Developer/usr/local/lib/swift/host/plugins\#/Applications/Xcode-27.0.0-Release.Candidate.app/Contents/Developer/Platforms/WatchOS.platform/Developer/usr/bin/swift-plugin-server -in-process-plugin-server-path /Applications/Xcode-27.0.0-Release.Candidate.app/Contents/Developer/Toolchains/XcodeDefault.xctoolchain/usr/lib/swift/host/libSwiftInProcPluginServer.dylib -plugin-path /Applications/Xcode-27.0.0-Release.Candidate.app/Contents/Developer/Toolchains/XcodeDefault.xctoolchain/usr/lib/swift/host/plugins -plugin-path /Applications/Xcode-27.0.0-Release.Candidate.app/Contents/Developer/Toolchains/XcodeDefault.xctoolchain/usr/local/lib/swift/host/plugins -parse-as-library -o /Users/admin/builder/spi-builder-workspace/.derivedData/Build/Intermediates.noindex/Lark.build/Debug-watchos/Lark-t.build/Objects-normal/arm64/Envelope.o -index-unit-output-path /Lark.build/Debug-watchos/Lark-t.build/Objects-normal/arm64/Envelope.o -index-store-path /Users/admin/builder/spi-builder-workspace/.derivedData/Index.noindex/DataStore -index-system-modules
SwiftCompile normal arm64 /Users/admin/builder/spi-builder-workspace/Sources/Lark/Envelope.swift (in target 'Lark' from project 'Lark')
    cd /Users/admin/builder/spi-builder-workspace/.swiftpm/xcode
    builtin-SwiftPerFileCompile Envelope.swift
SwiftCompile normal arm64 Compiling\ Alamofire+Extensions.swift /Users/admin/builder/spi-builder-workspace/Sources/Lark/Alamofire+Extensions.swift (in target 'Lark' from project 'Lark')
SwiftCompile normal arm64 /Users/admin/builder/spi-builder-workspace/Sources/Lark/Alamofire+Extensions.swift (in target 'Lark' from project 'Lark')
    cd /Users/admin/builder/spi-builder-workspace/.swiftpm/xcode
    builtin-SwiftPerFileCompile Alamofire+Extensions.swift
SwiftCompile normal arm64 Compiling\ QualifiedName.swift /Users/admin/builder/spi-builder-workspace/Sources/Lark/QualifiedName.swift (in target 'Lark' from project 'Lark')
/Users/admin/builder/spi-builder-workspace/Sources/Lark/StringSerializableList.swift:4:20: warning: redeclaration of associated type 'Element' from protocol 'Collection' is better expressed as a 'where' clause on the protocol
 2 |
 3 | public protocol StringSerializableList: XMLDeserializable, XMLSerializable, Sequence, Collection, ExpressibleByArrayLiteral {
 4 |     associatedtype Element: StringDeserializable, StringSerializable
   |                    `- warning: redeclaration of associated type 'Element' from protocol 'Collection' is better expressed as a 'where' clause on the protocol
 5 |
 6 |     var _contents: [Element] { get }
Swift.Collection.Element:2:16: note: 'Element' declared here
1 | protocol Collection {
2 | associatedtype Element}
  |                `- note: 'Element' declared here
3 |
/Users/admin/builder/spi-builder-workspace/Sources/Lark/QualifiedName.swift:31:16: warning: 'Hashable.hashValue' is deprecated as a protocol requirement; conform type 'QualifiedName' to 'Hashable' by implementing 'hash(into:)' instead [#DeprecatedDeclaration]
29 |
30 | extension QualifiedName: Hashable {
31 |     public var hashValue: Int {
   |                `- warning: 'Hashable.hashValue' is deprecated as a protocol requirement; conform type 'QualifiedName' to 'Hashable' by implementing 'hash(into:)' instead [#DeprecatedDeclaration]
32 |         return uri.hashValue % 17 + localName.hashValue
33 |     }
/Users/admin/builder/spi-builder-workspace/Sources/Lark/QualifiedName.swift:37:44: error: cannot find type 'XMLElement' in scope
35 |
36 | extension QualifiedName {
37 |     public init(type: String, inTree tree: XMLElement) throws {
   |                                            `- error: cannot find type 'XMLElement' in scope
38 |         if type.contains(":") {
39 |             guard let namespace = tree.resolveNamespace(forName: type) else {
/Users/admin/builder/spi-builder-workspace/Sources/Lark/QualifiedName.swift:49:21: error: cannot find 'XMLElement' in scope
47 |             uri = tns
48 |         }
49 |         localName = XMLElement(name: type).localName!
   |                     `- error: cannot find 'XMLElement' in scope
50 |     }
51 | }
[#DeprecatedDeclaration]: <https://docs.swift.org/compiler/documentation/diagnostics/deprecated-declaration>
SwiftCompile normal arm64 /Users/admin/builder/spi-builder-workspace/Sources/Lark/QualifiedName.swift (in target 'Lark' from project 'Lark')
    cd /Users/admin/builder/spi-builder-workspace/.swiftpm/xcode
    builtin-SwiftPerFileCompile QualifiedName.swift
SwiftCompile normal arm64 Compiling\ Serialization.swift /Users/admin/builder/spi-builder-workspace/Sources/Lark/Serialization.swift (in target 'Lark' from project 'Lark')
/Users/admin/builder/spi-builder-workspace/Sources/Lark/Serialization.swift:4:23: error: cannot find type 'XMLElement' in scope
  2 |
  3 | public protocol XMLDeserializable {
  4 |     init(deserialize: XMLElement) throws
    |                       `- error: cannot find type 'XMLElement' in scope
  5 | }
  6 |
/Users/admin/builder/spi-builder-workspace/Sources/Lark/Serialization.swift:8:31: error: cannot find type 'XMLElement' in scope
  6 |
  7 | public protocol XMLSerializable {
  8 |     func serialize(_ element: XMLElement) throws
    |                               `- error: cannot find type 'XMLElement' in scope
  9 | }
 10 |
/Users/admin/builder/spi-builder-workspace/Sources/Lark/Serialization.swift:32:35: error: cannot find type 'XMLElement' in scope
 30 |
 31 | extension Int8: XMLDeserializable, XMLSerializable {
 32 |     public init(deserialize node: XMLElement) throws {
    |                                   `- error: cannot find type 'XMLElement' in scope
 33 |         guard let value = Int8(node.stringValue ?? "") else {
 34 |             throw XMLDeserializationError.cannotDeserialize
/Users/admin/builder/spi-builder-workspace/Sources/Lark/Serialization.swift:38:38: error: cannot find type 'XMLElement' in scope
 36 |         self = value
 37 |     }
 38 |     public func serialize(_ element: XMLElement) throws {
    |                                      `- error: cannot find type 'XMLElement' in scope
 39 |         element.stringValue = "\(self)"
 40 |     }
/Users/admin/builder/spi-builder-workspace/Sources/Lark/Serialization.swift:43:35: error: cannot find type 'XMLElement' in scope
 41 | }
 42 | extension Int16: XMLDeserializable, XMLSerializable {
 43 |     public init(deserialize node: XMLElement) throws {
    |                                   `- error: cannot find type 'XMLElement' in scope
 44 |         guard let value = Int16(node.stringValue ?? "") else {
 45 |             throw XMLDeserializationError.cannotDeserialize
/Users/admin/builder/spi-builder-workspace/Sources/Lark/Serialization.swift:49:38: error: cannot find type 'XMLElement' in scope
 47 |         self = value
 48 |     }
 49 |     public func serialize(_ element: XMLElement) throws {
    |                                      `- error: cannot find type 'XMLElement' in scope
 50 |         element.stringValue = "\(self)"
 51 |     }
/Users/admin/builder/spi-builder-workspace/Sources/Lark/Serialization.swift:55:35: error: cannot find type 'XMLElement' in scope
 53 |
 54 | extension Int32: XMLDeserializable, XMLSerializable {
 55 |     public init(deserialize node: XMLElement) throws {
    |                                   `- error: cannot find type 'XMLElement' in scope
 56 |         guard let value = Int32(node.stringValue ?? "") else {
 57 |             throw XMLDeserializationError.cannotDeserialize
/Users/admin/builder/spi-builder-workspace/Sources/Lark/Serialization.swift:61:38: error: cannot find type 'XMLElement' in scope
 59 |         self = value
 60 |     }
 61 |     public func serialize(_ element: XMLElement) throws {
    |                                      `- error: cannot find type 'XMLElement' in scope
 62 |         element.stringValue = "\(self)"
 63 |     }
/Users/admin/builder/spi-builder-workspace/Sources/Lark/Serialization.swift:67:35: error: cannot find type 'XMLElement' in scope
 65 |
 66 | extension Int64: XMLDeserializable, XMLSerializable {
 67 |     public init(deserialize node: XMLElement) throws {
    |                                   `- error: cannot find type 'XMLElement' in scope
 68 |         guard let value = Int64(node.stringValue ?? "") else {
 69 |             throw XMLDeserializationError.cannotDeserialize
/Users/admin/builder/spi-builder-workspace/Sources/Lark/Serialization.swift:73:38: error: cannot find type 'XMLElement' in scope
 71 |         self = value
 72 |     }
 73 |     public func serialize(_ element: XMLElement) throws {
    |                                      `- error: cannot find type 'XMLElement' in scope
 74 |         element.stringValue = "\(self)"
 75 |     }
/Users/admin/builder/spi-builder-workspace/Sources/Lark/Serialization.swift:81:35: error: cannot find type 'XMLElement' in scope
 79 |
 80 | extension UInt8: XMLDeserializable, XMLSerializable {
 81 |     public init(deserialize node: XMLElement) throws {
    |                                   `- error: cannot find type 'XMLElement' in scope
 82 |         guard let value = UInt8(node.stringValue ?? "") else {
 83 |             throw XMLDeserializationError.cannotDeserialize
/Users/admin/builder/spi-builder-workspace/Sources/Lark/Serialization.swift:87:38: error: cannot find type 'XMLElement' in scope
 85 |         self = value
 86 |     }
 87 |     public func serialize(_ element: XMLElement) throws {
    |                                      `- error: cannot find type 'XMLElement' in scope
 88 |         element.stringValue = "\(self)"
 89 |     }
/Users/admin/builder/spi-builder-workspace/Sources/Lark/Serialization.swift:92:35: error: cannot find type 'XMLElement' in scope
 90 | }
 91 | extension UInt16: XMLDeserializable, XMLSerializable {
 92 |     public init(deserialize node: XMLElement) throws {
    |                                   `- error: cannot find type 'XMLElement' in scope
 93 |         guard let value = UInt16(node.stringValue ?? "") else {
 94 |             throw XMLDeserializationError.cannotDeserialize
/Users/admin/builder/spi-builder-workspace/Sources/Lark/Serialization.swift:98:38: error: cannot find type 'XMLElement' in scope
 96 |         self = value
 97 |     }
 98 |     public func serialize(_ element: XMLElement) throws {
    |                                      `- error: cannot find type 'XMLElement' in scope
 99 |         element.stringValue = "\(self)"
100 |     }
/Users/admin/builder/spi-builder-workspace/Sources/Lark/Serialization.swift:104:35: error: cannot find type 'XMLElement' in scope
102 |
103 | extension UInt32: XMLDeserializable, XMLSerializable {
104 |     public init(deserialize node: XMLElement) throws {
    |                                   `- error: cannot find type 'XMLElement' in scope
105 |         guard let value = UInt32(node.stringValue ?? "") else {
106 |             throw XMLDeserializationError.cannotDeserialize
/Users/admin/builder/spi-builder-workspace/Sources/Lark/Serialization.swift:110:38: error: cannot find type 'XMLElement' in scope
108 |         self = value
109 |     }
110 |     public func serialize(_ element: XMLElement) throws {
    |                                      `- error: cannot find type 'XMLElement' in scope
111 |         element.stringValue = "\(self)"
112 |     }
/Users/admin/builder/spi-builder-workspace/Sources/Lark/Serialization.swift:116:35: error: cannot find type 'XMLElement' in scope
114 |
115 | extension UInt64: XMLDeserializable, XMLSerializable {
116 |     public init(deserialize node: XMLElement) throws {
    |                                   `- error: cannot find type 'XMLElement' in scope
117 |         guard let value = UInt64(node.stringValue ?? "") else {
118 |             throw XMLDeserializationError.cannotDeserialize
/Users/admin/builder/spi-builder-workspace/Sources/Lark/Serialization.swift:122:38: error: cannot find type 'XMLElement' in scope
120 |         self = value
121 |     }
122 |     public func serialize(_ element: XMLElement) throws {
    |                                      `- error: cannot find type 'XMLElement' in scope
123 |         element.stringValue = "\(self)"
124 |     }
/Users/admin/builder/spi-builder-workspace/Sources/Lark/Serialization.swift:130:35: error: cannot find type 'XMLElement' in scope
128 |
129 | extension Bool: XMLDeserializable, XMLSerializable {
130 |     public init(deserialize node: XMLElement) throws {
    |                                   `- error: cannot find type 'XMLElement' in scope
131 |         switch node.stringValue {
132 |         case "1"?, "true"?: self = true
/Users/admin/builder/spi-builder-workspace/Sources/Lark/Serialization.swift:137:38: error: cannot find type 'XMLElement' in scope
135 |         }
136 |     }
137 |     public func serialize(_ element: XMLElement) throws {
    |                                      `- error: cannot find type 'XMLElement' in scope
138 |         element.stringValue = "\(self)"
139 |     }
/Users/admin/builder/spi-builder-workspace/Sources/Lark/Serialization.swift:147:35: error: cannot find type 'XMLElement' in scope
145 |
146 | extension FloatingPointSerialization {
147 |     public init(deserialize node: XMLElement) throws {
    |                                   `- error: cannot find type 'XMLElement' in scope
148 |         guard let stringValue = node.stringValue else {
149 |             throw XMLDeserializationError.cannotDeserialize
/Users/admin/builder/spi-builder-workspace/Sources/Lark/Serialization.swift:163:38: error: cannot find type 'XMLElement' in scope
161 |     }
162 |
163 |     public func serialize(_ element: XMLElement) throws {
    |                                      `- error: cannot find type 'XMLElement' in scope
164 |         if isNaN {
165 |             element.stringValue = "NaN"
/Users/admin/builder/spi-builder-workspace/Sources/Lark/Serialization.swift:181:35: error: cannot find type 'XMLElement' in scope
179 |
180 | extension Int: XMLDeserializable, XMLSerializable {
181 |     public init(deserialize node: XMLElement) throws {
    |                                   `- error: cannot find type 'XMLElement' in scope
182 |         guard let value = Int(node.stringValue ?? "") else {
183 |             throw XMLDeserializationError.cannotDeserialize
/Users/admin/builder/spi-builder-workspace/Sources/Lark/Serialization.swift:187:38: error: cannot find type 'XMLElement' in scope
185 |         self = value
186 |     }
187 |     public func serialize(_ element: XMLElement) throws {
    |                                      `- error: cannot find type 'XMLElement' in scope
188 |         element.stringValue = "\(self)"
189 |     }
/Users/admin/builder/spi-builder-workspace/Sources/Lark/Serialization.swift:193:35: error: cannot find type 'XMLElement' in scope
191 |
192 | extension Decimal: XMLDeserializable, XMLSerializable {
193 |     public init(deserialize node: XMLElement) throws {
    |                                   `- error: cannot find type 'XMLElement' in scope
194 |         guard let value = Decimal(string: node.stringValue ?? "") else {
195 |             throw XMLDeserializationError.cannotDeserialize
/Users/admin/builder/spi-builder-workspace/Sources/Lark/Serialization.swift:199:38: error: cannot find type 'XMLElement' in scope
197 |         self = value
198 |     }
199 |     public func serialize(_ element: XMLElement) throws {
    |                                      `- error: cannot find type 'XMLElement' in scope
200 |         element.stringValue = "\(self)"
201 |     }
/Users/admin/builder/spi-builder-workspace/Sources/Lark/Serialization.swift:207:35: error: cannot find type 'XMLElement' in scope
205 |
206 | extension String: XMLDeserializable, XMLSerializable {
207 |     public init(deserialize node: XMLElement) throws {
    |                                   `- error: cannot find type 'XMLElement' in scope
208 |         guard let value = node.stringValue else {
209 |             throw XMLDeserializationError.cannotDeserialize
/Users/admin/builder/spi-builder-workspace/Sources/Lark/Serialization.swift:213:38: error: cannot find type 'XMLElement' in scope
211 |         self = value
212 |     }
213 |     public func serialize(_ element: XMLElement) throws {
    |                                      `- error: cannot find type 'XMLElement' in scope
214 |         element.stringValue = self
215 |     }
/Users/admin/builder/spi-builder-workspace/Sources/Lark/Serialization.swift:219:35: error: cannot find type 'XMLElement' in scope
217 |
218 | extension URL: XMLDeserializable, XMLSerializable {
219 |     public init(deserialize node: XMLElement) throws {
    |                                   `- error: cannot find type 'XMLElement' in scope
220 |         guard let value = URL(string: node.stringValue ?? "") else {
221 |             throw XMLDeserializationError.cannotDeserialize
/Users/admin/builder/spi-builder-workspace/Sources/Lark/Serialization.swift:225:38: error: cannot find type 'XMLElement' in scope
223 |         self = value
224 |     }
225 |     public func serialize(_ element: XMLElement) throws {
    |                                      `- error: cannot find type 'XMLElement' in scope
226 |         element.stringValue = self.absoluteString
227 |     }
/Users/admin/builder/spi-builder-workspace/Sources/Lark/Serialization.swift:231:35: error: cannot find type 'XMLElement' in scope
229 |
230 | extension Data: XMLDeserializable, XMLSerializable {
231 |     public init(deserialize node: XMLElement) throws {
    |                                   `- error: cannot find type 'XMLElement' in scope
232 |         guard let value = Data(base64Encoded: node.stringValue ?? "") else {
233 |             throw XMLDeserializationError.cannotDeserialize
/Users/admin/builder/spi-builder-workspace/Sources/Lark/Serialization.swift:237:38: error: cannot find type 'XMLElement' in scope
235 |         self = value
236 |     }
237 |     public func serialize(_ element: XMLElement) throws {
    |                                      `- error: cannot find type 'XMLElement' in scope
238 |         element.stringValue = base64EncodedString()
239 |     }
/Users/admin/builder/spi-builder-workspace/Sources/Lark/Serialization.swift:275:35: error: cannot find type 'XMLElement' in scope
273 |     ]
274 |
275 |     public init(deserialize node: XMLElement) throws {
    |                                   `- error: cannot find type 'XMLElement' in scope
276 |         guard let stringValue = node.stringValue else {
277 |             throw XMLDeserializationError.cannotDeserialize
/Users/admin/builder/spi-builder-workspace/Sources/Lark/Serialization.swift:292:38: error: cannot find type 'XMLElement' in scope
290 |         throw XMLDeserializationError.cannotDeserialize
291 |     }
292 |     public func serialize(_ element: XMLElement) throws {
    |                                      `- error: cannot find type 'XMLElement' in scope
293 |         element.stringValue = Date.dateFormatter.string(from: self)
294 |     }
/Users/admin/builder/spi-builder-workspace/Sources/Lark/Serialization.swift:300:35: error: cannot find type 'XMLElement' in scope
298 |
299 | extension QualifiedName: XMLDeserializable, XMLSerializable {
300 |     public init(deserialize node: XMLElement) throws {
    |                                   `- error: cannot find type 'XMLElement' in scope
301 |         try self.init(type: node.stringValue ?? "", inTree: node)
302 |     }
/Users/admin/builder/spi-builder-workspace/Sources/Lark/Serialization.swift:303:38: error: cannot find type 'XMLElement' in scope
301 |         try self.init(type: node.stringValue ?? "", inTree: node)
302 |     }
303 |     public func serialize(_ element: XMLElement) throws {
    |                                      `- error: cannot find type 'XMLElement' in scope
304 |         switch element.targetNamespace {
305 |         case uri?:
/Users/admin/builder/spi-builder-workspace/Sources/Lark/Serialization.swift:315:29: error: cannot find type 'XMLElement' in scope
313 |
314 | // Ugh required convenience designated final initializer. Swift is drunk.
315 | public final class AnyType: XMLElement, XMLDeserializable, XMLSerializable {
    |                             `- error: cannot find type 'XMLElement' in scope
316 |     public convenience init(deserialize node: XMLElement) throws {
317 |         try self.init(xmlString: node.canonicalXMLStringPreservingComments(true))
/Users/admin/builder/spi-builder-workspace/Sources/Lark/Serialization.swift:316:47: error: cannot find type 'XMLElement' in scope
314 | // Ugh required convenience designated final initializer. Swift is drunk.
315 | public final class AnyType: XMLElement, XMLDeserializable, XMLSerializable {
316 |     public convenience init(deserialize node: XMLElement) throws {
    |                                               `- error: cannot find type 'XMLElement' in scope
317 |         try self.init(xmlString: node.canonicalXMLStringPreservingComments(true))
318 |     }
SwiftCompile normal arm64 /Users/admin/builder/spi-builder-workspace/Sources/Lark/Serialization.swift (in target 'Lark' from project 'Lark')
    cd /Users/admin/builder/spi-builder-workspace/.swiftpm/xcode
    builtin-SwiftPerFileCompile Serialization.swift
SwiftCompile normal arm64 Compiling\ StringSerializableList.swift /Users/admin/builder/spi-builder-workspace/Sources/Lark/StringSerializableList.swift (in target 'Lark' from project 'Lark')
/Users/admin/builder/spi-builder-workspace/Sources/Lark/StringSerializableList.swift:4:20: warning: redeclaration of associated type 'Element' from protocol 'Collection' is better expressed as a 'where' clause on the protocol
 2 |
 3 | public protocol StringSerializableList: XMLDeserializable, XMLSerializable, Sequence, Collection, ExpressibleByArrayLiteral {
 4 |     associatedtype Element: StringDeserializable, StringSerializable
   |                    `- warning: redeclaration of associated type 'Element' from protocol 'Collection' is better expressed as a 'where' clause on the protocol
 5 |
 6 |     var _contents: [Element] { get }
Swift.Collection.Element:2:16: note: 'Element' declared here
1 | protocol Collection {
2 | associatedtype Element}
  |                `- note: 'Element' declared here
3 |
/Users/admin/builder/spi-builder-workspace/Sources/Lark/StringSerializableList.swift:12:38: error: cannot find type 'XMLElement' in scope
10 | /// XMLDeserializable
11 | extension StringSerializableList {
12 |     public init(deserialize element: XMLElement) throws {
   |                                      `- error: cannot find type 'XMLElement' in scope
13 |         self.init(try element.stringValue!.components(separatedBy: " ").map(Element.init(string:)))
14 |     }
/Users/admin/builder/spi-builder-workspace/Sources/Lark/StringSerializableList.swift:19:38: error: cannot find type 'XMLElement' in scope
17 | /// XMLSerializable
18 | extension StringSerializableList {
19 |     public func serialize(_ element: XMLElement) throws {
   |                                      `- error: cannot find type 'XMLElement' in scope
20 |         element.stringValue = try _contents.map { try $0.serialize() }.joined(separator: " ")
21 |     }
/Users/admin/builder/spi-builder-workspace/Sources/Lark/Serialization.swift:4:23: error: cannot find type 'XMLElement' in scope
  2 |
  3 | public protocol XMLDeserializable {
  4 |     init(deserialize: XMLElement) throws
    |                       `- error: cannot find type 'XMLElement' in scope
  5 | }
  6 |
/Users/admin/builder/spi-builder-workspace/Sources/Lark/Serialization.swift:8:31: error: cannot find type 'XMLElement' in scope
  6 |
  7 | public protocol XMLSerializable {
  8 |     func serialize(_ element: XMLElement) throws
    |                               `- error: cannot find type 'XMLElement' in scope
  9 | }
 10 |
Failed frontend command:
/Applications/Xcode-27.0.0-Release.Candidate.app/Contents/Developer/Toolchains/XcodeDefault.xctoolchain/usr/bin/swift-frontend -frontend -c /Users/admin/builder/spi-builder-workspace/Sources/Lark/Alamofire+Extensions.swift /Users/admin/builder/spi-builder-workspace/Sources/Lark/Client.swift /Users/admin/builder/spi-builder-workspace/Sources/Lark/Envelope.swift /Users/admin/builder/spi-builder-workspace/Sources/Lark/QualifiedName.swift /Users/admin/builder/spi-builder-workspace/Sources/Lark/Serialization.swift -primary-file /Users/admin/builder/spi-builder-workspace/Sources/Lark/StringSerializableList.swift /Users/admin/builder/spi-builder-workspace/Sources/Lark/Utils.swift /Users/admin/builder/spi-builder-workspace/Sources/Lark/Validation.swift -emit-dependencies-path /Users/admin/builder/spi-builder-workspace/.derivedData/Build/Intermediates.noindex/Lark.build/Debug-watchos/Lark-t.build/Objects-normal/arm64/StringSerializableList.d -emit-const-values-path /Users/admin/builder/spi-builder-workspace/.derivedData/Build/Intermediates.noindex/Lark.build/Debug-watchos/Lark-t.build/Objects-normal/arm64/StringSerializableList.swiftconstvalues -emit-reference-dependencies-path /Users/admin/builder/spi-builder-workspace/.derivedData/Build/Intermediates.noindex/Lark.build/Debug-watchos/Lark-t.build/Objects-normal/arm64/StringSerializableList.swiftdeps -serialize-diagnostics-path /Users/admin/builder/spi-builder-workspace/.derivedData/Build/Intermediates.noindex/Lark.build/Debug-watchos/Lark-t.build/Objects-normal/arm64/StringSerializableList.dia -target arm64-apple-watchos9.0 -Xllvm -aarch64-use-tbi -enable-objc-interop -stack-check -sdk /Applications/Xcode-27.0.0-Release.Candidate.app/Contents/Developer/Platforms/WatchOS.platform/Developer/SDKs/WatchOS27.0.sdk -I /Users/admin/builder/spi-builder-workspace/.derivedData/Build/Products/Debug-watchos -Isystem /Applications/Xcode-27.0.0-Release.Candidate.app/Contents/Developer/Platforms/WatchOS.platform/Developer/usr/lib -F /Users/admin/builder/spi-builder-workspace/.derivedData/Build/Products/Debug-watchos/PackageFrameworks -F /Users/admin/builder/spi-builder-workspace/.derivedData/Build/Products/Debug-watchos -F /Applications/Xcode-27.0.0-Release.Candidate.app/Contents/Developer/Platforms/WatchOS.platform/Developer/Library/Frameworks -F /Applications/Xcode-27.0.0-Release.Candidate.app/Contents/Developer/Platforms/WatchOS.platform/Developer/SDKs/WatchOS27.0.sdk/Developer/Library/Frameworks -module-cache-path /Users/admin/builder/spi-builder-workspace/.derivedData/ModuleCache.noindex -no-color-diagnostics -Xcc -fno-color-diagnostics -enable-testing -g -debug-info-format\=dwarf -dwarf-version\=4 -profile-generate -profile-coverage-mapping -swift-version 4 -Onone -D SWIFT_PACKAGE -D DEBUG -D SWIFT_MODULE_RESOURCE_BUNDLE_UNAVAILABLE -D Xcode -serialize-debugging-options -enable-experimental-feature DebugDescriptionMacro -empty-abi-descriptor -plugin-path /Applications/Xcode-27.0.0-Release.Candidate.app/Contents/Developer/Toolchains/XcodeDefault.xctoolchain/usr/lib/swift/host/plugins/testing -validate-clang-modules-once -clang-build-session-file /Users/admin/builder/spi-builder-workspace/.derivedData/ModuleCache.noindex/Session.modulevalidation -Xcc -working-directory -Xcc /Users/admin/builder/spi-builder-workspace/.swiftpm/xcode -enable-anonymous-context-mangled-names -file-compilation-dir /Users/admin/builder/spi-builder-workspace/.swiftpm/xcode -Xcc -D_LIBCPP_HARDENING_MODE\=_LIBCPP_HARDENING_MODE_DEBUG -Xcc -ivfsstatcache -Xcc /Users/admin/builder/spi-builder-workspace/.derivedData/SDKStatCaches.noindex/watchos27.0-24R360-e829b21a6f8c9b70876ba0858053c04477534ef55a1706bf4c1112bbb242f0a2.sdkstatcache -Xcc -fmodules-prune-interval\=86400 -Xcc -fmodules-prune-after\=345600 -Xcc -I/Users/admin/builder/spi-builder-workspace/.derivedData/Build/Products/Debug-watchos/include -Xcc -I/Users/admin/builder/spi-builder-workspace/.derivedData/Build/Intermediates.noindex/Lark.build/Debug-watchos/Lark-t.build/DerivedSources-normal/arm64 -Xcc -I/Users/admin/builder/spi-builder-workspace/.derivedData/Build/Intermediates.noindex/Lark.build/Debug-watchos/Lark-t.build/DerivedSources/arm64 -Xcc -I/Users/admin/builder/spi-builder-workspace/.derivedData/Build/Intermediates.noindex/Lark.build/Debug-watchos/Lark-t.build/DerivedSources -Xcc -DSWIFT_PACKAGE -Xcc -DDEBUG\=1 -no-auto-bridging-header-chaining -module-name Lark -const-gather-protocols-file /Users/admin/builder/spi-builder-workspace/.derivedData/Build/Intermediates.noindex/Lark.build/Debug-watchos/Lark-t.build/Objects-normal/arm64/Lark_const_extract_protocols.json -disable-clang-spi -target-sdk-version 27.0 -target-sdk-name watchos27.0 -external-plugin-path /Applications/Xcode-27.0.0-Release.Candidate.app/Contents/Developer/Platforms/WatchOS.platform/Developer/usr/lib/swift/host/plugins\#/Applications/Xcode-27.0.0-Release.Candidate.app/Contents/Developer/Platforms/WatchOS.platform/Developer/usr/bin/swift-plugin-server -external-plugin-path /Applications/Xcode-27.0.0-Release.Candidate.app/Contents/Developer/Platforms/WatchOS.platform/Developer/usr/local/lib/swift/host/plugins\#/Applications/Xcode-27.0.0-Release.Candidate.app/Contents/Developer/Platforms/WatchOS.platform/Developer/usr/bin/swift-plugin-server -in-process-plugin-server-path /Applications/Xcode-27.0.0-Release.Candidate.app/Contents/Developer/Toolchains/XcodeDefault.xctoolchain/usr/lib/swift/host/libSwiftInProcPluginServer.dylib -plugin-path /Applications/Xcode-27.0.0-Release.Candidate.app/Contents/Developer/Toolchains/XcodeDefault.xctoolchain/usr/lib/swift/host/plugins -plugin-path /Applications/Xcode-27.0.0-Release.Candidate.app/Contents/Developer/Toolchains/XcodeDefault.xctoolchain/usr/local/lib/swift/host/plugins -parse-as-library -o /Users/admin/builder/spi-builder-workspace/.derivedData/Build/Intermediates.noindex/Lark.build/Debug-watchos/Lark-t.build/Objects-normal/arm64/StringSerializableList.o -index-unit-output-path /Lark.build/Debug-watchos/Lark-t.build/Objects-normal/arm64/StringSerializableList.o -index-store-path /Users/admin/builder/spi-builder-workspace/.derivedData/Index.noindex/DataStore -index-system-modules
SwiftCompile normal arm64 /Users/admin/builder/spi-builder-workspace/Sources/Lark/StringSerializableList.swift (in target 'Lark' from project 'Lark')
    cd /Users/admin/builder/spi-builder-workspace/.swiftpm/xcode
    builtin-SwiftPerFileCompile StringSerializableList.swift
SwiftEmitModule normal arm64 Emitting\ module\ for\ Lark (in target 'Lark' from project 'Lark')
/Users/admin/builder/spi-builder-workspace/Sources/Lark/Envelope.swift:78:32: error: cannot find type 'XMLElement' in scope
 76 |     /// - Returns: XML serialization of the header
 77 |     /// - Throws: can throw any error
 78 |     func serialize() throws -> XMLElement
    |                                `- error: cannot find type 'XMLElement' in scope
 79 | }
 80 |
/Users/admin/builder/spi-builder-workspace/Sources/Lark/Envelope.swift:13:19: error: cannot find type 'XMLDocument' in scope
 11 | /// consists of an optional SOAP header and a mandatory SOAP body.
 12 | public struct Envelope {
 13 |     let document: XMLDocument
    |                   `- error: cannot find type 'XMLDocument' in scope
 14 |
 15 |     /// SOAP body.
/Users/admin/builder/spi-builder-workspace/Sources/Lark/Envelope.swift:16:22: error: cannot find type 'XMLElement' in scope
 14 |
 15 |     /// SOAP body.
 16 |     public let body: XMLElement
    |                      `- error: cannot find type 'XMLElement' in scope
 17 |
 18 |     init() {
/Users/admin/builder/spi-builder-workspace/Sources/Lark/Envelope.swift:30:20: error: cannot find type 'XMLDocument' in scope
 28 |     }
 29 |
 30 |     init(document: XMLDocument) throws {
    |                    `- error: cannot find type 'XMLDocument' in scope
 31 |         self.document = document
 32 |         guard let body = document.rootElement()?.elements(forLocalName: "Body", uri: NS_SOAP_ENVELOPE).first else {
/Users/admin/builder/spi-builder-workspace/Sources/Lark/Envelope.swift:38:24: error: cannot find type 'XMLElement' in scope
 36 |     }
 37 |
 38 |     public var header: XMLElement {
    |                        `- error: cannot find type 'XMLElement' in scope
 39 |         let root = document.rootElement()!
 40 |         if let header = root.elements(forLocalName: "Header", uri: NS_SOAP_ENVELOPE).first {
/Users/admin/builder/spi-builder-workspace/Sources/Lark/Envelope.swift:57:36: error: cannot find 'XMLDocument' in scope
 55 |         do {
 56 |             if let data = $2 {
 57 |                 let document = try XMLDocument(data: data, options: [])
    |                                    `- error: cannot find 'XMLDocument' in scope
 58 |                 return .success(try Envelope(document: document))
 59 |             }
/Users/admin/builder/spi-builder-workspace/Sources/Lark/Envelope.swift:100:39: error: cannot find type 'XMLElement' in scope
 98 |     }
 99 |
100 |     public func serialize() throws -> XMLElement {
    |                                       `- error: cannot find type 'XMLElement' in scope
101 |         let node = XMLElement(name: name.localName, uri: name.uri)
102 |         node.setAttributesWith(["xmlns": name.uri])
/Users/admin/builder/spi-builder-workspace/Sources/Lark/StringSerializableList.swift:4:20: warning: redeclaration of associated type 'Element' from protocol 'Collection' is better expressed as a 'where' clause on the protocol
 2 |
 3 | public protocol StringSerializableList: XMLDeserializable, XMLSerializable, Sequence, Collection, ExpressibleByArrayLiteral {
 4 |     associatedtype Element: StringDeserializable, StringSerializable
   |                    `- warning: redeclaration of associated type 'Element' from protocol 'Collection' is better expressed as a 'where' clause on the protocol
 5 |
 6 |     var _contents: [Element] { get }
Swift.Collection.Element:2:16: note: 'Element' declared here
1 | protocol Collection {
2 | associatedtype Element}
  |                `- note: 'Element' declared here
3 |
/Users/admin/builder/spi-builder-workspace/Sources/Lark/QualifiedName.swift:31:16: warning: 'Hashable.hashValue' is deprecated as a protocol requirement; conform type 'QualifiedName' to 'Hashable' by implementing 'hash(into:)' instead [#DeprecatedDeclaration]
29 |
30 | extension QualifiedName: Hashable {
31 |     public var hashValue: Int {
   |                `- warning: 'Hashable.hashValue' is deprecated as a protocol requirement; conform type 'QualifiedName' to 'Hashable' by implementing 'hash(into:)' instead [#DeprecatedDeclaration]
32 |         return uri.hashValue % 17 + localName.hashValue
33 |     }
/Users/admin/builder/spi-builder-workspace/Sources/Lark/QualifiedName.swift:37:44: error: cannot find type 'XMLElement' in scope
35 |
36 | extension QualifiedName {
37 |     public init(type: String, inTree tree: XMLElement) throws {
   |                                            `- error: cannot find type 'XMLElement' in scope
38 |         if type.contains(":") {
39 |             guard let namespace = tree.resolveNamespace(forName: type) else {
/Users/admin/builder/spi-builder-workspace/Sources/Lark/Serialization.swift:4:23: error: cannot find type 'XMLElement' in scope
  2 |
  3 | public protocol XMLDeserializable {
  4 |     init(deserialize: XMLElement) throws
    |                       `- error: cannot find type 'XMLElement' in scope
  5 | }
  6 |
/Users/admin/builder/spi-builder-workspace/Sources/Lark/Serialization.swift:8:31: error: cannot find type 'XMLElement' in scope
  6 |
  7 | public protocol XMLSerializable {
  8 |     func serialize(_ element: XMLElement) throws
    |                               `- error: cannot find type 'XMLElement' in scope
  9 | }
 10 |
/Users/admin/builder/spi-builder-workspace/Sources/Lark/Serialization.swift:32:35: error: cannot find type 'XMLElement' in scope
 30 |
 31 | extension Int8: XMLDeserializable, XMLSerializable {
 32 |     public init(deserialize node: XMLElement) throws {
    |                                   `- error: cannot find type 'XMLElement' in scope
 33 |         guard let value = Int8(node.stringValue ?? "") else {
 34 |             throw XMLDeserializationError.cannotDeserialize
/Users/admin/builder/spi-builder-workspace/Sources/Lark/Serialization.swift:38:38: error: cannot find type 'XMLElement' in scope
 36 |         self = value
 37 |     }
 38 |     public func serialize(_ element: XMLElement) throws {
    |                                      `- error: cannot find type 'XMLElement' in scope
 39 |         element.stringValue = "\(self)"
 40 |     }
/Users/admin/builder/spi-builder-workspace/Sources/Lark/Serialization.swift:43:35: error: cannot find type 'XMLElement' in scope
 41 | }
 42 | extension Int16: XMLDeserializable, XMLSerializable {
 43 |     public init(deserialize node: XMLElement) throws {
    |                                   `- error: cannot find type 'XMLElement' in scope
 44 |         guard let value = Int16(node.stringValue ?? "") else {
 45 |             throw XMLDeserializationError.cannotDeserialize
/Users/admin/builder/spi-builder-workspace/Sources/Lark/Serialization.swift:49:38: error: cannot find type 'XMLElement' in scope
 47 |         self = value
 48 |     }
 49 |     public func serialize(_ element: XMLElement) throws {
    |                                      `- error: cannot find type 'XMLElement' in scope
 50 |         element.stringValue = "\(self)"
 51 |     }
/Users/admin/builder/spi-builder-workspace/Sources/Lark/Serialization.swift:55:35: error: cannot find type 'XMLElement' in scope
 53 |
 54 | extension Int32: XMLDeserializable, XMLSerializable {
 55 |     public init(deserialize node: XMLElement) throws {
    |                                   `- error: cannot find type 'XMLElement' in scope
 56 |         guard let value = Int32(node.stringValue ?? "") else {
 57 |             throw XMLDeserializationError.cannotDeserialize
/Users/admin/builder/spi-builder-workspace/Sources/Lark/Serialization.swift:61:38: error: cannot find type 'XMLElement' in scope
 59 |         self = value
 60 |     }
 61 |     public func serialize(_ element: XMLElement) throws {
    |                                      `- error: cannot find type 'XMLElement' in scope
 62 |         element.stringValue = "\(self)"
 63 |     }
/Users/admin/builder/spi-builder-workspace/Sources/Lark/Serialization.swift:67:35: error: cannot find type 'XMLElement' in scope
 65 |
 66 | extension Int64: XMLDeserializable, XMLSerializable {
 67 |     public init(deserialize node: XMLElement) throws {
    |                                   `- error: cannot find type 'XMLElement' in scope
 68 |         guard let value = Int64(node.stringValue ?? "") else {
 69 |             throw XMLDeserializationError.cannotDeserialize
/Users/admin/builder/spi-builder-workspace/Sources/Lark/Serialization.swift:73:38: error: cannot find type 'XMLElement' in scope
 71 |         self = value
 72 |     }
 73 |     public func serialize(_ element: XMLElement) throws {
    |                                      `- error: cannot find type 'XMLElement' in scope
 74 |         element.stringValue = "\(self)"
 75 |     }
/Users/admin/builder/spi-builder-workspace/Sources/Lark/Serialization.swift:81:35: error: cannot find type 'XMLElement' in scope
 79 |
 80 | extension UInt8: XMLDeserializable, XMLSerializable {
 81 |     public init(deserialize node: XMLElement) throws {
    |                                   `- error: cannot find type 'XMLElement' in scope
 82 |         guard let value = UInt8(node.stringValue ?? "") else {
 83 |             throw XMLDeserializationError.cannotDeserialize
/Users/admin/builder/spi-builder-workspace/Sources/Lark/Serialization.swift:87:38: error: cannot find type 'XMLElement' in scope
 85 |         self = value
 86 |     }
 87 |     public func serialize(_ element: XMLElement) throws {
    |                                      `- error: cannot find type 'XMLElement' in scope
 88 |         element.stringValue = "\(self)"
 89 |     }
/Users/admin/builder/spi-builder-workspace/Sources/Lark/Serialization.swift:92:35: error: cannot find type 'XMLElement' in scope
 90 | }
 91 | extension UInt16: XMLDeserializable, XMLSerializable {
 92 |     public init(deserialize node: XMLElement) throws {
    |                                   `- error: cannot find type 'XMLElement' in scope
 93 |         guard let value = UInt16(node.stringValue ?? "") else {
 94 |             throw XMLDeserializationError.cannotDeserialize
/Users/admin/builder/spi-builder-workspace/Sources/Lark/Serialization.swift:98:38: error: cannot find type 'XMLElement' in scope
 96 |         self = value
 97 |     }
 98 |     public func serialize(_ element: XMLElement) throws {
    |                                      `- error: cannot find type 'XMLElement' in scope
 99 |         element.stringValue = "\(self)"
100 |     }
/Users/admin/builder/spi-builder-workspace/Sources/Lark/Serialization.swift:104:35: error: cannot find type 'XMLElement' in scope
102 |
103 | extension UInt32: XMLDeserializable, XMLSerializable {
104 |     public init(deserialize node: XMLElement) throws {
    |                                   `- error: cannot find type 'XMLElement' in scope
105 |         guard let value = UInt32(node.stringValue ?? "") else {
106 |             throw XMLDeserializationError.cannotDeserialize
/Users/admin/builder/spi-builder-workspace/Sources/Lark/Serialization.swift:110:38: error: cannot find type 'XMLElement' in scope
108 |         self = value
109 |     }
110 |     public func serialize(_ element: XMLElement) throws {
    |                                      `- error: cannot find type 'XMLElement' in scope
111 |         element.stringValue = "\(self)"
112 |     }
/Users/admin/builder/spi-builder-workspace/Sources/Lark/Serialization.swift:116:35: error: cannot find type 'XMLElement' in scope
114 |
115 | extension UInt64: XMLDeserializable, XMLSerializable {
116 |     public init(deserialize node: XMLElement) throws {
    |                                   `- error: cannot find type 'XMLElement' in scope
117 |         guard let value = UInt64(node.stringValue ?? "") else {
118 |             throw XMLDeserializationError.cannotDeserialize
/Users/admin/builder/spi-builder-workspace/Sources/Lark/Serialization.swift:122:38: error: cannot find type 'XMLElement' in scope
120 |         self = value
121 |     }
122 |     public func serialize(_ element: XMLElement) throws {
    |                                      `- error: cannot find type 'XMLElement' in scope
123 |         element.stringValue = "\(self)"
124 |     }
/Users/admin/builder/spi-builder-workspace/Sources/Lark/Serialization.swift:130:35: error: cannot find type 'XMLElement' in scope
128 |
129 | extension Bool: XMLDeserializable, XMLSerializable {
130 |     public init(deserialize node: XMLElement) throws {
    |                                   `- error: cannot find type 'XMLElement' in scope
131 |         switch node.stringValue {
132 |         case "1"?, "true"?: self = true
SwiftCompile normal arm64 (in target 'Lark' from project 'Lark')
    cd /Users/admin/builder/spi-builder-workspace/.swiftpm/xcode

SwiftCompile normal arm64 Compiling\ Validation.swift /Users/admin/builder/spi-builder-workspace/Sources/Lark/Validation.swift (in target 'Lark' from project 'Lark')
/Users/admin/builder/spi-builder-workspace/Sources/Lark/Validation.swift:56:25: error: cannot find type 'XMLNode' in scope
 54 |
 55 |     /// Carries application specific error information related to the `Body` element.
 56 |     public let detail: [XMLNode]
    |                         `- error: cannot find type 'XMLNode' in scope
 57 |
 58 |     /// A textual representation of this `Fault` instance.
/Users/admin/builder/spi-builder-workspace/Sources/Lark/Validation.swift:71:31: error: cannot find type 'XMLElement' in scope
 69 |     /// - Parameter element: the `<soap:fault/>` node
 70 |     /// - Throws: errors when a typed property cannot be deserialized
 71 |     init(deserialize element: XMLElement) throws {
    |                               `- error: cannot find type 'XMLElement' in scope
 72 |         guard let faultcode = element.elements(forName: "faultcode").first?.stringValue else {
 73 |             fatalError("Missing faultcode")
/Users/admin/builder/spi-builder-workspace/Sources/Lark/Validation.swift:86:84: error: cannot find type 'XMLNode' in scope
 84 |     }
 85 |
 86 |     init(faultcode: QualifiedName, faultstring: String, faultactor: URL?, detail: [XMLNode]) {
    |                                                                                    `- error: cannot find type 'XMLNode' in scope
 87 |         self.faultcode = faultcode
 88 |         self.faultstring = faultstring
/Users/admin/builder/spi-builder-workspace/Sources/Lark/Validation.swift:98:31: error: cannot find type 'XMLElement' in scope
 96 |     ///
 97 |     /// - Parameter element: the `XMLElement` node to serialize into.
 98 |     func serialize(_ element: XMLElement) {
    |                               `- error: cannot find type 'XMLElement' in scope
 99 |         let faultcodePrefix = element.resolveOrAddPrefix(forNamespaceURI: faultcode.uri)
100 |         element.addChild(XMLElement(name: "faultcode", stringValue: "\(faultcodePrefix):\(faultcode.localName)"))
/Users/admin/builder/spi-builder-workspace/Sources/Lark/Validation.swift:17:40: error: cannot find 'XMLDocument' in scope
 15 |             case 500:
 16 |                 do {
 17 |                     let document = try XMLDocument(data: data!, options: [])
    |                                        `- error: cannot find 'XMLDocument' in scope
 18 |                     let envelope = try Envelope(document: document)
 19 |                     guard let faultElement = envelope.body.elements(forLocalName: "Fault", uri: NS_SOAP_ENVELOPE).first else {
/Users/admin/builder/spi-builder-workspace/Sources/Lark/Validation.swift:12:16: error: no exact matches in call to instance method 'validate'
 10 |     /// - Returns: self, to chain other response handlers
 11 |     func deserializeFault() -> Self {
 12 |         return validate { _, response, data in
    |                |- error: no exact matches in call to instance method 'validate'
    |                |- note: found candidate with type '(@escaping (_, _, _) -> _) -> Self'
    |                `- note: found candidate with type '(@escaping (_, _, _) -> _) -> Self'
 13 |             switch response.statusCode {
 14 |             case 200: return .success
/Users/admin/builder/spi-builder-workspace/Sources/Lark/Validation.swift:12:27: error: cannot infer type of closure parameter '_' without a type annotation
 10 |     /// - Returns: self, to chain other response handlers
 11 |     func deserializeFault() -> Self {
 12 |         return validate { _, response, data in
    |                           `- error: cannot infer type of closure parameter '_' without a type annotation
 13 |             switch response.statusCode {
 14 |             case 200: return .success
/Users/admin/builder/spi-builder-workspace/Sources/Lark/Validation.swift:12:30: error: cannot infer type of closure parameter 'response' without a type annotation
 10 |     /// - Returns: self, to chain other response handlers
 11 |     func deserializeFault() -> Self {
 12 |         return validate { _, response, data in
    |                              `- error: cannot infer type of closure parameter 'response' without a type annotation
 13 |             switch response.statusCode {
 14 |             case 200: return .success
/Users/admin/builder/spi-builder-workspace/Sources/Lark/Validation.swift:12:40: error: cannot infer type of closure parameter 'data' without a type annotation
 10 |     /// - Returns: self, to chain other response handlers
 11 |     func deserializeFault() -> Self {
 12 |         return validate { _, response, data in
    |                                        `- error: cannot infer type of closure parameter 'data' without a type annotation
 13 |             switch response.statusCode {
 14 |             case 200: return .success
/Users/admin/builder/spi-builder-workspace/Sources/Lark/Validation.swift:14:31: error: cannot infer contextual base in reference to member 'success'
 12 |         return validate { _, response, data in
 13 |             switch response.statusCode {
 14 |             case 200: return .success
    |                               `- error: cannot infer contextual base in reference to member 'success'
 15 |             case 500:
 16 |                 do {
/Users/admin/builder/spi-builder-workspace/Sources/Lark/Serialization.swift:4:23: error: cannot find type 'XMLElement' in scope
  2 |
  3 | public protocol XMLDeserializable {
  4 |     init(deserialize: XMLElement) throws
    |                       `- error: cannot find type 'XMLElement' in scope
  5 | }
  6 |
/Users/admin/builder/spi-builder-workspace/Sources/Lark/QualifiedName.swift:37:44: error: cannot find type 'XMLElement' in scope
35 |
36 | extension QualifiedName {
37 |     public init(type: String, inTree tree: XMLElement) throws {
   |                                            `- error: cannot find type 'XMLElement' in scope
38 |         if type.contains(":") {
39 |             guard let namespace = tree.resolveNamespace(forName: type) else {
/Users/admin/builder/spi-builder-workspace/Sources/Lark/Serialization.swift:300:35: error: cannot find type 'XMLElement' in scope
298 |
299 | extension QualifiedName: XMLDeserializable, XMLSerializable {
300 |     public init(deserialize node: XMLElement) throws {
    |                                   `- error: cannot find type 'XMLElement' in scope
301 |         try self.init(type: node.stringValue ?? "", inTree: node)
302 |     }
/Users/admin/builder/spi-builder-workspace/Sources/Lark/Validation.swift:75:43: error: incorrect argument labels in call (have 'type:inTree:', expected 'uri:localName:')
 73 |             fatalError("Missing faultcode")
 74 |         }
 75 |         self.faultcode = try QualifiedName(type: faultcode, inTree: element)
    |                                           `- error: incorrect argument labels in call (have 'type:inTree:', expected 'uri:localName:')
 76 |         faultstring = element.elements(forName: "faultstring").first!.stringValue!
 77 |
/Users/admin/builder/spi-builder-workspace/Sources/Lark/Serialization.swift:219:35: error: cannot find type 'XMLElement' in scope
217 |
218 | extension URL: XMLDeserializable, XMLSerializable {
219 |     public init(deserialize node: XMLElement) throws {
    |                                   `- error: cannot find type 'XMLElement' in scope
220 |         guard let value = URL(string: node.stringValue ?? "") else {
221 |             throw XMLDeserializationError.cannotDeserialize
/Users/admin/builder/spi-builder-workspace/Sources/Lark/Validation.swift:79:33: error: extraneous argument label 'deserialize:' in call
 77 |
 78 |         if let actor = element.elements(forName: "faultactor").first, actor.stringValue != "" {
 79 |             faultactor = try URL(deserialize: actor)
    |                                 `- error: extraneous argument label 'deserialize:' in call
 80 |         } else {
 81 |             faultactor = nil
/Users/admin/builder/spi-builder-workspace/Sources/Lark/Validation.swift:100:26: error: cannot find 'XMLElement' in scope
 98 |     func serialize(_ element: XMLElement) {
 99 |         let faultcodePrefix = element.resolveOrAddPrefix(forNamespaceURI: faultcode.uri)
100 |         element.addChild(XMLElement(name: "faultcode", stringValue: "\(faultcodePrefix):\(faultcode.localName)"))
    |                          `- error: cannot find 'XMLElement' in scope
101 |
102 |         element.addChild(XMLElement(name: "faultstring", stringValue: faultstring))
/Users/admin/builder/spi-builder-workspace/Sources/Lark/Validation.swift:102:26: error: cannot find 'XMLElement' in scope
100 |         element.addChild(XMLElement(name: "faultcode", stringValue: "\(faultcodePrefix):\(faultcode.localName)"))
101 |
102 |         element.addChild(XMLElement(name: "faultstring", stringValue: faultstring))
    |                          `- error: cannot find 'XMLElement' in scope
103 |         element.addChild(XMLElement(name: "faultactor", stringValue: faultactor?.absoluteString))
104 |
/Users/admin/builder/spi-builder-workspace/Sources/Lark/Validation.swift:103:26: error: cannot find 'XMLElement' in scope
101 |
102 |         element.addChild(XMLElement(name: "faultstring", stringValue: faultstring))
103 |         element.addChild(XMLElement(name: "faultactor", stringValue: faultactor?.absoluteString))
    |                          `- error: cannot find 'XMLElement' in scope
104 |
105 |         let detailNode = XMLElement(name: "detail")
/Users/admin/builder/spi-builder-workspace/Sources/Lark/Validation.swift:105:26: error: cannot find 'XMLElement' in scope
103 |         element.addChild(XMLElement(name: "faultactor", stringValue: faultactor?.absoluteString))
104 |
105 |         let detailNode = XMLElement(name: "detail")
    |                          `- error: cannot find 'XMLElement' in scope
106 |         for child in detail {
107 |             detailNode.addChild(child)
Failed frontend command:
/Applications/Xcode-27.0.0-Release.Candidate.app/Contents/Developer/Toolchains/XcodeDefault.xctoolchain/usr/bin/swift-frontend -frontend -c /Users/admin/builder/spi-builder-workspace/Sources/Lark/Alamofire+Extensions.swift /Users/admin/builder/spi-builder-workspace/Sources/Lark/Client.swift /Users/admin/builder/spi-builder-workspace/Sources/Lark/Envelope.swift /Users/admin/builder/spi-builder-workspace/Sources/Lark/QualifiedName.swift /Users/admin/builder/spi-builder-workspace/Sources/Lark/Serialization.swift /Users/admin/builder/spi-builder-workspace/Sources/Lark/StringSerializableList.swift /Users/admin/builder/spi-builder-workspace/Sources/Lark/Utils.swift -primary-file /Users/admin/builder/spi-builder-workspace/Sources/Lark/Validation.swift -emit-dependencies-path /Users/admin/builder/spi-builder-workspace/.derivedData/Build/Intermediates.noindex/Lark.build/Debug-watchos/Lark-t.build/Objects-normal/arm64/Validation.d -emit-const-values-path /Users/admin/builder/spi-builder-workspace/.derivedData/Build/Intermediates.noindex/Lark.build/Debug-watchos/Lark-t.build/Objects-normal/arm64/Validation.swiftconstvalues -emit-reference-dependencies-path /Users/admin/builder/spi-builder-workspace/.derivedData/Build/Intermediates.noindex/Lark.build/Debug-watchos/Lark-t.build/Objects-normal/arm64/Validation.swiftdeps -serialize-diagnostics-path /Users/admin/builder/spi-builder-workspace/.derivedData/Build/Intermediates.noindex/Lark.build/Debug-watchos/Lark-t.build/Objects-normal/arm64/Validation.dia -target arm64-apple-watchos9.0 -Xllvm -aarch64-use-tbi -enable-objc-interop -stack-check -sdk /Applications/Xcode-27.0.0-Release.Candidate.app/Contents/Developer/Platforms/WatchOS.platform/Developer/SDKs/WatchOS27.0.sdk -I /Users/admin/builder/spi-builder-workspace/.derivedData/Build/Products/Debug-watchos -Isystem /Applications/Xcode-27.0.0-Release.Candidate.app/Contents/Developer/Platforms/WatchOS.platform/Developer/usr/lib -F /Users/admin/builder/spi-builder-workspace/.derivedData/Build/Products/Debug-watchos/PackageFrameworks -F /Users/admin/builder/spi-builder-workspace/.derivedData/Build/Products/Debug-watchos -F /Applications/Xcode-27.0.0-Release.Candidate.app/Contents/Developer/Platforms/WatchOS.platform/Developer/Library/Frameworks -F /Applications/Xcode-27.0.0-Release.Candidate.app/Contents/Developer/Platforms/WatchOS.platform/Developer/SDKs/WatchOS27.0.sdk/Developer/Library/Frameworks -module-cache-path /Users/admin/builder/spi-builder-workspace/.derivedData/ModuleCache.noindex -no-color-diagnostics -Xcc -fno-color-diagnostics -enable-testing -g -debug-info-format\=dwarf -dwarf-version\=4 -profile-generate -profile-coverage-mapping -swift-version 4 -Onone -D SWIFT_PACKAGE -D DEBUG -D SWIFT_MODULE_RESOURCE_BUNDLE_UNAVAILABLE -D Xcode -serialize-debugging-options -enable-experimental-feature DebugDescriptionMacro -empty-abi-descriptor -plugin-path /Applications/Xcode-27.0.0-Release.Candidate.app/Contents/Developer/Toolchains/XcodeDefault.xctoolchain/usr/lib/swift/host/plugins/testing -validate-clang-modules-once -clang-build-session-file /Users/admin/builder/spi-builder-workspace/.derivedData/ModuleCache.noindex/Session.modulevalidation -Xcc -working-directory -Xcc /Users/admin/builder/spi-builder-workspace/.swiftpm/xcode -enable-anonymous-context-mangled-names -file-compilation-dir /Users/admin/builder/spi-builder-workspace/.swiftpm/xcode -Xcc -D_LIBCPP_HARDENING_MODE\=_LIBCPP_HARDENING_MODE_DEBUG -Xcc -ivfsstatcache -Xcc /Users/admin/builder/spi-builder-workspace/.derivedData/SDKStatCaches.noindex/watchos27.0-24R360-e829b21a6f8c9b70876ba0858053c04477534ef55a1706bf4c1112bbb242f0a2.sdkstatcache -Xcc -fmodules-prune-interval\=86400 -Xcc -fmodules-prune-after\=345600 -Xcc -I/Users/admin/builder/spi-builder-workspace/.derivedData/Build/Products/Debug-watchos/include -Xcc -I/Users/admin/builder/spi-builder-workspace/.derivedData/Build/Intermediates.noindex/Lark.build/Debug-watchos/Lark-t.build/DerivedSources-normal/arm64 -Xcc -I/Users/admin/builder/spi-builder-workspace/.derivedData/Build/Intermediates.noindex/Lark.build/Debug-watchos/Lark-t.build/DerivedSources/arm64 -Xcc -I/Users/admin/builder/spi-builder-workspace/.derivedData/Build/Intermediates.noindex/Lark.build/Debug-watchos/Lark-t.build/DerivedSources -Xcc -DSWIFT_PACKAGE -Xcc -DDEBUG\=1 -no-auto-bridging-header-chaining -module-name Lark -const-gather-protocols-file /Users/admin/builder/spi-builder-workspace/.derivedData/Build/Intermediates.noindex/Lark.build/Debug-watchos/Lark-t.build/Objects-normal/arm64/Lark_const_extract_protocols.json -disable-clang-spi -target-sdk-version 27.0 -target-sdk-name watchos27.0 -external-plugin-path /Applications/Xcode-27.0.0-Release.Candidate.app/Contents/Developer/Platforms/WatchOS.platform/Developer/usr/lib/swift/host/plugins\#/Applications/Xcode-27.0.0-Release.Candidate.app/Contents/Developer/Platforms/WatchOS.platform/Developer/usr/bin/swift-plugin-server -external-plugin-path /Applications/Xcode-27.0.0-Release.Candidate.app/Contents/Developer/Platforms/WatchOS.platform/Developer/usr/local/lib/swift/host/plugins\#/Applications/Xcode-27.0.0-Release.Candidate.app/Contents/Developer/Platforms/WatchOS.platform/Developer/usr/bin/swift-plugin-server -in-process-plugin-server-path /Applications/Xcode-27.0.0-Release.Candidate.app/Contents/Developer/Toolchains/XcodeDefault.xctoolchain/usr/lib/swift/host/libSwiftInProcPluginServer.dylib -plugin-path /Applications/Xcode-27.0.0-Release.Candidate.app/Contents/Developer/Toolchains/XcodeDefault.xctoolchain/usr/lib/swift/host/plugins -plugin-path /Applications/Xcode-27.0.0-Release.Candidate.app/Contents/Developer/Toolchains/XcodeDefault.xctoolchain/usr/local/lib/swift/host/plugins -parse-as-library -o /Users/admin/builder/spi-builder-workspace/.derivedData/Build/Intermediates.noindex/Lark.build/Debug-watchos/Lark-t.build/Objects-normal/arm64/Validation.o -index-unit-output-path /Lark.build/Debug-watchos/Lark-t.build/Objects-normal/arm64/Validation.o -index-store-path /Users/admin/builder/spi-builder-workspace/.derivedData/Index.noindex/DataStore -index-system-modules
SwiftCompile normal arm64 /Users/admin/builder/spi-builder-workspace/Sources/Lark/Validation.swift (in target 'Lark' from project 'Lark')
    cd /Users/admin/builder/spi-builder-workspace/.swiftpm/xcode
    builtin-SwiftPerFileCompile Validation.swift
SwiftCompile normal arm64 Compiling\ Utils.swift /Users/admin/builder/spi-builder-workspace/Sources/Lark/Utils.swift (in target 'Lark' from project 'Lark')
/Users/admin/builder/spi-builder-workspace/Sources/Lark/Utils.swift:3:11: error: cannot find type 'XMLElement' in scope
  1 | import Foundation
  2 |
  3 | extension XMLElement {
    |           `- error: cannot find type 'XMLElement' in scope
  4 |
  5 |     /// Creates an XMLElement with the given namespace prefix.
/Users/admin/builder/spi-builder-workspace/Sources/Lark/Utils.swift:87:11: error: cannot find type 'XMLNode' in scope
 85 | }
 86 |
 87 | extension XMLNode {
    |           `- error: cannot find type 'XMLNode' in scope
 88 |     /// Creates an attribute XMLNode with the given namespace prefix.
 89 |     ///
/Users/admin/builder/spi-builder-workspace/Sources/Lark/Utils.swift:59:99: error: cannot find type 'XMLElement' in scope
 57 |     ///   - stringValue: optional element value
 58 |     /// - Returns: the child element
 59 |     public func createChildElement(localName: String, uri: String, stringValue: String? = nil) -> XMLElement {
    |                                                                                                   `- error: cannot find type 'XMLElement' in scope
 60 |         let prefix = resolveOrAddPrefix(forNamespaceURI: uri)
 61 |         let element: XMLElement
/Users/admin/builder/spi-builder-workspace/Sources/Lark/Utils.swift:98:119: error: cannot find type 'XMLNode' in scope
 96 |     ///   - value: attribute value
 97 |     /// - Returns: attribute XMLNode
 98 |     public static func attribute(prefix: String? = nil, localName: String, uri: String, stringValue value: String) -> XMLNode {
    |                                                                                                                       `- error: cannot find type 'XMLNode' in scope
 99 |         precondition(prefix != "", "Prefix cannot be an empty string")
100 |         if let prefix = prefix {
Failed frontend command:
/Applications/Xcode-27.0.0-Release.Candidate.app/Contents/Developer/Toolchains/XcodeDefault.xctoolchain/usr/bin/swift-frontend -frontend -c /Users/admin/builder/spi-builder-workspace/Sources/Lark/Alamofire+Extensions.swift /Users/admin/builder/spi-builder-workspace/Sources/Lark/Client.swift /Users/admin/builder/spi-builder-workspace/Sources/Lark/Envelope.swift /Users/admin/builder/spi-builder-workspace/Sources/Lark/QualifiedName.swift /Users/admin/builder/spi-builder-workspace/Sources/Lark/Serialization.swift /Users/admin/builder/spi-builder-workspace/Sources/Lark/StringSerializableList.swift -primary-file /Users/admin/builder/spi-builder-workspace/Sources/Lark/Utils.swift /Users/admin/builder/spi-builder-workspace/Sources/Lark/Validation.swift -emit-dependencies-path /Users/admin/builder/spi-builder-workspace/.derivedData/Build/Intermediates.noindex/Lark.build/Debug-watchos/Lark-t.build/Objects-normal/arm64/Utils.d -emit-const-values-path /Users/admin/builder/spi-builder-workspace/.derivedData/Build/Intermediates.noindex/Lark.build/Debug-watchos/Lark-t.build/Objects-normal/arm64/Utils.swiftconstvalues -emit-reference-dependencies-path /Users/admin/builder/spi-builder-workspace/.derivedData/Build/Intermediates.noindex/Lark.build/Debug-watchos/Lark-t.build/Objects-normal/arm64/Utils.swiftdeps -serialize-diagnostics-path /Users/admin/builder/spi-builder-workspace/.derivedData/Build/Intermediates.noindex/Lark.build/Debug-watchos/Lark-t.build/Objects-normal/arm64/Utils.dia -target arm64-apple-watchos9.0 -Xllvm -aarch64-use-tbi -enable-objc-interop -stack-check -sdk /Applications/Xcode-27.0.0-Release.Candidate.app/Contents/Developer/Platforms/WatchOS.platform/Developer/SDKs/WatchOS27.0.sdk -I /Users/admin/builder/spi-builder-workspace/.derivedData/Build/Products/Debug-watchos -Isystem /Applications/Xcode-27.0.0-Release.Candidate.app/Contents/Developer/Platforms/WatchOS.platform/Developer/usr/lib -F /Users/admin/builder/spi-builder-workspace/.derivedData/Build/Products/Debug-watchos/PackageFrameworks -F /Users/admin/builder/spi-builder-workspace/.derivedData/Build/Products/Debug-watchos -F /Applications/Xcode-27.0.0-Release.Candidate.app/Contents/Developer/Platforms/WatchOS.platform/Developer/Library/Frameworks -F /Applications/Xcode-27.0.0-Release.Candidate.app/Contents/Developer/Platforms/WatchOS.platform/Developer/SDKs/WatchOS27.0.sdk/Developer/Library/Frameworks -module-cache-path /Users/admin/builder/spi-builder-workspace/.derivedData/ModuleCache.noindex -no-color-diagnostics -Xcc -fno-color-diagnostics -enable-testing -g -debug-info-format\=dwarf -dwarf-version\=4 -profile-generate -profile-coverage-mapping -swift-version 4 -Onone -D SWIFT_PACKAGE -D DEBUG -D SWIFT_MODULE_RESOURCE_BUNDLE_UNAVAILABLE -D Xcode -serialize-debugging-options -enable-experimental-feature DebugDescriptionMacro -empty-abi-descriptor -plugin-path /Applications/Xcode-27.0.0-Release.Candidate.app/Contents/Developer/Toolchains/XcodeDefault.xctoolchain/usr/lib/swift/host/plugins/testing -validate-clang-modules-once -clang-build-session-file /Users/admin/builder/spi-builder-workspace/.derivedData/ModuleCache.noindex/Session.modulevalidation -Xcc -working-directory -Xcc /Users/admin/builder/spi-builder-workspace/.swiftpm/xcode -enable-anonymous-context-mangled-names -file-compilation-dir /Users/admin/builder/spi-builder-workspace/.swiftpm/xcode -Xcc -D_LIBCPP_HARDENING_MODE\=_LIBCPP_HARDENING_MODE_DEBUG -Xcc -ivfsstatcache -Xcc /Users/admin/builder/spi-builder-workspace/.derivedData/SDKStatCaches.noindex/watchos27.0-24R360-e829b21a6f8c9b70876ba0858053c04477534ef55a1706bf4c1112bbb242f0a2.sdkstatcache -Xcc -fmodules-prune-interval\=86400 -Xcc -fmodules-prune-after\=345600 -Xcc -I/Users/admin/builder/spi-builder-workspace/.derivedData/Build/Products/Debug-watchos/include -Xcc -I/Users/admin/builder/spi-builder-workspace/.derivedData/Build/Intermediates.noindex/Lark.build/Debug-watchos/Lark-t.build/DerivedSources-normal/arm64 -Xcc -I/Users/admin/builder/spi-builder-workspace/.derivedData/Build/Intermediates.noindex/Lark.build/Debug-watchos/Lark-t.build/DerivedSources/arm64 -Xcc -I/Users/admin/builder/spi-builder-workspace/.derivedData/Build/Intermediates.noindex/Lark.build/Debug-watchos/Lark-t.build/DerivedSources -Xcc -DSWIFT_PACKAGE -Xcc -DDEBUG\=1 -no-auto-bridging-header-chaining -module-name Lark -const-gather-protocols-file /Users/admin/builder/spi-builder-workspace/.derivedData/Build/Intermediates.noindex/Lark.build/Debug-watchos/Lark-t.build/Objects-normal/arm64/Lark_const_extract_protocols.json -disable-clang-spi -target-sdk-version 27.0 -target-sdk-name watchos27.0 -external-plugin-path /Applications/Xcode-27.0.0-Release.Candidate.app/Contents/Developer/Platforms/WatchOS.platform/Developer/usr/lib/swift/host/plugins\#/Applications/Xcode-27.0.0-Release.Candidate.app/Contents/Developer/Platforms/WatchOS.platform/Developer/usr/bin/swift-plugin-server -external-plugin-path /Applications/Xcode-27.0.0-Release.Candidate.app/Contents/Developer/Platforms/WatchOS.platform/Developer/usr/local/lib/swift/host/plugins\#/Applications/Xcode-27.0.0-Release.Candidate.app/Contents/Developer/Platforms/WatchOS.platform/Developer/usr/bin/swift-plugin-server -in-process-plugin-server-path /Applications/Xcode-27.0.0-Release.Candidate.app/Contents/Developer/Toolchains/XcodeDefault.xctoolchain/usr/lib/swift/host/libSwiftInProcPluginServer.dylib -plugin-path /Applications/Xcode-27.0.0-Release.Candidate.app/Contents/Developer/Toolchains/XcodeDefault.xctoolchain/usr/lib/swift/host/plugins -plugin-path /Applications/Xcode-27.0.0-Release.Candidate.app/Contents/Developer/Toolchains/XcodeDefault.xctoolchain/usr/local/lib/swift/host/plugins -parse-as-library -o /Users/admin/builder/spi-builder-workspace/.derivedData/Build/Intermediates.noindex/Lark.build/Debug-watchos/Lark-t.build/Objects-normal/arm64/Utils.o -index-unit-output-path /Lark.build/Debug-watchos/Lark-t.build/Objects-normal/arm64/Utils.o -index-store-path /Users/admin/builder/spi-builder-workspace/.derivedData/Index.noindex/DataStore -index-system-modules
SwiftCompile normal arm64 /Users/admin/builder/spi-builder-workspace/Sources/Lark/Utils.swift (in target 'Lark' from project 'Lark')
    cd /Users/admin/builder/spi-builder-workspace/.swiftpm/xcode
    builtin-SwiftPerFileCompile Utils.swift
PruneExplicitPrecompiledModules /Users/admin/builder/spi-builder-workspace/.derivedData/Build/Intermediates.noindex/ExplicitPrecompiledModules
PruneExplicitPrecompiledModules /Users/admin/builder/spi-builder-workspace/.derivedData/Build/Intermediates.noindex/SwiftExplicitPrecompiledModules
PruneExplicitPrecompiledModules /Users/admin/builder/spi-builder-workspace/.derivedData/SDKExplicitPrecompiledModules
2026-09-16 08:56:45.470 xcodebuild[820:5145] [MT] IDERunDestination: Supported platforms for the buildables in the current scheme is empty.
** BUILD FAILED **
The following build commands failed:
	SwiftCompile normal arm64 Compiling\ Envelope.swift /Users/admin/builder/spi-builder-workspace/Sources/Lark/Envelope.swift (in target 'Lark' from project 'Lark')
	SwiftCompile normal arm64 /Users/admin/builder/spi-builder-workspace/Sources/Lark/Envelope.swift (in target 'Lark' from project 'Lark')
	SwiftCompile normal arm64 Compiling\ StringSerializableList.swift /Users/admin/builder/spi-builder-workspace/Sources/Lark/StringSerializableList.swift (in target 'Lark' from project 'Lark')
	SwiftCompile normal arm64 /Users/admin/builder/spi-builder-workspace/Sources/Lark/StringSerializableList.swift (in target 'Lark' from project 'Lark')
	SwiftCompile normal arm64 Compiling\ Validation.swift /Users/admin/builder/spi-builder-workspace/Sources/Lark/Validation.swift (in target 'Lark' from project 'Lark')
	SwiftCompile normal arm64 /Users/admin/builder/spi-builder-workspace/Sources/Lark/Validation.swift (in target 'Lark' from project 'Lark')
	SwiftCompile normal arm64 Compiling\ Utils.swift /Users/admin/builder/spi-builder-workspace/Sources/Lark/Utils.swift (in target 'Lark' from project 'Lark')
	SwiftCompile normal arm64 /Users/admin/builder/spi-builder-workspace/Sources/Lark/Utils.swift (in target 'Lark' from project 'Lark')
	Building workspace Lark with scheme Lark-Package
(9 failures)
BUILD FAILURE 6.4 watchOS