Build Information
Failed to build AudioRecorder, reference main (913c6f), with Swift 6.2 for Wasm on 22 Aug 2026 16:54:29 UTC.
Build Command
bash -c docker run --pull=always --rm -v "checkouts-53886769-0":/host -w "$PWD" -e JAVA_HOME="/root/.sdkman/candidates/java/current" -e SPI_BUILD="1" -e SPI_PROCESSING="1" registry.gitlab.com/saguaro1/spi-images:wasm-6.2-latest swift build --swift-sdk swift-6.2-RELEASE_wasm 2>&1Build Log
========================================
RunAll
========================================
Builder version: 5.0.2
Interrupt handler set up.
========================================
Checkout
========================================
Clone URL: https://github.com/atacan/AudioRecorder.git
Reference: main
Initialized empty Git repository in /host/spi-builder-workspace/.git/
hint: Using 'master' as the name for the initial branch. This default branch name
hint: is subject to change. To configure the initial branch name to use in all
hint: of your new repositories, which will suppress this warning, call:
hint:
hint: git config --global init.defaultBranch <name>
hint:
hint: Names commonly chosen instead of 'master' are 'main', 'trunk' and
hint: 'development'. The just-created branch can be renamed via this command:
hint:
hint: git branch -m <name>
From https://github.com/atacan/AudioRecorder
* branch main -> FETCH_HEAD
* [new branch] main -> origin/main
HEAD is now at 913c6fd Merge pull request #3 from atacan/feature/recorder-release-lifecycle
Cloned https://github.com/atacan/AudioRecorder.git
Revision (git rev-parse @):
913c6fde214095390f1f0033a5b1476b5a29ee59
SUCCESS checkout https://github.com/atacan/AudioRecorder.git at main
========================================
Build
========================================
Selected platform: wasm
Swift version: 6.2
Building package at path: $PWD
https://github.com/atacan/AudioRecorder.git
Running build ...
bash -c docker run --pull=always --rm -v "checkouts-53886769-0":/host -w "$PWD" -e JAVA_HOME="/root/.sdkman/candidates/java/current" -e SPI_BUILD="1" -e SPI_PROCESSING="1" registry.gitlab.com/saguaro1/spi-images:wasm-6.2-latest swift build --swift-sdk swift-6.2-RELEASE_wasm 2>&1
wasm-6.2-latest: Pulling from saguaro1/spi-images
Digest: sha256:70428a4f4110aef5b17a27427e965f31cf3855e8cf1dfdc416ed61c780337965
Status: Image is up to date for registry.gitlab.com/saguaro1/spi-images:wasm-6.2-latest
Fetching https://github.com/pointfreeco/swift-dependencies
[1/7524] Fetching swift-dependencies
Fetched https://github.com/pointfreeco/swift-dependencies from cache (0.62s)
Computing version for https://github.com/pointfreeco/swift-dependencies
Computed https://github.com/pointfreeco/swift-dependencies at 1.16.0 (0.81s)
Fetching https://github.com/pointfreeco/combine-schedulers
Fetching https://github.com/pointfreeco/swift-clocks
Fetching https://github.com/pointfreeco/xctest-dynamic-overlay
Fetching https://github.com/swiftlang/swift-syntax
Fetching https://github.com/pointfreeco/swift-concurrency-extras
[1/1058] Fetching swift-concurrency-extras
[65/2492] Fetching swift-concurrency-extras, swift-clocks
Fetched https://github.com/pointfreeco/swift-concurrency-extras from cache (0.58s)
Fetched https://github.com/pointfreeco/swift-clocks from cache (0.58s)
[1/2707] Fetching xctest-dynamic-overlay
[814/5372] Fetching xctest-dynamic-overlay, combine-schedulers
[5373/81900] Fetching xctest-dynamic-overlay, combine-schedulers, swift-syntax
Fetched https://github.com/pointfreeco/combine-schedulers from cache (2.73s)
Fetched https://github.com/pointfreeco/xctest-dynamic-overlay from cache (2.73s)
Fetched https://github.com/swiftlang/swift-syntax from cache (2.75s)
Computing version for https://github.com/pointfreeco/swift-clocks
Computed https://github.com/pointfreeco/swift-clocks at 1.1.0 (2.91s)
Computing version for https://github.com/pointfreeco/combine-schedulers
Computed https://github.com/pointfreeco/combine-schedulers at 1.2.0 (0.14s)
Fetching https://github.com/OpenCombine/OpenCombine.git
[1/8284] Fetching opencombine
Fetched https://github.com/OpenCombine/OpenCombine.git from cache (0.72s)
Computing version for https://github.com/OpenCombine/OpenCombine.git
Computed https://github.com/OpenCombine/OpenCombine.git at 0.14.0 (0.92s)
Computing version for https://github.com/pointfreeco/swift-concurrency-extras
Computed https://github.com/pointfreeco/swift-concurrency-extras at 1.4.1 (0.14s)
Computing version for https://github.com/pointfreeco/xctest-dynamic-overlay
Computed https://github.com/pointfreeco/xctest-dynamic-overlay at 1.11.0 (0.89s)
Computing version for https://github.com/swiftlang/swift-syntax
Computed https://github.com/swiftlang/swift-syntax at 603.0.2 (0.25s)
Creating working copy for https://github.com/pointfreeco/swift-clocks
Working copy of https://github.com/pointfreeco/swift-clocks resolved at 1.1.0
Creating working copy for https://github.com/swiftlang/swift-syntax
Working copy of https://github.com/swiftlang/swift-syntax resolved at 603.0.2
Creating working copy for https://github.com/pointfreeco/swift-concurrency-extras
Working copy of https://github.com/pointfreeco/swift-concurrency-extras resolved at 1.4.1
Creating working copy for https://github.com/OpenCombine/OpenCombine.git
Working copy of https://github.com/OpenCombine/OpenCombine.git resolved at 0.14.0
Creating working copy for https://github.com/pointfreeco/combine-schedulers
Working copy of https://github.com/pointfreeco/combine-schedulers resolved at 1.2.0
Creating working copy for https://github.com/pointfreeco/xctest-dynamic-overlay
Working copy of https://github.com/pointfreeco/xctest-dynamic-overlay resolved at 1.11.0
Creating working copy for https://github.com/pointfreeco/swift-dependencies
Working copy of https://github.com/pointfreeco/swift-dependencies resolved at 1.16.0
Building for debugging...
[0/8] Write sources
[7/8] Write swift-version-24593BA9C3E375BF.txt
[9/40] Compiling ConcurrencyExtras Result.swift
[10/41] Compiling IssueReporting XCTest.swift
[11/41] Compiling IssueReporting IsTesting.swift
[12/41] Compiling IssueReporting IssueReporter.swift
[13/41] Compiling IssueReporting IssueSeverity.swift
[14/41] Compiling IssueReporting ReportIssue.swift
[15/41] Compiling IssueReporting _Test.swift
[16/43] Compiling IssueReporting TestContext.swift
[17/43] Compiling IssueReporting Unimplemented.swift
[18/43] Compiling ConcurrencyExtras MainSerialExecutor.swift
[19/43] Compiling ConcurrencyExtras UncheckedSendable.swift
[20/43] Compiling IssueReporting SwiftTesting.swift
[21/43] Compiling IssueReporting UncheckedSendable.swift
[22/43] Compiling IssueReporting Warn.swift
[23/43] Compiling IssueReporting BreakpointReporter.swift
[24/43] Compiling IssueReporting DefaultReporter.swift
[25/43] Compiling IssueReporting FatalErrorReporter.swift
[26/43] Emitting module IssueReporting
[27/43] Compiling IssueReporting ErrorReporting.swift
[28/43] Compiling IssueReporting AppHostWarning.swift
[29/43] Compiling IssueReporting Deprecations.swift
[30/43] Compiling ConcurrencyExtras Task.swift
[31/43] Compiling IssueReporting WithExpectedIssue.swift
[32/43] Compiling IssueReporting WithIssueContext.swift
[33/43] Compiling ConcurrencyExtras LockIsolated.swift
[35/43] Compiling IssueReporting FailureObserver.swift
[36/43] Compiling IssueReporting LockIsolated.swift
[37/43] Compiling IssueReporting Rethrows.swift
[38/43] Emitting module ConcurrencyExtras
[46/69] Compiling Clocks SwiftUI.swift
[47/70] Compiling CombineSchedulers Platform.swift
[48/70] Compiling CombineSchedulers SwiftUI.swift
[49/71] Compiling CombineSchedulers UnimplementedScheduler.swift
[50/71] Compiling Clocks Timer.swift
[51/71] Emitting module CombineSchedulers
[52/71] Compiling CombineSchedulers UIKit.swift
[53/71] Compiling CombineSchedulers AnyScheduler.swift
[54/71] Compiling CombineSchedulers Concurrency.swift
[55/71] Compiling CombineSchedulers UIScheduler.swift
[56/71] Compiling CombineSchedulers TestScheduler.swift
[57/71] Compiling CombineSchedulers Timer.swift
[58/71] Compiling CombineSchedulers ImmediateScheduler.swift
[59/71] Compiling CombineSchedulers Deprecations.swift
[60/71] Compiling CombineSchedulers Lock.swift
/host/spi-builder-workspace/.build/checkouts/combine-schedulers/Sources/CombineSchedulers/Internal/Lock.swift:54:7: error: cannot find 'pthread_mutexattr_init' in scope
52 | var attr = pthread_mutexattr_t()
53 | var mutex = pthread_mutex_t()
54 | pthread_mutexattr_init(&attr)
| `- error: cannot find 'pthread_mutexattr_init' in scope
55 | pthread_mutexattr_settype(&attr, Int32(PTHREAD_MUTEX_ERRORCHECK))
56 | pthread_mutex_init(&mutex, &attr)
/host/spi-builder-workspace/.build/checkouts/combine-schedulers/Sources/CombineSchedulers/Internal/Lock.swift:55:7: error: cannot find 'pthread_mutexattr_settype' in scope
53 | var mutex = pthread_mutex_t()
54 | pthread_mutexattr_init(&attr)
55 | pthread_mutexattr_settype(&attr, Int32(PTHREAD_MUTEX_ERRORCHECK))
| `- error: cannot find 'pthread_mutexattr_settype' in scope
56 | pthread_mutex_init(&mutex, &attr)
57 | pthread_mutexattr_destroy(&attr)
/host/spi-builder-workspace/.build/checkouts/combine-schedulers/Sources/CombineSchedulers/Internal/Lock.swift:55:46: error: cannot find 'PTHREAD_MUTEX_ERRORCHECK' in scope
53 | var mutex = pthread_mutex_t()
54 | pthread_mutexattr_init(&attr)
55 | pthread_mutexattr_settype(&attr, Int32(PTHREAD_MUTEX_ERRORCHECK))
| `- error: cannot find 'PTHREAD_MUTEX_ERRORCHECK' in scope
56 | pthread_mutex_init(&mutex, &attr)
57 | pthread_mutexattr_destroy(&attr)
/host/spi-builder-workspace/.build/checkouts/combine-schedulers/Sources/CombineSchedulers/Internal/Lock.swift:56:7: error: cannot find 'pthread_mutex_init' in scope
54 | pthread_mutexattr_init(&attr)
55 | pthread_mutexattr_settype(&attr, Int32(PTHREAD_MUTEX_ERRORCHECK))
56 | pthread_mutex_init(&mutex, &attr)
| `- error: cannot find 'pthread_mutex_init' in scope
57 | pthread_mutexattr_destroy(&attr)
58 | self.mutex = mutex
/host/spi-builder-workspace/.build/checkouts/combine-schedulers/Sources/CombineSchedulers/Internal/Lock.swift:57:7: error: cannot find 'pthread_mutexattr_destroy' in scope
55 | pthread_mutexattr_settype(&attr, Int32(PTHREAD_MUTEX_ERRORCHECK))
56 | pthread_mutex_init(&mutex, &attr)
57 | pthread_mutexattr_destroy(&attr)
| `- error: cannot find 'pthread_mutexattr_destroy' in scope
58 | self.mutex = mutex
59 | }
/host/spi-builder-workspace/.build/checkouts/combine-schedulers/Sources/CombineSchedulers/Internal/Lock.swift:66:7: error: cannot find 'pthread_mutex_lock' in scope
64 |
65 | func lock() {
66 | pthread_mutex_lock(&mutex)
| `- error: cannot find 'pthread_mutex_lock' in scope
67 | }
68 |
/host/spi-builder-workspace/.build/checkouts/combine-schedulers/Sources/CombineSchedulers/Internal/Lock.swift:70:7: error: cannot find 'pthread_mutex_unlock' in scope
68 |
69 | func unlock() {
70 | pthread_mutex_unlock(&mutex)
| `- error: cannot find 'pthread_mutex_unlock' in scope
71 | }
72 |
/host/spi-builder-workspace/.build/checkouts/combine-schedulers/Sources/CombineSchedulers/Internal/Lock.swift:78:7: error: cannot find 'pthread_mutex_destroy' in scope
76 |
77 | deinit {
78 | pthread_mutex_destroy(&mutex)
| `- error: cannot find 'pthread_mutex_destroy' in scope
79 | }
80 | }
[61/71] Compiling CombineSchedulers NSRecursiveLock.swift
/host/spi-builder-workspace/.build/checkouts/combine-schedulers/Sources/CombineSchedulers/Internal/Lock.swift:54:7: error: cannot find 'pthread_mutexattr_init' in scope
52 | var attr = pthread_mutexattr_t()
53 | var mutex = pthread_mutex_t()
54 | pthread_mutexattr_init(&attr)
| `- error: cannot find 'pthread_mutexattr_init' in scope
55 | pthread_mutexattr_settype(&attr, Int32(PTHREAD_MUTEX_ERRORCHECK))
56 | pthread_mutex_init(&mutex, &attr)
/host/spi-builder-workspace/.build/checkouts/combine-schedulers/Sources/CombineSchedulers/Internal/Lock.swift:55:7: error: cannot find 'pthread_mutexattr_settype' in scope
53 | var mutex = pthread_mutex_t()
54 | pthread_mutexattr_init(&attr)
55 | pthread_mutexattr_settype(&attr, Int32(PTHREAD_MUTEX_ERRORCHECK))
| `- error: cannot find 'pthread_mutexattr_settype' in scope
56 | pthread_mutex_init(&mutex, &attr)
57 | pthread_mutexattr_destroy(&attr)
/host/spi-builder-workspace/.build/checkouts/combine-schedulers/Sources/CombineSchedulers/Internal/Lock.swift:55:46: error: cannot find 'PTHREAD_MUTEX_ERRORCHECK' in scope
53 | var mutex = pthread_mutex_t()
54 | pthread_mutexattr_init(&attr)
55 | pthread_mutexattr_settype(&attr, Int32(PTHREAD_MUTEX_ERRORCHECK))
| `- error: cannot find 'PTHREAD_MUTEX_ERRORCHECK' in scope
56 | pthread_mutex_init(&mutex, &attr)
57 | pthread_mutexattr_destroy(&attr)
/host/spi-builder-workspace/.build/checkouts/combine-schedulers/Sources/CombineSchedulers/Internal/Lock.swift:56:7: error: cannot find 'pthread_mutex_init' in scope
54 | pthread_mutexattr_init(&attr)
55 | pthread_mutexattr_settype(&attr, Int32(PTHREAD_MUTEX_ERRORCHECK))
56 | pthread_mutex_init(&mutex, &attr)
| `- error: cannot find 'pthread_mutex_init' in scope
57 | pthread_mutexattr_destroy(&attr)
58 | self.mutex = mutex
/host/spi-builder-workspace/.build/checkouts/combine-schedulers/Sources/CombineSchedulers/Internal/Lock.swift:57:7: error: cannot find 'pthread_mutexattr_destroy' in scope
55 | pthread_mutexattr_settype(&attr, Int32(PTHREAD_MUTEX_ERRORCHECK))
56 | pthread_mutex_init(&mutex, &attr)
57 | pthread_mutexattr_destroy(&attr)
| `- error: cannot find 'pthread_mutexattr_destroy' in scope
58 | self.mutex = mutex
59 | }
/host/spi-builder-workspace/.build/checkouts/combine-schedulers/Sources/CombineSchedulers/Internal/Lock.swift:66:7: error: cannot find 'pthread_mutex_lock' in scope
64 |
65 | func lock() {
66 | pthread_mutex_lock(&mutex)
| `- error: cannot find 'pthread_mutex_lock' in scope
67 | }
68 |
/host/spi-builder-workspace/.build/checkouts/combine-schedulers/Sources/CombineSchedulers/Internal/Lock.swift:70:7: error: cannot find 'pthread_mutex_unlock' in scope
68 |
69 | func unlock() {
70 | pthread_mutex_unlock(&mutex)
| `- error: cannot find 'pthread_mutex_unlock' in scope
71 | }
72 |
/host/spi-builder-workspace/.build/checkouts/combine-schedulers/Sources/CombineSchedulers/Internal/Lock.swift:78:7: error: cannot find 'pthread_mutex_destroy' in scope
76 |
77 | deinit {
78 | pthread_mutex_destroy(&mutex)
| `- error: cannot find 'pthread_mutex_destroy' in scope
79 | }
80 | }
[62/71] Compiling XCTestDynamicOverlay Exports.swift
BUILD FAILURE 6.2 wasm