Build Information
Failed to build swift-toolbox, reference 2.0.25 (85fda3), with Swift 6.4 for macOS (Xcode) using Xcode 27.0 on 18 Sep 2026 16:36:02 UTC.
Build Command
env DEVELOPER_DIR=/Applications/Xcode-27.0.0-Release.Candidate.app xcrun xcodebuild -IDEClonedSourcePackagesDirPathOverride=$PWD/.dependencies -skipMacroValidation -skipPackagePluginValidation -derivedDataPath $PWD/.derivedData build -scheme swift-toolbox -destination platform=macOS,arch=arm64Build Log
========================================
RunAll
========================================
Builder version: 5.1.0
Interrupt handler set up.
========================================
Checkout
========================================
Clone URL: https://github.com/mhennemeyer/swift-toolbox.git
Reference: 2.0.25
Initialized empty Git repository in /Users/admin/builder/spi-builder-workspace/.git/
From https://github.com/mhennemeyer/swift-toolbox
* tag 2.0.25 -> FETCH_HEAD
HEAD is now at 85fda3a remove log
Cloned https://github.com/mhennemeyer/swift-toolbox.git
Revision (git rev-parse @):
85fda3a524bb735c807c40dd55d9fa6a95c2058b
SUCCESS checkout https://github.com/mhennemeyer/swift-toolbox.git at 2.0.25
========================================
Build
========================================
Selected platform: macosXcodebuild
Swift version: 6.4
Building package at path: $PWD
https://github.com/mhennemeyer/swift-toolbox.git
Command line invocation:
/Applications/Xcode-27.0.0-Release.Candidate.app/Contents/Developer/usr/bin/xcodebuild -IDEClonedSourcePackagesDirPathOverride=/Users/admin/builder/spi-builder-workspace/.dependencies -resolvePackageDependencies
Resolve Package Graph
Resolve Package Graph
Resolved source packages:
swift-toolbox: /Users/admin/builder/spi-builder-workspace
resolved source packages: swift-toolbox
2026-09-18 12:35:12.153 xcodebuild[525:2990] [MT] IDERunDestination: Supported platforms for the buildables in the current scheme is empty.
{
"dependencies" : [
],
"manifest_display_name" : "swift-toolbox",
"name" : "swift-toolbox",
"path" : "/Users/admin/builder/spi-builder-workspace",
"platforms" : [
{
"name" : "ios",
"version" : "13.0"
},
{
"name" : "watchos",
"version" : "6.0"
},
{
"name" : "macos",
"version" : "10.13"
}
],
"products" : [
{
"name" : "swift-toolbox",
"targets" : [
"swift-toolbox"
],
"type" : {
"library" : [
"automatic"
]
}
}
],
"targets" : [
{
"c99name" : "swift_toolboxTests",
"module_type" : "SwiftTarget",
"name" : "swift-toolboxTests",
"path" : "Tests/swift-toolboxTests",
"sources" : [
"XCTestManifests.swift",
"swift_toolboxTests.swift"
],
"target_dependencies" : [
"swift-toolbox"
],
"type" : "test"
},
{
"c99name" : "swift_toolbox",
"module_type" : "SwiftTarget",
"name" : "swift-toolbox",
"path" : "Sources/swift-toolbox",
"product_memberships" : [
"swift-toolbox"
],
"sources" : [
"CloudKit/ImageAsset.swift",
"DataUpload/DataUploadRunner.swift",
"DataUpload/DataUploadService.swift",
"DataUpload/DataUploadServiceResponse.swift",
"DataUpload/TestRunner.swift",
"DataUpload/UploadProgress.swift",
"Foundation/Array/Array+RemoveObject.swift",
"Foundation/Bundle/Bundle+XibExistence.swift",
"Foundation/Date/Date+Month.swift",
"Foundation/Date/Date+Range.swift",
"Foundation/Date/DateFormatter+Convenience.swift",
"Foundation/NumberFormatting.swift",
"Foundation/String/String+Groups.swift",
"Foundation/String/String+JsonString.swift",
"Foundation/String/String+Matches.swift",
"Foundation/String/String+Subscript.swift",
"Helper/Current.swift",
"Helper/Names.swift",
"Helper/Threads.swift",
"Tags/Tagged.swift",
"UIKit/AppIcon/Bundle+AppIcon.swift",
"UIKit/Composition/Composable.swift",
"UIKit/ImageZoomView/ImageZoomView.swift",
"UIKit/UIBarButtonItem/UIBarButtonItem+Convenience.swift",
"UIKit/UICollectionViewCell/UICollectionViewCell+Factories.swift",
"UIKit/UIColor/UIColor+Adjust.swift",
"UIKit/UIColor/UIColor+Images.swift",
"UIKit/UIColor/UIColor+PatternImage.swift",
"UIKit/UIDevice/UIDevice+Model.swift",
"UIKit/UIFont/UIFont+Keys.swift",
"UIKit/UIImage/UIImage+Flip.swift",
"UIKit/UIImage/UIImage+Resize.swift",
"UIKit/UIImage/UIImage+Rotate.swift",
"UIKit/UIImage/UIImage+RoundedShadow.swift",
"UIKit/UIKeyCommand/UIKeyCommand+Repeatable.swift",
"UIKit/UINavigationBar/UINavigationBar+Shadow.swift",
"UIKit/UINavigationItem/UINavigationItem+Back.swift",
"UIKit/UIPageViewController/UIPageViewController+isScrolling.swift",
"UIKit/UISegmentedControl/TapableSegmentControl.swift",
"UIKit/UITableView/UITableView+Position.swift",
"UIKit/UITableView/UITableView+Scroll.swift",
"UIKit/UITableViewCell/UITableViewCell+Factories.swift",
"UIKit/UITraitCollection/UITraitCollection+Traits.swift",
"UIKit/UIView/UIView+AllSubviews.swift",
"UIKit/UIView/UIView+EdgeBorders.swift",
"UIKit/UIView/UIView+Factories.swift",
"UIKit/UIView/UIView+Font.swift",
"UIKit/UIView/UIView+Highlight.swift",
"UIKit/UIView/UIView+Nib.swift",
"UIKit/UIView/UIView+PinEdges.swift",
"UIKit/UIViewController/UIViewController+Embed.swift",
"UIKit/UIViewController/UIViewController+Factories.swift",
"UIKit/XIBView/UIXIBView.swift",
"UIKit/XIBView/XIBView.swift",
"swift_toolbox.swift"
],
"type" : "library"
}
],
"tools_version" : "5.3"
}
{
"workspace" : {
"name" : "swift-toolbox",
"schemes" : [
"swift-toolbox"
]
}
}
2026-09-18 12:35:53.270 xcodebuild[643:4089] [MT] IDERunDestination: Supported platforms for the buildables in the current scheme is empty.
Running build ...
env DEVELOPER_DIR=/Applications/Xcode-27.0.0-Release.Candidate.app xcrun xcodebuild -IDEClonedSourcePackagesDirPathOverride=$PWD/.dependencies -skipMacroValidation -skipPackagePluginValidation -derivedDataPath $PWD/.derivedData build -scheme swift-toolbox -destination platform=macOS,arch=arm64
Command line invocation:
/Applications/Xcode-27.0.0-Release.Candidate.app/Contents/Developer/usr/bin/xcodebuild -IDEClonedSourcePackagesDirPathOverride=/Users/admin/builder/spi-builder-workspace/.dependencies -skipMacroValidation -skipPackagePluginValidation -derivedDataPath /Users/admin/builder/spi-builder-workspace/.derivedData build -scheme swift-toolbox -destination platform=macOS,arch=arm64
Resolve Package Graph
Resolved source packages:
swift-toolbox: /Users/admin/builder/spi-builder-workspace
ComputePackagePrebuildTargetDependencyGraph
Prepare packages
CreateBuildRequest
SendProjectDescription
CreateBuildOperation
ComputeTargetDependencyGraph
note: Building targets in dependency order
note: Target dependency graph (2 targets)
Target 'swift-toolbox-product' in project 'swift-toolbox'
➜ Explicit dependency on target 'swift-toolbox' in project 'swift-toolbox'
Target 'swift-toolbox' in project 'swift-toolbox' (no dependencies)
GatherProvisioningInputs
CreateBuildDescription
ExecuteExternalTool /Applications/Xcode-27.0.0-Release.Candidate.app/Contents/Developer/Toolchains/XcodeDefault.xctoolchain/usr/bin/clang -v -E -dM -isysroot /Applications/Xcode-27.0.0-Release.Candidate.app/Contents/Developer/Platforms/MacOSX.platform/Developer/SDKs/MacOSX27.0.sdk -x c -c /dev/null
ExecuteExternalTool /Applications/Xcode-27.0.0-Release.Candidate.app/Contents/Developer/Toolchains/XcodeDefault.xctoolchain/usr/bin/swiftc --version
ExecuteExternalTool /Applications/Xcode-27.0.0-Release.Candidate.app/Contents/Developer/Toolchains/XcodeDefault.xctoolchain/usr/bin/ld -version_details
Build description signature: 92888820a9d907499027c10228776759
Build description path: /Users/admin/builder/spi-builder-workspace/.derivedData/Build/Intermediates.noindex/XCBuildData/92888820a9d907499027c10228776759.xcbuilddata
CreateBuildDirectory /Users/admin/builder/spi-builder-workspace/.derivedData/SDKExplicitPrecompiledModules
cd /Users/admin/builder/spi-builder-workspace/.swiftpm/xcode
builtin-create-build-directory /Users/admin/builder/spi-builder-workspace/.derivedData/SDKExplicitPrecompiledModules
CreateBuildDirectory /Users/admin/builder/spi-builder-workspace/.derivedData/CompilationCache.noindex
cd /Users/admin/builder/spi-builder-workspace/.swiftpm/xcode
builtin-create-build-directory /Users/admin/builder/spi-builder-workspace/.derivedData/CompilationCache.noindex
CreateBuildDirectory /Users/admin/builder/spi-builder-workspace/.derivedData/ModuleCache.noindex
cd /Users/admin/builder/spi-builder-workspace/.swiftpm/xcode
builtin-create-build-directory /Users/admin/builder/spi-builder-workspace/.derivedData/ModuleCache.noindex
ClangStatCache /Applications/Xcode-27.0.0-Release.Candidate.app/Contents/Developer/Toolchains/XcodeDefault.xctoolchain/usr/bin/clang-stat-cache /Applications/Xcode-27.0.0-Release.Candidate.app/Contents/Developer/Platforms/MacOSX.platform/Developer/SDKs/MacOSX27.0.sdk /Users/admin/builder/spi-builder-workspace/.derivedData/SDKStatCaches.noindex/macosx27.0-26A425-e829b21a6f8c9b70876ba0858053c0446a22442a12e9d48fe1a705f55a1adfc4.sdkstatcache
cd /Users/admin/builder/spi-builder-workspace/.swiftpm/xcode
/Applications/Xcode-27.0.0-Release.Candidate.app/Contents/Developer/Toolchains/XcodeDefault.xctoolchain/usr/bin/clang-stat-cache /Applications/Xcode-27.0.0-Release.Candidate.app/Contents/Developer/Platforms/MacOSX.platform/Developer/SDKs/MacOSX27.0.sdk -o /Users/admin/builder/spi-builder-workspace/.derivedData/SDKStatCaches.noindex/macosx27.0-26A425-e829b21a6f8c9b70876ba0858053c0446a22442a12e9d48fe1a705f55a1adfc4.sdkstatcache
CreateBuildDirectory /Users/admin/builder/spi-builder-workspace/.derivedData/Build/Products
cd /Users/admin/builder/spi-builder-workspace/.swiftpm/xcode
builtin-create-build-directory /Users/admin/builder/spi-builder-workspace/.derivedData/Build/Products
CreateBuildDirectory /Users/admin/builder/spi-builder-workspace/.derivedData/Build/Intermediates.noindex
cd /Users/admin/builder/spi-builder-workspace/.swiftpm/xcode
builtin-create-build-directory /Users/admin/builder/spi-builder-workspace/.derivedData/Build/Intermediates.noindex
CreateBuildDirectory /Users/admin/builder/spi-builder-workspace/.derivedData/Build/Intermediates.noindex/SwiftExplicitPrecompiledModules
cd /Users/admin/builder/spi-builder-workspace/.swiftpm/xcode
builtin-create-build-directory /Users/admin/builder/spi-builder-workspace/.derivedData/Build/Intermediates.noindex/SwiftExplicitPrecompiledModules
CreateBuildDirectory /Users/admin/builder/spi-builder-workspace/.derivedData/Build/Intermediates.noindex/ExplicitPrecompiledModules
cd /Users/admin/builder/spi-builder-workspace/.swiftpm/xcode
builtin-create-build-directory /Users/admin/builder/spi-builder-workspace/.derivedData/Build/Intermediates.noindex/ExplicitPrecompiledModules
CreateBuildDirectory /Users/admin/builder/spi-builder-workspace/.derivedData/Build/Intermediates.noindex/PrecompiledHeaders
cd /Users/admin/builder/spi-builder-workspace/.swiftpm/xcode
builtin-create-build-directory /Users/admin/builder/spi-builder-workspace/.derivedData/Build/Intermediates.noindex/PrecompiledHeaders
CreateBuildDirectory /Users/admin/builder/spi-builder-workspace/.derivedData/Build/Products/Debug
cd /Users/admin/builder/spi-builder-workspace/.swiftpm/xcode
builtin-create-build-directory /Users/admin/builder/spi-builder-workspace/.derivedData/Build/Products/Debug
CreateBuildDirectory /Users/admin/builder/spi-builder-workspace/.derivedData/Build/Intermediates.noindex/EagerLinkingTBDs/Debug
cd /Users/admin/builder/spi-builder-workspace/.swiftpm/xcode
builtin-create-build-directory /Users/admin/builder/spi-builder-workspace/.derivedData/Build/Intermediates.noindex/EagerLinkingTBDs/Debug
CreateBuildDirectory /Users/admin/builder/spi-builder-workspace/.derivedData/Build/Products/Debug/PackageFrameworks
cd /Users/admin/builder/spi-builder-workspace/.swiftpm/xcode
builtin-create-build-directory /Users/admin/builder/spi-builder-workspace/.derivedData/Build/Products/Debug/PackageFrameworks
WriteAuxiliaryFile /Users/admin/builder/spi-builder-workspace/.derivedData/Build/Intermediates.noindex/swift-toolbox.build/Debug/swift-toolbox-t.build/swift-toolbox.modulemap (in target 'swift-toolbox' from project 'swift-toolbox')
cd /Users/admin/builder/spi-builder-workspace
write-file /Users/admin/builder/spi-builder-workspace/.derivedData/Build/Intermediates.noindex/swift-toolbox.build/Debug/swift-toolbox-t.build/swift-toolbox.modulemap
WriteAuxiliaryFile /Users/admin/builder/spi-builder-workspace/.derivedData/Build/Intermediates.noindex/swift-toolbox.build/Debug/swift-toolbox-t.build/swift-toolbox.DependencyMetadataFileList (in target 'swift-toolbox' from project 'swift-toolbox')
cd /Users/admin/builder/spi-builder-workspace
write-file /Users/admin/builder/spi-builder-workspace/.derivedData/Build/Intermediates.noindex/swift-toolbox.build/Debug/swift-toolbox-t.build/swift-toolbox.DependencyMetadataFileList
WriteAuxiliaryFile /Users/admin/builder/spi-builder-workspace/.derivedData/Build/Intermediates.noindex/swift-toolbox.build/Debug/swift-toolbox-t.build/swift-toolbox.DependencyStaticMetadataFileList (in target 'swift-toolbox' from project 'swift-toolbox')
cd /Users/admin/builder/spi-builder-workspace
write-file /Users/admin/builder/spi-builder-workspace/.derivedData/Build/Intermediates.noindex/swift-toolbox.build/Debug/swift-toolbox-t.build/swift-toolbox.DependencyStaticMetadataFileList
WriteAuxiliaryFile /Users/admin/builder/spi-builder-workspace/.derivedData/Build/Intermediates.noindex/swift-toolbox.build/Debug/swift-toolbox-t.build/Objects-normal/arm64/swift-toolbox.SwiftConstValuesFileList (in target 'swift-toolbox' from project 'swift-toolbox')
cd /Users/admin/builder/spi-builder-workspace
write-file /Users/admin/builder/spi-builder-workspace/.derivedData/Build/Intermediates.noindex/swift-toolbox.build/Debug/swift-toolbox-t.build/Objects-normal/arm64/swift-toolbox.SwiftConstValuesFileList
WriteAuxiliaryFile /Users/admin/builder/spi-builder-workspace/.derivedData/Build/Intermediates.noindex/swift-toolbox.build/Debug/swift-toolbox-t.build/Objects-normal/arm64/swift-toolbox-OutputFileMap.json (in target 'swift-toolbox' from project 'swift-toolbox')
cd /Users/admin/builder/spi-builder-workspace
write-file /Users/admin/builder/spi-builder-workspace/.derivedData/Build/Intermediates.noindex/swift-toolbox.build/Debug/swift-toolbox-t.build/Objects-normal/arm64/swift-toolbox-OutputFileMap.json
WriteAuxiliaryFile /Users/admin/builder/spi-builder-workspace/.derivedData/Build/Intermediates.noindex/swift-toolbox.build/Debug/swift-toolbox-t.build/Objects-normal/arm64/swift-toolbox_const_extract_protocols.json (in target 'swift-toolbox' from project 'swift-toolbox')
cd /Users/admin/builder/spi-builder-workspace
write-file /Users/admin/builder/spi-builder-workspace/.derivedData/Build/Intermediates.noindex/swift-toolbox.build/Debug/swift-toolbox-t.build/Objects-normal/arm64/swift-toolbox_const_extract_protocols.json
WriteAuxiliaryFile /Users/admin/builder/spi-builder-workspace/.derivedData/Build/Intermediates.noindex/swift-toolbox.build/Debug/swift-toolbox-t.build/Objects-normal/arm64/swift-toolbox.SwiftFileList (in target 'swift-toolbox' from project 'swift-toolbox')
cd /Users/admin/builder/spi-builder-workspace
write-file /Users/admin/builder/spi-builder-workspace/.derivedData/Build/Intermediates.noindex/swift-toolbox.build/Debug/swift-toolbox-t.build/Objects-normal/arm64/swift-toolbox.SwiftFileList
WriteAuxiliaryFile /Users/admin/builder/spi-builder-workspace/.derivedData/Build/Intermediates.noindex/swift-toolbox.build/Debug/swift-toolbox-t.build/Objects-normal/arm64/swift-toolbox.LinkFileList (in target 'swift-toolbox' from project 'swift-toolbox')
cd /Users/admin/builder/spi-builder-workspace
write-file /Users/admin/builder/spi-builder-workspace/.derivedData/Build/Intermediates.noindex/swift-toolbox.build/Debug/swift-toolbox-t.build/Objects-normal/arm64/swift-toolbox.LinkFileList
Copy /Users/admin/builder/spi-builder-workspace/.derivedData/Build/Intermediates.noindex/GeneratedModuleMaps/swift-toolbox.modulemap /Users/admin/builder/spi-builder-workspace/.derivedData/Build/Intermediates.noindex/swift-toolbox.build/Debug/swift-toolbox-t.build/swift-toolbox.modulemap (in target 'swift-toolbox' from project 'swift-toolbox')
cd /Users/admin/builder/spi-builder-workspace
builtin-copy -exclude .DS_Store -exclude CVS -exclude .svn -exclude .git -exclude .hg -resolve-src-symlinks /Users/admin/builder/spi-builder-workspace/.derivedData/Build/Intermediates.noindex/swift-toolbox.build/Debug/swift-toolbox-t.build/swift-toolbox.modulemap /Users/admin/builder/spi-builder-workspace/.derivedData/Build/Intermediates.noindex/GeneratedModuleMaps
SwiftDriver swift-toolbox normal arm64 com.apple.xcode.tools.swift.compiler (in target 'swift-toolbox' from project 'swift-toolbox')
cd /Users/admin/builder/spi-builder-workspace/.swiftpm/xcode
builtin-SwiftDriver -- /Applications/Xcode-27.0.0-Release.Candidate.app/Contents/Developer/Toolchains/XcodeDefault.xctoolchain/usr/bin/swiftc -parse-as-library -module-name swift_toolbox -Onone @/Users/admin/builder/spi-builder-workspace/.derivedData/Build/Intermediates.noindex/swift-toolbox.build/Debug/swift-toolbox-t.build/Objects-normal/arm64/swift-toolbox.SwiftFileList -DSWIFT_PACKAGE -DDEBUG -DSWIFT_MODULE_RESOURCE_BUNDLE_UNAVAILABLE -DXcode -plugin-path /Applications/Xcode-27.0.0-Release.Candidate.app/Contents/Developer/Toolchains/XcodeDefault.xctoolchain/usr/lib/swift/host/plugins/testing -enable-experimental-feature DebugDescriptionMacro -sdk /Applications/Xcode-27.0.0-Release.Candidate.app/Contents/Developer/Platforms/MacOSX.platform/Developer/SDKs/MacOSX27.0.sdk -target arm64-apple-macos12.0 -g -module-cache-path /Users/admin/builder/spi-builder-workspace/.derivedData/ModuleCache.noindex -Xfrontend -serialize-debugging-options -profile-coverage-mapping -profile-generate -enable-testing -index-store-path /Users/admin/builder/spi-builder-workspace/.derivedData/Index.noindex/DataStore -Xcc -D_LIBCPP_HARDENING_MODE\=_LIBCPP_HARDENING_MODE_DEBUG -swift-version 5 -I /Users/admin/builder/spi-builder-workspace/.derivedData/Build/Products/Debug -Isystem /Applications/Xcode-27.0.0-Release.Candidate.app/Contents/Developer/Platforms/MacOSX.platform/Developer/usr/lib -F /Users/admin/builder/spi-builder-workspace/.derivedData/Build/Products/Debug -F /Applications/Xcode-27.0.0-Release.Candidate.app/Contents/Developer/Platforms/MacOSX.platform/Developer/Library/Frameworks -c -j10 -enable-batch-mode -incremental -Xcc -ivfsstatcache -Xcc /Users/admin/builder/spi-builder-workspace/.derivedData/SDKStatCaches.noindex/macosx27.0-26A425-e829b21a6f8c9b70876ba0858053c0446a22442a12e9d48fe1a705f55a1adfc4.sdkstatcache -output-file-map /Users/admin/builder/spi-builder-workspace/.derivedData/Build/Intermediates.noindex/swift-toolbox.build/Debug/swift-toolbox-t.build/Objects-normal/arm64/swift-toolbox-OutputFileMap.json -save-temps -no-color-diagnostics -explicit-module-build -module-cache-path /Users/admin/builder/spi-builder-workspace/.derivedData/Build/Intermediates.noindex/SwiftExplicitPrecompiledModules -clang-scanner-module-cache-path /Users/admin/builder/spi-builder-workspace/.derivedData/ModuleCache.noindex -sdk-module-cache-path /Users/admin/builder/spi-builder-workspace/.derivedData/SDKExplicitPrecompiledModules -emit-dependencies -emit-module -emit-module-path /Users/admin/builder/spi-builder-workspace/.derivedData/Build/Intermediates.noindex/swift-toolbox.build/Debug/swift-toolbox-t.build/Objects-normal/arm64/swift_toolbox.swiftmodule -serialize-diagnostics -dependency-scan-serialize-diagnostics-path /Users/admin/builder/spi-builder-workspace/.derivedData/Build/Intermediates.noindex/swift-toolbox.build/Debug/swift-toolbox-t.build/Objects-normal/arm64/swift_toolbox-dependency-scan.dia -validate-clang-modules-once -clang-build-session-file /Users/admin/builder/spi-builder-workspace/.derivedData/ModuleCache.noindex/Session.modulevalidation -Xcc -fmodules-prune-interval\=86400 -Xcc -fmodules-prune-after\=345600 -emit-const-values -const-gather-protocols-list /Users/admin/builder/spi-builder-workspace/.derivedData/Build/Intermediates.noindex/swift-toolbox.build/Debug/swift-toolbox-t.build/Objects-normal/arm64/swift-toolbox_const_extract_protocols.json -Xcc -I/Users/admin/builder/spi-builder-workspace/.derivedData/Build/Products/Debug/include -Xcc -I/Users/admin/builder/spi-builder-workspace/.derivedData/Build/Intermediates.noindex/swift-toolbox.build/Debug/swift-toolbox-t.build/DerivedSources-normal/arm64 -Xcc -I/Users/admin/builder/spi-builder-workspace/.derivedData/Build/Intermediates.noindex/swift-toolbox.build/Debug/swift-toolbox-t.build/DerivedSources/arm64 -Xcc -I/Users/admin/builder/spi-builder-workspace/.derivedData/Build/Intermediates.noindex/swift-toolbox.build/Debug/swift-toolbox-t.build/DerivedSources -Xcc -DSWIFT_PACKAGE -Xcc -DDEBUG\=1 -emit-objc-header -emit-objc-header-path /Users/admin/builder/spi-builder-workspace/.derivedData/Build/Intermediates.noindex/swift-toolbox.build/Debug/swift-toolbox-t.build/Objects-normal/arm64/swift-toolbox-Swift.h -working-directory /Users/admin/builder/spi-builder-workspace/.swiftpm/xcode -experimental-emit-module-separately -disable-cmo
/Users/admin/builder/spi-builder-workspace/Sources/swift-toolbox/UIKit/UISegmentedControl/TapableSegmentControl.swift:8:8: error: Unable to resolve module dependency: 'UIKit' (in target 'swift-toolbox' from project 'swift-toolbox')
note: A dependency of main module 'swift_toolbox'
/Users/admin/builder/spi-builder-workspace/Sources/swift-toolbox/UIKit/UISegmentedControl/TapableSegmentControl.swift:8:8: note: A dependency of main module 'swift_toolbox'
import UIKit
^ (in target 'swift-toolbox' from project 'swift-toolbox')
PruneExplicitPrecompiledModules /Users/admin/builder/spi-builder-workspace/.derivedData/Build/Intermediates.noindex/ExplicitPrecompiledModules
PruneExplicitPrecompiledModules /Users/admin/builder/spi-builder-workspace/.derivedData/Build/Intermediates.noindex/SwiftExplicitPrecompiledModules
PruneExplicitPrecompiledModules /Users/admin/builder/spi-builder-workspace/.derivedData/SDKExplicitPrecompiledModules
2026-09-18 12:35:54.962 xcodebuild[644:4133] [MT] IDERunDestination: Supported platforms for the buildables in the current scheme is empty.
--- xcodebuild: WARNING: Using the first of multiple matching destinations:
{ platform:macOS, arch:arm64, id:a565e70a0a000fcf5a4664c2ab84693a8518e5ca, name:My Mac }
{ platform:macOS, arch:arm64, variant:Mac Catalyst, id:a565e70a0a000fcf5a4664c2ab84693a8518e5ca, name:My Mac }
{ platform:macOS, arch:arm64, variant:DriverKit, id:a565e70a0a000fcf5a4664c2ab84693a8518e5ca, name:My Mac }
{ platform:macOS, arch:arm64, variant:Designed for [iPad,iPhone], id:a565e70a0a000fcf5a4664c2ab84693a8518e5ca, name:My Mac }
** BUILD FAILED **
The following build commands failed:
SwiftDriver swift-toolbox normal arm64 com.apple.xcode.tools.swift.compiler (in target 'swift-toolbox' from project 'swift-toolbox')
Building workspace swift-toolbox with scheme swift-toolbox
(2 failures)
Command line invocation:
/Applications/Xcode-27.0.0-Release.Candidate.app/Contents/Developer/usr/bin/xcodebuild -IDEClonedSourcePackagesDirPathOverride=/Users/admin/builder/spi-builder-workspace/.dependencies -resolvePackageDependencies
Resolve Package Graph
Resolved source packages:
swift-toolbox: /Users/admin/builder/spi-builder-workspace
resolved source packages: swift-toolbox
2026-09-18 12:35:59.896 xcodebuild[659:4303] [MT] IDERunDestination: Supported platforms for the buildables in the current scheme is empty.
{
"dependencies" : [
],
"manifest_display_name" : "swift-toolbox",
"name" : "swift-toolbox",
"path" : "/Users/admin/builder/spi-builder-workspace",
"platforms" : [
{
"name" : "ios",
"version" : "13.0"
},
{
"name" : "watchos",
"version" : "6.0"
},
{
"name" : "macos",
"version" : "10.13"
}
],
"products" : [
{
"name" : "swift-toolbox",
"targets" : [
"swift-toolbox"
],
"type" : {
"library" : [
"automatic"
]
}
}
],
"targets" : [
{
"c99name" : "swift_toolboxTests",
"module_type" : "SwiftTarget",
"name" : "swift-toolboxTests",
"path" : "Tests/swift-toolboxTests",
"sources" : [
"XCTestManifests.swift",
"swift_toolboxTests.swift"
],
"target_dependencies" : [
"swift-toolbox"
],
"type" : "test"
},
{
"c99name" : "swift_toolbox",
"module_type" : "SwiftTarget",
"name" : "swift-toolbox",
"path" : "Sources/swift-toolbox",
"product_memberships" : [
"swift-toolbox"
],
"sources" : [
"CloudKit/ImageAsset.swift",
"DataUpload/DataUploadRunner.swift",
"DataUpload/DataUploadService.swift",
"DataUpload/DataUploadServiceResponse.swift",
"DataUpload/TestRunner.swift",
"DataUpload/UploadProgress.swift",
"Foundation/Array/Array+RemoveObject.swift",
"Foundation/Bundle/Bundle+XibExistence.swift",
"Foundation/Date/Date+Month.swift",
"Foundation/Date/Date+Range.swift",
"Foundation/Date/DateFormatter+Convenience.swift",
"Foundation/NumberFormatting.swift",
"Foundation/String/String+Groups.swift",
"Foundation/String/String+JsonString.swift",
"Foundation/String/String+Matches.swift",
"Foundation/String/String+Subscript.swift",
"Helper/Current.swift",
"Helper/Names.swift",
"Helper/Threads.swift",
"Tags/Tagged.swift",
"UIKit/AppIcon/Bundle+AppIcon.swift",
"UIKit/Composition/Composable.swift",
"UIKit/ImageZoomView/ImageZoomView.swift",
"UIKit/UIBarButtonItem/UIBarButtonItem+Convenience.swift",
"UIKit/UICollectionViewCell/UICollectionViewCell+Factories.swift",
"UIKit/UIColor/UIColor+Adjust.swift",
"UIKit/UIColor/UIColor+Images.swift",
"UIKit/UIColor/UIColor+PatternImage.swift",
"UIKit/UIDevice/UIDevice+Model.swift",
"UIKit/UIFont/UIFont+Keys.swift",
"UIKit/UIImage/UIImage+Flip.swift",
"UIKit/UIImage/UIImage+Resize.swift",
"UIKit/UIImage/UIImage+Rotate.swift",
"UIKit/UIImage/UIImage+RoundedShadow.swift",
"UIKit/UIKeyCommand/UIKeyCommand+Repeatable.swift",
"UIKit/UINavigationBar/UINavigationBar+Shadow.swift",
"UIKit/UINavigationItem/UINavigationItem+Back.swift",
"UIKit/UIPageViewController/UIPageViewController+isScrolling.swift",
"UIKit/UISegmentedControl/TapableSegmentControl.swift",
"UIKit/UITableView/UITableView+Position.swift",
"UIKit/UITableView/UITableView+Scroll.swift",
"UIKit/UITableViewCell/UITableViewCell+Factories.swift",
"UIKit/UITraitCollection/UITraitCollection+Traits.swift",
"UIKit/UIView/UIView+AllSubviews.swift",
"UIKit/UIView/UIView+EdgeBorders.swift",
"UIKit/UIView/UIView+Factories.swift",
"UIKit/UIView/UIView+Font.swift",
"UIKit/UIView/UIView+Highlight.swift",
"UIKit/UIView/UIView+Nib.swift",
"UIKit/UIView/UIView+PinEdges.swift",
"UIKit/UIViewController/UIViewController+Embed.swift",
"UIKit/UIViewController/UIViewController+Factories.swift",
"UIKit/XIBView/UIXIBView.swift",
"UIKit/XIBView/XIBView.swift",
"swift_toolbox.swift"
],
"type" : "library"
}
],
"tools_version" : "5.3"
}
{
"workspace" : {
"name" : "swift-toolbox",
"schemes" : [
"swift-toolbox"
]
}
}
2026-09-18 12:36:01.178 xcodebuild[667:4372] [MT] IDERunDestination: Supported platforms for the buildables in the current scheme is empty.
Running build ...
env DEVELOPER_DIR=/Applications/Xcode-27.0.0-Release.Candidate.app xcrun xcodebuild -IDEClonedSourcePackagesDirPathOverride=$PWD/.dependencies -skipMacroValidation -skipPackagePluginValidation -derivedDataPath $PWD/.derivedData build -scheme swift-toolbox -destination platform=macOS,arch=arm64
Command line invocation:
/Applications/Xcode-27.0.0-Release.Candidate.app/Contents/Developer/usr/bin/xcodebuild -IDEClonedSourcePackagesDirPathOverride=/Users/admin/builder/spi-builder-workspace/.dependencies -skipMacroValidation -skipPackagePluginValidation -derivedDataPath /Users/admin/builder/spi-builder-workspace/.derivedData build -scheme swift-toolbox -destination platform=macOS,arch=arm64
Resolve Package Graph
Resolved source packages:
swift-toolbox: /Users/admin/builder/spi-builder-workspace
ComputePackagePrebuildTargetDependencyGraph
Prepare packages
CreateBuildRequest
SendProjectDescription
CreateBuildOperation
ComputeTargetDependencyGraph
note: Building targets in dependency order
note: Target dependency graph (2 targets)
Target 'swift-toolbox-product' in project 'swift-toolbox'
➜ Explicit dependency on target 'swift-toolbox' in project 'swift-toolbox'
Target 'swift-toolbox' in project 'swift-toolbox' (no dependencies)
GatherProvisioningInputs
CreateBuildDescription
ClangStatCache /Applications/Xcode-27.0.0-Release.Candidate.app/Contents/Developer/Toolchains/XcodeDefault.xctoolchain/usr/bin/clang-stat-cache /Applications/Xcode-27.0.0-Release.Candidate.app/Contents/Developer/Platforms/MacOSX.platform/Developer/SDKs/MacOSX27.0.sdk /Users/admin/builder/spi-builder-workspace/.derivedData/SDKStatCaches.noindex/macosx27.0-26A425-e829b21a6f8c9b70876ba0858053c0446a22442a12e9d48fe1a705f55a1adfc4.sdkstatcache
cd /Users/admin/builder/spi-builder-workspace/.swiftpm/xcode
/Applications/Xcode-27.0.0-Release.Candidate.app/Contents/Developer/Toolchains/XcodeDefault.xctoolchain/usr/bin/clang-stat-cache /Applications/Xcode-27.0.0-Release.Candidate.app/Contents/Developer/Platforms/MacOSX.platform/Developer/SDKs/MacOSX27.0.sdk -o /Users/admin/builder/spi-builder-workspace/.derivedData/SDKStatCaches.noindex/macosx27.0-26A425-e829b21a6f8c9b70876ba0858053c0446a22442a12e9d48fe1a705f55a1adfc4.sdkstatcache
SwiftDriver swift-toolbox normal arm64 com.apple.xcode.tools.swift.compiler (in target 'swift-toolbox' from project 'swift-toolbox')
cd /Users/admin/builder/spi-builder-workspace/.swiftpm/xcode
builtin-SwiftDriver -- /Applications/Xcode-27.0.0-Release.Candidate.app/Contents/Developer/Toolchains/XcodeDefault.xctoolchain/usr/bin/swiftc -parse-as-library -module-name swift_toolbox -Onone @/Users/admin/builder/spi-builder-workspace/.derivedData/Build/Intermediates.noindex/swift-toolbox.build/Debug/swift-toolbox-t.build/Objects-normal/arm64/swift-toolbox.SwiftFileList -DSWIFT_PACKAGE -DDEBUG -DSWIFT_MODULE_RESOURCE_BUNDLE_UNAVAILABLE -DXcode -plugin-path /Applications/Xcode-27.0.0-Release.Candidate.app/Contents/Developer/Toolchains/XcodeDefault.xctoolchain/usr/lib/swift/host/plugins/testing -enable-experimental-feature DebugDescriptionMacro -sdk /Applications/Xcode-27.0.0-Release.Candidate.app/Contents/Developer/Platforms/MacOSX.platform/Developer/SDKs/MacOSX27.0.sdk -target arm64-apple-macos12.0 -g -module-cache-path /Users/admin/builder/spi-builder-workspace/.derivedData/ModuleCache.noindex -Xfrontend -serialize-debugging-options -profile-coverage-mapping -profile-generate -enable-testing -index-store-path /Users/admin/builder/spi-builder-workspace/.derivedData/Index.noindex/DataStore -Xcc -D_LIBCPP_HARDENING_MODE\=_LIBCPP_HARDENING_MODE_DEBUG -swift-version 5 -I /Users/admin/builder/spi-builder-workspace/.derivedData/Build/Products/Debug -Isystem /Applications/Xcode-27.0.0-Release.Candidate.app/Contents/Developer/Platforms/MacOSX.platform/Developer/usr/lib -F /Users/admin/builder/spi-builder-workspace/.derivedData/Build/Products/Debug -F /Applications/Xcode-27.0.0-Release.Candidate.app/Contents/Developer/Platforms/MacOSX.platform/Developer/Library/Frameworks -c -j10 -enable-batch-mode -incremental -Xcc -ivfsstatcache -Xcc /Users/admin/builder/spi-builder-workspace/.derivedData/SDKStatCaches.noindex/macosx27.0-26A425-e829b21a6f8c9b70876ba0858053c0446a22442a12e9d48fe1a705f55a1adfc4.sdkstatcache -output-file-map /Users/admin/builder/spi-builder-workspace/.derivedData/Build/Intermediates.noindex/swift-toolbox.build/Debug/swift-toolbox-t.build/Objects-normal/arm64/swift-toolbox-OutputFileMap.json -save-temps -no-color-diagnostics -explicit-module-build -module-cache-path /Users/admin/builder/spi-builder-workspace/.derivedData/Build/Intermediates.noindex/SwiftExplicitPrecompiledModules -clang-scanner-module-cache-path /Users/admin/builder/spi-builder-workspace/.derivedData/ModuleCache.noindex -sdk-module-cache-path /Users/admin/builder/spi-builder-workspace/.derivedData/SDKExplicitPrecompiledModules -emit-dependencies -emit-module -emit-module-path /Users/admin/builder/spi-builder-workspace/.derivedData/Build/Intermediates.noindex/swift-toolbox.build/Debug/swift-toolbox-t.build/Objects-normal/arm64/swift_toolbox.swiftmodule -serialize-diagnostics -dependency-scan-serialize-diagnostics-path /Users/admin/builder/spi-builder-workspace/.derivedData/Build/Intermediates.noindex/swift-toolbox.build/Debug/swift-toolbox-t.build/Objects-normal/arm64/swift_toolbox-dependency-scan.dia -validate-clang-modules-once -clang-build-session-file /Users/admin/builder/spi-builder-workspace/.derivedData/ModuleCache.noindex/Session.modulevalidation -Xcc -fmodules-prune-interval\=86400 -Xcc -fmodules-prune-after\=345600 -emit-const-values -const-gather-protocols-list /Users/admin/builder/spi-builder-workspace/.derivedData/Build/Intermediates.noindex/swift-toolbox.build/Debug/swift-toolbox-t.build/Objects-normal/arm64/swift-toolbox_const_extract_protocols.json -Xcc -I/Users/admin/builder/spi-builder-workspace/.derivedData/Build/Products/Debug/include -Xcc -I/Users/admin/builder/spi-builder-workspace/.derivedData/Build/Intermediates.noindex/swift-toolbox.build/Debug/swift-toolbox-t.build/DerivedSources-normal/arm64 -Xcc -I/Users/admin/builder/spi-builder-workspace/.derivedData/Build/Intermediates.noindex/swift-toolbox.build/Debug/swift-toolbox-t.build/DerivedSources/arm64 -Xcc -I/Users/admin/builder/spi-builder-workspace/.derivedData/Build/Intermediates.noindex/swift-toolbox.build/Debug/swift-toolbox-t.build/DerivedSources -Xcc -DSWIFT_PACKAGE -Xcc -DDEBUG\=1 -emit-objc-header -emit-objc-header-path /Users/admin/builder/spi-builder-workspace/.derivedData/Build/Intermediates.noindex/swift-toolbox.build/Debug/swift-toolbox-t.build/Objects-normal/arm64/swift-toolbox-Swift.h -working-directory /Users/admin/builder/spi-builder-workspace/.swiftpm/xcode -experimental-emit-module-separately -disable-cmo
/Users/admin/builder/spi-builder-workspace/Sources/swift-toolbox/UIKit/UISegmentedControl/TapableSegmentControl.swift:8:8: error: Unable to resolve module dependency: 'UIKit' (in target 'swift-toolbox' from project 'swift-toolbox')
note: A dependency of main module 'swift_toolbox'
/Users/admin/builder/spi-builder-workspace/Sources/swift-toolbox/UIKit/UISegmentedControl/TapableSegmentControl.swift:8:8: note: A dependency of main module 'swift_toolbox'
import UIKit
^ (in target 'swift-toolbox' from project 'swift-toolbox')
PruneExplicitPrecompiledModules /Users/admin/builder/spi-builder-workspace/.derivedData/Build/Intermediates.noindex/ExplicitPrecompiledModules
PruneExplicitPrecompiledModules /Users/admin/builder/spi-builder-workspace/.derivedData/Build/Intermediates.noindex/SwiftExplicitPrecompiledModules
PruneExplicitPrecompiledModules /Users/admin/builder/spi-builder-workspace/.derivedData/SDKExplicitPrecompiledModules
2026-09-18 12:36:02.151 xcodebuild[668:4399] [MT] IDERunDestination: Supported platforms for the buildables in the current scheme is empty.
--- xcodebuild: WARNING: Using the first of multiple matching destinations:
{ platform:macOS, arch:arm64, id:a565e70a0a000fcf5a4664c2ab84693a8518e5ca, name:My Mac }
{ platform:macOS, arch:arm64, variant:Mac Catalyst, id:a565e70a0a000fcf5a4664c2ab84693a8518e5ca, name:My Mac }
{ platform:macOS, arch:arm64, variant:DriverKit, id:a565e70a0a000fcf5a4664c2ab84693a8518e5ca, name:My Mac }
{ platform:macOS, arch:arm64, variant:Designed for [iPad,iPhone], id:a565e70a0a000fcf5a4664c2ab84693a8518e5ca, name:My Mac }
** BUILD FAILED **
The following build commands failed:
SwiftDriver swift-toolbox normal arm64 com.apple.xcode.tools.swift.compiler (in target 'swift-toolbox' from project 'swift-toolbox')
Building workspace swift-toolbox with scheme swift-toolbox
(2 failures)
BUILD FAILURE 6.4 macosXcodebuild