Build Information
Failed to build Coalesced, reference main (df62f4), with Swift 6.2 for iOS using Xcode 26.3 on 15 Aug 2026 21:41:34 UTC.
Build Command
No build command. This typically means the build failed at an early stage where we determine the build command.Build Log
========================================
RunAll
========================================
Builder version: undefined version: run 'make version' to update
Interrupt handler set up.
========================================
Checkout
========================================
Clone URL: https://github.com/kylehughes/Coalesced.git
Reference: main
Initialized empty Git repository in /Users/admin/builder/spi-builder-workspace/.git/
From https://github.com/kylehughes/Coalesced
* branch main -> FETCH_HEAD
* [new branch] main -> origin/main
HEAD is now at df62f47 Initial commit
Cloned https://github.com/kylehughes/Coalesced.git
Revision (git rev-parse @):
df62f47d22816e0b9438b7fe67d914eaf90768aa
SUCCESS checkout https://github.com/kylehughes/Coalesced.git at main
========================================
Build
========================================
Selected platform: iOS
Swift version: 6.2
Building package at path: $PWD
https://github.com/kylehughes/Coalesced.git
Command line invocation:
/Applications/Xcode-26.3.0.app/Contents/Developer/usr/bin/xcodebuild -IDEClonedSourcePackagesDirPathOverride=/Users/admin/builder/spi-builder-workspace/.dependencies -resolvePackageDependencies
Resolve Package Graph
package 'spi-builder-workspace' is using Swift tools version 6.3.0 but the installed version is 6.2.4
Resolved source packages:
spi-builder-workspace: (null)
2026-08-15 17:41:33.412 xcodebuild[537:3118] Writing error result bundle to /var/folders/xq/y_g06wb113726d38xsyx71_h0000gn/T/ResultBundle_2026-15-08_17-41-0033.xcresult
xcodebuild: error: Could not resolve package dependencies:
package 'spi-builder-workspace' is using Swift tools version 6.3.0 but the installed version is 6.2.4
Command line invocation:
/Applications/Xcode-26.3.0.app/Contents/Developer/usr/bin/xcodebuild -IDEClonedSourcePackagesDirPathOverride=/Users/admin/builder/spi-builder-workspace/.dependencies -resolvePackageDependencies
Resolve Package Graph
package 'spi-builder-workspace' is using Swift tools version 6.3.0 but the installed version is 6.2.4
Resolved source packages:
spi-builder-workspace: (null)
2026-08-15 17:41:34.283 xcodebuild[599:3647] Writing error result bundle to /var/folders/xq/y_g06wb113726d38xsyx71_h0000gn/T/ResultBundle_2026-15-08_17-41-0034.xcresult
xcodebuild: error: Could not resolve package dependencies:
package 'spi-builder-workspace' is using Swift tools version 6.3.0 but the installed version is 6.2.4
BUILD FAILURE 6.2 iOS