Build Information
Failed to build NVActivityIndicatorView, reference 5.2.0 (121455), with Swift 6.4 for iOS using Xcode 27.0 on 20 Sep 2026 14:20:35 UTC.
Build Command
env DEVELOPER_DIR=/Applications/Xcode-27.0.0-Release.Candidate.app xcrun xcodebuild -IDEClonedSourcePackagesDirPathOverride=$PWD/.dependencies -skipMacroValidation -skipPackagePluginValidation -derivedDataPath $PWD/.derivedData build -scheme NVActivityIndicatorView-Package -destination generic/platform=iOSBuild Log
========================================
RunAll
========================================
Builder version: 5.1.0
Interrupt handler set up.
========================================
Checkout
========================================
Clone URL: https://github.com/ninjaprox/NVActivityIndicatorView.git
Reference: 5.2.0
Initialized empty Git repository in /Users/admin/builder/spi-builder-workspace/.git/
From https://github.com/ninjaprox/NVActivityIndicatorView
* tag 5.2.0 -> FETCH_HEAD
HEAD is now at 121455c Version 5.2.0
Cloned https://github.com/ninjaprox/NVActivityIndicatorView.git
Revision (git rev-parse @):
121455c4e630fcb95aaefd7e4257b0c2e3cfe6d5
SUCCESS checkout https://github.com/ninjaprox/NVActivityIndicatorView.git at 5.2.0
========================================
Build
========================================
Selected platform: iOS
Swift version: 6.4
Building package at path: $PWD
https://github.com/ninjaprox/NVActivityIndicatorView.git
Command line invocation:
/Applications/Xcode-27.0.0-Release.Candidate.app/Contents/Developer/usr/bin/xcodebuild -IDEClonedSourcePackagesDirPathOverride=/Users/admin/builder/spi-builder-workspace/.dependencies -resolvePackageDependencies
resolved source packages:
{
"dependencies" : [
],
"manifest_display_name" : "NVActivityIndicatorView",
"name" : "NVActivityIndicatorView",
"path" : "/Users/admin/builder/spi-builder-workspace",
"platforms" : [
{
"name" : "ios",
"version" : "9.0"
},
{
"name" : "tvos",
"version" : "9.0"
}
],
"products" : [
{
"name" : "NVActivityIndicatorView",
"targets" : [
"NVActivityIndicatorView"
],
"type" : {
"library" : [
"automatic"
]
}
},
{
"name" : "NVActivityIndicatorViewExtended",
"targets" : [
"NVActivityIndicatorViewExtended"
],
"type" : {
"library" : [
"automatic"
]
}
}
],
"targets" : [
{
"c99name" : "NVActivityIndicatorViewExtended",
"module_type" : "SwiftTarget",
"name" : "NVActivityIndicatorViewExtended",
"path" : "Sources/Extended",
"product_memberships" : [
"NVActivityIndicatorViewExtended"
],
"sources" : [
"NVActivityIndicatorPresenter.swift",
"NVActivityIndicatorViewable.swift"
],
"target_dependencies" : [
"NVActivityIndicatorView"
],
"type" : "library"
},
{
"c99name" : "NVActivityIndicatorView",
"module_type" : "SwiftTarget",
"name" : "NVActivityIndicatorView",
"path" : "Sources/Base",
"product_memberships" : [
"NVActivityIndicatorView",
"NVActivityIndicatorViewExtended"
],
"sources" : [
"Animations/NVActivityIndicatorAnimationAudioEqualizer.swift",
"Animations/NVActivityIndicatorAnimationBallBeat.swift",
"Animations/NVActivityIndicatorAnimationBallClipRotate.swift",
"Animations/NVActivityIndicatorAnimationBallClipRotateMultiple.swift",
"Animations/NVActivityIndicatorAnimationBallClipRotatePulse.swift",
"Animations/NVActivityIndicatorAnimationBallDoubleBounce.swift",
"Animations/NVActivityIndicatorAnimationBallGridBeat.swift",
"Animations/NVActivityIndicatorAnimationBallGridPulse.swift",
"Animations/NVActivityIndicatorAnimationBallPulse.swift",
"Animations/NVActivityIndicatorAnimationBallPulseRise.swift",
"Animations/NVActivityIndicatorAnimationBallPulseSync.swift",
"Animations/NVActivityIndicatorAnimationBallRotate.swift",
"Animations/NVActivityIndicatorAnimationBallRotateChase.swift",
"Animations/NVActivityIndicatorAnimationBallScale.swift",
"Animations/NVActivityIndicatorAnimationBallScaleMultiple.swift",
"Animations/NVActivityIndicatorAnimationBallScaleRipple.swift",
"Animations/NVActivityIndicatorAnimationBallScaleRippleMultiple.swift",
"Animations/NVActivityIndicatorAnimationBallSpinFadeLoader.swift",
"Animations/NVActivityIndicatorAnimationBallTrianglePath.swift",
"Animations/NVActivityIndicatorAnimationBallZigZag.swift",
"Animations/NVActivityIndicatorAnimationBallZigZagDeflect.swift",
"Animations/NVActivityIndicatorAnimationBlank.swift",
"Animations/NVActivityIndicatorAnimationCircleStrokeSpin.swift",
"Animations/NVActivityIndicatorAnimationCubeTransition.swift",
"Animations/NVActivityIndicatorAnimationLineScale.swift",
"Animations/NVActivityIndicatorAnimationLineScaleParty.swift",
"Animations/NVActivityIndicatorAnimationLineScalePulseOut.swift",
"Animations/NVActivityIndicatorAnimationLineScalePulseOutRapid.swift",
"Animations/NVActivityIndicatorAnimationLineSpinFadeLoader.swift",
"Animations/NVActivityIndicatorAnimationOrbit.swift",
"Animations/NVActivityIndicatorAnimationPacman.swift",
"Animations/NVActivityIndicatorAnimationSemiCircleSpin.swift",
"Animations/NVActivityIndicatorAnimationSquareSpin.swift",
"Animations/NVActivityIndicatorAnimationTriangleSkewSpin.swift",
"NVActivityIndicatorAnimationDelegate.swift",
"NVActivityIndicatorShape.swift",
"NVActivityIndicatorView.swift"
],
"type" : "library"
}
],
"tools_version" : "5.0"
}
{
"project" : {
"configurations" : [
"Debug",
"Release"
],
"name" : "NVActivityIndicatorView",
"schemes" : [
"Example",
"NVActivityIndicatorView-Package"
],
"targets" : [
"NVActivityIndicatorView",
"NVActivityIndicatorViewExtended",
"NVActivityIndicatorViewPackageDescription",
"Example",
"Tests"
]
}
}
Running build ...
env DEVELOPER_DIR=/Applications/Xcode-27.0.0-Release.Candidate.app xcrun xcodebuild -IDEClonedSourcePackagesDirPathOverride=$PWD/.dependencies -skipMacroValidation -skipPackagePluginValidation -derivedDataPath $PWD/.derivedData build -scheme NVActivityIndicatorView-Package -destination generic/platform=iOS
Command line invocation:
/Applications/Xcode-27.0.0-Release.Candidate.app/Contents/Developer/usr/bin/xcodebuild -IDEClonedSourcePackagesDirPathOverride=/Users/admin/builder/spi-builder-workspace/.dependencies -skipMacroValidation -skipPackagePluginValidation -derivedDataPath /Users/admin/builder/spi-builder-workspace/.derivedData build -scheme NVActivityIndicatorView-Package -destination generic/platform=iOS
ComputePackagePrebuildTargetDependencyGraph
Prepare packages
CreateBuildRequest
SendProjectDescription
CreateBuildOperation
ComputeTargetDependencyGraph
note: Building targets in dependency order
note: Target dependency graph (2 targets)
Target 'NVActivityIndicatorViewExtended' in project 'NVActivityIndicatorView'
➜ Explicit dependency on target 'NVActivityIndicatorView' in project 'NVActivityIndicatorView'
Target 'NVActivityIndicatorView' in project 'NVActivityIndicatorView' (no dependencies)
GatherProvisioningInputs
CreateBuildDescription
ExecuteExternalTool /Applications/Xcode-27.0.0-Release.Candidate.app/Contents/Developer/Toolchains/XcodeDefault.xctoolchain/usr/bin/clang -v -E -dM -isysroot /Applications/Xcode-27.0.0-Release.Candidate.app/Contents/Developer/Platforms/iPhoneOS.platform/Developer/SDKs/iPhoneOS27.0.sdk -x c -c /dev/null
ExecuteExternalTool /Applications/Xcode-27.0.0-Release.Candidate.app/Contents/Developer/Toolchains/XcodeDefault.xctoolchain/usr/bin/swiftc --version
ExecuteExternalTool /Applications/Xcode-27.0.0-Release.Candidate.app/Contents/Developer/Toolchains/XcodeDefault.xctoolchain/usr/bin/ld -version_details
Build description signature: b26795d45dcdb44d668adbfe7de53478
Build description path: /Users/admin/builder/spi-builder-workspace/.derivedData/Build/Intermediates.noindex/XCBuildData/b26795d45dcdb44d668adbfe7de53478.xcbuilddata
/Users/admin/builder/spi-builder-workspace/NVActivityIndicatorView.xcodeproj: error: The iOS deployment target 'IPHONEOS_DEPLOYMENT_TARGET' is set to 12.0, but the range of supported deployment target versions is 15.0 to 27.0.x. (in target 'NVActivityIndicatorViewExtended' from project 'NVActivityIndicatorView')
/Users/admin/builder/spi-builder-workspace/NVActivityIndicatorView.xcodeproj: error: The iOS deployment target 'IPHONEOS_DEPLOYMENT_TARGET' is set to 12.0, but the range of supported deployment target versions is 15.0 to 27.0.x. (in target 'NVActivityIndicatorView' from project 'NVActivityIndicatorView')
** BUILD FAILED **
The following build commands failed:
Building project NVActivityIndicatorView with scheme NVActivityIndicatorView-Package
(1 failure)
Command line invocation:
/Applications/Xcode-27.0.0-Release.Candidate.app/Contents/Developer/usr/bin/xcodebuild -IDEClonedSourcePackagesDirPathOverride=/Users/admin/builder/spi-builder-workspace/.dependencies -resolvePackageDependencies
resolved source packages:
{
"dependencies" : [
],
"manifest_display_name" : "NVActivityIndicatorView",
"name" : "NVActivityIndicatorView",
"path" : "/Users/admin/builder/spi-builder-workspace",
"platforms" : [
{
"name" : "ios",
"version" : "9.0"
},
{
"name" : "tvos",
"version" : "9.0"
}
],
"products" : [
{
"name" : "NVActivityIndicatorView",
"targets" : [
"NVActivityIndicatorView"
],
"type" : {
"library" : [
"automatic"
]
}
},
{
"name" : "NVActivityIndicatorViewExtended",
"targets" : [
"NVActivityIndicatorViewExtended"
],
"type" : {
"library" : [
"automatic"
]
}
}
],
"targets" : [
{
"c99name" : "NVActivityIndicatorViewExtended",
"module_type" : "SwiftTarget",
"name" : "NVActivityIndicatorViewExtended",
"path" : "Sources/Extended",
"product_memberships" : [
"NVActivityIndicatorViewExtended"
],
"sources" : [
"NVActivityIndicatorPresenter.swift",
"NVActivityIndicatorViewable.swift"
],
"target_dependencies" : [
"NVActivityIndicatorView"
],
"type" : "library"
},
{
"c99name" : "NVActivityIndicatorView",
"module_type" : "SwiftTarget",
"name" : "NVActivityIndicatorView",
"path" : "Sources/Base",
"product_memberships" : [
"NVActivityIndicatorView",
"NVActivityIndicatorViewExtended"
],
"sources" : [
"Animations/NVActivityIndicatorAnimationAudioEqualizer.swift",
"Animations/NVActivityIndicatorAnimationBallBeat.swift",
"Animations/NVActivityIndicatorAnimationBallClipRotate.swift",
"Animations/NVActivityIndicatorAnimationBallClipRotateMultiple.swift",
"Animations/NVActivityIndicatorAnimationBallClipRotatePulse.swift",
"Animations/NVActivityIndicatorAnimationBallDoubleBounce.swift",
"Animations/NVActivityIndicatorAnimationBallGridBeat.swift",
"Animations/NVActivityIndicatorAnimationBallGridPulse.swift",
"Animations/NVActivityIndicatorAnimationBallPulse.swift",
"Animations/NVActivityIndicatorAnimationBallPulseRise.swift",
"Animations/NVActivityIndicatorAnimationBallPulseSync.swift",
"Animations/NVActivityIndicatorAnimationBallRotate.swift",
"Animations/NVActivityIndicatorAnimationBallRotateChase.swift",
"Animations/NVActivityIndicatorAnimationBallScale.swift",
"Animations/NVActivityIndicatorAnimationBallScaleMultiple.swift",
"Animations/NVActivityIndicatorAnimationBallScaleRipple.swift",
"Animations/NVActivityIndicatorAnimationBallScaleRippleMultiple.swift",
"Animations/NVActivityIndicatorAnimationBallSpinFadeLoader.swift",
"Animations/NVActivityIndicatorAnimationBallTrianglePath.swift",
"Animations/NVActivityIndicatorAnimationBallZigZag.swift",
"Animations/NVActivityIndicatorAnimationBallZigZagDeflect.swift",
"Animations/NVActivityIndicatorAnimationBlank.swift",
"Animations/NVActivityIndicatorAnimationCircleStrokeSpin.swift",
"Animations/NVActivityIndicatorAnimationCubeTransition.swift",
"Animations/NVActivityIndicatorAnimationLineScale.swift",
"Animations/NVActivityIndicatorAnimationLineScaleParty.swift",
"Animations/NVActivityIndicatorAnimationLineScalePulseOut.swift",
"Animations/NVActivityIndicatorAnimationLineScalePulseOutRapid.swift",
"Animations/NVActivityIndicatorAnimationLineSpinFadeLoader.swift",
"Animations/NVActivityIndicatorAnimationOrbit.swift",
"Animations/NVActivityIndicatorAnimationPacman.swift",
"Animations/NVActivityIndicatorAnimationSemiCircleSpin.swift",
"Animations/NVActivityIndicatorAnimationSquareSpin.swift",
"Animations/NVActivityIndicatorAnimationTriangleSkewSpin.swift",
"NVActivityIndicatorAnimationDelegate.swift",
"NVActivityIndicatorShape.swift",
"NVActivityIndicatorView.swift"
],
"type" : "library"
}
],
"tools_version" : "5.0"
}
{
"project" : {
"configurations" : [
"Debug",
"Release"
],
"name" : "NVActivityIndicatorView",
"schemes" : [
"Example",
"NVActivityIndicatorView-Package"
],
"targets" : [
"NVActivityIndicatorView",
"NVActivityIndicatorViewExtended",
"NVActivityIndicatorViewPackageDescription",
"Example",
"Tests"
]
}
}
Running build ...
env DEVELOPER_DIR=/Applications/Xcode-27.0.0-Release.Candidate.app xcrun xcodebuild -IDEClonedSourcePackagesDirPathOverride=$PWD/.dependencies -skipMacroValidation -skipPackagePluginValidation -derivedDataPath $PWD/.derivedData build -scheme NVActivityIndicatorView-Package -destination generic/platform=iOS
Command line invocation:
/Applications/Xcode-27.0.0-Release.Candidate.app/Contents/Developer/usr/bin/xcodebuild -IDEClonedSourcePackagesDirPathOverride=/Users/admin/builder/spi-builder-workspace/.dependencies -skipMacroValidation -skipPackagePluginValidation -derivedDataPath /Users/admin/builder/spi-builder-workspace/.derivedData build -scheme NVActivityIndicatorView-Package -destination generic/platform=iOS
ComputePackagePrebuildTargetDependencyGraph
Prepare packages
CreateBuildRequest
SendProjectDescription
CreateBuildOperation
ComputeTargetDependencyGraph
note: Building targets in dependency order
note: Target dependency graph (2 targets)
Target 'NVActivityIndicatorViewExtended' in project 'NVActivityIndicatorView'
➜ Explicit dependency on target 'NVActivityIndicatorView' in project 'NVActivityIndicatorView'
Target 'NVActivityIndicatorView' in project 'NVActivityIndicatorView' (no dependencies)
GatherProvisioningInputs
CreateBuildDescription
/Users/admin/builder/spi-builder-workspace/NVActivityIndicatorView.xcodeproj: error: The iOS deployment target 'IPHONEOS_DEPLOYMENT_TARGET' is set to 12.0, but the range of supported deployment target versions is 15.0 to 27.0.x. (in target 'NVActivityIndicatorView' from project 'NVActivityIndicatorView')
/Users/admin/builder/spi-builder-workspace/NVActivityIndicatorView.xcodeproj: error: The iOS deployment target 'IPHONEOS_DEPLOYMENT_TARGET' is set to 12.0, but the range of supported deployment target versions is 15.0 to 27.0.x. (in target 'NVActivityIndicatorViewExtended' from project 'NVActivityIndicatorView')
** BUILD FAILED **
The following build commands failed:
Building project NVActivityIndicatorView with scheme NVActivityIndicatorView-Package
(1 failure)
BUILD FAILURE 6.4 iOS