The Swift Package Index logo.Swift Package Index

Build Information

Failed to build PacketCaptureLibpcap, reference 0.2.3 (06e86e), with Swift 6.4 for visionOS using Xcode 27.0 on 17 Sep 2026 12:40:14 UTC.

Build Command

env DEVELOPER_DIR=/Applications/Xcode-27.0.0-Release.Candidate.app xcrun xcodebuild -IDEClonedSourcePackagesDirPathOverride=$PWD/.dependencies -skipMacroValidation -skipPackagePluginValidation -derivedDataPath $PWD/.derivedData build -scheme PacketCaptureLibpcap -destination generic/platform=xrOS

Build Log

========================================
RunAll
========================================
Builder version: 5.1.0
Interrupt handler set up.
========================================
Checkout
========================================
Clone URL: https://github.com/OperatorFoundation/PacketCaptureLibpcap.git
Reference: 0.2.3
Initialized empty Git repository in /Users/admin/builder/spi-builder-workspace/.git/
From https://github.com/OperatorFoundation/PacketCaptureLibpcap
 * tag               0.2.3      -> FETCH_HEAD
HEAD is now at 06e86e6 Updated SwiftPCAP dependency
Cloned https://github.com/OperatorFoundation/PacketCaptureLibpcap.git
Revision (git rev-parse @):
06e86e63b343eef782cc94f635d6f65a273b15a5
SUCCESS checkout https://github.com/OperatorFoundation/PacketCaptureLibpcap.git at 0.2.3
========================================
Build
========================================
Selected platform:         visionOS
Swift version:             6.4
Building package at path:  $PWD
https://github.com/OperatorFoundation/PacketCaptureLibpcap.git
Command line invocation:
    /Applications/Xcode-27.0.0-Release.Candidate.app/Contents/Developer/usr/bin/xcodebuild -IDEClonedSourcePackagesDirPathOverride=/Users/admin/builder/spi-builder-workspace/.dependencies -resolvePackageDependencies
Resolve Package Graph
Fetching from https://github.com/OperatorFoundation/PacketStream.git
Fetching from https://github.com/OperatorFoundation/SwiftPCAP.git
Creating working copy of package ‘PacketStream’
Checking out 0.2.1 of package ‘PacketStream’
Creating working copy of package ‘SwiftPCAP’
Checking out 1.3.1 of package ‘SwiftPCAP’
Resolve Package Graph
Resolved source packages:
  SwiftPCAP: https://github.com/OperatorFoundation/SwiftPCAP.git @ 1.3.1
  PacketCaptureLibpcap: /Users/admin/builder/spi-builder-workspace
  PacketStream: https://github.com/OperatorFoundation/PacketStream.git @ 0.2.1
resolved source packages: SwiftPCAP, PacketCaptureLibpcap, PacketStream
2026-09-17 08:39:20.966 xcodebuild[529:3009] [MT] IDERunDestination: Supported platforms for the buildables in the current scheme is empty.
{
  "dependencies" : [
    {
      "identity" : "packetstream",
      "requirement" : {
        "range" : [
          {
            "lower_bound" : "0.2.1",
            "upper_bound" : "1.0.0"
          }
        ]
      },
      "type" : "sourceControl",
      "url" : "https://github.com/OperatorFoundation/PacketStream.git"
    },
    {
      "identity" : "swiftpcap",
      "requirement" : {
        "range" : [
          {
            "lower_bound" : "1.3.0",
            "upper_bound" : "2.0.0"
          }
        ]
      },
      "type" : "sourceControl",
      "url" : "https://github.com/OperatorFoundation/SwiftPCAP.git"
    }
  ],
  "manifest_display_name" : "PacketCaptureLibpcap",
  "name" : "PacketCaptureLibpcap",
  "path" : "/Users/admin/builder/spi-builder-workspace",
  "platforms" : [
    {
      "name" : "macos",
      "version" : "10.15"
    }
  ],
  "products" : [
    {
      "name" : "PacketCaptureLibpcap",
      "targets" : [
        "PacketCaptureLibpcap"
      ],
      "type" : {
        "library" : [
          "automatic"
        ]
      }
    }
  ],
  "swift_languages_versions" : [
    "5"
  ],
  "targets" : [
    {
      "c99name" : "PacketCaptureLibpcapTests",
      "module_type" : "SwiftTarget",
      "name" : "PacketCaptureLibpcapTests",
      "path" : "Tests/PacketCaptureLibpcapTests",
      "sources" : [
        "PacketCaptureLibpcapTests.swift",
        "XCTestManifests.swift"
      ],
      "target_dependencies" : [
        "PacketCaptureLibpcap"
      ],
      "type" : "test"
    },
    {
      "c99name" : "PacketCaptureLibpcap",
      "module_type" : "SwiftTarget",
      "name" : "PacketCaptureLibpcap",
      "path" : "Sources/PacketCaptureLibpcap",
      "product_dependencies" : [
        "PacketStream",
        "SwiftPCAP"
      ],
      "product_memberships" : [
        "PacketCaptureLibpcap"
      ],
      "sources" : [
        "CaptureDevice.swift",
        "PcapFile.swift"
      ],
      "type" : "library"
    }
  ],
  "tools_version" : "5.3"
}
{
  "workspace" : {
    "name" : "PacketCaptureLibpcap",
    "schemes" : [
      "PacketCaptureLibpcap"
    ]
  }
}
2026-09-17 08:40:02.941 xcodebuild[721:4461] [MT] IDERunDestination: Supported platforms for the buildables in the current scheme is empty.
Running build ...
env DEVELOPER_DIR=/Applications/Xcode-27.0.0-Release.Candidate.app xcrun xcodebuild -IDEClonedSourcePackagesDirPathOverride=$PWD/.dependencies -skipMacroValidation -skipPackagePluginValidation -derivedDataPath $PWD/.derivedData build -scheme PacketCaptureLibpcap -destination generic/platform=xrOS
Command line invocation:
    /Applications/Xcode-27.0.0-Release.Candidate.app/Contents/Developer/usr/bin/xcodebuild -IDEClonedSourcePackagesDirPathOverride=/Users/admin/builder/spi-builder-workspace/.dependencies -skipMacroValidation -skipPackagePluginValidation -derivedDataPath /Users/admin/builder/spi-builder-workspace/.derivedData build -scheme PacketCaptureLibpcap -destination generic/platform=xrOS
Resolve Package Graph
Resolve Package Graph
Resolved source packages:
  SwiftPCAP: https://github.com/OperatorFoundation/SwiftPCAP.git @ 1.3.1
  PacketStream: https://github.com/OperatorFoundation/PacketStream.git @ 0.2.1
  PacketCaptureLibpcap: /Users/admin/builder/spi-builder-workspace
ComputePackagePrebuildTargetDependencyGraph
Prepare packages
CreateBuildRequest
SendProjectDescription
CreateBuildOperation
ComputeTargetDependencyGraph
note: Building targets in dependency order
note: Target dependency graph (7 targets)
    Target 'PacketCaptureLibpcap-product' in project 'PacketCaptureLibpcap'
        ➜ Explicit dependency on target 'PacketCaptureLibpcap' in project 'PacketCaptureLibpcap'
        ➜ Explicit dependency on target 'PacketStream-product' in project 'PacketStream'
        ➜ Explicit dependency on target 'SwiftPCAP-product' in project 'SwiftPCAP'
    Target 'PacketCaptureLibpcap' in project 'PacketCaptureLibpcap'
        ➜ Explicit dependency on target 'PacketStream-product' in project 'PacketStream'
        ➜ Explicit dependency on target 'SwiftPCAP-product' in project 'SwiftPCAP'
    Target 'SwiftPCAP-product' in project 'SwiftPCAP'
        ➜ Explicit dependency on target 'SwiftPCAP' in project 'SwiftPCAP'
    Target 'SwiftPCAP' in project 'SwiftPCAP'
        ➜ Explicit dependency on target 'Clibpcap' in project 'SwiftPCAP'
    Target 'Clibpcap' in project 'SwiftPCAP' (no dependencies)
    Target 'PacketStream-product' in project 'PacketStream'
        ➜ Explicit dependency on target 'PacketStream' in project 'PacketStream'
    Target 'PacketStream' in project 'PacketStream' (no dependencies)
GatherProvisioningInputs
CreateBuildDescription
ExecuteExternalTool /Applications/Xcode-27.0.0-Release.Candidate.app/Contents/Developer/Toolchains/XcodeDefault.xctoolchain/usr/bin/swiftc --version
ExecuteExternalTool /Applications/Xcode-27.0.0-Release.Candidate.app/Contents/Developer/Toolchains/XcodeDefault.xctoolchain/usr/bin/clang -v -E -dM -isysroot /Applications/Xcode-27.0.0-Release.Candidate.app/Contents/Developer/Platforms/XROS.platform/Developer/SDKs/XROS27.0.sdk -x c -c /dev/null
ExecuteExternalTool /Applications/Xcode-27.0.0-Release.Candidate.app/Contents/Developer/Toolchains/XcodeDefault.xctoolchain/usr/bin/ld -version_details
Build description signature: 3dfd3ac77768418c238a7e84f07df5ce
Build description path: /Users/admin/builder/spi-builder-workspace/.derivedData/Build/Intermediates.noindex/XCBuildData/3dfd3ac77768418c238a7e84f07df5ce.xcbuilddata
CreateBuildDirectory /Users/admin/builder/spi-builder-workspace/.derivedData/SDKExplicitPrecompiledModules
    cd /Users/admin/builder/spi-builder-workspace/.swiftpm/xcode
    builtin-create-build-directory /Users/admin/builder/spi-builder-workspace/.derivedData/SDKExplicitPrecompiledModules
CreateBuildDirectory /Users/admin/builder/spi-builder-workspace/.derivedData/CompilationCache.noindex
    cd /Users/admin/builder/spi-builder-workspace/.swiftpm/xcode
    builtin-create-build-directory /Users/admin/builder/spi-builder-workspace/.derivedData/CompilationCache.noindex
CreateBuildDirectory /Users/admin/builder/spi-builder-workspace/.derivedData/ModuleCache.noindex
    cd /Users/admin/builder/spi-builder-workspace/.swiftpm/xcode
    builtin-create-build-directory /Users/admin/builder/spi-builder-workspace/.derivedData/ModuleCache.noindex
CreateBuildDirectory /Users/admin/builder/spi-builder-workspace/.derivedData/Build/Products
    cd /Users/admin/builder/spi-builder-workspace/.swiftpm/xcode
    builtin-create-build-directory /Users/admin/builder/spi-builder-workspace/.derivedData/Build/Products
CreateBuildDirectory /Users/admin/builder/spi-builder-workspace/.derivedData/Build/Intermediates.noindex
    cd /Users/admin/builder/spi-builder-workspace/.swiftpm/xcode
    builtin-create-build-directory /Users/admin/builder/spi-builder-workspace/.derivedData/Build/Intermediates.noindex
ClangStatCache /Applications/Xcode-27.0.0-Release.Candidate.app/Contents/Developer/Toolchains/XcodeDefault.xctoolchain/usr/bin/clang-stat-cache /Applications/Xcode-27.0.0-Release.Candidate.app/Contents/Developer/Platforms/XROS.platform/Developer/SDKs/XROS27.0.sdk /Users/admin/builder/spi-builder-workspace/.derivedData/SDKStatCaches.noindex/xros27.0-24M361-e829b21a6f8c9b70876ba0858053c044735bd543db762f57723cac368afd1ce4.sdkstatcache
    cd /Users/admin/builder/spi-builder-workspace/.swiftpm/xcode
    /Applications/Xcode-27.0.0-Release.Candidate.app/Contents/Developer/Toolchains/XcodeDefault.xctoolchain/usr/bin/clang-stat-cache /Applications/Xcode-27.0.0-Release.Candidate.app/Contents/Developer/Platforms/XROS.platform/Developer/SDKs/XROS27.0.sdk -o /Users/admin/builder/spi-builder-workspace/.derivedData/SDKStatCaches.noindex/xros27.0-24M361-e829b21a6f8c9b70876ba0858053c044735bd543db762f57723cac368afd1ce4.sdkstatcache
CreateBuildDirectory /Users/admin/builder/spi-builder-workspace/.derivedData/Build/Intermediates.noindex/SwiftExplicitPrecompiledModules
    cd /Users/admin/builder/spi-builder-workspace/.swiftpm/xcode
    builtin-create-build-directory /Users/admin/builder/spi-builder-workspace/.derivedData/Build/Intermediates.noindex/SwiftExplicitPrecompiledModules
CreateBuildDirectory /Users/admin/builder/spi-builder-workspace/.derivedData/Build/Intermediates.noindex/ExplicitPrecompiledModules
    cd /Users/admin/builder/spi-builder-workspace/.swiftpm/xcode
    builtin-create-build-directory /Users/admin/builder/spi-builder-workspace/.derivedData/Build/Intermediates.noindex/ExplicitPrecompiledModules
CreateBuildDirectory /Users/admin/builder/spi-builder-workspace/.derivedData/Build/Intermediates.noindex/PrecompiledHeaders
    cd /Users/admin/builder/spi-builder-workspace/.swiftpm/xcode
    builtin-create-build-directory /Users/admin/builder/spi-builder-workspace/.derivedData/Build/Intermediates.noindex/PrecompiledHeaders
CreateBuildDirectory /Users/admin/builder/spi-builder-workspace/.derivedData/Build/Products/Debug-xros
    cd /Users/admin/builder/spi-builder-workspace/.swiftpm/xcode
    builtin-create-build-directory /Users/admin/builder/spi-builder-workspace/.derivedData/Build/Products/Debug-xros
CreateBuildDirectory /Users/admin/builder/spi-builder-workspace/.derivedData/Build/Intermediates.noindex/EagerLinkingTBDs/Debug-xros
    cd /Users/admin/builder/spi-builder-workspace/.swiftpm/xcode
    builtin-create-build-directory /Users/admin/builder/spi-builder-workspace/.derivedData/Build/Intermediates.noindex/EagerLinkingTBDs/Debug-xros
CreateBuildDirectory /Users/admin/builder/spi-builder-workspace/.derivedData/Build/Products/Debug-xros/PackageFrameworks
    cd /Users/admin/builder/spi-builder-workspace/.swiftpm/xcode
    builtin-create-build-directory /Users/admin/builder/spi-builder-workspace/.derivedData/Build/Products/Debug-xros/PackageFrameworks
WriteAuxiliaryFile /Users/admin/builder/spi-builder-workspace/.derivedData/Build/Intermediates.noindex/SwiftPCAP.build/Debug-xros/SwiftPCAP-t.build/SwiftPCAP.DependencyMetadataFileList (in target 'SwiftPCAP' from project 'SwiftPCAP')
    cd /Users/admin/builder/spi-builder-workspace/.dependencies/checkouts/SwiftPCAP
    write-file /Users/admin/builder/spi-builder-workspace/.derivedData/Build/Intermediates.noindex/SwiftPCAP.build/Debug-xros/SwiftPCAP-t.build/SwiftPCAP.DependencyMetadataFileList
WriteAuxiliaryFile /Users/admin/builder/spi-builder-workspace/.derivedData/Build/Intermediates.noindex/SwiftPCAP.build/Debug-xros/SwiftPCAP-t.build/SwiftPCAP.DependencyStaticMetadataFileList (in target 'SwiftPCAP' from project 'SwiftPCAP')
    cd /Users/admin/builder/spi-builder-workspace/.dependencies/checkouts/SwiftPCAP
    write-file /Users/admin/builder/spi-builder-workspace/.derivedData/Build/Intermediates.noindex/SwiftPCAP.build/Debug-xros/SwiftPCAP-t.build/SwiftPCAP.DependencyStaticMetadataFileList
WriteAuxiliaryFile /Users/admin/builder/spi-builder-workspace/.derivedData/Build/Intermediates.noindex/SwiftPCAP.build/Debug-xros/SwiftPCAP-t.build/SwiftPCAP.modulemap (in target 'SwiftPCAP' from project 'SwiftPCAP')
    cd /Users/admin/builder/spi-builder-workspace/.dependencies/checkouts/SwiftPCAP
    write-file /Users/admin/builder/spi-builder-workspace/.derivedData/Build/Intermediates.noindex/SwiftPCAP.build/Debug-xros/SwiftPCAP-t.build/SwiftPCAP.modulemap
WriteAuxiliaryFile /Users/admin/builder/spi-builder-workspace/.derivedData/Build/Intermediates.noindex/SwiftPCAP.build/Debug-xros/SwiftPCAP-t.build/Objects-normal/arm64/SwiftPCAP.LinkFileList (in target 'SwiftPCAP' from project 'SwiftPCAP')
    cd /Users/admin/builder/spi-builder-workspace/.dependencies/checkouts/SwiftPCAP
    write-file /Users/admin/builder/spi-builder-workspace/.derivedData/Build/Intermediates.noindex/SwiftPCAP.build/Debug-xros/SwiftPCAP-t.build/Objects-normal/arm64/SwiftPCAP.LinkFileList
WriteAuxiliaryFile /Users/admin/builder/spi-builder-workspace/.derivedData/Build/Intermediates.noindex/SwiftPCAP.build/Debug-xros/SwiftPCAP-t.build/Objects-normal/arm64/SwiftPCAP.SwiftFileList (in target 'SwiftPCAP' from project 'SwiftPCAP')
    cd /Users/admin/builder/spi-builder-workspace/.dependencies/checkouts/SwiftPCAP
    write-file /Users/admin/builder/spi-builder-workspace/.derivedData/Build/Intermediates.noindex/SwiftPCAP.build/Debug-xros/SwiftPCAP-t.build/Objects-normal/arm64/SwiftPCAP.SwiftFileList
WriteAuxiliaryFile /Users/admin/builder/spi-builder-workspace/.derivedData/Build/Intermediates.noindex/SwiftPCAP.build/Debug-xros/SwiftPCAP-t.build/Objects-normal/arm64/SwiftPCAP-OutputFileMap.json (in target 'SwiftPCAP' from project 'SwiftPCAP')
    cd /Users/admin/builder/spi-builder-workspace/.dependencies/checkouts/SwiftPCAP
    write-file /Users/admin/builder/spi-builder-workspace/.derivedData/Build/Intermediates.noindex/SwiftPCAP.build/Debug-xros/SwiftPCAP-t.build/Objects-normal/arm64/SwiftPCAP-OutputFileMap.json
WriteAuxiliaryFile /Users/admin/builder/spi-builder-workspace/.derivedData/Build/Intermediates.noindex/SwiftPCAP.build/Debug-xros/SwiftPCAP-t.build/Objects-normal/arm64/SwiftPCAP.SwiftConstValuesFileList (in target 'SwiftPCAP' from project 'SwiftPCAP')
    cd /Users/admin/builder/spi-builder-workspace/.dependencies/checkouts/SwiftPCAP
    write-file /Users/admin/builder/spi-builder-workspace/.derivedData/Build/Intermediates.noindex/SwiftPCAP.build/Debug-xros/SwiftPCAP-t.build/Objects-normal/arm64/SwiftPCAP.SwiftConstValuesFileList
WriteAuxiliaryFile /Users/admin/builder/spi-builder-workspace/.derivedData/Build/Intermediates.noindex/SwiftPCAP.build/Debug-xros/SwiftPCAP-t.build/Objects-normal/arm64/SwiftPCAP_const_extract_protocols.json (in target 'SwiftPCAP' from project 'SwiftPCAP')
    cd /Users/admin/builder/spi-builder-workspace/.dependencies/checkouts/SwiftPCAP
    write-file /Users/admin/builder/spi-builder-workspace/.derivedData/Build/Intermediates.noindex/SwiftPCAP.build/Debug-xros/SwiftPCAP-t.build/Objects-normal/arm64/SwiftPCAP_const_extract_protocols.json
WriteAuxiliaryFile /Users/admin/builder/spi-builder-workspace/.derivedData/Build/Intermediates.noindex/PacketStream.build/Debug-xros/PacketStream-t.build/PacketStream.modulemap (in target 'PacketStream' from project 'PacketStream')
    cd /Users/admin/builder/spi-builder-workspace/.dependencies/checkouts/PacketStream
    write-file /Users/admin/builder/spi-builder-workspace/.derivedData/Build/Intermediates.noindex/PacketStream.build/Debug-xros/PacketStream-t.build/PacketStream.modulemap
WriteAuxiliaryFile /Users/admin/builder/spi-builder-workspace/.derivedData/Build/Intermediates.noindex/PacketStream.build/Debug-xros/PacketStream-t.build/PacketStream.DependencyStaticMetadataFileList (in target 'PacketStream' from project 'PacketStream')
    cd /Users/admin/builder/spi-builder-workspace/.dependencies/checkouts/PacketStream
    write-file /Users/admin/builder/spi-builder-workspace/.derivedData/Build/Intermediates.noindex/PacketStream.build/Debug-xros/PacketStream-t.build/PacketStream.DependencyStaticMetadataFileList
WriteAuxiliaryFile /Users/admin/builder/spi-builder-workspace/.derivedData/Build/Intermediates.noindex/PacketStream.build/Debug-xros/PacketStream-t.build/PacketStream.DependencyMetadataFileList (in target 'PacketStream' from project 'PacketStream')
    cd /Users/admin/builder/spi-builder-workspace/.dependencies/checkouts/PacketStream
    write-file /Users/admin/builder/spi-builder-workspace/.derivedData/Build/Intermediates.noindex/PacketStream.build/Debug-xros/PacketStream-t.build/PacketStream.DependencyMetadataFileList
WriteAuxiliaryFile /Users/admin/builder/spi-builder-workspace/.derivedData/Build/Intermediates.noindex/PacketStream.build/Debug-xros/PacketStream-t.build/Objects-normal/arm64/PacketStream.SwiftConstValuesFileList (in target 'PacketStream' from project 'PacketStream')
    cd /Users/admin/builder/spi-builder-workspace/.dependencies/checkouts/PacketStream
    write-file /Users/admin/builder/spi-builder-workspace/.derivedData/Build/Intermediates.noindex/PacketStream.build/Debug-xros/PacketStream-t.build/Objects-normal/arm64/PacketStream.SwiftConstValuesFileList
WriteAuxiliaryFile /Users/admin/builder/spi-builder-workspace/.derivedData/Build/Intermediates.noindex/PacketStream.build/Debug-xros/PacketStream-t.build/Objects-normal/arm64/PacketStream_const_extract_protocols.json (in target 'PacketStream' from project 'PacketStream')
    cd /Users/admin/builder/spi-builder-workspace/.dependencies/checkouts/PacketStream
    write-file /Users/admin/builder/spi-builder-workspace/.derivedData/Build/Intermediates.noindex/PacketStream.build/Debug-xros/PacketStream-t.build/Objects-normal/arm64/PacketStream_const_extract_protocols.json
WriteAuxiliaryFile /Users/admin/builder/spi-builder-workspace/.derivedData/Build/Intermediates.noindex/PacketStream.build/Debug-xros/PacketStream-t.build/Objects-normal/arm64/PacketStream.SwiftFileList (in target 'PacketStream' from project 'PacketStream')
    cd /Users/admin/builder/spi-builder-workspace/.dependencies/checkouts/PacketStream
    write-file /Users/admin/builder/spi-builder-workspace/.derivedData/Build/Intermediates.noindex/PacketStream.build/Debug-xros/PacketStream-t.build/Objects-normal/arm64/PacketStream.SwiftFileList
WriteAuxiliaryFile /Users/admin/builder/spi-builder-workspace/.derivedData/Build/Intermediates.noindex/PacketStream.build/Debug-xros/PacketStream-t.build/Objects-normal/arm64/PacketStream.LinkFileList (in target 'PacketStream' from project 'PacketStream')
    cd /Users/admin/builder/spi-builder-workspace/.dependencies/checkouts/PacketStream
    write-file /Users/admin/builder/spi-builder-workspace/.derivedData/Build/Intermediates.noindex/PacketStream.build/Debug-xros/PacketStream-t.build/Objects-normal/arm64/PacketStream.LinkFileList
Copy /Users/admin/builder/spi-builder-workspace/.derivedData/Build/Intermediates.noindex/GeneratedModuleMaps-xros/SwiftPCAP.modulemap /Users/admin/builder/spi-builder-workspace/.derivedData/Build/Intermediates.noindex/SwiftPCAP.build/Debug-xros/SwiftPCAP-t.build/SwiftPCAP.modulemap (in target 'SwiftPCAP' from project 'SwiftPCAP')
    cd /Users/admin/builder/spi-builder-workspace/.dependencies/checkouts/SwiftPCAP
    builtin-copy -exclude .DS_Store -exclude CVS -exclude .svn -exclude .git -exclude .hg -resolve-src-symlinks /Users/admin/builder/spi-builder-workspace/.derivedData/Build/Intermediates.noindex/SwiftPCAP.build/Debug-xros/SwiftPCAP-t.build/SwiftPCAP.modulemap /Users/admin/builder/spi-builder-workspace/.derivedData/Build/Intermediates.noindex/GeneratedModuleMaps-xros
WriteAuxiliaryFile /Users/admin/builder/spi-builder-workspace/.derivedData/Build/Intermediates.noindex/PacketStream.build/Debug-xros/PacketStream-t.build/Objects-normal/arm64/PacketStream-OutputFileMap.json (in target 'PacketStream' from project 'PacketStream')
    cd /Users/admin/builder/spi-builder-workspace/.dependencies/checkouts/PacketStream
    write-file /Users/admin/builder/spi-builder-workspace/.derivedData/Build/Intermediates.noindex/PacketStream.build/Debug-xros/PacketStream-t.build/Objects-normal/arm64/PacketStream-OutputFileMap.json
WriteAuxiliaryFile /Users/admin/builder/spi-builder-workspace/.derivedData/Build/Intermediates.noindex/PacketCaptureLibpcap.build/Debug-xros/PacketCaptureLibpcap-t.build/PacketCaptureLibpcap.modulemap (in target 'PacketCaptureLibpcap' from project 'PacketCaptureLibpcap')
    cd /Users/admin/builder/spi-builder-workspace
    write-file /Users/admin/builder/spi-builder-workspace/.derivedData/Build/Intermediates.noindex/PacketCaptureLibpcap.build/Debug-xros/PacketCaptureLibpcap-t.build/PacketCaptureLibpcap.modulemap
Copy /Users/admin/builder/spi-builder-workspace/.derivedData/Build/Intermediates.noindex/GeneratedModuleMaps-xros/PacketStream.modulemap /Users/admin/builder/spi-builder-workspace/.derivedData/Build/Intermediates.noindex/PacketStream.build/Debug-xros/PacketStream-t.build/PacketStream.modulemap (in target 'PacketStream' from project 'PacketStream')
    cd /Users/admin/builder/spi-builder-workspace/.dependencies/checkouts/PacketStream
    builtin-copy -exclude .DS_Store -exclude CVS -exclude .svn -exclude .git -exclude .hg -resolve-src-symlinks /Users/admin/builder/spi-builder-workspace/.derivedData/Build/Intermediates.noindex/PacketStream.build/Debug-xros/PacketStream-t.build/PacketStream.modulemap /Users/admin/builder/spi-builder-workspace/.derivedData/Build/Intermediates.noindex/GeneratedModuleMaps-xros
WriteAuxiliaryFile /Users/admin/builder/spi-builder-workspace/.derivedData/Build/Intermediates.noindex/PacketCaptureLibpcap.build/Debug-xros/PacketCaptureLibpcap-t.build/PacketCaptureLibpcap.DependencyStaticMetadataFileList (in target 'PacketCaptureLibpcap' from project 'PacketCaptureLibpcap')
    cd /Users/admin/builder/spi-builder-workspace
    write-file /Users/admin/builder/spi-builder-workspace/.derivedData/Build/Intermediates.noindex/PacketCaptureLibpcap.build/Debug-xros/PacketCaptureLibpcap-t.build/PacketCaptureLibpcap.DependencyStaticMetadataFileList
WriteAuxiliaryFile /Users/admin/builder/spi-builder-workspace/.derivedData/Build/Intermediates.noindex/PacketCaptureLibpcap.build/Debug-xros/PacketCaptureLibpcap-t.build/PacketCaptureLibpcap.DependencyMetadataFileList (in target 'PacketCaptureLibpcap' from project 'PacketCaptureLibpcap')
    cd /Users/admin/builder/spi-builder-workspace
    write-file /Users/admin/builder/spi-builder-workspace/.derivedData/Build/Intermediates.noindex/PacketCaptureLibpcap.build/Debug-xros/PacketCaptureLibpcap-t.build/PacketCaptureLibpcap.DependencyMetadataFileList
WriteAuxiliaryFile /Users/admin/builder/spi-builder-workspace/.derivedData/Build/Intermediates.noindex/PacketCaptureLibpcap.build/Debug-xros/PacketCaptureLibpcap-t.build/Objects-normal/arm64/PacketCaptureLibpcap-OutputFileMap.json (in target 'PacketCaptureLibpcap' from project 'PacketCaptureLibpcap')
    cd /Users/admin/builder/spi-builder-workspace
    write-file /Users/admin/builder/spi-builder-workspace/.derivedData/Build/Intermediates.noindex/PacketCaptureLibpcap.build/Debug-xros/PacketCaptureLibpcap-t.build/Objects-normal/arm64/PacketCaptureLibpcap-OutputFileMap.json
WriteAuxiliaryFile /Users/admin/builder/spi-builder-workspace/.derivedData/Build/Intermediates.noindex/PacketCaptureLibpcap.build/Debug-xros/PacketCaptureLibpcap-t.build/Objects-normal/arm64/PacketCaptureLibpcap.SwiftFileList (in target 'PacketCaptureLibpcap' from project 'PacketCaptureLibpcap')
    cd /Users/admin/builder/spi-builder-workspace
    write-file /Users/admin/builder/spi-builder-workspace/.derivedData/Build/Intermediates.noindex/PacketCaptureLibpcap.build/Debug-xros/PacketCaptureLibpcap-t.build/Objects-normal/arm64/PacketCaptureLibpcap.SwiftFileList
WriteAuxiliaryFile /Users/admin/builder/spi-builder-workspace/.derivedData/Build/Intermediates.noindex/PacketCaptureLibpcap.build/Debug-xros/PacketCaptureLibpcap-t.build/Objects-normal/arm64/PacketCaptureLibpcap.LinkFileList (in target 'PacketCaptureLibpcap' from project 'PacketCaptureLibpcap')
    cd /Users/admin/builder/spi-builder-workspace
    write-file /Users/admin/builder/spi-builder-workspace/.derivedData/Build/Intermediates.noindex/PacketCaptureLibpcap.build/Debug-xros/PacketCaptureLibpcap-t.build/Objects-normal/arm64/PacketCaptureLibpcap.LinkFileList
WriteAuxiliaryFile /Users/admin/builder/spi-builder-workspace/.derivedData/Build/Intermediates.noindex/PacketCaptureLibpcap.build/Debug-xros/PacketCaptureLibpcap-t.build/Objects-normal/arm64/PacketCaptureLibpcap.SwiftConstValuesFileList (in target 'PacketCaptureLibpcap' from project 'PacketCaptureLibpcap')
    cd /Users/admin/builder/spi-builder-workspace
    write-file /Users/admin/builder/spi-builder-workspace/.derivedData/Build/Intermediates.noindex/PacketCaptureLibpcap.build/Debug-xros/PacketCaptureLibpcap-t.build/Objects-normal/arm64/PacketCaptureLibpcap.SwiftConstValuesFileList
WriteAuxiliaryFile /Users/admin/builder/spi-builder-workspace/.derivedData/Build/Intermediates.noindex/PacketCaptureLibpcap.build/Debug-xros/PacketCaptureLibpcap-t.build/Objects-normal/arm64/PacketCaptureLibpcap_const_extract_protocols.json (in target 'PacketCaptureLibpcap' from project 'PacketCaptureLibpcap')
    cd /Users/admin/builder/spi-builder-workspace
    write-file /Users/admin/builder/spi-builder-workspace/.derivedData/Build/Intermediates.noindex/PacketCaptureLibpcap.build/Debug-xros/PacketCaptureLibpcap-t.build/Objects-normal/arm64/PacketCaptureLibpcap_const_extract_protocols.json
Copy /Users/admin/builder/spi-builder-workspace/.derivedData/Build/Intermediates.noindex/GeneratedModuleMaps-xros/PacketCaptureLibpcap.modulemap /Users/admin/builder/spi-builder-workspace/.derivedData/Build/Intermediates.noindex/PacketCaptureLibpcap.build/Debug-xros/PacketCaptureLibpcap-t.build/PacketCaptureLibpcap.modulemap (in target 'PacketCaptureLibpcap' from project 'PacketCaptureLibpcap')
    cd /Users/admin/builder/spi-builder-workspace
    builtin-copy -exclude .DS_Store -exclude CVS -exclude .svn -exclude .git -exclude .hg -resolve-src-symlinks /Users/admin/builder/spi-builder-workspace/.derivedData/Build/Intermediates.noindex/PacketCaptureLibpcap.build/Debug-xros/PacketCaptureLibpcap-t.build/PacketCaptureLibpcap.modulemap /Users/admin/builder/spi-builder-workspace/.derivedData/Build/Intermediates.noindex/GeneratedModuleMaps-xros
SwiftDriver PacketStream normal arm64 com.apple.xcode.tools.swift.compiler (in target 'PacketStream' from project 'PacketStream')
    cd /Users/admin/builder/spi-builder-workspace/.swiftpm/xcode
    builtin-SwiftDriver -- /Applications/Xcode-27.0.0-Release.Candidate.app/Contents/Developer/Toolchains/XcodeDefault.xctoolchain/usr/bin/swiftc -parse-as-library -module-name PacketStream -Onone @/Users/admin/builder/spi-builder-workspace/.derivedData/Build/Intermediates.noindex/PacketStream.build/Debug-xros/PacketStream-t.build/Objects-normal/arm64/PacketStream.SwiftFileList -DSWIFT_PACKAGE -DDEBUG -DSWIFT_MODULE_RESOURCE_BUNDLE_UNAVAILABLE -DXcode -plugin-path /Applications/Xcode-27.0.0-Release.Candidate.app/Contents/Developer/Toolchains/XcodeDefault.xctoolchain/usr/lib/swift/host/plugins/testing -enable-experimental-feature DebugDescriptionMacro -sdk /Applications/Xcode-27.0.0-Release.Candidate.app/Contents/Developer/Platforms/XROS.platform/Developer/SDKs/XROS27.0.sdk -target arm64-apple-xros1.0 -g -module-cache-path /Users/admin/builder/spi-builder-workspace/.derivedData/ModuleCache.noindex -Xfrontend -serialize-debugging-options -profile-coverage-mapping -profile-generate -enable-testing -suppress-warnings -index-store-path /Users/admin/builder/spi-builder-workspace/.derivedData/Index.noindex/DataStore -Xcc -D_LIBCPP_HARDENING_MODE\=_LIBCPP_HARDENING_MODE_DEBUG -swift-version 5 -I /Users/admin/builder/spi-builder-workspace/.derivedData/Build/Products/Debug-xros -Isystem /Applications/Xcode-27.0.0-Release.Candidate.app/Contents/Developer/Platforms/XROS.platform/Developer/usr/lib -F /Users/admin/builder/spi-builder-workspace/.derivedData/Build/Products/Debug-xros -F /Applications/Xcode-27.0.0-Release.Candidate.app/Contents/Developer/Platforms/XROS.platform/Developer/Library/Frameworks -F /Applications/Xcode-27.0.0-Release.Candidate.app/Contents/Developer/Platforms/XROS.platform/Developer/SDKs/XROS27.0.sdk/Developer/Library/Frameworks -c -j10 -enable-batch-mode -incremental -Xcc -ivfsstatcache -Xcc /Users/admin/builder/spi-builder-workspace/.derivedData/SDKStatCaches.noindex/xros27.0-24M361-e829b21a6f8c9b70876ba0858053c044735bd543db762f57723cac368afd1ce4.sdkstatcache -output-file-map /Users/admin/builder/spi-builder-workspace/.derivedData/Build/Intermediates.noindex/PacketStream.build/Debug-xros/PacketStream-t.build/Objects-normal/arm64/PacketStream-OutputFileMap.json -save-temps -no-color-diagnostics -explicit-module-build -module-cache-path /Users/admin/builder/spi-builder-workspace/.derivedData/Build/Intermediates.noindex/SwiftExplicitPrecompiledModules -clang-scanner-module-cache-path /Users/admin/builder/spi-builder-workspace/.derivedData/ModuleCache.noindex -sdk-module-cache-path /Users/admin/builder/spi-builder-workspace/.derivedData/SDKExplicitPrecompiledModules -emit-dependencies -emit-module -emit-module-path /Users/admin/builder/spi-builder-workspace/.derivedData/Build/Intermediates.noindex/PacketStream.build/Debug-xros/PacketStream-t.build/Objects-normal/arm64/PacketStream.swiftmodule -serialize-diagnostics -dependency-scan-serialize-diagnostics-path /Users/admin/builder/spi-builder-workspace/.derivedData/Build/Intermediates.noindex/PacketStream.build/Debug-xros/PacketStream-t.build/Objects-normal/arm64/PacketStream-dependency-scan.dia -validate-clang-modules-once -clang-build-session-file /Users/admin/builder/spi-builder-workspace/.derivedData/ModuleCache.noindex/Session.modulevalidation -Xcc -fmodules-prune-interval\=86400 -Xcc -fmodules-prune-after\=345600 -emit-const-values -const-gather-protocols-list /Users/admin/builder/spi-builder-workspace/.derivedData/Build/Intermediates.noindex/PacketStream.build/Debug-xros/PacketStream-t.build/Objects-normal/arm64/PacketStream_const_extract_protocols.json -Xcc -I/Users/admin/builder/spi-builder-workspace/.derivedData/Build/Products/Debug-xros/include -Xcc -I/Users/admin/builder/spi-builder-workspace/.derivedData/Build/Intermediates.noindex/PacketStream.build/Debug-xros/PacketStream-t.build/DerivedSources-normal/arm64 -Xcc -I/Users/admin/builder/spi-builder-workspace/.derivedData/Build/Intermediates.noindex/PacketStream.build/Debug-xros/PacketStream-t.build/DerivedSources/arm64 -Xcc -I/Users/admin/builder/spi-builder-workspace/.derivedData/Build/Intermediates.noindex/PacketStream.build/Debug-xros/PacketStream-t.build/DerivedSources -Xcc -DSWIFT_PACKAGE -Xcc -DDEBUG\=1 -emit-objc-header -emit-objc-header-path /Users/admin/builder/spi-builder-workspace/.derivedData/Build/Intermediates.noindex/PacketStream.build/Debug-xros/PacketStream-t.build/Objects-normal/arm64/PacketStream-Swift.h -working-directory /Users/admin/builder/spi-builder-workspace/.swiftpm/xcode -experimental-emit-module-separately -disable-cmo
SwiftDriver SwiftPCAP normal arm64 com.apple.xcode.tools.swift.compiler (in target 'SwiftPCAP' from project 'SwiftPCAP')
    cd /Users/admin/builder/spi-builder-workspace/.swiftpm/xcode
    builtin-SwiftDriver -- /Applications/Xcode-27.0.0-Release.Candidate.app/Contents/Developer/Toolchains/XcodeDefault.xctoolchain/usr/bin/swiftc -parse-as-library -module-name SwiftPCAP -Onone @/Users/admin/builder/spi-builder-workspace/.derivedData/Build/Intermediates.noindex/SwiftPCAP.build/Debug-xros/SwiftPCAP-t.build/Objects-normal/arm64/SwiftPCAP.SwiftFileList -DSWIFT_PACKAGE -DDEBUG -DSWIFT_MODULE_RESOURCE_BUNDLE_UNAVAILABLE -Xcc -fmodule-map-file\=/Users/admin/builder/spi-builder-workspace/.dependencies/checkouts/SwiftPCAP/Sources/Clibpcap/module.modulemap -DXcode -plugin-path /Applications/Xcode-27.0.0-Release.Candidate.app/Contents/Developer/Toolchains/XcodeDefault.xctoolchain/usr/lib/swift/host/plugins/testing -enable-experimental-feature DebugDescriptionMacro -sdk /Applications/Xcode-27.0.0-Release.Candidate.app/Contents/Developer/Platforms/XROS.platform/Developer/SDKs/XROS27.0.sdk -target arm64-apple-xros1.0 -g -module-cache-path /Users/admin/builder/spi-builder-workspace/.derivedData/ModuleCache.noindex -Xfrontend -serialize-debugging-options -profile-coverage-mapping -profile-generate -enable-testing -suppress-warnings -index-store-path /Users/admin/builder/spi-builder-workspace/.derivedData/Index.noindex/DataStore -Xcc -D_LIBCPP_HARDENING_MODE\=_LIBCPP_HARDENING_MODE_DEBUG -swift-version 5 -I /Users/admin/builder/spi-builder-workspace/.derivedData/Build/Products/Debug-xros -Isystem /Applications/Xcode-27.0.0-Release.Candidate.app/Contents/Developer/Platforms/XROS.platform/Developer/usr/lib -F /Users/admin/builder/spi-builder-workspace/.derivedData/Build/Products/Debug-xros -F /Applications/Xcode-27.0.0-Release.Candidate.app/Contents/Developer/Platforms/XROS.platform/Developer/Library/Frameworks -F /Applications/Xcode-27.0.0-Release.Candidate.app/Contents/Developer/Platforms/XROS.platform/Developer/SDKs/XROS27.0.sdk/Developer/Library/Frameworks -c -j10 -enable-batch-mode -incremental -Xcc -ivfsstatcache -Xcc /Users/admin/builder/spi-builder-workspace/.derivedData/SDKStatCaches.noindex/xros27.0-24M361-e829b21a6f8c9b70876ba0858053c044735bd543db762f57723cac368afd1ce4.sdkstatcache -output-file-map /Users/admin/builder/spi-builder-workspace/.derivedData/Build/Intermediates.noindex/SwiftPCAP.build/Debug-xros/SwiftPCAP-t.build/Objects-normal/arm64/SwiftPCAP-OutputFileMap.json -save-temps -no-color-diagnostics -explicit-module-build -module-cache-path /Users/admin/builder/spi-builder-workspace/.derivedData/Build/Intermediates.noindex/SwiftExplicitPrecompiledModules -clang-scanner-module-cache-path /Users/admin/builder/spi-builder-workspace/.derivedData/ModuleCache.noindex -sdk-module-cache-path /Users/admin/builder/spi-builder-workspace/.derivedData/SDKExplicitPrecompiledModules -emit-dependencies -emit-module -emit-module-path /Users/admin/builder/spi-builder-workspace/.derivedData/Build/Intermediates.noindex/SwiftPCAP.build/Debug-xros/SwiftPCAP-t.build/Objects-normal/arm64/SwiftPCAP.swiftmodule -serialize-diagnostics -dependency-scan-serialize-diagnostics-path /Users/admin/builder/spi-builder-workspace/.derivedData/Build/Intermediates.noindex/SwiftPCAP.build/Debug-xros/SwiftPCAP-t.build/Objects-normal/arm64/SwiftPCAP-dependency-scan.dia -validate-clang-modules-once -clang-build-session-file /Users/admin/builder/spi-builder-workspace/.derivedData/ModuleCache.noindex/Session.modulevalidation -Xcc -fmodules-prune-interval\=86400 -Xcc -fmodules-prune-after\=345600 -emit-const-values -const-gather-protocols-list /Users/admin/builder/spi-builder-workspace/.derivedData/Build/Intermediates.noindex/SwiftPCAP.build/Debug-xros/SwiftPCAP-t.build/Objects-normal/arm64/SwiftPCAP_const_extract_protocols.json -Xcc -I/Users/admin/builder/spi-builder-workspace/.derivedData/Build/Products/Debug-xros/include -Xcc -I/Users/admin/builder/spi-builder-workspace/.derivedData/Build/Intermediates.noindex/SwiftPCAP.build/Debug-xros/SwiftPCAP-t.build/DerivedSources-normal/arm64 -Xcc -I/Users/admin/builder/spi-builder-workspace/.derivedData/Build/Intermediates.noindex/SwiftPCAP.build/Debug-xros/SwiftPCAP-t.build/DerivedSources/arm64 -Xcc -I/Users/admin/builder/spi-builder-workspace/.derivedData/Build/Intermediates.noindex/SwiftPCAP.build/Debug-xros/SwiftPCAP-t.build/DerivedSources -Xcc -DSWIFT_PACKAGE -Xcc -DDEBUG\=1 -emit-objc-header -emit-objc-header-path /Users/admin/builder/spi-builder-workspace/.derivedData/Build/Intermediates.noindex/SwiftPCAP.build/Debug-xros/SwiftPCAP-t.build/Objects-normal/arm64/SwiftPCAP-Swift.h -working-directory /Users/admin/builder/spi-builder-workspace/.swiftpm/xcode -experimental-emit-module-separately -disable-cmo
SwiftExplicitDependencyGeneratePcm arm64 /Users/admin/builder/spi-builder-workspace/.derivedData/SDKExplicitPrecompiledModules/ptrcheck-BXA97MNLI4BB0HF5I8MJE403D.pcm
SwiftExplicitDependencyGeneratePcm arm64 /Users/admin/builder/spi-builder-workspace/.derivedData/SDKExplicitPrecompiledModules/_Builtin_stdbool-5BU2ADS7JXQMYENKQHW9X8XOU.pcm
SwiftExplicitDependencyGeneratePcm arm64 /Users/admin/builder/spi-builder-workspace/.derivedData/SDKExplicitPrecompiledModules/_AvailabilityInternal-1Q8IQP6M38UWSGZ95UCEY2M44.pcm
SwiftExplicitDependencyGeneratePcm arm64 /Users/admin/builder/spi-builder-workspace/.derivedData/SDKExplicitPrecompiledModules/_SwiftConcurrencyShims-C8XHKSHX96D5YYALNM4W70Z0O.pcm
SwiftExplicitDependencyGeneratePcm arm64 /Users/admin/builder/spi-builder-workspace/.derivedData/SDKExplicitPrecompiledModules/_Builtin_stdarg-CDA349K2K4US766844K8E0PVA.pcm
SwiftExplicitDependencyGeneratePcm arm64 /Users/admin/builder/spi-builder-workspace/.derivedData/SDKExplicitPrecompiledModules/_Builtin_float-6WKHNW5S40U2QGHXXGETUDIRA.pcm
SwiftExplicitDependencyGeneratePcm arm64 /Users/admin/builder/spi-builder-workspace/.derivedData/SDKExplicitPrecompiledModules/SwiftShims-CI4H5RO9IYFFWQ2COB512Q2S9.pcm
SwiftExplicitDependencyGeneratePcm arm64 /Users/admin/builder/spi-builder-workspace/.derivedData/SDKExplicitPrecompiledModules/ptrauth-1WBA714DZSVUL5JQDJ08CLKZ.pcm
SwiftExplicitDependencyGeneratePcm arm64 /Users/admin/builder/spi-builder-workspace/.derivedData/SDKExplicitPrecompiledModules/_Builtin_stddef-5NQ9Z1GV07GBSRQGAQCGXGVRI.pcm
SwiftExplicitDependencyGeneratePcm arm64 /Users/admin/builder/spi-builder-workspace/.derivedData/SDKExplicitPrecompiledModules/_DarwinFoundation1-5RGRVV2TZ6WC4WZW5IXF8NQ04.pcm
SwiftExplicitDependencyGeneratePcm arm64 /Users/admin/builder/spi-builder-workspace/.derivedData/SDKExplicitPrecompiledModules/_DarwinFoundation2-ENTECK156YEWITZRRBTOCE4KR.pcm
SwiftExplicitDependencyGeneratePcm arm64 /Users/admin/builder/spi-builder-workspace/.derivedData/SDKExplicitPrecompiledModules/_Builtin_limits-425JDMN5HPM3D0UEI8LEHP6NM.pcm
SwiftExplicitDependencyGeneratePcm arm64 /Users/admin/builder/spi-builder-workspace/.derivedData/SDKExplicitPrecompiledModules/string_h-2GT67HHHHK5CF1V1S31LH0PU2.pcm
SwiftExplicitDependencyGeneratePcm arm64 /Users/admin/builder/spi-builder-workspace/.derivedData/SDKExplicitPrecompiledModules/sys_types-AYM0BHR77VKMWZCO2T0XGV2HF.pcm
SwiftExplicitDependencyGeneratePcm arm64 /Users/admin/builder/spi-builder-workspace/.derivedData/SDKExplicitPrecompiledModules/_Builtin_stdint-8OR6T47OOYJA90ZBO3N1USDE.pcm
SwiftExplicitDependencyGeneratePcm arm64 /Users/admin/builder/spi-builder-workspace/.derivedData/SDKExplicitPrecompiledModules/_DarwinFoundation3-9ZHN6JKBS40BBA81RQMV8H0IC.pcm
SwiftExplicitDependencyGeneratePcm arm64 /Users/admin/builder/spi-builder-workspace/.derivedData/SDKExplicitPrecompiledModules/_Builtin_inttypes-11B64KJD36B3YOHBR1BBXBJY8.pcm
SwiftExplicitDependencyGeneratePcm arm64 /Users/admin/builder/spi-builder-workspace/.derivedData/SDKExplicitPrecompiledModules/Darwin-60P5LVNQO3ESRRM5DCJ05PFNK.pcm
SwiftExplicitDependencyGeneratePcm arm64 /Users/admin/builder/spi-builder-workspace/.derivedData/SDKExplicitPrecompiledModules/ObjectiveC-26TIBFYCEJZVP216ZZAU1X8KN.pcm
SwiftExplicitDependencyGeneratePcm arm64 /Users/admin/builder/spi-builder-workspace/.derivedData/SDKExplicitPrecompiledModules/os_object-692CJ8BG6RE5H04487EJJOVXW.pcm
SwiftExplicitDependencyGeneratePcm arm64 /Users/admin/builder/spi-builder-workspace/.derivedData/SDKExplicitPrecompiledModules/os_workgroup-4U1VXMWIZD80E7PRUQF2G7P9X.pcm
SwiftExplicitDependencyGeneratePcm arm64 /Users/admin/builder/spi-builder-workspace/.derivedData/SDKExplicitPrecompiledModules/Dispatch-CLT3466HKC22GCKAWSCNG0H7T.pcm
SwiftExplicitDependencyGeneratePcm arm64 /Users/admin/builder/spi-builder-workspace/.derivedData/SDKExplicitPrecompiledModules/CoreFoundation-AVLTZVCXBU2TO75JCN4AGU8XJ.pcm
SwiftExplicitDependencyGeneratePcm arm64 /Users/admin/builder/spi-builder-workspace/.derivedData/SDKExplicitPrecompiledModules/XPC-EP5EU7FNGP4VOA3EDM18P1KHO.pcm
SwiftExplicitDependencyGeneratePcm arm64 /Users/admin/builder/spi-builder-workspace/.derivedData/SDKExplicitPrecompiledModules/CFNetwork-5MI70N1VLDQSWTX4COWLMSIRO.pcm
SwiftExplicitDependencyGeneratePcm arm64 /Users/admin/builder/spi-builder-workspace/.derivedData/SDKExplicitPrecompiledModules/Security-8TH2M8WJIQMET4SADWX0N8372.pcm
SwiftExplicitDependencyGeneratePcm arm64 /Users/admin/builder/spi-builder-workspace/.derivedData/SDKExplicitPrecompiledModules/Foundation-8GON1KVEKRN3NOQI8RETBRWJP.pcm
SwiftEmitModule normal arm64 Emitting\ module\ for\ PacketStream (in target 'PacketStream' from project 'PacketStream')
SwiftCompile normal arm64 (in target 'PacketStream' from project 'PacketStream')
    cd /Users/admin/builder/spi-builder-workspace/.swiftpm/xcode

SwiftEmitModule normal arm64 Emitting\ module\ for\ SwiftPCAP (in target 'SwiftPCAP' from project 'SwiftPCAP')
SwiftCompile normal arm64 (in target 'SwiftPCAP' from project 'SwiftPCAP')
    cd /Users/admin/builder/spi-builder-workspace/.swiftpm/xcode

/Users/admin/builder/spi-builder-workspace/.dependencies/checkouts/SwiftPCAP/Sources/SwiftPCAP/SwiftPCAP.swift:34:31: error: cannot find type 'pcap_pkthdr' in scope
 32 |
 33 |     /// packet header
 34 |     public var currentHeader: pcap_pkthdr
    |                               `- error: cannot find type 'pcap_pkthdr' in scope
 35 |
 36 |     /// base class initializer
Failed frontend command:
/Applications/Xcode-27.0.0-Release.Candidate.app/Contents/Developer/Toolchains/XcodeDefault.xctoolchain/usr/bin/swift-frontend -frontend -emit-module -experimental-skip-non-inlinable-function-bodies-without-types /Users/admin/builder/spi-builder-workspace/.dependencies/checkouts/SwiftPCAP/Sources/SwiftPCAP/SwiftPCAP.swift /Users/admin/builder/spi-builder-workspace/.dependencies/checkouts/SwiftPCAP/Sources/SwiftPCAP/SwiftPCAPLive.swift /Users/admin/builder/spi-builder-workspace/.dependencies/checkouts/SwiftPCAP/Sources/SwiftPCAP/SwiftPCAPOffline.swift -target arm64-apple-xros1.0 -disable-cross-import-overlay-search -load-resolved-plugin /Applications/Xcode-27.0.0-Release.Candidate.app/Contents/Developer/Platforms/XROS.platform/Developer/usr/lib/swift/host/plugins/libFoundationMacros.dylib\#/Applications/Xcode-27.0.0-Release.Candidate.app/Contents/Developer/Platforms/XROS.platform/Developer/usr/bin/swift-plugin-server\#FoundationMacros -load-resolved-plugin /Applications/Xcode-27.0.0-Release.Candidate.app/Contents/Developer/Platforms/XROS.platform/Developer/usr/lib/swift/host/plugins/libObservationMacros.dylib\#/Applications/Xcode-27.0.0-Release.Candidate.app/Contents/Developer/Platforms/XROS.platform/Developer/usr/bin/swift-plugin-server\#ObservationMacros -load-resolved-plugin /Applications/Xcode-27.0.0-Release.Candidate.app/Contents/Developer/Platforms/XROS.platform/Developer/usr/lib/swift/host/plugins/libSwiftMacros.dylib\#/Applications/Xcode-27.0.0-Release.Candidate.app/Contents/Developer/Platforms/XROS.platform/Developer/usr/bin/swift-plugin-server\#SwiftMacros -disable-implicit-swift-modules -Xcc -fno-implicit-modules -Xcc -fno-implicit-module-maps -explicit-swift-module-map-file /Users/admin/builder/spi-builder-workspace/.derivedData/Build/Intermediates.noindex/SwiftPCAP.build/Debug-xros/SwiftPCAP-t.build/Objects-normal/arm64/SwiftPCAP-dependencies-1.json -Xllvm -aarch64-use-tbi -enable-objc-interop -stack-check -sdk /Applications/Xcode-27.0.0-Release.Candidate.app/Contents/Developer/Platforms/XROS.platform/Developer/SDKs/XROS27.0.sdk -I /Users/admin/builder/spi-builder-workspace/.derivedData/Build/Products/Debug-xros -Isystem /Applications/Xcode-27.0.0-Release.Candidate.app/Contents/Developer/Platforms/XROS.platform/Developer/usr/lib -F /Users/admin/builder/spi-builder-workspace/.derivedData/Build/Products/Debug-xros -F /Applications/Xcode-27.0.0-Release.Candidate.app/Contents/Developer/Platforms/XROS.platform/Developer/Library/Frameworks -F /Applications/Xcode-27.0.0-Release.Candidate.app/Contents/Developer/Platforms/XROS.platform/Developer/SDKs/XROS27.0.sdk/Developer/Library/Frameworks -module-cache-path /Users/admin/builder/spi-builder-workspace/.derivedData/Build/Intermediates.noindex/SwiftExplicitPrecompiledModules -no-color-diagnostics -Xcc -fno-color-diagnostics -enable-testing -g -debug-info-format\=dwarf -dwarf-version\=4 -suppress-warnings -profile-generate -profile-coverage-mapping -swift-version 5 -Onone -D SWIFT_PACKAGE -D DEBUG -D SWIFT_MODULE_RESOURCE_BUNDLE_UNAVAILABLE -D Xcode -serialize-debugging-options -enable-experimental-feature DebugDescriptionMacro -empty-abi-descriptor -validate-clang-modules-once -clang-build-session-file /Users/admin/builder/spi-builder-workspace/.derivedData/ModuleCache.noindex/Session.modulevalidation -Xcc -working-directory -Xcc /Users/admin/builder/spi-builder-workspace/.swiftpm/xcode -enable-anonymous-context-mangled-names -file-compilation-dir /Users/admin/builder/spi-builder-workspace/.swiftpm/xcode -Xcc -fmodule-map-file\=/Users/admin/builder/spi-builder-workspace/.dependencies/checkouts/SwiftPCAP/Sources/Clibpcap/module.modulemap -Xcc -D_LIBCPP_HARDENING_MODE\=_LIBCPP_HARDENING_MODE_DEBUG -Xcc -ivfsstatcache -Xcc /Users/admin/builder/spi-builder-workspace/.derivedData/SDKStatCaches.noindex/xros27.0-24M361-e829b21a6f8c9b70876ba0858053c044735bd543db762f57723cac368afd1ce4.sdkstatcache -Xcc -fmodules-prune-interval\=86400 -Xcc -fmodules-prune-after\=345600 -Xcc -I/Users/admin/builder/spi-builder-workspace/.derivedData/Build/Products/Debug-xros/include -Xcc -I/Users/admin/builder/spi-builder-workspace/.derivedData/Build/Intermediates.noindex/SwiftPCAP.build/Debug-xros/SwiftPCAP-t.build/DerivedSources-normal/arm64 -Xcc -I/Users/admin/builder/spi-builder-workspace/.derivedData/Build/Intermediates.noindex/SwiftPCAP.build/Debug-xros/SwiftPCAP-t.build/DerivedSources/arm64 -Xcc -I/Users/admin/builder/spi-builder-workspace/.derivedData/Build/Intermediates.noindex/SwiftPCAP.build/Debug-xros/SwiftPCAP-t.build/DerivedSources -Xcc -DSWIFT_PACKAGE -Xcc -DDEBUG\=1 -no-auto-bridging-header-chaining -module-name SwiftPCAP -const-gather-protocols-file /Users/admin/builder/spi-builder-workspace/.derivedData/Build/Intermediates.noindex/SwiftPCAP.build/Debug-xros/SwiftPCAP-t.build/Objects-normal/arm64/SwiftPCAP_const_extract_protocols.json -disable-clang-spi -clang-target arm64-apple-xros27.0 -target-sdk-version 27.0 -target-sdk-name xros27.0 -in-process-plugin-server-path /Applications/Xcode-27.0.0-Release.Candidate.app/Contents/Developer/Toolchains/XcodeDefault.xctoolchain/usr/lib/swift/host/libSwiftInProcPluginServer.dylib -emit-module-doc-path /Users/admin/builder/spi-builder-workspace/.derivedData/Build/Intermediates.noindex/SwiftPCAP.build/Debug-xros/SwiftPCAP-t.build/Objects-normal/arm64/SwiftPCAP.swiftdoc -emit-module-source-info-path /Users/admin/builder/spi-builder-workspace/.derivedData/Build/Intermediates.noindex/SwiftPCAP.build/Debug-xros/SwiftPCAP-t.build/Objects-normal/arm64/SwiftPCAP.swiftsourceinfo -emit-objc-header-path /Users/admin/builder/spi-builder-workspace/.derivedData/Build/Intermediates.noindex/SwiftPCAP.build/Debug-xros/SwiftPCAP-t.build/Objects-normal/arm64/SwiftPCAP-Swift.h -serialize-diagnostics-path /Users/admin/builder/spi-builder-workspace/.derivedData/Build/Intermediates.noindex/SwiftPCAP.build/Debug-xros/SwiftPCAP-t.build/Objects-normal/arm64/SwiftPCAP-primary-emit-module.dia -emit-dependencies-path /Users/admin/builder/spi-builder-workspace/.derivedData/Build/Intermediates.noindex/SwiftPCAP.build/Debug-xros/SwiftPCAP-t.build/Objects-normal/arm64/SwiftPCAP-primary-emit-module.d -parse-as-library -o /Users/admin/builder/spi-builder-workspace/.derivedData/Build/Intermediates.noindex/SwiftPCAP.build/Debug-xros/SwiftPCAP-t.build/Objects-normal/arm64/SwiftPCAP.swiftmodule -emit-abi-descriptor-path /Users/admin/builder/spi-builder-workspace/.derivedData/Build/Intermediates.noindex/SwiftPCAP.build/Debug-xros/SwiftPCAP-t.build/Objects-normal/arm64/SwiftPCAP.abi.json
SwiftCompile normal arm64 Compiling\ SwiftPCAPLive.swift /Users/admin/builder/spi-builder-workspace/.dependencies/checkouts/SwiftPCAP/Sources/SwiftPCAP/SwiftPCAPLive.swift (in target 'SwiftPCAP' from project 'SwiftPCAP')
SwiftCompile normal arm64 /Users/admin/builder/spi-builder-workspace/.dependencies/checkouts/SwiftPCAP/Sources/SwiftPCAP/SwiftPCAPLive.swift (in target 'SwiftPCAP' from project 'SwiftPCAP')
    cd /Users/admin/builder/spi-builder-workspace/.swiftpm/xcode
    builtin-SwiftPerFileCompile SwiftPCAPLive.swift
/Users/admin/builder/spi-builder-workspace/.dependencies/checkouts/SwiftPCAP/Sources/SwiftPCAP/SwiftPCAPLive.swift:37:72: error: cannot find 'PCAP_ERRBUF_SIZE' in scope
35 |         super.init()
36 |         // prepare error buffer for libpcap to use
37 |         let errbuf = UnsafeMutablePointer<Int8>.allocate(capacity: Int(PCAP_ERRBUF_SIZE))
   |                                                                        `- error: cannot find 'PCAP_ERRBUF_SIZE' in scope
38 |
39 |         // create the pcap_t handle for live capture
SwiftCompile normal arm64 Compiling\ SwiftPCAPOffline.swift /Users/admin/builder/spi-builder-workspace/.dependencies/checkouts/SwiftPCAP/Sources/SwiftPCAP/SwiftPCAPOffline.swift (in target 'SwiftPCAP' from project 'SwiftPCAP')
SwiftCompile normal arm64 /Users/admin/builder/spi-builder-workspace/.dependencies/checkouts/SwiftPCAP/Sources/SwiftPCAP/SwiftPCAPOffline.swift (in target 'SwiftPCAP' from project 'SwiftPCAP')
    cd /Users/admin/builder/spi-builder-workspace/.swiftpm/xcode
    builtin-SwiftPerFileCompile SwiftPCAPOffline.swift
/Users/admin/builder/spi-builder-workspace/.dependencies/checkouts/SwiftPCAP/Sources/SwiftPCAP/SwiftPCAPOffline.swift:26:70: error: cannot find 'PCAP_ERRBUF_SIZE' in scope
24 |
25 |       // prepare error buffer for libpcap to use
26 |       let errbuf = UnsafeMutablePointer<Int8>.allocate(capacity: Int(PCAP_ERRBUF_SIZE))
   |                                                                      `- error: cannot find 'PCAP_ERRBUF_SIZE' in scope
27 |
28 |       // create the pcap_t handle
SwiftCompile normal arm64 Compiling\ PacketStream.swift /Users/admin/builder/spi-builder-workspace/.dependencies/checkouts/PacketStream/Sources/PacketStream/PacketStream.swift (in target 'PacketStream' from project 'PacketStream')
SwiftCompile normal arm64 /Users/admin/builder/spi-builder-workspace/.dependencies/checkouts/PacketStream/Sources/PacketStream/PacketStream.swift (in target 'PacketStream' from project 'PacketStream')
    cd /Users/admin/builder/spi-builder-workspace/.swiftpm/xcode
    builtin-SwiftPerFileCompile PacketStream.swift
SwiftCompile normal arm64 Compiling\ SwiftPCAP.swift /Users/admin/builder/spi-builder-workspace/.dependencies/checkouts/SwiftPCAP/Sources/SwiftPCAP/SwiftPCAP.swift (in target 'SwiftPCAP' from project 'SwiftPCAP')
/Users/admin/builder/spi-builder-workspace/.dependencies/checkouts/SwiftPCAP/Sources/SwiftPCAP/SwiftPCAP.swift:34:31: error: cannot find type 'pcap_pkthdr' in scope
 32 |
 33 |     /// packet header
 34 |     public var currentHeader: pcap_pkthdr
    |                               `- error: cannot find type 'pcap_pkthdr' in scope
 35 |
 36 |     /// base class initializer
/Users/admin/builder/spi-builder-workspace/.dependencies/checkouts/SwiftPCAP/Sources/SwiftPCAP/SwiftPCAP.swift:39:38: error: cannot find type 'pcap_pkthdr' in scope
 37 |     init() {
 38 |       // initialize memory for the pcap_pkthdr struct
 39 |       let ptr = UnsafeMutablePointer<pcap_pkthdr>.allocate(capacity: MemoryLayout<pcap_pkthdr>.size)
    |                                      `- error: cannot find type 'pcap_pkthdr' in scope
 40 |       currentHeader = ptr.pointee
 41 |       ptr.deinitialize(count: 1)
/Users/admin/builder/spi-builder-workspace/.dependencies/checkouts/SwiftPCAP/Sources/SwiftPCAP/SwiftPCAP.swift:39:83: error: cannot find type 'pcap_pkthdr' in scope
 37 |     init() {
 38 |       // initialize memory for the pcap_pkthdr struct
 39 |       let ptr = UnsafeMutablePointer<pcap_pkthdr>.allocate(capacity: MemoryLayout<pcap_pkthdr>.size)
    |                                                                                   `- error: cannot find type 'pcap_pkthdr' in scope
 40 |       currentHeader = ptr.pointee
 41 |       ptr.deinitialize(count: 1)
/Users/admin/builder/spi-builder-workspace/.dependencies/checkouts/SwiftPCAP/Sources/SwiftPCAP/SwiftPCAP.swift:51:25: error: cannot find 'pcap_next' in scope
 49 |         // get the next packet, should not block
 50 |
 51 |         guard let pkt = pcap_next(pcapDevice, &currentHeader)
    |                         `- error: cannot find 'pcap_next' in scope
 52 |         else
 53 |         {
SwiftCompile normal arm64 /Users/admin/builder/spi-builder-workspace/.dependencies/checkouts/SwiftPCAP/Sources/SwiftPCAP/SwiftPCAP.swift (in target 'SwiftPCAP' from project 'SwiftPCAP')
    cd /Users/admin/builder/spi-builder-workspace/.swiftpm/xcode
    builtin-SwiftPerFileCompile SwiftPCAP.swift
SwiftDriverJobDiscovery normal arm64 Emitting module for PacketStream (in target 'PacketStream' from project 'PacketStream')
SwiftDriver\ Compilation\ Requirements PacketStream normal arm64 com.apple.xcode.tools.swift.compiler (in target 'PacketStream' from project 'PacketStream')
    cd /Users/admin/builder/spi-builder-workspace/.swiftpm/xcode
    builtin-Swift-Compilation-Requirements -- /Applications/Xcode-27.0.0-Release.Candidate.app/Contents/Developer/Toolchains/XcodeDefault.xctoolchain/usr/bin/swiftc -parse-as-library -module-name PacketStream -Onone @/Users/admin/builder/spi-builder-workspace/.derivedData/Build/Intermediates.noindex/PacketStream.build/Debug-xros/PacketStream-t.build/Objects-normal/arm64/PacketStream.SwiftFileList -DSWIFT_PACKAGE -DDEBUG -DSWIFT_MODULE_RESOURCE_BUNDLE_UNAVAILABLE -DXcode -plugin-path /Applications/Xcode-27.0.0-Release.Candidate.app/Contents/Developer/Toolchains/XcodeDefault.xctoolchain/usr/lib/swift/host/plugins/testing -enable-experimental-feature DebugDescriptionMacro -sdk /Applications/Xcode-27.0.0-Release.Candidate.app/Contents/Developer/Platforms/XROS.platform/Developer/SDKs/XROS27.0.sdk -target arm64-apple-xros1.0 -g -module-cache-path /Users/admin/builder/spi-builder-workspace/.derivedData/ModuleCache.noindex -Xfrontend -serialize-debugging-options -profile-coverage-mapping -profile-generate -enable-testing -suppress-warnings -index-store-path /Users/admin/builder/spi-builder-workspace/.derivedData/Index.noindex/DataStore -Xcc -D_LIBCPP_HARDENING_MODE\=_LIBCPP_HARDENING_MODE_DEBUG -swift-version 5 -I /Users/admin/builder/spi-builder-workspace/.derivedData/Build/Products/Debug-xros -Isystem /Applications/Xcode-27.0.0-Release.Candidate.app/Contents/Developer/Platforms/XROS.platform/Developer/usr/lib -F /Users/admin/builder/spi-builder-workspace/.derivedData/Build/Products/Debug-xros -F /Applications/Xcode-27.0.0-Release.Candidate.app/Contents/Developer/Platforms/XROS.platform/Developer/Library/Frameworks -F /Applications/Xcode-27.0.0-Release.Candidate.app/Contents/Developer/Platforms/XROS.platform/Developer/SDKs/XROS27.0.sdk/Developer/Library/Frameworks -c -j10 -enable-batch-mode -incremental -Xcc -ivfsstatcache -Xcc /Users/admin/builder/spi-builder-workspace/.derivedData/SDKStatCaches.noindex/xros27.0-24M361-e829b21a6f8c9b70876ba0858053c044735bd543db762f57723cac368afd1ce4.sdkstatcache -output-file-map /Users/admin/builder/spi-builder-workspace/.derivedData/Build/Intermediates.noindex/PacketStream.build/Debug-xros/PacketStream-t.build/Objects-normal/arm64/PacketStream-OutputFileMap.json -save-temps -no-color-diagnostics -explicit-module-build -module-cache-path /Users/admin/builder/spi-builder-workspace/.derivedData/Build/Intermediates.noindex/SwiftExplicitPrecompiledModules -clang-scanner-module-cache-path /Users/admin/builder/spi-builder-workspace/.derivedData/ModuleCache.noindex -sdk-module-cache-path /Users/admin/builder/spi-builder-workspace/.derivedData/SDKExplicitPrecompiledModules -emit-dependencies -emit-module -emit-module-path /Users/admin/builder/spi-builder-workspace/.derivedData/Build/Intermediates.noindex/PacketStream.build/Debug-xros/PacketStream-t.build/Objects-normal/arm64/PacketStream.swiftmodule -serialize-diagnostics -dependency-scan-serialize-diagnostics-path /Users/admin/builder/spi-builder-workspace/.derivedData/Build/Intermediates.noindex/PacketStream.build/Debug-xros/PacketStream-t.build/Objects-normal/arm64/PacketStream-dependency-scan.dia -validate-clang-modules-once -clang-build-session-file /Users/admin/builder/spi-builder-workspace/.derivedData/ModuleCache.noindex/Session.modulevalidation -Xcc -fmodules-prune-interval\=86400 -Xcc -fmodules-prune-after\=345600 -emit-const-values -const-gather-protocols-list /Users/admin/builder/spi-builder-workspace/.derivedData/Build/Intermediates.noindex/PacketStream.build/Debug-xros/PacketStream-t.build/Objects-normal/arm64/PacketStream_const_extract_protocols.json -Xcc -I/Users/admin/builder/spi-builder-workspace/.derivedData/Build/Products/Debug-xros/include -Xcc -I/Users/admin/builder/spi-builder-workspace/.derivedData/Build/Intermediates.noindex/PacketStream.build/Debug-xros/PacketStream-t.build/DerivedSources-normal/arm64 -Xcc -I/Users/admin/builder/spi-builder-workspace/.derivedData/Build/Intermediates.noindex/PacketStream.build/Debug-xros/PacketStream-t.build/DerivedSources/arm64 -Xcc -I/Users/admin/builder/spi-builder-workspace/.derivedData/Build/Intermediates.noindex/PacketStream.build/Debug-xros/PacketStream-t.build/DerivedSources -Xcc -DSWIFT_PACKAGE -Xcc -DDEBUG\=1 -emit-objc-header -emit-objc-header-path /Users/admin/builder/spi-builder-workspace/.derivedData/Build/Intermediates.noindex/PacketStream.build/Debug-xros/PacketStream-t.build/Objects-normal/arm64/PacketStream-Swift.h -working-directory /Users/admin/builder/spi-builder-workspace/.swiftpm/xcode -experimental-emit-module-separately -disable-cmo
PruneExplicitPrecompiledModules /Users/admin/builder/spi-builder-workspace/.derivedData/SDKExplicitPrecompiledModules
PruneExplicitPrecompiledModules /Users/admin/builder/spi-builder-workspace/.derivedData/Build/Intermediates.noindex/ExplicitPrecompiledModules
PruneExplicitPrecompiledModules /Users/admin/builder/spi-builder-workspace/.derivedData/Build/Intermediates.noindex/SwiftExplicitPrecompiledModules
2026-09-17 08:40:05.501 xcodebuild[722:4511] [MT] IDERunDestination: Supported platforms for the buildables in the current scheme is empty.
** BUILD FAILED **
The following build commands failed:
	SwiftCompile normal arm64 (in target 'SwiftPCAP' from project 'SwiftPCAP')
	SwiftEmitModule normal arm64 Emitting\ module\ for\ SwiftPCAP (in target 'SwiftPCAP' from project 'SwiftPCAP')
	Building workspace PacketCaptureLibpcap with scheme PacketCaptureLibpcap
(3 failures)
Command line invocation:
    /Applications/Xcode-27.0.0-Release.Candidate.app/Contents/Developer/usr/bin/xcodebuild -IDEClonedSourcePackagesDirPathOverride=/Users/admin/builder/spi-builder-workspace/.dependencies -resolvePackageDependencies
Resolve Package Graph
Resolved source packages:
  PacketCaptureLibpcap: /Users/admin/builder/spi-builder-workspace
  SwiftPCAP: https://github.com/OperatorFoundation/SwiftPCAP.git @ 1.3.1
  PacketStream: https://github.com/OperatorFoundation/PacketStream.git @ 0.2.1
resolved source packages: PacketCaptureLibpcap, SwiftPCAP, PacketStream
2026-09-17 08:40:11.352 xcodebuild[804:4904] [MT] IDERunDestination: Supported platforms for the buildables in the current scheme is empty.
{
  "dependencies" : [
    {
      "identity" : "packetstream",
      "requirement" : {
        "range" : [
          {
            "lower_bound" : "0.2.1",
            "upper_bound" : "1.0.0"
          }
        ]
      },
      "type" : "sourceControl",
      "url" : "https://github.com/OperatorFoundation/PacketStream.git"
    },
    {
      "identity" : "swiftpcap",
      "requirement" : {
        "range" : [
          {
            "lower_bound" : "1.3.0",
            "upper_bound" : "2.0.0"
          }
        ]
      },
      "type" : "sourceControl",
      "url" : "https://github.com/OperatorFoundation/SwiftPCAP.git"
    }
  ],
  "manifest_display_name" : "PacketCaptureLibpcap",
  "name" : "PacketCaptureLibpcap",
  "path" : "/Users/admin/builder/spi-builder-workspace",
  "platforms" : [
    {
      "name" : "macos",
      "version" : "10.15"
    }
  ],
  "products" : [
    {
      "name" : "PacketCaptureLibpcap",
      "targets" : [
        "PacketCaptureLibpcap"
      ],
      "type" : {
        "library" : [
          "automatic"
        ]
      }
    }
  ],
  "swift_languages_versions" : [
    "5"
  ],
  "targets" : [
    {
      "c99name" : "PacketCaptureLibpcapTests",
      "module_type" : "SwiftTarget",
      "name" : "PacketCaptureLibpcapTests",
      "path" : "Tests/PacketCaptureLibpcapTests",
      "sources" : [
        "PacketCaptureLibpcapTests.swift",
        "XCTestManifests.swift"
      ],
      "target_dependencies" : [
        "PacketCaptureLibpcap"
      ],
      "type" : "test"
    },
    {
      "c99name" : "PacketCaptureLibpcap",
      "module_type" : "SwiftTarget",
      "name" : "PacketCaptureLibpcap",
      "path" : "Sources/PacketCaptureLibpcap",
      "product_dependencies" : [
        "PacketStream",
        "SwiftPCAP"
      ],
      "product_memberships" : [
        "PacketCaptureLibpcap"
      ],
      "sources" : [
        "CaptureDevice.swift",
        "PcapFile.swift"
      ],
      "type" : "library"
    }
  ],
  "tools_version" : "5.3"
}
{
  "workspace" : {
    "name" : "PacketCaptureLibpcap",
    "schemes" : [
      "PacketCaptureLibpcap"
    ]
  }
}
2026-09-17 08:40:12.608 xcodebuild[812:4969] [MT] IDERunDestination: Supported platforms for the buildables in the current scheme is empty.
Running build ...
env DEVELOPER_DIR=/Applications/Xcode-27.0.0-Release.Candidate.app xcrun xcodebuild -IDEClonedSourcePackagesDirPathOverride=$PWD/.dependencies -skipMacroValidation -skipPackagePluginValidation -derivedDataPath $PWD/.derivedData build -scheme PacketCaptureLibpcap -destination generic/platform=xrOS
Command line invocation:
    /Applications/Xcode-27.0.0-Release.Candidate.app/Contents/Developer/usr/bin/xcodebuild -IDEClonedSourcePackagesDirPathOverride=/Users/admin/builder/spi-builder-workspace/.dependencies -skipMacroValidation -skipPackagePluginValidation -derivedDataPath /Users/admin/builder/spi-builder-workspace/.derivedData build -scheme PacketCaptureLibpcap -destination generic/platform=xrOS
Resolve Package Graph
Resolved source packages:
  PacketStream: https://github.com/OperatorFoundation/PacketStream.git @ 0.2.1
  SwiftPCAP: https://github.com/OperatorFoundation/SwiftPCAP.git @ 1.3.1
  PacketCaptureLibpcap: /Users/admin/builder/spi-builder-workspace
ComputePackagePrebuildTargetDependencyGraph
Prepare packages
CreateBuildRequest
SendProjectDescription
CreateBuildOperation
ComputeTargetDependencyGraph
note: Building targets in dependency order
note: Target dependency graph (7 targets)
    Target 'PacketCaptureLibpcap-product' in project 'PacketCaptureLibpcap'
        ➜ Explicit dependency on target 'PacketCaptureLibpcap' in project 'PacketCaptureLibpcap'
        ➜ Explicit dependency on target 'PacketStream-product' in project 'PacketStream'
        ➜ Explicit dependency on target 'SwiftPCAP-product' in project 'SwiftPCAP'
    Target 'PacketCaptureLibpcap' in project 'PacketCaptureLibpcap'
        ➜ Explicit dependency on target 'PacketStream-product' in project 'PacketStream'
        ➜ Explicit dependency on target 'SwiftPCAP-product' in project 'SwiftPCAP'
    Target 'SwiftPCAP-product' in project 'SwiftPCAP'
        ➜ Explicit dependency on target 'SwiftPCAP' in project 'SwiftPCAP'
    Target 'SwiftPCAP' in project 'SwiftPCAP'
        ➜ Explicit dependency on target 'Clibpcap' in project 'SwiftPCAP'
    Target 'Clibpcap' in project 'SwiftPCAP' (no dependencies)
    Target 'PacketStream-product' in project 'PacketStream'
        ➜ Explicit dependency on target 'PacketStream' in project 'PacketStream'
    Target 'PacketStream' in project 'PacketStream' (no dependencies)
GatherProvisioningInputs
CreateBuildDescription
ClangStatCache /Applications/Xcode-27.0.0-Release.Candidate.app/Contents/Developer/Toolchains/XcodeDefault.xctoolchain/usr/bin/clang-stat-cache /Applications/Xcode-27.0.0-Release.Candidate.app/Contents/Developer/Platforms/XROS.platform/Developer/SDKs/XROS27.0.sdk /Users/admin/builder/spi-builder-workspace/.derivedData/SDKStatCaches.noindex/xros27.0-24M361-e829b21a6f8c9b70876ba0858053c044735bd543db762f57723cac368afd1ce4.sdkstatcache
    cd /Users/admin/builder/spi-builder-workspace/.swiftpm/xcode
    /Applications/Xcode-27.0.0-Release.Candidate.app/Contents/Developer/Toolchains/XcodeDefault.xctoolchain/usr/bin/clang-stat-cache /Applications/Xcode-27.0.0-Release.Candidate.app/Contents/Developer/Platforms/XROS.platform/Developer/SDKs/XROS27.0.sdk -o /Users/admin/builder/spi-builder-workspace/.derivedData/SDKStatCaches.noindex/xros27.0-24M361-e829b21a6f8c9b70876ba0858053c044735bd543db762f57723cac368afd1ce4.sdkstatcache
SwiftDriver SwiftPCAP normal arm64 com.apple.xcode.tools.swift.compiler (in target 'SwiftPCAP' from project 'SwiftPCAP')
    cd /Users/admin/builder/spi-builder-workspace/.swiftpm/xcode
    builtin-SwiftDriver -- /Applications/Xcode-27.0.0-Release.Candidate.app/Contents/Developer/Toolchains/XcodeDefault.xctoolchain/usr/bin/swiftc -parse-as-library -module-name SwiftPCAP -Onone @/Users/admin/builder/spi-builder-workspace/.derivedData/Build/Intermediates.noindex/SwiftPCAP.build/Debug-xros/SwiftPCAP-t.build/Objects-normal/arm64/SwiftPCAP.SwiftFileList -DSWIFT_PACKAGE -DDEBUG -DSWIFT_MODULE_RESOURCE_BUNDLE_UNAVAILABLE -Xcc -fmodule-map-file\=/Users/admin/builder/spi-builder-workspace/.dependencies/checkouts/SwiftPCAP/Sources/Clibpcap/module.modulemap -DXcode -plugin-path /Applications/Xcode-27.0.0-Release.Candidate.app/Contents/Developer/Toolchains/XcodeDefault.xctoolchain/usr/lib/swift/host/plugins/testing -enable-experimental-feature DebugDescriptionMacro -sdk /Applications/Xcode-27.0.0-Release.Candidate.app/Contents/Developer/Platforms/XROS.platform/Developer/SDKs/XROS27.0.sdk -target arm64-apple-xros1.0 -g -module-cache-path /Users/admin/builder/spi-builder-workspace/.derivedData/ModuleCache.noindex -Xfrontend -serialize-debugging-options -profile-coverage-mapping -profile-generate -enable-testing -suppress-warnings -index-store-path /Users/admin/builder/spi-builder-workspace/.derivedData/Index.noindex/DataStore -Xcc -D_LIBCPP_HARDENING_MODE\=_LIBCPP_HARDENING_MODE_DEBUG -swift-version 5 -I /Users/admin/builder/spi-builder-workspace/.derivedData/Build/Products/Debug-xros -Isystem /Applications/Xcode-27.0.0-Release.Candidate.app/Contents/Developer/Platforms/XROS.platform/Developer/usr/lib -F /Users/admin/builder/spi-builder-workspace/.derivedData/Build/Products/Debug-xros -F /Applications/Xcode-27.0.0-Release.Candidate.app/Contents/Developer/Platforms/XROS.platform/Developer/Library/Frameworks -F /Applications/Xcode-27.0.0-Release.Candidate.app/Contents/Developer/Platforms/XROS.platform/Developer/SDKs/XROS27.0.sdk/Developer/Library/Frameworks -c -j10 -enable-batch-mode -incremental -Xcc -ivfsstatcache -Xcc /Users/admin/builder/spi-builder-workspace/.derivedData/SDKStatCaches.noindex/xros27.0-24M361-e829b21a6f8c9b70876ba0858053c044735bd543db762f57723cac368afd1ce4.sdkstatcache -output-file-map /Users/admin/builder/spi-builder-workspace/.derivedData/Build/Intermediates.noindex/SwiftPCAP.build/Debug-xros/SwiftPCAP-t.build/Objects-normal/arm64/SwiftPCAP-OutputFileMap.json -save-temps -no-color-diagnostics -explicit-module-build -module-cache-path /Users/admin/builder/spi-builder-workspace/.derivedData/Build/Intermediates.noindex/SwiftExplicitPrecompiledModules -clang-scanner-module-cache-path /Users/admin/builder/spi-builder-workspace/.derivedData/ModuleCache.noindex -sdk-module-cache-path /Users/admin/builder/spi-builder-workspace/.derivedData/SDKExplicitPrecompiledModules -emit-dependencies -emit-module -emit-module-path /Users/admin/builder/spi-builder-workspace/.derivedData/Build/Intermediates.noindex/SwiftPCAP.build/Debug-xros/SwiftPCAP-t.build/Objects-normal/arm64/SwiftPCAP.swiftmodule -serialize-diagnostics -dependency-scan-serialize-diagnostics-path /Users/admin/builder/spi-builder-workspace/.derivedData/Build/Intermediates.noindex/SwiftPCAP.build/Debug-xros/SwiftPCAP-t.build/Objects-normal/arm64/SwiftPCAP-dependency-scan.dia -validate-clang-modules-once -clang-build-session-file /Users/admin/builder/spi-builder-workspace/.derivedData/ModuleCache.noindex/Session.modulevalidation -Xcc -fmodules-prune-interval\=86400 -Xcc -fmodules-prune-after\=345600 -emit-const-values -const-gather-protocols-list /Users/admin/builder/spi-builder-workspace/.derivedData/Build/Intermediates.noindex/SwiftPCAP.build/Debug-xros/SwiftPCAP-t.build/Objects-normal/arm64/SwiftPCAP_const_extract_protocols.json -Xcc -I/Users/admin/builder/spi-builder-workspace/.derivedData/Build/Products/Debug-xros/include -Xcc -I/Users/admin/builder/spi-builder-workspace/.derivedData/Build/Intermediates.noindex/SwiftPCAP.build/Debug-xros/SwiftPCAP-t.build/DerivedSources-normal/arm64 -Xcc -I/Users/admin/builder/spi-builder-workspace/.derivedData/Build/Intermediates.noindex/SwiftPCAP.build/Debug-xros/SwiftPCAP-t.build/DerivedSources/arm64 -Xcc -I/Users/admin/builder/spi-builder-workspace/.derivedData/Build/Intermediates.noindex/SwiftPCAP.build/Debug-xros/SwiftPCAP-t.build/DerivedSources -Xcc -DSWIFT_PACKAGE -Xcc -DDEBUG\=1 -emit-objc-header -emit-objc-header-path /Users/admin/builder/spi-builder-workspace/.derivedData/Build/Intermediates.noindex/SwiftPCAP.build/Debug-xros/SwiftPCAP-t.build/Objects-normal/arm64/SwiftPCAP-Swift.h -working-directory /Users/admin/builder/spi-builder-workspace/.swiftpm/xcode -experimental-emit-module-separately -disable-cmo
SwiftDriver PacketStream normal arm64 com.apple.xcode.tools.swift.compiler (in target 'PacketStream' from project 'PacketStream')
    cd /Users/admin/builder/spi-builder-workspace/.swiftpm/xcode
    builtin-SwiftDriver -- /Applications/Xcode-27.0.0-Release.Candidate.app/Contents/Developer/Toolchains/XcodeDefault.xctoolchain/usr/bin/swiftc -parse-as-library -module-name PacketStream -Onone @/Users/admin/builder/spi-builder-workspace/.derivedData/Build/Intermediates.noindex/PacketStream.build/Debug-xros/PacketStream-t.build/Objects-normal/arm64/PacketStream.SwiftFileList -DSWIFT_PACKAGE -DDEBUG -DSWIFT_MODULE_RESOURCE_BUNDLE_UNAVAILABLE -DXcode -plugin-path /Applications/Xcode-27.0.0-Release.Candidate.app/Contents/Developer/Toolchains/XcodeDefault.xctoolchain/usr/lib/swift/host/plugins/testing -enable-experimental-feature DebugDescriptionMacro -sdk /Applications/Xcode-27.0.0-Release.Candidate.app/Contents/Developer/Platforms/XROS.platform/Developer/SDKs/XROS27.0.sdk -target arm64-apple-xros1.0 -g -module-cache-path /Users/admin/builder/spi-builder-workspace/.derivedData/ModuleCache.noindex -Xfrontend -serialize-debugging-options -profile-coverage-mapping -profile-generate -enable-testing -suppress-warnings -index-store-path /Users/admin/builder/spi-builder-workspace/.derivedData/Index.noindex/DataStore -Xcc -D_LIBCPP_HARDENING_MODE\=_LIBCPP_HARDENING_MODE_DEBUG -swift-version 5 -I /Users/admin/builder/spi-builder-workspace/.derivedData/Build/Products/Debug-xros -Isystem /Applications/Xcode-27.0.0-Release.Candidate.app/Contents/Developer/Platforms/XROS.platform/Developer/usr/lib -F /Users/admin/builder/spi-builder-workspace/.derivedData/Build/Products/Debug-xros -F /Applications/Xcode-27.0.0-Release.Candidate.app/Contents/Developer/Platforms/XROS.platform/Developer/Library/Frameworks -F /Applications/Xcode-27.0.0-Release.Candidate.app/Contents/Developer/Platforms/XROS.platform/Developer/SDKs/XROS27.0.sdk/Developer/Library/Frameworks -c -j10 -enable-batch-mode -incremental -Xcc -ivfsstatcache -Xcc /Users/admin/builder/spi-builder-workspace/.derivedData/SDKStatCaches.noindex/xros27.0-24M361-e829b21a6f8c9b70876ba0858053c044735bd543db762f57723cac368afd1ce4.sdkstatcache -output-file-map /Users/admin/builder/spi-builder-workspace/.derivedData/Build/Intermediates.noindex/PacketStream.build/Debug-xros/PacketStream-t.build/Objects-normal/arm64/PacketStream-OutputFileMap.json -save-temps -no-color-diagnostics -explicit-module-build -module-cache-path /Users/admin/builder/spi-builder-workspace/.derivedData/Build/Intermediates.noindex/SwiftExplicitPrecompiledModules -clang-scanner-module-cache-path /Users/admin/builder/spi-builder-workspace/.derivedData/ModuleCache.noindex -sdk-module-cache-path /Users/admin/builder/spi-builder-workspace/.derivedData/SDKExplicitPrecompiledModules -emit-dependencies -emit-module -emit-module-path /Users/admin/builder/spi-builder-workspace/.derivedData/Build/Intermediates.noindex/PacketStream.build/Debug-xros/PacketStream-t.build/Objects-normal/arm64/PacketStream.swiftmodule -serialize-diagnostics -dependency-scan-serialize-diagnostics-path /Users/admin/builder/spi-builder-workspace/.derivedData/Build/Intermediates.noindex/PacketStream.build/Debug-xros/PacketStream-t.build/Objects-normal/arm64/PacketStream-dependency-scan.dia -validate-clang-modules-once -clang-build-session-file /Users/admin/builder/spi-builder-workspace/.derivedData/ModuleCache.noindex/Session.modulevalidation -Xcc -fmodules-prune-interval\=86400 -Xcc -fmodules-prune-after\=345600 -emit-const-values -const-gather-protocols-list /Users/admin/builder/spi-builder-workspace/.derivedData/Build/Intermediates.noindex/PacketStream.build/Debug-xros/PacketStream-t.build/Objects-normal/arm64/PacketStream_const_extract_protocols.json -Xcc -I/Users/admin/builder/spi-builder-workspace/.derivedData/Build/Products/Debug-xros/include -Xcc -I/Users/admin/builder/spi-builder-workspace/.derivedData/Build/Intermediates.noindex/PacketStream.build/Debug-xros/PacketStream-t.build/DerivedSources-normal/arm64 -Xcc -I/Users/admin/builder/spi-builder-workspace/.derivedData/Build/Intermediates.noindex/PacketStream.build/Debug-xros/PacketStream-t.build/DerivedSources/arm64 -Xcc -I/Users/admin/builder/spi-builder-workspace/.derivedData/Build/Intermediates.noindex/PacketStream.build/Debug-xros/PacketStream-t.build/DerivedSources -Xcc -DSWIFT_PACKAGE -Xcc -DDEBUG\=1 -emit-objc-header -emit-objc-header-path /Users/admin/builder/spi-builder-workspace/.derivedData/Build/Intermediates.noindex/PacketStream.build/Debug-xros/PacketStream-t.build/Objects-normal/arm64/PacketStream-Swift.h -working-directory /Users/admin/builder/spi-builder-workspace/.swiftpm/xcode -experimental-emit-module-separately -disable-cmo
SwiftEmitModule normal arm64 Emitting\ module\ for\ PacketStream (in target 'PacketStream' from project 'PacketStream')
SwiftCompile normal arm64 (in target 'PacketStream' from project 'PacketStream')
    cd /Users/admin/builder/spi-builder-workspace/.swiftpm/xcode

SwiftCompile normal arm64 Compiling\ SwiftPCAPLive.swift /Users/admin/builder/spi-builder-workspace/.dependencies/checkouts/SwiftPCAP/Sources/SwiftPCAP/SwiftPCAPLive.swift (in target 'SwiftPCAP' from project 'SwiftPCAP')
SwiftCompile normal arm64 /Users/admin/builder/spi-builder-workspace/.dependencies/checkouts/SwiftPCAP/Sources/SwiftPCAP/SwiftPCAPLive.swift (in target 'SwiftPCAP' from project 'SwiftPCAP')
    cd /Users/admin/builder/spi-builder-workspace/.swiftpm/xcode
    builtin-SwiftPerFileCompile SwiftPCAPLive.swift
/Users/admin/builder/spi-builder-workspace/.dependencies/checkouts/SwiftPCAP/Sources/SwiftPCAP/SwiftPCAPLive.swift:37:72: error: cannot find 'PCAP_ERRBUF_SIZE' in scope
35 |         super.init()
36 |         // prepare error buffer for libpcap to use
37 |         let errbuf = UnsafeMutablePointer<Int8>.allocate(capacity: Int(PCAP_ERRBUF_SIZE))
   |                                                                        `- error: cannot find 'PCAP_ERRBUF_SIZE' in scope
38 |
39 |         // create the pcap_t handle for live capture
SwiftCompile normal arm64 Compiling\ SwiftPCAP.swift /Users/admin/builder/spi-builder-workspace/.dependencies/checkouts/SwiftPCAP/Sources/SwiftPCAP/SwiftPCAP.swift (in target 'SwiftPCAP' from project 'SwiftPCAP')
/Users/admin/builder/spi-builder-workspace/.dependencies/checkouts/SwiftPCAP/Sources/SwiftPCAP/SwiftPCAP.swift:34:31: error: cannot find type 'pcap_pkthdr' in scope
 32 |
 33 |     /// packet header
 34 |     public var currentHeader: pcap_pkthdr
    |                               `- error: cannot find type 'pcap_pkthdr' in scope
 35 |
 36 |     /// base class initializer
/Users/admin/builder/spi-builder-workspace/.dependencies/checkouts/SwiftPCAP/Sources/SwiftPCAP/SwiftPCAP.swift:39:38: error: cannot find type 'pcap_pkthdr' in scope
 37 |     init() {
 38 |       // initialize memory for the pcap_pkthdr struct
 39 |       let ptr = UnsafeMutablePointer<pcap_pkthdr>.allocate(capacity: MemoryLayout<pcap_pkthdr>.size)
    |                                      `- error: cannot find type 'pcap_pkthdr' in scope
 40 |       currentHeader = ptr.pointee
 41 |       ptr.deinitialize(count: 1)
/Users/admin/builder/spi-builder-workspace/.dependencies/checkouts/SwiftPCAP/Sources/SwiftPCAP/SwiftPCAP.swift:39:83: error: cannot find type 'pcap_pkthdr' in scope
 37 |     init() {
 38 |       // initialize memory for the pcap_pkthdr struct
 39 |       let ptr = UnsafeMutablePointer<pcap_pkthdr>.allocate(capacity: MemoryLayout<pcap_pkthdr>.size)
    |                                                                                   `- error: cannot find type 'pcap_pkthdr' in scope
 40 |       currentHeader = ptr.pointee
 41 |       ptr.deinitialize(count: 1)
/Users/admin/builder/spi-builder-workspace/.dependencies/checkouts/SwiftPCAP/Sources/SwiftPCAP/SwiftPCAP.swift:51:25: error: cannot find 'pcap_next' in scope
 49 |         // get the next packet, should not block
 50 |
 51 |         guard let pkt = pcap_next(pcapDevice, &currentHeader)
    |                         `- error: cannot find 'pcap_next' in scope
 52 |         else
 53 |         {
SwiftCompile normal arm64 /Users/admin/builder/spi-builder-workspace/.dependencies/checkouts/SwiftPCAP/Sources/SwiftPCAP/SwiftPCAP.swift (in target 'SwiftPCAP' from project 'SwiftPCAP')
    cd /Users/admin/builder/spi-builder-workspace/.swiftpm/xcode
    builtin-SwiftPerFileCompile SwiftPCAP.swift
SwiftCompile normal arm64 Compiling\ SwiftPCAPOffline.swift /Users/admin/builder/spi-builder-workspace/.dependencies/checkouts/SwiftPCAP/Sources/SwiftPCAP/SwiftPCAPOffline.swift (in target 'SwiftPCAP' from project 'SwiftPCAP')
SwiftCompile normal arm64 /Users/admin/builder/spi-builder-workspace/.dependencies/checkouts/SwiftPCAP/Sources/SwiftPCAP/SwiftPCAPOffline.swift (in target 'SwiftPCAP' from project 'SwiftPCAP')
    cd /Users/admin/builder/spi-builder-workspace/.swiftpm/xcode
    builtin-SwiftPerFileCompile SwiftPCAPOffline.swift
/Users/admin/builder/spi-builder-workspace/.dependencies/checkouts/SwiftPCAP/Sources/SwiftPCAP/SwiftPCAPOffline.swift:26:70: error: cannot find 'PCAP_ERRBUF_SIZE' in scope
24 |
25 |       // prepare error buffer for libpcap to use
26 |       let errbuf = UnsafeMutablePointer<Int8>.allocate(capacity: Int(PCAP_ERRBUF_SIZE))
   |                                                                      `- error: cannot find 'PCAP_ERRBUF_SIZE' in scope
27 |
28 |       // create the pcap_t handle
SwiftEmitModule normal arm64 Emitting\ module\ for\ SwiftPCAP (in target 'SwiftPCAP' from project 'SwiftPCAP')
/Users/admin/builder/spi-builder-workspace/.dependencies/checkouts/SwiftPCAP/Sources/SwiftPCAP/SwiftPCAP.swift:34:31: error: cannot find type 'pcap_pkthdr' in scope
 32 |
 33 |     /// packet header
 34 |     public var currentHeader: pcap_pkthdr
    |                               `- error: cannot find type 'pcap_pkthdr' in scope
 35 |
 36 |     /// base class initializer
Failed frontend command:
/Applications/Xcode-27.0.0-Release.Candidate.app/Contents/Developer/Toolchains/XcodeDefault.xctoolchain/usr/bin/swift-frontend -frontend -emit-module -experimental-skip-non-inlinable-function-bodies-without-types /Users/admin/builder/spi-builder-workspace/.dependencies/checkouts/SwiftPCAP/Sources/SwiftPCAP/SwiftPCAP.swift /Users/admin/builder/spi-builder-workspace/.dependencies/checkouts/SwiftPCAP/Sources/SwiftPCAP/SwiftPCAPLive.swift /Users/admin/builder/spi-builder-workspace/.dependencies/checkouts/SwiftPCAP/Sources/SwiftPCAP/SwiftPCAPOffline.swift -target arm64-apple-xros1.0 -disable-cross-import-overlay-search -load-resolved-plugin /Applications/Xcode-27.0.0-Release.Candidate.app/Contents/Developer/Platforms/XROS.platform/Developer/usr/lib/swift/host/plugins/libFoundationMacros.dylib\#/Applications/Xcode-27.0.0-Release.Candidate.app/Contents/Developer/Platforms/XROS.platform/Developer/usr/bin/swift-plugin-server\#FoundationMacros -load-resolved-plugin /Applications/Xcode-27.0.0-Release.Candidate.app/Contents/Developer/Platforms/XROS.platform/Developer/usr/lib/swift/host/plugins/libObservationMacros.dylib\#/Applications/Xcode-27.0.0-Release.Candidate.app/Contents/Developer/Platforms/XROS.platform/Developer/usr/bin/swift-plugin-server\#ObservationMacros -load-resolved-plugin /Applications/Xcode-27.0.0-Release.Candidate.app/Contents/Developer/Platforms/XROS.platform/Developer/usr/lib/swift/host/plugins/libSwiftMacros.dylib\#/Applications/Xcode-27.0.0-Release.Candidate.app/Contents/Developer/Platforms/XROS.platform/Developer/usr/bin/swift-plugin-server\#SwiftMacros -disable-implicit-swift-modules -Xcc -fno-implicit-modules -Xcc -fno-implicit-module-maps -explicit-swift-module-map-file /Users/admin/builder/spi-builder-workspace/.derivedData/Build/Intermediates.noindex/SwiftPCAP.build/Debug-xros/SwiftPCAP-t.build/Objects-normal/arm64/SwiftPCAP-dependencies-1.json -Xllvm -aarch64-use-tbi -enable-objc-interop -stack-check -sdk /Applications/Xcode-27.0.0-Release.Candidate.app/Contents/Developer/Platforms/XROS.platform/Developer/SDKs/XROS27.0.sdk -I /Users/admin/builder/spi-builder-workspace/.derivedData/Build/Products/Debug-xros -Isystem /Applications/Xcode-27.0.0-Release.Candidate.app/Contents/Developer/Platforms/XROS.platform/Developer/usr/lib -F /Users/admin/builder/spi-builder-workspace/.derivedData/Build/Products/Debug-xros -F /Applications/Xcode-27.0.0-Release.Candidate.app/Contents/Developer/Platforms/XROS.platform/Developer/Library/Frameworks -F /Applications/Xcode-27.0.0-Release.Candidate.app/Contents/Developer/Platforms/XROS.platform/Developer/SDKs/XROS27.0.sdk/Developer/Library/Frameworks -module-cache-path /Users/admin/builder/spi-builder-workspace/.derivedData/Build/Intermediates.noindex/SwiftExplicitPrecompiledModules -no-color-diagnostics -Xcc -fno-color-diagnostics -enable-testing -g -debug-info-format\=dwarf -dwarf-version\=4 -suppress-warnings -profile-generate -profile-coverage-mapping -swift-version 5 -Onone -D SWIFT_PACKAGE -D DEBUG -D SWIFT_MODULE_RESOURCE_BUNDLE_UNAVAILABLE -D Xcode -serialize-debugging-options -enable-experimental-feature DebugDescriptionMacro -empty-abi-descriptor -validate-clang-modules-once -clang-build-session-file /Users/admin/builder/spi-builder-workspace/.derivedData/ModuleCache.noindex/Session.modulevalidation -Xcc -working-directory -Xcc /Users/admin/builder/spi-builder-workspace/.swiftpm/xcode -enable-anonymous-context-mangled-names -file-compilation-dir /Users/admin/builder/spi-builder-workspace/.swiftpm/xcode -Xcc -fmodule-map-file\=/Users/admin/builder/spi-builder-workspace/.dependencies/checkouts/SwiftPCAP/Sources/Clibpcap/module.modulemap -Xcc -D_LIBCPP_HARDENING_MODE\=_LIBCPP_HARDENING_MODE_DEBUG -Xcc -ivfsstatcache -Xcc /Users/admin/builder/spi-builder-workspace/.derivedData/SDKStatCaches.noindex/xros27.0-24M361-e829b21a6f8c9b70876ba0858053c044735bd543db762f57723cac368afd1ce4.sdkstatcache -Xcc -fmodules-prune-interval\=86400 -Xcc -fmodules-prune-after\=345600 -Xcc -I/Users/admin/builder/spi-builder-workspace/.derivedData/Build/Products/Debug-xros/include -Xcc -I/Users/admin/builder/spi-builder-workspace/.derivedData/Build/Intermediates.noindex/SwiftPCAP.build/Debug-xros/SwiftPCAP-t.build/DerivedSources-normal/arm64 -Xcc -I/Users/admin/builder/spi-builder-workspace/.derivedData/Build/Intermediates.noindex/SwiftPCAP.build/Debug-xros/SwiftPCAP-t.build/DerivedSources/arm64 -Xcc -I/Users/admin/builder/spi-builder-workspace/.derivedData/Build/Intermediates.noindex/SwiftPCAP.build/Debug-xros/SwiftPCAP-t.build/DerivedSources -Xcc -DSWIFT_PACKAGE -Xcc -DDEBUG\=1 -no-auto-bridging-header-chaining -module-name SwiftPCAP -const-gather-protocols-file /Users/admin/builder/spi-builder-workspace/.derivedData/Build/Intermediates.noindex/SwiftPCAP.build/Debug-xros/SwiftPCAP-t.build/Objects-normal/arm64/SwiftPCAP_const_extract_protocols.json -disable-clang-spi -clang-target arm64-apple-xros27.0 -target-sdk-version 27.0 -target-sdk-name xros27.0 -in-process-plugin-server-path /Applications/Xcode-27.0.0-Release.Candidate.app/Contents/Developer/Toolchains/XcodeDefault.xctoolchain/usr/lib/swift/host/libSwiftInProcPluginServer.dylib -emit-module-doc-path /Users/admin/builder/spi-builder-workspace/.derivedData/Build/Intermediates.noindex/SwiftPCAP.build/Debug-xros/SwiftPCAP-t.build/Objects-normal/arm64/SwiftPCAP.swiftdoc -emit-module-source-info-path /Users/admin/builder/spi-builder-workspace/.derivedData/Build/Intermediates.noindex/SwiftPCAP.build/Debug-xros/SwiftPCAP-t.build/Objects-normal/arm64/SwiftPCAP.swiftsourceinfo -emit-objc-header-path /Users/admin/builder/spi-builder-workspace/.derivedData/Build/Intermediates.noindex/SwiftPCAP.build/Debug-xros/SwiftPCAP-t.build/Objects-normal/arm64/SwiftPCAP-Swift.h -serialize-diagnostics-path /Users/admin/builder/spi-builder-workspace/.derivedData/Build/Intermediates.noindex/SwiftPCAP.build/Debug-xros/SwiftPCAP-t.build/Objects-normal/arm64/SwiftPCAP-primary-emit-module.dia -emit-dependencies-path /Users/admin/builder/spi-builder-workspace/.derivedData/Build/Intermediates.noindex/SwiftPCAP.build/Debug-xros/SwiftPCAP-t.build/Objects-normal/arm64/SwiftPCAP-primary-emit-module.d -parse-as-library -o /Users/admin/builder/spi-builder-workspace/.derivedData/Build/Intermediates.noindex/SwiftPCAP.build/Debug-xros/SwiftPCAP-t.build/Objects-normal/arm64/SwiftPCAP.swiftmodule -emit-abi-descriptor-path /Users/admin/builder/spi-builder-workspace/.derivedData/Build/Intermediates.noindex/SwiftPCAP.build/Debug-xros/SwiftPCAP-t.build/Objects-normal/arm64/SwiftPCAP.abi.json
SwiftCompile normal arm64 (in target 'SwiftPCAP' from project 'SwiftPCAP')
    cd /Users/admin/builder/spi-builder-workspace/.swiftpm/xcode

SwiftCompile normal arm64 Compiling\ PacketStream.swift /Users/admin/builder/spi-builder-workspace/.dependencies/checkouts/PacketStream/Sources/PacketStream/PacketStream.swift (in target 'PacketStream' from project 'PacketStream')
SwiftCompile normal arm64 /Users/admin/builder/spi-builder-workspace/.dependencies/checkouts/PacketStream/Sources/PacketStream/PacketStream.swift (in target 'PacketStream' from project 'PacketStream')
    cd /Users/admin/builder/spi-builder-workspace/.swiftpm/xcode
    builtin-SwiftPerFileCompile PacketStream.swift
SwiftDriverJobDiscovery normal arm64 Emitting module for PacketStream (in target 'PacketStream' from project 'PacketStream')
SwiftDriver\ Compilation\ Requirements PacketStream normal arm64 com.apple.xcode.tools.swift.compiler (in target 'PacketStream' from project 'PacketStream')
    cd /Users/admin/builder/spi-builder-workspace/.swiftpm/xcode
    builtin-Swift-Compilation-Requirements -- /Applications/Xcode-27.0.0-Release.Candidate.app/Contents/Developer/Toolchains/XcodeDefault.xctoolchain/usr/bin/swiftc -parse-as-library -module-name PacketStream -Onone @/Users/admin/builder/spi-builder-workspace/.derivedData/Build/Intermediates.noindex/PacketStream.build/Debug-xros/PacketStream-t.build/Objects-normal/arm64/PacketStream.SwiftFileList -DSWIFT_PACKAGE -DDEBUG -DSWIFT_MODULE_RESOURCE_BUNDLE_UNAVAILABLE -DXcode -plugin-path /Applications/Xcode-27.0.0-Release.Candidate.app/Contents/Developer/Toolchains/XcodeDefault.xctoolchain/usr/lib/swift/host/plugins/testing -enable-experimental-feature DebugDescriptionMacro -sdk /Applications/Xcode-27.0.0-Release.Candidate.app/Contents/Developer/Platforms/XROS.platform/Developer/SDKs/XROS27.0.sdk -target arm64-apple-xros1.0 -g -module-cache-path /Users/admin/builder/spi-builder-workspace/.derivedData/ModuleCache.noindex -Xfrontend -serialize-debugging-options -profile-coverage-mapping -profile-generate -enable-testing -suppress-warnings -index-store-path /Users/admin/builder/spi-builder-workspace/.derivedData/Index.noindex/DataStore -Xcc -D_LIBCPP_HARDENING_MODE\=_LIBCPP_HARDENING_MODE_DEBUG -swift-version 5 -I /Users/admin/builder/spi-builder-workspace/.derivedData/Build/Products/Debug-xros -Isystem /Applications/Xcode-27.0.0-Release.Candidate.app/Contents/Developer/Platforms/XROS.platform/Developer/usr/lib -F /Users/admin/builder/spi-builder-workspace/.derivedData/Build/Products/Debug-xros -F /Applications/Xcode-27.0.0-Release.Candidate.app/Contents/Developer/Platforms/XROS.platform/Developer/Library/Frameworks -F /Applications/Xcode-27.0.0-Release.Candidate.app/Contents/Developer/Platforms/XROS.platform/Developer/SDKs/XROS27.0.sdk/Developer/Library/Frameworks -c -j10 -enable-batch-mode -incremental -Xcc -ivfsstatcache -Xcc /Users/admin/builder/spi-builder-workspace/.derivedData/SDKStatCaches.noindex/xros27.0-24M361-e829b21a6f8c9b70876ba0858053c044735bd543db762f57723cac368afd1ce4.sdkstatcache -output-file-map /Users/admin/builder/spi-builder-workspace/.derivedData/Build/Intermediates.noindex/PacketStream.build/Debug-xros/PacketStream-t.build/Objects-normal/arm64/PacketStream-OutputFileMap.json -save-temps -no-color-diagnostics -explicit-module-build -module-cache-path /Users/admin/builder/spi-builder-workspace/.derivedData/Build/Intermediates.noindex/SwiftExplicitPrecompiledModules -clang-scanner-module-cache-path /Users/admin/builder/spi-builder-workspace/.derivedData/ModuleCache.noindex -sdk-module-cache-path /Users/admin/builder/spi-builder-workspace/.derivedData/SDKExplicitPrecompiledModules -emit-dependencies -emit-module -emit-module-path /Users/admin/builder/spi-builder-workspace/.derivedData/Build/Intermediates.noindex/PacketStream.build/Debug-xros/PacketStream-t.build/Objects-normal/arm64/PacketStream.swiftmodule -serialize-diagnostics -dependency-scan-serialize-diagnostics-path /Users/admin/builder/spi-builder-workspace/.derivedData/Build/Intermediates.noindex/PacketStream.build/Debug-xros/PacketStream-t.build/Objects-normal/arm64/PacketStream-dependency-scan.dia -validate-clang-modules-once -clang-build-session-file /Users/admin/builder/spi-builder-workspace/.derivedData/ModuleCache.noindex/Session.modulevalidation -Xcc -fmodules-prune-interval\=86400 -Xcc -fmodules-prune-after\=345600 -emit-const-values -const-gather-protocols-list /Users/admin/builder/spi-builder-workspace/.derivedData/Build/Intermediates.noindex/PacketStream.build/Debug-xros/PacketStream-t.build/Objects-normal/arm64/PacketStream_const_extract_protocols.json -Xcc -I/Users/admin/builder/spi-builder-workspace/.derivedData/Build/Products/Debug-xros/include -Xcc -I/Users/admin/builder/spi-builder-workspace/.derivedData/Build/Intermediates.noindex/PacketStream.build/Debug-xros/PacketStream-t.build/DerivedSources-normal/arm64 -Xcc -I/Users/admin/builder/spi-builder-workspace/.derivedData/Build/Intermediates.noindex/PacketStream.build/Debug-xros/PacketStream-t.build/DerivedSources/arm64 -Xcc -I/Users/admin/builder/spi-builder-workspace/.derivedData/Build/Intermediates.noindex/PacketStream.build/Debug-xros/PacketStream-t.build/DerivedSources -Xcc -DSWIFT_PACKAGE -Xcc -DDEBUG\=1 -emit-objc-header -emit-objc-header-path /Users/admin/builder/spi-builder-workspace/.derivedData/Build/Intermediates.noindex/PacketStream.build/Debug-xros/PacketStream-t.build/Objects-normal/arm64/PacketStream-Swift.h -working-directory /Users/admin/builder/spi-builder-workspace/.swiftpm/xcode -experimental-emit-module-separately -disable-cmo
SwiftMergeGeneratedHeaders /Users/admin/builder/spi-builder-workspace/.derivedData/Build/Intermediates.noindex/GeneratedModuleMaps-xros/PacketStream-Swift.h /Users/admin/builder/spi-builder-workspace/.derivedData/Build/Intermediates.noindex/PacketStream.build/Debug-xros/PacketStream-t.build/Objects-normal/arm64/PacketStream-Swift.h (in target 'PacketStream' from project 'PacketStream')
    cd /Users/admin/builder/spi-builder-workspace/.dependencies/checkouts/PacketStream
    builtin-swiftHeaderTool -arch arm64 /Users/admin/builder/spi-builder-workspace/.derivedData/Build/Intermediates.noindex/PacketStream.build/Debug-xros/PacketStream-t.build/Objects-normal/arm64/PacketStream-Swift.h -o /Users/admin/builder/spi-builder-workspace/.derivedData/Build/Intermediates.noindex/GeneratedModuleMaps-xros/PacketStream-Swift.h
Copy /Users/admin/builder/spi-builder-workspace/.derivedData/Build/Products/Debug-xros/PacketStream.swiftmodule/arm64-apple-xros.swiftdoc /Users/admin/builder/spi-builder-workspace/.derivedData/Build/Intermediates.noindex/PacketStream.build/Debug-xros/PacketStream-t.build/Objects-normal/arm64/PacketStream.swiftdoc (in target 'PacketStream' from project 'PacketStream')
    cd /Users/admin/builder/spi-builder-workspace/.dependencies/checkouts/PacketStream
    builtin-copy -exclude .DS_Store -exclude CVS -exclude .svn -exclude .git -exclude .hg -resolve-src-symlinks -rename /Users/admin/builder/spi-builder-workspace/.derivedData/Build/Intermediates.noindex/PacketStream.build/Debug-xros/PacketStream-t.build/Objects-normal/arm64/PacketStream.swiftdoc /Users/admin/builder/spi-builder-workspace/.derivedData/Build/Products/Debug-xros/PacketStream.swiftmodule/arm64-apple-xros.swiftdoc
Copy /Users/admin/builder/spi-builder-workspace/.derivedData/Build/Products/Debug-xros/PacketStream.swiftmodule/arm64-apple-xros.swiftmodule /Users/admin/builder/spi-builder-workspace/.derivedData/Build/Intermediates.noindex/PacketStream.build/Debug-xros/PacketStream-t.build/Objects-normal/arm64/PacketStream.swiftmodule (in target 'PacketStream' from project 'PacketStream')
    cd /Users/admin/builder/spi-builder-workspace/.dependencies/checkouts/PacketStream
    builtin-copy -exclude .DS_Store -exclude CVS -exclude .svn -exclude .git -exclude .hg -resolve-src-symlinks -rename /Users/admin/builder/spi-builder-workspace/.derivedData/Build/Intermediates.noindex/PacketStream.build/Debug-xros/PacketStream-t.build/Objects-normal/arm64/PacketStream.swiftmodule /Users/admin/builder/spi-builder-workspace/.derivedData/Build/Products/Debug-xros/PacketStream.swiftmodule/arm64-apple-xros.swiftmodule
Copy /Users/admin/builder/spi-builder-workspace/.derivedData/Build/Products/Debug-xros/PacketStream.swiftmodule/arm64-apple-xros.abi.json /Users/admin/builder/spi-builder-workspace/.derivedData/Build/Intermediates.noindex/PacketStream.build/Debug-xros/PacketStream-t.build/Objects-normal/arm64/PacketStream.abi.json (in target 'PacketStream' from project 'PacketStream')
    cd /Users/admin/builder/spi-builder-workspace/.dependencies/checkouts/PacketStream
    builtin-copy -exclude .DS_Store -exclude CVS -exclude .svn -exclude .git -exclude .hg -resolve-src-symlinks -rename /Users/admin/builder/spi-builder-workspace/.derivedData/Build/Intermediates.noindex/PacketStream.build/Debug-xros/PacketStream-t.build/Objects-normal/arm64/PacketStream.abi.json /Users/admin/builder/spi-builder-workspace/.derivedData/Build/Products/Debug-xros/PacketStream.swiftmodule/arm64-apple-xros.abi.json
Copy /Users/admin/builder/spi-builder-workspace/.derivedData/Build/Products/Debug-xros/PacketStream.swiftmodule/Project/arm64-apple-xros.swiftsourceinfo /Users/admin/builder/spi-builder-workspace/.derivedData/Build/Intermediates.noindex/PacketStream.build/Debug-xros/PacketStream-t.build/Objects-normal/arm64/PacketStream.swiftsourceinfo (in target 'PacketStream' from project 'PacketStream')
    cd /Users/admin/builder/spi-builder-workspace/.dependencies/checkouts/PacketStream
    builtin-copy -exclude .DS_Store -exclude CVS -exclude .svn -exclude .git -exclude .hg -resolve-src-symlinks -rename /Users/admin/builder/spi-builder-workspace/.derivedData/Build/Intermediates.noindex/PacketStream.build/Debug-xros/PacketStream-t.build/Objects-normal/arm64/PacketStream.swiftsourceinfo /Users/admin/builder/spi-builder-workspace/.derivedData/Build/Products/Debug-xros/PacketStream.swiftmodule/Project/arm64-apple-xros.swiftsourceinfo
PruneExplicitPrecompiledModules /Users/admin/builder/spi-builder-workspace/.derivedData/SDKExplicitPrecompiledModules
PruneExplicitPrecompiledModules /Users/admin/builder/spi-builder-workspace/.derivedData/Build/Intermediates.noindex/SwiftExplicitPrecompiledModules
PruneExplicitPrecompiledModules /Users/admin/builder/spi-builder-workspace/.derivedData/Build/Intermediates.noindex/ExplicitPrecompiledModules
2026-09-17 08:40:13.620 xcodebuild[813:4993] [MT] IDERunDestination: Supported platforms for the buildables in the current scheme is empty.
** BUILD FAILED **
The following build commands failed:
	SwiftEmitModule normal arm64 Emitting\ module\ for\ SwiftPCAP (in target 'SwiftPCAP' from project 'SwiftPCAP')
	SwiftCompile normal arm64 (in target 'SwiftPCAP' from project 'SwiftPCAP')
	Building workspace PacketCaptureLibpcap with scheme PacketCaptureLibpcap
(3 failures)
BUILD FAILURE 6.4 visionOS