The Swift Package Index logo.Swift Package Index

Build Information

Failed to build SwiftFilt, reference main (8c2ead), with Swift 6.2 for Android on 13 Aug 2026 07:24:17 UTC.

Build Command

bash -c docker run --pull=always --rm -v "checkouts-53886770-0":/host -w "$PWD" -e JAVA_HOME="/root/.sdkman/candidates/java/current" -e SPI_BUILD="1" -e SPI_PROCESSING="1" registry.gitlab.com/saguaro1/spi-images:android-6.2-latest swift build --swift-sdk aarch64-unknown-linux-android28 2>&1

Build Log

========================================
RunAll
========================================
Builder version: 5.0.1
Interrupt handler set up.
========================================
Checkout
========================================
Clone URL: https://github.com/mi11ione/swiftfilt.git
Reference: main
Initialized empty Git repository in /host/spi-builder-workspace/.git/
hint: Using 'master' as the name for the initial branch. This default branch name
hint: is subject to change. To configure the initial branch name to use in all
hint: of your new repositories, which will suppress this warning, call:
hint:
hint: 	git config --global init.defaultBranch <name>
hint:
hint: Names commonly chosen instead of 'master' are 'main', 'trunk' and
hint: 'development'. The just-created branch can be renamed via this command:
hint:
hint: 	git branch -m <name>
From https://github.com/mi11ione/swiftfilt
 * branch            main       -> FETCH_HEAD
 * [new branch]      main       -> origin/main
HEAD is now at 8c2eadf 1.0.2
Cloned https://github.com/mi11ione/swiftfilt.git
Revision (git rev-parse @):
8c2eadfd592f2998dfd9ffe9bf3f6ac15f0c263c
SPI manifest file found: $PWD/.spi.yml
SUCCESS checkout https://github.com/mi11ione/swiftfilt.git at main
========================================
Build
========================================
Selected platform:         android
Swift version:             6.2
Building package at path:  $PWD
https://github.com/mi11ione/swiftfilt.git
Running build ...
bash -c docker run --pull=always --rm -v "checkouts-53886770-0":/host -w "$PWD" -e JAVA_HOME="/root/.sdkman/candidates/java/current" -e SPI_BUILD="1" -e SPI_PROCESSING="1" registry.gitlab.com/saguaro1/spi-images:android-6.2-latest swift build --swift-sdk aarch64-unknown-linux-android28 2>&1
android-6.2-latest: Pulling from saguaro1/spi-images
Digest: sha256:573917aa137cc6f081a4f3d2a0330bac24553e9cd713cd758adf65046f5c6b90
Status: Image is up to date for registry.gitlab.com/saguaro1/spi-images:android-6.2-latest
Building for debugging...
[0/15] Write sources
[5/15] Write swift-version--11D90AFD9DD3AB2.txt
[7/51] Emitting module SwiftFilt
[8/56] Compiling SwiftFilt DemanglerOld.swift
[9/56] Compiling SwiftFilt DemanglerPredicates.swift
[10/56] Compiling SwiftFilt DemanglerSpecializations.swift
[11/56] Compiling SwiftFilt DemanglerSubstitutions.swift
[12/56] Compiling SwiftFilt DemanglerTypes.swift
[13/56] Compiling SwiftFilt SwiftPunycode.swift
[14/56] Compiling SwiftFilt SwiftSymbol.swift
[15/56] Compiling SwiftFilt SwiftSymbolClassifier.swift
[16/56] Compiling SwiftFilt SwiftSymbolKind.swift
[17/56] Compiling SwiftFilt ValueWitnessKinds.swift
[18/56] Compiling SwiftFilt RemanglerDispatch.swift
[19/56] Compiling SwiftFilt RemanglerGenerics.swift
[20/56] Compiling SwiftFilt RemanglerNodes.swift
[21/56] Compiling SwiftFilt RemanglerTailKinds.swift
[22/56] Compiling SwiftFilt StandardSubstitutions.swift
[23/56] Compiling SwiftFilt DemangleError.swift
[24/56] Compiling SwiftFilt DemangleSession.swift
[25/56] Compiling SwiftFilt DemangleStyle.swift
[26/56] Compiling SwiftFilt DemangledSymbol.swift
[27/56] Compiling SwiftFilt DemangledSymbolKind.swift
[28/56] Compiling SwiftFilt EngineStacks.swift
[29/56] Compiling SwiftFilt NodeBuilder.swift
[30/56] Compiling SwiftFilt NodePrinterDispatch.swift
[31/56] Compiling SwiftFilt NodePrinterEntities.swift
[32/56] Compiling SwiftFilt OldDemangler.swift
[33/56] Compiling SwiftFilt ArenaBuilder.swift
[34/56] Compiling SwiftFilt ArenaDemangling.swift
[35/56] Compiling SwiftFilt Demangler.swift
[36/56] Compiling SwiftFilt DemanglerEntities.swift
[37/56] Compiling SwiftFilt DemanglerImplArchetype.swift
[38/56] Compiling SwiftFilt SwiftDemangler.swift
[39/56] Compiling SwiftFilt SwiftDemanglerPrinter.swift
[40/56] Compiling SwiftFilt SwiftMangler.swift
[41/56] Compiling SwiftFilt SwiftManglingConstants.swift
[42/56] Compiling SwiftFilt SwiftManglingUtils.swift
[43/56] Compiling SwiftFilt DemangledSymbolNaming.swift
[44/56] Compiling SwiftFilt MangledNameScanner.swift
[45/56] Compiling SwiftFilt SwiftFilt.swift
[46/56] Compiling SwiftFilt SymbolExplanation.swift
[47/56] Compiling SwiftFilt SymbolIdentityKey.swift
[48/57] Wrapping AST for SwiftFilt for debugging
[50/70] Compiling SwiftFiltCLICore StreamLines.swift
[51/71] Compiling SwiftFiltCLICore SymbolText.swift
[52/71] Compiling SwiftFiltCLICore ParallelRewrite.swift
[53/71] Compiling SwiftFiltCLICore CLI.swift
[54/71] Compiling SwiftFiltCLICore CensusCommand.swift
[55/71] Emitting module SwiftFiltCLICore
[56/71] Compiling SwiftFiltCLICore ExplainCommand.swift
[57/71] Compiling SwiftFiltCLICore FilterStream.swift
[58/71] Compiling SwiftFiltCLICore Invocation.swift
[59/71] Compiling SwiftFiltCLICore JSONText.swift
[60/71] Compiling SwiftFiltCLICore CensusReport.swift
[61/71] Compiling SwiftFiltCLICore CensusTally.swift
[62/71] Compiling SwiftFiltCLICore CensusInput.swift
[63/71] Compiling SwiftFiltCLICore CensusParallel.swift
[64/72] Wrapping AST for SwiftFiltCLICore for debugging
error: emit-module command failed with exit code 1 (use -v to see invocation)
[66/85] Emitting module swiftfilt_cli
/host/spi-builder-workspace/Sources/swiftfilt-cli/main.swift:431:32: error: cannot find 'fopen' in scope
429 |             // Portable existence probe for the args-mode file hint (fopen,
430 |             // not stat: the one probe every libc spells the same way).
431 |             guard let handle = fopen(path, "rb") else { return false }
    |                                `- error: cannot find 'fopen' in scope
432 |             fclose(handle)
433 |             return true
/host/spi-builder-workspace/Sources/swiftfilt-cli/main.swift:432:13: error: cannot find 'fclose' in scope
430 |             // not stat: the one probe every libc spells the same way).
431 |             guard let handle = fopen(path, "rb") else { return false }
432 |             fclose(handle)
    |             `- error: cannot find 'fclose' in scope
433 |             return true
434 |         },
/host/spi-builder-workspace/Sources/swiftfilt-cli/main.swift:438:1: error: cannot find 'exit' in scope
436 | }
437 |
438 | exit(status)
    | `- error: cannot find 'exit' in scope
439 |
[67/85] Compiling swiftfilt_cli main.swift
/host/spi-builder-workspace/Sources/swiftfilt-cli/main.swift:431:32: error: cannot find 'fopen' in scope
429 |             // Portable existence probe for the args-mode file hint (fopen,
430 |             // not stat: the one probe every libc spells the same way).
431 |             guard let handle = fopen(path, "rb") else { return false }
    |                                `- error: cannot find 'fopen' in scope
432 |             fclose(handle)
433 |             return true
/host/spi-builder-workspace/Sources/swiftfilt-cli/main.swift:432:13: error: cannot find 'fclose' in scope
430 |             // not stat: the one probe every libc spells the same way).
431 |             guard let handle = fopen(path, "rb") else { return false }
432 |             fclose(handle)
    |             `- error: cannot find 'fclose' in scope
433 |             return true
434 |         },
/host/spi-builder-workspace/Sources/swiftfilt-cli/main.swift:438:1: error: cannot find 'exit' in scope
436 | }
437 |
438 | exit(status)
    | `- error: cannot find 'exit' in scope
439 |
/host/spi-builder-workspace/Sources/swiftfilt-cli/main.swift:126:17: error: cannot find '_read' in scope
124 |             Glibc.read(fd, pointer, count)
125 |         #else
126 |             Int(_read(fd, pointer, UInt32(count)))
    |                 `- error: cannot find '_read' in scope
127 |         #endif
128 |     }
/host/spi-builder-workspace/Sources/swiftfilt-cli/main.swift:174:17: error: cannot find '_write' in scope
172 |             Glibc.write(fd, pointer, count)
173 |         #else
174 |             Int(_write(fd, pointer, UInt32(count)))
    |                 `- error: cannot find '_write' in scope
175 |         #endif
176 |     }
/host/spi-builder-workspace/Sources/swiftfilt-cli/main.swift:183:13: error: cannot find '_isatty' in scope
181 |             isatty(1) != 0
182 |         #else
183 |             _isatty(1) != 0
    |             `- error: cannot find '_isatty' in scope
184 |         #endif
185 |     }
BUILD FAILURE 6.2 android