The Swift Package Index logo.Swift Package Index

Build Information

Failed to build RecallKit, reference 0.1.2 (f938b8), with Swift 6.4 for tvOS using Xcode 27.0 on 24 Sep 2026 18:54:45 UTC.

Build Command

env DEVELOPER_DIR=/Applications/Xcode-27.0.0-Release.Candidate.app xcrun xcodebuild -IDEClonedSourcePackagesDirPathOverride=$PWD/.dependencies -skipMacroValidation -skipPackagePluginValidation -derivedDataPath $PWD/.derivedData build -scheme RecallKit -destination generic/platform=tvOS

Build Log

========================================
RunAll
========================================
Builder version: 5.1.0
Interrupt handler set up.
========================================
Checkout
========================================
Clone URL: https://github.com/gregyoung14/RecallKit.git
Reference: 0.1.2
Initialized empty Git repository in /Users/admin/builder/spi-builder-workspace/.git/
From https://github.com/gregyoung14/RecallKit
 * tag               0.1.2      -> FETCH_HEAD
HEAD is now at f938b8d Initial RecallKit release
Cloned https://github.com/gregyoung14/RecallKit.git
Revision (git rev-parse @):
f938b8d781aa001b6479585cd2fcd7393b00735c
SPI manifest file found: $PWD/.spi.yml
SUCCESS checkout https://github.com/gregyoung14/RecallKit.git at 0.1.2
========================================
Build
========================================
Selected platform:         tvOS
Swift version:             6.4
Building package at path:  $PWD
https://github.com/gregyoung14/RecallKit.git
Command line invocation:
    /Applications/Xcode-27.0.0-Release.Candidate.app/Contents/Developer/usr/bin/xcodebuild -IDEClonedSourcePackagesDirPathOverride=/Users/admin/builder/spi-builder-workspace/.dependencies -resolvePackageDependencies
Resolve Package Graph
Fetching from https://github.com/Jaesung-Jung/SwiftXXHash.git
Creating working copy of package ‘SwiftXXHash’
Checking out 1.0.0 of package ‘SwiftXXHash’
Resolve Package Graph
Resolved source packages:
  RecallKit: /Users/admin/builder/spi-builder-workspace
  SwiftXXHash: https://github.com/Jaesung-Jung/SwiftXXHash.git @ 1.0.0
resolved source packages: RecallKit, SwiftXXHash
2026-09-24 14:54:01.891 xcodebuild[529:3029] [MT] IDERunDestination: Supported platforms for the buildables in the current scheme is empty.
{
  "dependencies" : [
    {
      "identity" : "swiftxxhash",
      "requirement" : {
        "range" : [
          {
            "lower_bound" : "1.0.0",
            "upper_bound" : "2.0.0"
          }
        ]
      },
      "type" : "sourceControl",
      "url" : "https://github.com/Jaesung-Jung/SwiftXXHash.git"
    }
  ],
  "manifest_display_name" : "RecallKit",
  "name" : "RecallKit",
  "path" : "/Users/admin/builder/spi-builder-workspace",
  "platforms" : [
    {
      "name" : "macos",
      "version" : "13.0"
    },
    {
      "name" : "ios",
      "version" : "17.0"
    }
  ],
  "products" : [
    {
      "name" : "RecallKit",
      "targets" : [
        "RecallKit"
      ],
      "type" : {
        "library" : [
          "automatic"
        ]
      }
    }
  ],
  "swift_languages_versions" : [
    "6"
  ],
  "targets" : [
    {
      "c99name" : "RecallKitTests",
      "module_type" : "SwiftTarget",
      "name" : "RecallKitTests",
      "path" : "Tests/RecallKitTests",
      "sources" : [
        "RecallKitTests.swift"
      ],
      "target_dependencies" : [
        "RecallKit"
      ],
      "type" : "test"
    },
    {
      "c99name" : "RecallKit",
      "module_type" : "SwiftTarget",
      "name" : "RecallKit",
      "path" : "Sources/RecallKit",
      "product_dependencies" : [
        "XXHash"
      ],
      "product_memberships" : [
        "RecallKit"
      ],
      "sources" : [
        "BenchmarkComparisons.swift",
        "BinaryEncoding.swift",
        "BinaryLookupTable.swift",
        "DirectoryCrawler.swift",
        "FileLock.swift",
        "FileTableCodec.swift",
        "GlobMatcher.swift",
        "IOSBackgroundCompaction.swift",
        "IgnoreMatcher.swift",
        "IndexPersistence.swift",
        "Models.swift",
        "Parallel.swift",
        "PostingCodec.swift",
        "RecallKit.swift",
        "RecallKitIndexService.swift",
        "RecordChunker.swift",
        "RecordIndexPersistence.swift",
        "RecordModels.swift",
        "RecordSnapshotProviders.swift",
        "RegexHintExtractor.swift",
        "RegexQueryPlanner.swift",
        "SearchIndex.swift",
        "Searcher.swift",
        "SparseNGramExtractor.swift",
        "StableHasher.swift",
        "TombstoneCodec.swift",
        "URL+RelativePath.swift",
        "WeightTable.swift"
      ],
      "type" : "library"
    }
  ],
  "tools_version" : "6.3"
}
{
  "workspace" : {
    "name" : "RecallKit",
    "schemes" : [
      "RecallKit"
    ]
  }
}
2026-09-24 14:54:34.193 xcodebuild[729:4275] [MT] IDERunDestination: Supported platforms for the buildables in the current scheme is empty.
Running build ...
env DEVELOPER_DIR=/Applications/Xcode-27.0.0-Release.Candidate.app xcrun xcodebuild -IDEClonedSourcePackagesDirPathOverride=$PWD/.dependencies -skipMacroValidation -skipPackagePluginValidation -derivedDataPath $PWD/.derivedData build -scheme RecallKit -destination generic/platform=tvOS
Command line invocation:
    /Applications/Xcode-27.0.0-Release.Candidate.app/Contents/Developer/usr/bin/xcodebuild -IDEClonedSourcePackagesDirPathOverride=/Users/admin/builder/spi-builder-workspace/.dependencies -skipMacroValidation -skipPackagePluginValidation -derivedDataPath /Users/admin/builder/spi-builder-workspace/.derivedData build -scheme RecallKit -destination generic/platform=tvOS
Resolve Package Graph
Resolve Package Graph
Resolved source packages:
  SwiftXXHash: https://github.com/Jaesung-Jung/SwiftXXHash.git @ 1.0.0
  RecallKit: /Users/admin/builder/spi-builder-workspace
ComputePackagePrebuildTargetDependencyGraph
Prepare packages
CreateBuildRequest
SendProjectDescription
CreateBuildOperation
ComputeTargetDependencyGraph
note: Building targets in dependency order
note: Target dependency graph (5 targets)
    Target 'RecallKit-product' in project 'RecallKit'
        ➜ Explicit dependency on target 'RecallKit' in project 'RecallKit'
        ➜ Explicit dependency on target 'XXHash-product' in project 'SwiftXXHash'
    Target 'RecallKit' in project 'RecallKit'
        ➜ Explicit dependency on target 'XXHash-product' in project 'SwiftXXHash'
    Target 'XXHash-product' in project 'SwiftXXHash'
        ➜ Explicit dependency on target 'XXHash' in project 'SwiftXXHash'
        ➜ Explicit dependency on target 'libxxhash' in project 'SwiftXXHash'
    Target 'XXHash' in project 'SwiftXXHash'
        ➜ Explicit dependency on target 'libxxhash' in project 'SwiftXXHash'
    Target 'libxxhash' in project 'SwiftXXHash' (no dependencies)
GatherProvisioningInputs
CreateBuildDescription
ExecuteExternalTool /Applications/Xcode-27.0.0-Release.Candidate.app/Contents/Developer/Toolchains/XcodeDefault.xctoolchain/usr/bin/clang -v -E -dM -arch arm64 -isysroot /Applications/Xcode-27.0.0-Release.Candidate.app/Contents/Developer/Platforms/AppleTVOS.platform/Developer/SDKs/AppleTVOS27.0.sdk -x c -c /dev/null
ExecuteExternalTool /Applications/Xcode-27.0.0-Release.Candidate.app/Contents/Developer/Toolchains/XcodeDefault.xctoolchain/usr/bin/clang -v -E -dM -isysroot /Applications/Xcode-27.0.0-Release.Candidate.app/Contents/Developer/Platforms/AppleTVOS.platform/Developer/SDKs/AppleTVOS27.0.sdk -x c -c /dev/null
ExecuteExternalTool /Applications/Xcode-27.0.0-Release.Candidate.app/Contents/Developer/Toolchains/XcodeDefault.xctoolchain/usr/bin/swiftc --version
ExecuteExternalTool /Applications/Xcode-27.0.0-Release.Candidate.app/Contents/Developer/Toolchains/XcodeDefault.xctoolchain/usr/bin/ld -version_details
ReadFileContents /Applications/Xcode-27.0.0-Release.Candidate.app/Contents/Developer/Toolchains/XcodeDefault.xctoolchain/usr/share/docc/features.json
Build description signature: d5a607f6758e87f55c61640b094aa3d8
Build description path: /Users/admin/builder/spi-builder-workspace/.derivedData/Build/Intermediates.noindex/XCBuildData/d5a607f6758e87f55c61640b094aa3d8.xcbuilddata
CreateBuildDirectory /Users/admin/builder/spi-builder-workspace/.derivedData/ModuleCache.noindex
    cd /Users/admin/builder/spi-builder-workspace/.swiftpm/xcode
    builtin-create-build-directory /Users/admin/builder/spi-builder-workspace/.derivedData/ModuleCache.noindex
CreateBuildDirectory /Users/admin/builder/spi-builder-workspace/.derivedData/CompilationCache.noindex
    cd /Users/admin/builder/spi-builder-workspace/.swiftpm/xcode
    builtin-create-build-directory /Users/admin/builder/spi-builder-workspace/.derivedData/CompilationCache.noindex
CreateBuildDirectory /Users/admin/builder/spi-builder-workspace/.derivedData/SDKExplicitPrecompiledModules
    cd /Users/admin/builder/spi-builder-workspace/.swiftpm/xcode
    builtin-create-build-directory /Users/admin/builder/spi-builder-workspace/.derivedData/SDKExplicitPrecompiledModules
ClangStatCache /Applications/Xcode-27.0.0-Release.Candidate.app/Contents/Developer/Toolchains/XcodeDefault.xctoolchain/usr/bin/clang-stat-cache /Applications/Xcode-27.0.0-Release.Candidate.app/Contents/Developer/Platforms/AppleTVOS.platform/Developer/SDKs/AppleTVOS27.0.sdk /Users/admin/builder/spi-builder-workspace/.derivedData/SDKStatCaches.noindex/appletvos27.0-24J360-e829b21a6f8c9b70876ba0858053c044b32bfd8d43560033f8d89884cdb90028.sdkstatcache
    cd /Users/admin/builder/spi-builder-workspace/.swiftpm/xcode
    /Applications/Xcode-27.0.0-Release.Candidate.app/Contents/Developer/Toolchains/XcodeDefault.xctoolchain/usr/bin/clang-stat-cache /Applications/Xcode-27.0.0-Release.Candidate.app/Contents/Developer/Platforms/AppleTVOS.platform/Developer/SDKs/AppleTVOS27.0.sdk -o /Users/admin/builder/spi-builder-workspace/.derivedData/SDKStatCaches.noindex/appletvos27.0-24J360-e829b21a6f8c9b70876ba0858053c044b32bfd8d43560033f8d89884cdb90028.sdkstatcache
CreateBuildDirectory /Users/admin/builder/spi-builder-workspace/.derivedData/Build/Products
    cd /Users/admin/builder/spi-builder-workspace/.swiftpm/xcode
    builtin-create-build-directory /Users/admin/builder/spi-builder-workspace/.derivedData/Build/Products
CreateBuildDirectory /Users/admin/builder/spi-builder-workspace/.derivedData/Build/Intermediates.noindex
    cd /Users/admin/builder/spi-builder-workspace/.swiftpm/xcode
    builtin-create-build-directory /Users/admin/builder/spi-builder-workspace/.derivedData/Build/Intermediates.noindex
CreateBuildDirectory /Users/admin/builder/spi-builder-workspace/.derivedData/Build/Intermediates.noindex/SwiftExplicitPrecompiledModules
    cd /Users/admin/builder/spi-builder-workspace/.swiftpm/xcode
    builtin-create-build-directory /Users/admin/builder/spi-builder-workspace/.derivedData/Build/Intermediates.noindex/SwiftExplicitPrecompiledModules
CreateBuildDirectory /Users/admin/builder/spi-builder-workspace/.derivedData/Build/Intermediates.noindex/PrecompiledHeaders
    cd /Users/admin/builder/spi-builder-workspace/.swiftpm/xcode
    builtin-create-build-directory /Users/admin/builder/spi-builder-workspace/.derivedData/Build/Intermediates.noindex/PrecompiledHeaders
CreateBuildDirectory /Users/admin/builder/spi-builder-workspace/.derivedData/Build/Intermediates.noindex/ExplicitPrecompiledModules
    cd /Users/admin/builder/spi-builder-workspace/.swiftpm/xcode
    builtin-create-build-directory /Users/admin/builder/spi-builder-workspace/.derivedData/Build/Intermediates.noindex/ExplicitPrecompiledModules
CreateBuildDirectory /Users/admin/builder/spi-builder-workspace/.derivedData/Build/Intermediates.noindex/EagerLinkingTBDs/Debug-appletvos
    cd /Users/admin/builder/spi-builder-workspace/.swiftpm/xcode
    builtin-create-build-directory /Users/admin/builder/spi-builder-workspace/.derivedData/Build/Intermediates.noindex/EagerLinkingTBDs/Debug-appletvos
CreateBuildDirectory /Users/admin/builder/spi-builder-workspace/.derivedData/Build/Products/Debug-appletvos
    cd /Users/admin/builder/spi-builder-workspace/.swiftpm/xcode
    builtin-create-build-directory /Users/admin/builder/spi-builder-workspace/.derivedData/Build/Products/Debug-appletvos
CreateBuildDirectory /Users/admin/builder/spi-builder-workspace/.derivedData/Build/Products/Debug-appletvos/PackageFrameworks
    cd /Users/admin/builder/spi-builder-workspace/.swiftpm/xcode
    builtin-create-build-directory /Users/admin/builder/spi-builder-workspace/.derivedData/Build/Products/Debug-appletvos/PackageFrameworks
WriteAuxiliaryFile /Users/admin/builder/spi-builder-workspace/.derivedData/Build/Intermediates.noindex/SwiftXXHash.build/Debug-appletvos/libxxhash-t.build/libxxhash.DependencyMetadataFileList (in target 'libxxhash' from project 'SwiftXXHash')
    cd /Users/admin/builder/spi-builder-workspace/.dependencies/checkouts/SwiftXXHash
    write-file /Users/admin/builder/spi-builder-workspace/.derivedData/Build/Intermediates.noindex/SwiftXXHash.build/Debug-appletvos/libxxhash-t.build/libxxhash.DependencyMetadataFileList
WriteAuxiliaryFile /Users/admin/builder/spi-builder-workspace/.derivedData/Build/Intermediates.noindex/SwiftXXHash.build/Debug-appletvos/XXHash-t.build/XXHash.DependencyMetadataFileList (in target 'XXHash' from project 'SwiftXXHash')
    cd /Users/admin/builder/spi-builder-workspace/.dependencies/checkouts/SwiftXXHash
    write-file /Users/admin/builder/spi-builder-workspace/.derivedData/Build/Intermediates.noindex/SwiftXXHash.build/Debug-appletvos/XXHash-t.build/XXHash.DependencyMetadataFileList
WriteAuxiliaryFile /Users/admin/builder/spi-builder-workspace/.derivedData/Build/Intermediates.noindex/SwiftXXHash.build/Debug-appletvos/libxxhash-t.build/libxxhash.modulemap (in target 'libxxhash' from project 'SwiftXXHash')
    cd /Users/admin/builder/spi-builder-workspace/.dependencies/checkouts/SwiftXXHash
    write-file /Users/admin/builder/spi-builder-workspace/.derivedData/Build/Intermediates.noindex/SwiftXXHash.build/Debug-appletvos/libxxhash-t.build/libxxhash.modulemap
WriteAuxiliaryFile /Users/admin/builder/spi-builder-workspace/.derivedData/Build/Intermediates.noindex/SwiftXXHash.build/Debug-appletvos/XXHash-t.build/XXHash.modulemap (in target 'XXHash' from project 'SwiftXXHash')
    cd /Users/admin/builder/spi-builder-workspace/.dependencies/checkouts/SwiftXXHash
    write-file /Users/admin/builder/spi-builder-workspace/.derivedData/Build/Intermediates.noindex/SwiftXXHash.build/Debug-appletvos/XXHash-t.build/XXHash.modulemap
WriteAuxiliaryFile /Users/admin/builder/spi-builder-workspace/.derivedData/Build/Intermediates.noindex/SwiftXXHash.build/Debug-appletvos/XXHash-t.build/XXHash.DependencyStaticMetadataFileList (in target 'XXHash' from project 'SwiftXXHash')
    cd /Users/admin/builder/spi-builder-workspace/.dependencies/checkouts/SwiftXXHash
    write-file /Users/admin/builder/spi-builder-workspace/.derivedData/Build/Intermediates.noindex/SwiftXXHash.build/Debug-appletvos/XXHash-t.build/XXHash.DependencyStaticMetadataFileList
WriteAuxiliaryFile /Users/admin/builder/spi-builder-workspace/.derivedData/Build/Intermediates.noindex/SwiftXXHash.build/Debug-appletvos/libxxhash-t.build/libxxhash.DependencyStaticMetadataFileList (in target 'libxxhash' from project 'SwiftXXHash')
    cd /Users/admin/builder/spi-builder-workspace/.dependencies/checkouts/SwiftXXHash
    write-file /Users/admin/builder/spi-builder-workspace/.derivedData/Build/Intermediates.noindex/SwiftXXHash.build/Debug-appletvos/libxxhash-t.build/libxxhash.DependencyStaticMetadataFileList
WriteAuxiliaryFile /Users/admin/builder/spi-builder-workspace/.derivedData/Build/Intermediates.noindex/SwiftXXHash.build/Debug-appletvos/libxxhash-t.build/Objects-normal/arm64/7187679823f38a2a940e0043cdf9d637-common-args.resp (in target 'libxxhash' from project 'SwiftXXHash')
    cd /Users/admin/builder/spi-builder-workspace/.dependencies/checkouts/SwiftXXHash
    write-file /Users/admin/builder/spi-builder-workspace/.derivedData/Build/Intermediates.noindex/SwiftXXHash.build/Debug-appletvos/libxxhash-t.build/Objects-normal/arm64/7187679823f38a2a940e0043cdf9d637-common-args.resp
-fmodules -gmodules '-fmodules-cache-path=/Users/admin/builder/spi-builder-workspace/.derivedData/ModuleCache.noindex' '-fmodule-name=libxxhash' -fpascal-strings -O0 -DSWIFT_PACKAGE '-DDEBUG=1' -DXXH_CPU_LITTLE_ENDIAN -g -fprofile-instr-generate -fcoverage-mapping -I/Users/admin/builder/spi-builder-workspace/.derivedData/Build/Products/Debug-appletvos/include -I/Users/admin/builder/spi-builder-workspace/.dependencies/checkouts/SwiftXXHash/Sources/libxxhash -I/Users/admin/builder/spi-builder-workspace/.derivedData/Build/Intermediates.noindex/SwiftXXHash.build/Debug-appletvos/libxxhash-t.build/DerivedSources-normal/arm64 -I/Users/admin/builder/spi-builder-workspace/.derivedData/Build/Intermediates.noindex/SwiftXXHash.build/Debug-appletvos/libxxhash-t.build/DerivedSources/arm64 -I/Users/admin/builder/spi-builder-workspace/.derivedData/Build/Intermediates.noindex/SwiftXXHash.build/Debug-appletvos/libxxhash-t.build/DerivedSources -F/Users/admin/builder/spi-builder-workspace/.derivedData/Build/Products/Debug-appletvos -iframework /Applications/Xcode-27.0.0-Release.Candidate.app/Contents/Developer/Platforms/AppleTVOS.platform/Developer/Library/Frameworks -iframework /Applications/Xcode-27.0.0-Release.Candidate.app/Contents/Developer/Platforms/AppleTVOS.platform/Developer/SDKs/AppleTVOS27.0.sdk/Developer/Library/Frameworks -DXcode
WriteAuxiliaryFile /Users/admin/builder/spi-builder-workspace/.derivedData/Build/Intermediates.noindex/SwiftXXHash.build/Debug-appletvos/libxxhash-t.build/Objects-normal/arm64/libxxhash.LinkFileList (in target 'libxxhash' from project 'SwiftXXHash')
    cd /Users/admin/builder/spi-builder-workspace/.dependencies/checkouts/SwiftXXHash
    write-file /Users/admin/builder/spi-builder-workspace/.derivedData/Build/Intermediates.noindex/SwiftXXHash.build/Debug-appletvos/libxxhash-t.build/Objects-normal/arm64/libxxhash.LinkFileList
WriteAuxiliaryFile /Users/admin/builder/spi-builder-workspace/.derivedData/Build/Intermediates.noindex/SwiftXXHash.build/Debug-appletvos/XXHash-t.build/Objects-normal/arm64/XXHash_const_extract_protocols.json (in target 'XXHash' from project 'SwiftXXHash')
    cd /Users/admin/builder/spi-builder-workspace/.dependencies/checkouts/SwiftXXHash
    write-file /Users/admin/builder/spi-builder-workspace/.derivedData/Build/Intermediates.noindex/SwiftXXHash.build/Debug-appletvos/XXHash-t.build/Objects-normal/arm64/XXHash_const_extract_protocols.json
WriteAuxiliaryFile /Users/admin/builder/spi-builder-workspace/.derivedData/Build/Intermediates.noindex/SwiftXXHash.build/Debug-appletvos/XXHash-t.build/Objects-normal/arm64/XXHash.SwiftFileList (in target 'XXHash' from project 'SwiftXXHash')
    cd /Users/admin/builder/spi-builder-workspace/.dependencies/checkouts/SwiftXXHash
    write-file /Users/admin/builder/spi-builder-workspace/.derivedData/Build/Intermediates.noindex/SwiftXXHash.build/Debug-appletvos/XXHash-t.build/Objects-normal/arm64/XXHash.SwiftFileList
WriteAuxiliaryFile /Users/admin/builder/spi-builder-workspace/.derivedData/Build/Intermediates.noindex/SwiftXXHash.build/Debug-appletvos/XXHash-t.build/Objects-normal/arm64/XXHash.SwiftConstValuesFileList (in target 'XXHash' from project 'SwiftXXHash')
    cd /Users/admin/builder/spi-builder-workspace/.dependencies/checkouts/SwiftXXHash
    write-file /Users/admin/builder/spi-builder-workspace/.derivedData/Build/Intermediates.noindex/SwiftXXHash.build/Debug-appletvos/XXHash-t.build/Objects-normal/arm64/XXHash.SwiftConstValuesFileList
WriteAuxiliaryFile /Users/admin/builder/spi-builder-workspace/.derivedData/Build/Intermediates.noindex/SwiftXXHash.build/Debug-appletvos/XXHash-t.build/Objects-normal/arm64/XXHash.LinkFileList (in target 'XXHash' from project 'SwiftXXHash')
    cd /Users/admin/builder/spi-builder-workspace/.dependencies/checkouts/SwiftXXHash
    write-file /Users/admin/builder/spi-builder-workspace/.derivedData/Build/Intermediates.noindex/SwiftXXHash.build/Debug-appletvos/XXHash-t.build/Objects-normal/arm64/XXHash.LinkFileList
WriteAuxiliaryFile /Users/admin/builder/spi-builder-workspace/.derivedData/Build/Intermediates.noindex/SwiftXXHash.build/Debug-appletvos/XXHash-t.build/Objects-normal/arm64/XXHash-OutputFileMap.json (in target 'XXHash' from project 'SwiftXXHash')
    cd /Users/admin/builder/spi-builder-workspace/.dependencies/checkouts/SwiftXXHash
    write-file /Users/admin/builder/spi-builder-workspace/.derivedData/Build/Intermediates.noindex/SwiftXXHash.build/Debug-appletvos/XXHash-t.build/Objects-normal/arm64/XXHash-OutputFileMap.json
Copy /Users/admin/builder/spi-builder-workspace/.derivedData/Build/Intermediates.noindex/GeneratedModuleMaps-appletvos/XXHash.modulemap /Users/admin/builder/spi-builder-workspace/.derivedData/Build/Intermediates.noindex/SwiftXXHash.build/Debug-appletvos/XXHash-t.build/XXHash.modulemap (in target 'XXHash' from project 'SwiftXXHash')
    cd /Users/admin/builder/spi-builder-workspace/.dependencies/checkouts/SwiftXXHash
    builtin-copy -exclude .DS_Store -exclude CVS -exclude .svn -exclude .git -exclude .hg -resolve-src-symlinks /Users/admin/builder/spi-builder-workspace/.derivedData/Build/Intermediates.noindex/SwiftXXHash.build/Debug-appletvos/XXHash-t.build/XXHash.modulemap /Users/admin/builder/spi-builder-workspace/.derivedData/Build/Intermediates.noindex/GeneratedModuleMaps-appletvos
WriteAuxiliaryFile /Users/admin/builder/spi-builder-workspace/.derivedData/Build/Intermediates.noindex/RecallKit.build/Debug-appletvos/RecallKit-t.build/RecallKit.modulemap (in target 'RecallKit' from project 'RecallKit')
    cd /Users/admin/builder/spi-builder-workspace
    write-file /Users/admin/builder/spi-builder-workspace/.derivedData/Build/Intermediates.noindex/RecallKit.build/Debug-appletvos/RecallKit-t.build/RecallKit.modulemap
Copy /Users/admin/builder/spi-builder-workspace/.derivedData/Build/Intermediates.noindex/GeneratedModuleMaps-appletvos/libxxhash.modulemap /Users/admin/builder/spi-builder-workspace/.derivedData/Build/Intermediates.noindex/SwiftXXHash.build/Debug-appletvos/libxxhash-t.build/libxxhash.modulemap (in target 'libxxhash' from project 'SwiftXXHash')
    cd /Users/admin/builder/spi-builder-workspace/.dependencies/checkouts/SwiftXXHash
    builtin-copy -exclude .DS_Store -exclude CVS -exclude .svn -exclude .git -exclude .hg -resolve-src-symlinks /Users/admin/builder/spi-builder-workspace/.derivedData/Build/Intermediates.noindex/SwiftXXHash.build/Debug-appletvos/libxxhash-t.build/libxxhash.modulemap /Users/admin/builder/spi-builder-workspace/.derivedData/Build/Intermediates.noindex/GeneratedModuleMaps-appletvos
WriteAuxiliaryFile /Users/admin/builder/spi-builder-workspace/.derivedData/Build/Intermediates.noindex/RecallKit.build/Debug-appletvos/RecallKit-t.build/RecallKit.DependencyStaticMetadataFileList (in target 'RecallKit' from project 'RecallKit')
    cd /Users/admin/builder/spi-builder-workspace
    write-file /Users/admin/builder/spi-builder-workspace/.derivedData/Build/Intermediates.noindex/RecallKit.build/Debug-appletvos/RecallKit-t.build/RecallKit.DependencyStaticMetadataFileList
WriteAuxiliaryFile /Users/admin/builder/spi-builder-workspace/.derivedData/Build/Intermediates.noindex/RecallKit.build/Debug-appletvos/RecallKit-t.build/RecallKit.DependencyMetadataFileList (in target 'RecallKit' from project 'RecallKit')
    cd /Users/admin/builder/spi-builder-workspace
    write-file /Users/admin/builder/spi-builder-workspace/.derivedData/Build/Intermediates.noindex/RecallKit.build/Debug-appletvos/RecallKit-t.build/RecallKit.DependencyMetadataFileList
WriteAuxiliaryFile /Users/admin/builder/spi-builder-workspace/.derivedData/Build/Intermediates.noindex/RecallKit.build/Debug-appletvos/RecallKit-t.build/Objects-normal/arm64/RecallKit_const_extract_protocols.json (in target 'RecallKit' from project 'RecallKit')
    cd /Users/admin/builder/spi-builder-workspace
    write-file /Users/admin/builder/spi-builder-workspace/.derivedData/Build/Intermediates.noindex/RecallKit.build/Debug-appletvos/RecallKit-t.build/Objects-normal/arm64/RecallKit_const_extract_protocols.json
WriteAuxiliaryFile /Users/admin/builder/spi-builder-workspace/.derivedData/Build/Intermediates.noindex/RecallKit.build/Debug-appletvos/RecallKit-t.build/Objects-normal/arm64/RecallKit.SwiftFileList (in target 'RecallKit' from project 'RecallKit')
    cd /Users/admin/builder/spi-builder-workspace
    write-file /Users/admin/builder/spi-builder-workspace/.derivedData/Build/Intermediates.noindex/RecallKit.build/Debug-appletvos/RecallKit-t.build/Objects-normal/arm64/RecallKit.SwiftFileList
WriteAuxiliaryFile /Users/admin/builder/spi-builder-workspace/.derivedData/Build/Intermediates.noindex/RecallKit.build/Debug-appletvos/RecallKit-t.build/Objects-normal/arm64/RecallKit.SwiftConstValuesFileList (in target 'RecallKit' from project 'RecallKit')
    cd /Users/admin/builder/spi-builder-workspace
    write-file /Users/admin/builder/spi-builder-workspace/.derivedData/Build/Intermediates.noindex/RecallKit.build/Debug-appletvos/RecallKit-t.build/Objects-normal/arm64/RecallKit.SwiftConstValuesFileList
WriteAuxiliaryFile /Users/admin/builder/spi-builder-workspace/.derivedData/Build/Intermediates.noindex/RecallKit.build/Debug-appletvos/RecallKit-t.build/Objects-normal/arm64/RecallKit.LinkFileList (in target 'RecallKit' from project 'RecallKit')
    cd /Users/admin/builder/spi-builder-workspace
    write-file /Users/admin/builder/spi-builder-workspace/.derivedData/Build/Intermediates.noindex/RecallKit.build/Debug-appletvos/RecallKit-t.build/Objects-normal/arm64/RecallKit.LinkFileList
WriteAuxiliaryFile /Users/admin/builder/spi-builder-workspace/.derivedData/Build/Intermediates.noindex/RecallKit.build/Debug-appletvos/RecallKit-t.build/Objects-normal/arm64/RecallKit-OutputFileMap.json (in target 'RecallKit' from project 'RecallKit')
    cd /Users/admin/builder/spi-builder-workspace
    write-file /Users/admin/builder/spi-builder-workspace/.derivedData/Build/Intermediates.noindex/RecallKit.build/Debug-appletvos/RecallKit-t.build/Objects-normal/arm64/RecallKit-OutputFileMap.json
Copy /Users/admin/builder/spi-builder-workspace/.derivedData/Build/Intermediates.noindex/GeneratedModuleMaps-appletvos/RecallKit.modulemap /Users/admin/builder/spi-builder-workspace/.derivedData/Build/Intermediates.noindex/RecallKit.build/Debug-appletvos/RecallKit-t.build/RecallKit.modulemap (in target 'RecallKit' from project 'RecallKit')
    cd /Users/admin/builder/spi-builder-workspace
    builtin-copy -exclude .DS_Store -exclude CVS -exclude .svn -exclude .git -exclude .hg -resolve-src-symlinks /Users/admin/builder/spi-builder-workspace/.derivedData/Build/Intermediates.noindex/RecallKit.build/Debug-appletvos/RecallKit-t.build/RecallKit.modulemap /Users/admin/builder/spi-builder-workspace/.derivedData/Build/Intermediates.noindex/GeneratedModuleMaps-appletvos
ScanDependencies /Users/admin/builder/spi-builder-workspace/.derivedData/Build/Intermediates.noindex/SwiftXXHash.build/Debug-appletvos/libxxhash-t.build/Objects-normal/arm64/xxhash.o /Users/admin/builder/spi-builder-workspace/.dependencies/checkouts/SwiftXXHash/Sources/libxxhash/xxhash.c normal arm64 c com.apple.compilers.llvm.clang.1_0.compiler (in target 'libxxhash' from project 'SwiftXXHash')
    cd /Users/admin/builder/spi-builder-workspace/.swiftpm/xcode

    Using response file: /Users/admin/builder/spi-builder-workspace/.derivedData/Build/Intermediates.noindex/SwiftXXHash.build/Debug-appletvos/libxxhash-t.build/Objects-normal/arm64/7187679823f38a2a940e0043cdf9d637-common-args.resp

    builtin-ScanDependencies -o /Users/admin/builder/spi-builder-workspace/.derivedData/Build/Intermediates.noindex/SwiftXXHash.build/Debug-appletvos/libxxhash-t.build/Objects-normal/arm64/xxhash.o.scan -- /Applications/Xcode-27.0.0-Release.Candidate.app/Contents/Developer/Toolchains/XcodeDefault.xctoolchain/usr/bin/clang -x c -ivfsstatcache /Users/admin/builder/spi-builder-workspace/.derivedData/SDKStatCaches.noindex/appletvos27.0-24J360-e829b21a6f8c9b70876ba0858053c044b32bfd8d43560033f8d89884cdb90028.sdkstatcache -target arm64-apple-tvos15.0 -fmessage-length\=0 -fdiagnostics-show-note-include-stack -fmacro-backtrace-limit\=0 -fno-color-diagnostics -fmodules-prune-interval\=86400 -fmodules-prune-after\=345600 -fbuild-session-file\=/Users/admin/builder/spi-builder-workspace/.derivedData/ModuleCache.noindex/Session.modulevalidation -fmodules-validate-once-per-build-session -Wnon-modular-include-in-framework-module -Werror\=non-modular-include-in-framework-module -Wno-trigraphs -Wno-missing-field-initializers -Wno-missing-prototypes -Wno-return-type -Wno-missing-braces -Wparentheses -Wswitch -Wno-unused-function -Wno-unused-label -Wno-unused-parameter -Wno-unused-variable -Wunused-value -Wno-empty-body -Wno-uninitialized -Wno-unknown-pragmas -w -Wno-shadow -Wno-four-char-constants -Wno-conversion -Wno-constant-conversion -Wno-int-conversion -Wno-bool-conversion -Wno-enum-conversion -Wno-float-conversion -Wno-non-literal-null-conversion -Wno-objc-literal-conversion -Wshorten-64-to-32 -Wpointer-sign -Wno-newline-eof -Wno-implicit-fallthrough -isysroot /Applications/Xcode-27.0.0-Release.Candidate.app/Contents/Developer/Platforms/AppleTVOS.platform/Developer/SDKs/AppleTVOS27.0.sdk -fstrict-aliasing -Wdeprecated-declarations -Wno-sign-conversion -Wno-infinite-recursion -Wno-comma -Wno-block-capture-autoreleasing -Wno-strict-prototypes -Wno-semicolon-before-method-body -index-store-path /Users/admin/builder/spi-builder-workspace/.derivedData/Index.noindex/DataStore @/Users/admin/builder/spi-builder-workspace/.derivedData/Build/Intermediates.noindex/SwiftXXHash.build/Debug-appletvos/libxxhash-t.build/Objects-normal/arm64/7187679823f38a2a940e0043cdf9d637-common-args.resp -MMD -MT dependencies -MF /Users/admin/builder/spi-builder-workspace/.derivedData/Build/Intermediates.noindex/SwiftXXHash.build/Debug-appletvos/libxxhash-t.build/Objects-normal/arm64/xxhash.d --serialize-diagnostics /Users/admin/builder/spi-builder-workspace/.derivedData/Build/Intermediates.noindex/SwiftXXHash.build/Debug-appletvos/libxxhash-t.build/Objects-normal/arm64/xxhash.dia -c /Users/admin/builder/spi-builder-workspace/.dependencies/checkouts/SwiftXXHash/Sources/libxxhash/xxhash.c -o /Users/admin/builder/spi-builder-workspace/.derivedData/Build/Intermediates.noindex/SwiftXXHash.build/Debug-appletvos/libxxhash-t.build/Objects-normal/arm64/xxhash.o -index-unit-output-path /SwiftXXHash.build/Debug-appletvos/libxxhash-t.build/Objects-normal/arm64/xxhash.o
SwiftDriver XXHash normal arm64 com.apple.xcode.tools.swift.compiler (in target 'XXHash' from project 'SwiftXXHash')
    cd /Users/admin/builder/spi-builder-workspace/.swiftpm/xcode
    builtin-SwiftDriver -- /Applications/Xcode-27.0.0-Release.Candidate.app/Contents/Developer/Toolchains/XcodeDefault.xctoolchain/usr/bin/swiftc -parse-as-library -module-name XXHash -Onone @/Users/admin/builder/spi-builder-workspace/.derivedData/Build/Intermediates.noindex/SwiftXXHash.build/Debug-appletvos/XXHash-t.build/Objects-normal/arm64/XXHash.SwiftFileList -DSWIFT_PACKAGE -DDEBUG -DSWIFT_MODULE_RESOURCE_BUNDLE_UNAVAILABLE -Xcc -fmodule-map-file\=/Users/admin/builder/spi-builder-workspace/.derivedData/Build/Intermediates.noindex/GeneratedModuleMaps-appletvos/libxxhash.modulemap -DXcode -plugin-path /Applications/Xcode-27.0.0-Release.Candidate.app/Contents/Developer/Toolchains/XcodeDefault.xctoolchain/usr/lib/swift/host/plugins/testing -enable-experimental-feature DebugDescriptionMacro -sdk /Applications/Xcode-27.0.0-Release.Candidate.app/Contents/Developer/Platforms/AppleTVOS.platform/Developer/SDKs/AppleTVOS27.0.sdk -target arm64-apple-tvos15.0 -g -module-cache-path /Users/admin/builder/spi-builder-workspace/.derivedData/ModuleCache.noindex -Xfrontend -serialize-debugging-options -profile-coverage-mapping -profile-generate -enable-testing -suppress-warnings -index-store-path /Users/admin/builder/spi-builder-workspace/.derivedData/Index.noindex/DataStore -Xcc -D_LIBCPP_HARDENING_MODE\=_LIBCPP_HARDENING_MODE_DEBUG -swift-version 6 -I /Users/admin/builder/spi-builder-workspace/.derivedData/Build/Products/Debug-appletvos -Isystem /Applications/Xcode-27.0.0-Release.Candidate.app/Contents/Developer/Platforms/AppleTVOS.platform/Developer/usr/lib -F /Users/admin/builder/spi-builder-workspace/.derivedData/Build/Products/Debug-appletvos/PackageFrameworks -F /Users/admin/builder/spi-builder-workspace/.derivedData/Build/Products/Debug-appletvos -F /Applications/Xcode-27.0.0-Release.Candidate.app/Contents/Developer/Platforms/AppleTVOS.platform/Developer/Library/Frameworks -F /Applications/Xcode-27.0.0-Release.Candidate.app/Contents/Developer/Platforms/AppleTVOS.platform/Developer/SDKs/AppleTVOS27.0.sdk/Developer/Library/Frameworks -c -j10 -enable-batch-mode -incremental -Xcc -ivfsstatcache -Xcc /Users/admin/builder/spi-builder-workspace/.derivedData/SDKStatCaches.noindex/appletvos27.0-24J360-e829b21a6f8c9b70876ba0858053c044b32bfd8d43560033f8d89884cdb90028.sdkstatcache -output-file-map /Users/admin/builder/spi-builder-workspace/.derivedData/Build/Intermediates.noindex/SwiftXXHash.build/Debug-appletvos/XXHash-t.build/Objects-normal/arm64/XXHash-OutputFileMap.json -save-temps -no-color-diagnostics -explicit-module-build -module-cache-path /Users/admin/builder/spi-builder-workspace/.derivedData/Build/Intermediates.noindex/SwiftExplicitPrecompiledModules -clang-scanner-module-cache-path /Users/admin/builder/spi-builder-workspace/.derivedData/ModuleCache.noindex -sdk-module-cache-path /Users/admin/builder/spi-builder-workspace/.derivedData/SDKExplicitPrecompiledModules -emit-dependencies -emit-module -emit-module-path /Users/admin/builder/spi-builder-workspace/.derivedData/Build/Intermediates.noindex/SwiftXXHash.build/Debug-appletvos/XXHash-t.build/Objects-normal/arm64/XXHash.swiftmodule -serialize-diagnostics -dependency-scan-serialize-diagnostics-path /Users/admin/builder/spi-builder-workspace/.derivedData/Build/Intermediates.noindex/SwiftXXHash.build/Debug-appletvos/XXHash-t.build/Objects-normal/arm64/XXHash-dependency-scan.dia -user-module-version 1.0.0 -validate-clang-modules-once -clang-build-session-file /Users/admin/builder/spi-builder-workspace/.derivedData/ModuleCache.noindex/Session.modulevalidation -Xcc -fmodules-prune-interval\=86400 -Xcc -fmodules-prune-after\=345600 -package-name swiftxxhash -emit-const-values -const-gather-protocols-list /Users/admin/builder/spi-builder-workspace/.derivedData/Build/Intermediates.noindex/SwiftXXHash.build/Debug-appletvos/XXHash-t.build/Objects-normal/arm64/XXHash_const_extract_protocols.json -Xcc -I/Users/admin/builder/spi-builder-workspace/.dependencies/checkouts/SwiftXXHash/Sources/libxxhash -Xcc -I/Users/admin/builder/spi-builder-workspace/.derivedData/Build/Products/Debug-appletvos/include -Xcc -I/Users/admin/builder/spi-builder-workspace/.derivedData/Build/Intermediates.noindex/SwiftXXHash.build/Debug-appletvos/XXHash-t.build/DerivedSources-normal/arm64 -Xcc -I/Users/admin/builder/spi-builder-workspace/.derivedData/Build/Intermediates.noindex/SwiftXXHash.build/Debug-appletvos/XXHash-t.build/DerivedSources/arm64 -Xcc -I/Users/admin/builder/spi-builder-workspace/.derivedData/Build/Intermediates.noindex/SwiftXXHash.build/Debug-appletvos/XXHash-t.build/DerivedSources -Xcc -DSWIFT_PACKAGE -Xcc -DDEBUG\=1 -emit-objc-header -emit-objc-header-path /Users/admin/builder/spi-builder-workspace/.derivedData/Build/Intermediates.noindex/SwiftXXHash.build/Debug-appletvos/XXHash-t.build/Objects-normal/arm64/XXHash-Swift.h -working-directory /Users/admin/builder/spi-builder-workspace/.swiftpm/xcode -experimental-emit-module-separately -disable-cmo
PrecompileModule /Users/admin/builder/spi-builder-workspace/.derivedData/Build/Intermediates.noindex/ExplicitPrecompiledModules/_Builtin_stddef-D63E9AQWGRO3N3EH9VFTCNC29.scan
    cd /
    builtin-precompileModule /Users/admin/builder/spi-builder-workspace/.derivedData/Build/Intermediates.noindex/ExplicitPrecompiledModules/_Builtin_stddef-D63E9AQWGRO3N3EH9VFTCNC29.scan
PrecompileModule /Users/admin/builder/spi-builder-workspace/.derivedData/Build/Intermediates.noindex/ExplicitPrecompiledModules/_AvailabilityInternal-CEYMRMSY9YY5XCP0WY0D8M5I3.scan
    cd /
    builtin-precompileModule /Users/admin/builder/spi-builder-workspace/.derivedData/Build/Intermediates.noindex/ExplicitPrecompiledModules/_AvailabilityInternal-CEYMRMSY9YY5XCP0WY0D8M5I3.scan
PrecompileModule /Users/admin/builder/spi-builder-workspace/.derivedData/Build/Intermediates.noindex/ExplicitPrecompiledModules/_Builtin_float-5RWZ6ZUDBXHAUJ2VKWVOEKP.scan
    cd /
    builtin-precompileModule /Users/admin/builder/spi-builder-workspace/.derivedData/Build/Intermediates.noindex/ExplicitPrecompiledModules/_Builtin_float-5RWZ6ZUDBXHAUJ2VKWVOEKP.scan
PrecompileModule /Users/admin/builder/spi-builder-workspace/.derivedData/Build/Intermediates.noindex/ExplicitPrecompiledModules/ptrcheck-AXKJO9J46PCNN2TE2H08QELQQ.scan
    cd /
    builtin-precompileModule /Users/admin/builder/spi-builder-workspace/.derivedData/Build/Intermediates.noindex/ExplicitPrecompiledModules/ptrcheck-AXKJO9J46PCNN2TE2H08QELQQ.scan
PrecompileModule /Users/admin/builder/spi-builder-workspace/.derivedData/Build/Intermediates.noindex/ExplicitPrecompiledModules/_Builtin_stdarg-ECR76TW83L5XUKH1CR7F4KJPV.scan
    cd /
    builtin-precompileModule /Users/admin/builder/spi-builder-workspace/.derivedData/Build/Intermediates.noindex/ExplicitPrecompiledModules/_Builtin_stdarg-ECR76TW83L5XUKH1CR7F4KJPV.scan
PrecompileModule /Users/admin/builder/spi-builder-workspace/.derivedData/Build/Intermediates.noindex/ExplicitPrecompiledModules/_DarwinFoundation1-B63WLQS2JRV6IVHN72ZISDJHF.scan
    cd /
    builtin-precompileModule /Users/admin/builder/spi-builder-workspace/.derivedData/Build/Intermediates.noindex/ExplicitPrecompiledModules/_DarwinFoundation1-B63WLQS2JRV6IVHN72ZISDJHF.scan
PrecompileModule /Users/admin/builder/spi-builder-workspace/.derivedData/Build/Intermediates.noindex/ExplicitPrecompiledModules/_DarwinFoundation2-A33SNF3HGUX9TGQOU9QKI8MG9.scan
    cd /
    builtin-precompileModule /Users/admin/builder/spi-builder-workspace/.derivedData/Build/Intermediates.noindex/ExplicitPrecompiledModules/_DarwinFoundation2-A33SNF3HGUX9TGQOU9QKI8MG9.scan
PrecompileModule /Users/admin/builder/spi-builder-workspace/.derivedData/Build/Intermediates.noindex/ExplicitPrecompiledModules/_Builtin_limits-DBHCQYZNLV4ZOY5K1EE5OI0C6.scan
    cd /
    builtin-precompileModule /Users/admin/builder/spi-builder-workspace/.derivedData/Build/Intermediates.noindex/ExplicitPrecompiledModules/_Builtin_limits-DBHCQYZNLV4ZOY5K1EE5OI0C6.scan
PrecompileModule /Users/admin/builder/spi-builder-workspace/.derivedData/Build/Intermediates.noindex/ExplicitPrecompiledModules/_Builtin_stdint-3AWW2817ZDD3H9CX8QEYI4GYH.scan
    cd /
    builtin-precompileModule /Users/admin/builder/spi-builder-workspace/.derivedData/Build/Intermediates.noindex/ExplicitPrecompiledModules/_Builtin_stdint-3AWW2817ZDD3H9CX8QEYI4GYH.scan
PrecompileModule /Users/admin/builder/spi-builder-workspace/.derivedData/Build/Intermediates.noindex/ExplicitPrecompiledModules/_Builtin_intrinsics-467U9ACRM7D7JOO02C44PX732.scan
    cd /
    builtin-precompileModule /Users/admin/builder/spi-builder-workspace/.derivedData/Build/Intermediates.noindex/ExplicitPrecompiledModules/_Builtin_intrinsics-467U9ACRM7D7JOO02C44PX732.scan
PrecompileModule /Users/admin/builder/spi-builder-workspace/.derivedData/Build/Intermediates.noindex/ExplicitPrecompiledModules/_DarwinFoundation3-820HB80KRZY8DLB6UE4KC6U0R.scan
    cd /
    builtin-precompileModule /Users/admin/builder/spi-builder-workspace/.derivedData/Build/Intermediates.noindex/ExplicitPrecompiledModules/_DarwinFoundation3-820HB80KRZY8DLB6UE4KC6U0R.scan
SwiftExplicitDependencyGeneratePcm arm64 /Users/admin/builder/spi-builder-workspace/.derivedData/SDKExplicitPrecompiledModules/ptrcheck-BA65H1NXYZJ0BLLWO9HZOAZ6Y.pcm
SwiftExplicitDependencyGeneratePcm arm64 /Users/admin/builder/spi-builder-workspace/.derivedData/SDKExplicitPrecompiledModules/_Builtin_stddef-1MAO6P3OSQFGZFQEPM31XXNSS.pcm
SwiftExplicitDependencyGeneratePcm arm64 /Users/admin/builder/spi-builder-workspace/.derivedData/SDKExplicitPrecompiledModules/_Builtin_stdbool-4UUPXTY52W6RPSB0N2WGGLTJT.pcm
SwiftExplicitDependencyGeneratePcm arm64 /Users/admin/builder/spi-builder-workspace/.derivedData/SDKExplicitPrecompiledModules/SwiftShims-73G9EXEO9PVWB6PL1BR4TAJ0B.pcm
SwiftExplicitDependencyGeneratePcm arm64 /Users/admin/builder/spi-builder-workspace/.derivedData/SDKExplicitPrecompiledModules/_Builtin_float-3RF4B70MBHPP952AX3GNZ8W3H.pcm
SwiftExplicitDependencyGeneratePcm arm64 /Users/admin/builder/spi-builder-workspace/.derivedData/SDKExplicitPrecompiledModules/_AvailabilityInternal-99L1JVU5TYE8S0FGGB7E09QQS.pcm
SwiftExplicitDependencyGeneratePcm arm64 /Users/admin/builder/spi-builder-workspace/.derivedData/SDKExplicitPrecompiledModules/_Builtin_stdarg-719DH4G2R3NRP3HRX5HE8WX08.pcm
SwiftExplicitDependencyGeneratePcm arm64 /Users/admin/builder/spi-builder-workspace/.derivedData/SDKExplicitPrecompiledModules/ptrauth-EMKXYE8GN9BK4M3ODSTVDUJU2.pcm
SwiftExplicitDependencyGeneratePcm arm64 /Users/admin/builder/spi-builder-workspace/.derivedData/SDKExplicitPrecompiledModules/_SwiftConcurrencyShims-3HZGHPZQL3GY71QUHDRB0P39S.pcm
SwiftExplicitDependencyGeneratePcm arm64 /Users/admin/builder/spi-builder-workspace/.derivedData/SDKExplicitPrecompiledModules/_DarwinFoundation1-90NUFDXQ765U5FR62173FT21A.pcm
CompileC /Users/admin/builder/spi-builder-workspace/.derivedData/Build/Intermediates.noindex/SwiftXXHash.build/Debug-appletvos/libxxhash-t.build/Objects-normal/arm64/xxhash.o /Users/admin/builder/spi-builder-workspace/.dependencies/checkouts/SwiftXXHash/Sources/libxxhash/xxhash.c normal arm64 c com.apple.compilers.llvm.clang.1_0.compiler (in target 'libxxhash' from project 'SwiftXXHash')
    cd /Users/admin/builder/spi-builder-workspace/.swiftpm/xcode

    Using response file: /Users/admin/builder/spi-builder-workspace/.derivedData/Build/Intermediates.noindex/SwiftXXHash.build/Debug-appletvos/libxxhash-t.build/Objects-normal/arm64/7187679823f38a2a940e0043cdf9d637-common-args.resp

    /Applications/Xcode-27.0.0-Release.Candidate.app/Contents/Developer/Toolchains/XcodeDefault.xctoolchain/usr/bin/clang -x c -ivfsstatcache /Users/admin/builder/spi-builder-workspace/.derivedData/SDKStatCaches.noindex/appletvos27.0-24J360-e829b21a6f8c9b70876ba0858053c044b32bfd8d43560033f8d89884cdb90028.sdkstatcache -target arm64-apple-tvos15.0 -fmessage-length\=0 -fdiagnostics-show-note-include-stack -fmacro-backtrace-limit\=0 -fno-color-diagnostics -fmodules-prune-interval\=86400 -fmodules-prune-after\=345600 -fbuild-session-file\=/Users/admin/builder/spi-builder-workspace/.derivedData/ModuleCache.noindex/Session.modulevalidation -fmodules-validate-once-per-build-session -Wnon-modular-include-in-framework-module -Werror\=non-modular-include-in-framework-module -Wno-trigraphs -Wno-missing-field-initializers -Wno-missing-prototypes -Wno-return-type -Wno-missing-braces -Wparentheses -Wswitch -Wno-unused-function -Wno-unused-label -Wno-unused-parameter -Wno-unused-variable -Wunused-value -Wno-empty-body -Wno-uninitialized -Wno-unknown-pragmas -w -Wno-shadow -Wno-four-char-constants -Wno-conversion -Wno-constant-conversion -Wno-int-conversion -Wno-bool-conversion -Wno-enum-conversion -Wno-float-conversion -Wno-non-literal-null-conversion -Wno-objc-literal-conversion -Wshorten-64-to-32 -Wpointer-sign -Wno-newline-eof -Wno-implicit-fallthrough -isysroot /Applications/Xcode-27.0.0-Release.Candidate.app/Contents/Developer/Platforms/AppleTVOS.platform/Developer/SDKs/AppleTVOS27.0.sdk -fstrict-aliasing -Wdeprecated-declarations -Wno-sign-conversion -Wno-infinite-recursion -Wno-comma -Wno-block-capture-autoreleasing -Wno-strict-prototypes -Wno-semicolon-before-method-body -index-store-path /Users/admin/builder/spi-builder-workspace/.derivedData/Index.noindex/DataStore @/Users/admin/builder/spi-builder-workspace/.derivedData/Build/Intermediates.noindex/SwiftXXHash.build/Debug-appletvos/libxxhash-t.build/Objects-normal/arm64/7187679823f38a2a940e0043cdf9d637-common-args.resp -MMD -MT dependencies -MF /Users/admin/builder/spi-builder-workspace/.derivedData/Build/Intermediates.noindex/SwiftXXHash.build/Debug-appletvos/libxxhash-t.build/Objects-normal/arm64/xxhash.d --serialize-diagnostics /Users/admin/builder/spi-builder-workspace/.derivedData/Build/Intermediates.noindex/SwiftXXHash.build/Debug-appletvos/libxxhash-t.build/Objects-normal/arm64/xxhash.dia -c /Users/admin/builder/spi-builder-workspace/.dependencies/checkouts/SwiftXXHash/Sources/libxxhash/xxhash.c -o /Users/admin/builder/spi-builder-workspace/.derivedData/Build/Intermediates.noindex/SwiftXXHash.build/Debug-appletvos/libxxhash-t.build/Objects-normal/arm64/xxhash.o -index-unit-output-path /SwiftXXHash.build/Debug-appletvos/libxxhash-t.build/Objects-normal/arm64/xxhash.o
SwiftExplicitDependencyGeneratePcm arm64 /Users/admin/builder/spi-builder-workspace/.derivedData/SDKExplicitPrecompiledModules/_Builtin_limits-3JICJWOCEYXXXNXAMEJBF6UQN.pcm
SwiftExplicitDependencyGeneratePcm arm64 /Users/admin/builder/spi-builder-workspace/.derivedData/SDKExplicitPrecompiledModules/_DarwinFoundation2-EPKSYG5WMVE7WSPFQB4C0UC59.pcm
SwiftExplicitDependencyGeneratePcm arm64 /Users/admin/builder/spi-builder-workspace/.derivedData/SDKExplicitPrecompiledModules/sys_types-CATSGLJDZ8UZUMKHO6M4I4PJT.pcm
SwiftExplicitDependencyGeneratePcm arm64 /Users/admin/builder/spi-builder-workspace/.derivedData/SDKExplicitPrecompiledModules/string_h-B6D36UOVIZC2Y0YE3KEZLZAP6.pcm
SwiftExplicitDependencyGeneratePcm arm64 /Users/admin/builder/spi-builder-workspace/.derivedData/SDKExplicitPrecompiledModules/_Builtin_stdint-A8OKY0NXO26BZ4GWYKP79TKL9.pcm
Ld /Users/admin/builder/spi-builder-workspace/.derivedData/Build/Products/Debug-appletvos/libxxhash.o normal (in target 'libxxhash' from project 'SwiftXXHash')
    cd /Users/admin/builder/spi-builder-workspace/.dependencies/checkouts/SwiftXXHash
    /Applications/Xcode-27.0.0-Release.Candidate.app/Contents/Developer/Toolchains/XcodeDefault.xctoolchain/usr/bin/clang -Xlinker -reproducible -target arm64-apple-tvos15.0 -r -isysroot /Applications/Xcode-27.0.0-Release.Candidate.app/Contents/Developer/Platforms/AppleTVOS.platform/Developer/SDKs/AppleTVOS27.0.sdk -O0 -w -Xlinker -no_warn_duplicate_libraries -F/Users/admin/builder/spi-builder-workspace/.derivedData/Build/Intermediates.noindex/EagerLinkingTBDs/Debug-appletvos -F/Users/admin/builder/spi-builder-workspace/.derivedData/Build/Products/Debug-appletvos -iframework /Applications/Xcode-27.0.0-Release.Candidate.app/Contents/Developer/Platforms/AppleTVOS.platform/Developer/Library/Frameworks -iframework /Applications/Xcode-27.0.0-Release.Candidate.app/Contents/Developer/Platforms/AppleTVOS.platform/Developer/SDKs/AppleTVOS27.0.sdk/Developer/Library/Frameworks -filelist /Users/admin/builder/spi-builder-workspace/.derivedData/Build/Intermediates.noindex/SwiftXXHash.build/Debug-appletvos/libxxhash-t.build/Objects-normal/arm64/libxxhash.LinkFileList -nostdlib -Xlinker -object_path_lto -Xlinker /Users/admin/builder/spi-builder-workspace/.derivedData/Build/Intermediates.noindex/SwiftXXHash.build/Debug-appletvos/libxxhash-t.build/Objects-normal/arm64/libxxhash_lto.o -Xlinker -no_deduplicate -Xlinker -debug_variant -Xlinker -dependency_info -Xlinker /Users/admin/builder/spi-builder-workspace/.derivedData/Build/Intermediates.noindex/SwiftXXHash.build/Debug-appletvos/libxxhash-t.build/Objects-normal/arm64/libxxhash_dependency_info.dat -o /Users/admin/builder/spi-builder-workspace/.derivedData/Build/Products/Debug-appletvos/libxxhash.o
SwiftExplicitDependencyGeneratePcm arm64 /Users/admin/builder/spi-builder-workspace/.derivedData/Build/Intermediates.noindex/SwiftExplicitPrecompiledModules/libxxhash-B6IPF33J13EMD6Z6JEWNRHPUA.pcm
SwiftExplicitDependencyGeneratePcm arm64 /Users/admin/builder/spi-builder-workspace/.derivedData/SDKExplicitPrecompiledModules/_DarwinFoundation3-63L5I5VCGX6CLI6HI7OWUXJN6.pcm
SwiftExplicitDependencyGeneratePcm arm64 /Users/admin/builder/spi-builder-workspace/.derivedData/SDKExplicitPrecompiledModules/_Builtin_inttypes-80RS02PM2X81SP8N0Q7X05540.pcm
SwiftExplicitDependencyGeneratePcm arm64 /Users/admin/builder/spi-builder-workspace/.derivedData/SDKExplicitPrecompiledModules/Darwin-1VTILT8KA42CNDAUB0H1FM7MC.pcm
SwiftExplicitDependencyGeneratePcm arm64 /Users/admin/builder/spi-builder-workspace/.derivedData/SDKExplicitPrecompiledModules/ObjectiveC-CC0BYHG21IQMMT48PGDNSK7G6.pcm
SwiftExplicitDependencyGeneratePcm arm64 /Users/admin/builder/spi-builder-workspace/.derivedData/SDKExplicitPrecompiledModules/os_object-1TJLDNS7X3UT7Y5TM4QQ2RN6G.pcm
SwiftExplicitDependencyGeneratePcm arm64 /Users/admin/builder/spi-builder-workspace/.derivedData/SDKExplicitPrecompiledModules/os_workgroup-E61GF9E8FAHZGKXVOV9QHUD27.pcm
SwiftExplicitDependencyGeneratePcm arm64 /Users/admin/builder/spi-builder-workspace/.derivedData/SDKExplicitPrecompiledModules/Dispatch-F564M6B2H1RRD83XZ8EBWFSHE.pcm
SwiftExplicitDependencyGeneratePcm arm64 /Users/admin/builder/spi-builder-workspace/.derivedData/SDKExplicitPrecompiledModules/CoreFoundation-A4LOYEEJIFQKOPZRDOG9M3N2K.pcm
SwiftExplicitDependencyGeneratePcm arm64 /Users/admin/builder/spi-builder-workspace/.derivedData/SDKExplicitPrecompiledModules/XPC-2WVXL0UION0MYZOZAJZC6DUXD.pcm
SwiftExplicitDependencyGeneratePcm arm64 /Users/admin/builder/spi-builder-workspace/.derivedData/SDKExplicitPrecompiledModules/Security-6KU6X9W8QDIJW83JUF0DRES83.pcm
SwiftExplicitDependencyGeneratePcm arm64 /Users/admin/builder/spi-builder-workspace/.derivedData/SDKExplicitPrecompiledModules/CFNetwork-8S7XZ5SI3TWM2JOZPDZPRY8W9.pcm
SwiftExplicitDependencyGeneratePcm arm64 /Users/admin/builder/spi-builder-workspace/.derivedData/SDKExplicitPrecompiledModules/Foundation-1AS5K10MY6XENLLR2NDUCKYTM.pcm
SwiftEmitModule normal arm64 Emitting\ module\ for\ XXHash (in target 'XXHash' from project 'SwiftXXHash')
SwiftCompile normal arm64 (in target 'XXHash' from project 'SwiftXXHash')
    cd /Users/admin/builder/spi-builder-workspace/.swiftpm/xcode

SwiftCompile normal arm64 Compiling\ XXHash.swift /Users/admin/builder/spi-builder-workspace/.dependencies/checkouts/SwiftXXHash/Sources/XXHash/XXHash.swift (in target 'XXHash' from project 'SwiftXXHash')
SwiftCompile normal arm64 /Users/admin/builder/spi-builder-workspace/.dependencies/checkouts/SwiftXXHash/Sources/XXHash/XXHash.swift (in target 'XXHash' from project 'SwiftXXHash')
    cd /Users/admin/builder/spi-builder-workspace/.swiftpm/xcode
    builtin-SwiftPerFileCompile XXHash.swift
SwiftCompile normal arm64 Compiling\ XXHashDigest.swift /Users/admin/builder/spi-builder-workspace/.dependencies/checkouts/SwiftXXHash/Sources/XXHash/XXHashDigest.swift (in target 'XXHash' from project 'SwiftXXHash')
SwiftCompile normal arm64 /Users/admin/builder/spi-builder-workspace/.dependencies/checkouts/SwiftXXHash/Sources/XXHash/XXHashDigest.swift (in target 'XXHash' from project 'SwiftXXHash')
    cd /Users/admin/builder/spi-builder-workspace/.swiftpm/xcode
    builtin-SwiftPerFileCompile XXHashDigest.swift
SwiftCompile normal arm64 Compiling\ XXH3.swift /Users/admin/builder/spi-builder-workspace/.dependencies/checkouts/SwiftXXHash/Sources/XXHash/XXH3.swift (in target 'XXHash' from project 'SwiftXXHash')
SwiftCompile normal arm64 /Users/admin/builder/spi-builder-workspace/.dependencies/checkouts/SwiftXXHash/Sources/XXHash/XXH3.swift (in target 'XXHash' from project 'SwiftXXHash')
    cd /Users/admin/builder/spi-builder-workspace/.swiftpm/xcode
    builtin-SwiftPerFileCompile XXH3.swift
SwiftCompile normal arm64 Compiling\ XXH64.swift /Users/admin/builder/spi-builder-workspace/.dependencies/checkouts/SwiftXXHash/Sources/XXHash/XXH64.swift (in target 'XXHash' from project 'SwiftXXHash')
SwiftCompile normal arm64 /Users/admin/builder/spi-builder-workspace/.dependencies/checkouts/SwiftXXHash/Sources/XXHash/XXH64.swift (in target 'XXHash' from project 'SwiftXXHash')
    cd /Users/admin/builder/spi-builder-workspace/.swiftpm/xcode
    builtin-SwiftPerFileCompile XXH64.swift
SwiftCompile normal arm64 Compiling\ XXH32.swift /Users/admin/builder/spi-builder-workspace/.dependencies/checkouts/SwiftXXHash/Sources/XXHash/XXH32.swift (in target 'XXHash' from project 'SwiftXXHash')
SwiftCompile normal arm64 /Users/admin/builder/spi-builder-workspace/.dependencies/checkouts/SwiftXXHash/Sources/XXHash/XXH32.swift (in target 'XXHash' from project 'SwiftXXHash')
    cd /Users/admin/builder/spi-builder-workspace/.swiftpm/xcode
    builtin-SwiftPerFileCompile XXH32.swift
SwiftCompile normal arm64 Compiling\ XXH128.swift /Users/admin/builder/spi-builder-workspace/.dependencies/checkouts/SwiftXXHash/Sources/XXHash/XXH128.swift (in target 'XXHash' from project 'SwiftXXHash')
SwiftCompile normal arm64 /Users/admin/builder/spi-builder-workspace/.dependencies/checkouts/SwiftXXHash/Sources/XXHash/XXH128.swift (in target 'XXHash' from project 'SwiftXXHash')
    cd /Users/admin/builder/spi-builder-workspace/.swiftpm/xcode
    builtin-SwiftPerFileCompile XXH128.swift
SwiftCompile normal arm64 Compiling\ XXHashFunction.swift /Users/admin/builder/spi-builder-workspace/.dependencies/checkouts/SwiftXXHash/Sources/XXHash/XXHashFunction.swift (in target 'XXHash' from project 'SwiftXXHash')
SwiftCompile normal arm64 /Users/admin/builder/spi-builder-workspace/.dependencies/checkouts/SwiftXXHash/Sources/XXHash/XXHashFunction.swift (in target 'XXHash' from project 'SwiftXXHash')
    cd /Users/admin/builder/spi-builder-workspace/.swiftpm/xcode
    builtin-SwiftPerFileCompile XXHashFunction.swift
SwiftDriverJobDiscovery normal arm64 Emitting module for XXHash (in target 'XXHash' from project 'SwiftXXHash')
SwiftDriver\ Compilation\ Requirements XXHash normal arm64 com.apple.xcode.tools.swift.compiler (in target 'XXHash' from project 'SwiftXXHash')
    cd /Users/admin/builder/spi-builder-workspace/.swiftpm/xcode
    builtin-Swift-Compilation-Requirements -- /Applications/Xcode-27.0.0-Release.Candidate.app/Contents/Developer/Toolchains/XcodeDefault.xctoolchain/usr/bin/swiftc -parse-as-library -module-name XXHash -Onone @/Users/admin/builder/spi-builder-workspace/.derivedData/Build/Intermediates.noindex/SwiftXXHash.build/Debug-appletvos/XXHash-t.build/Objects-normal/arm64/XXHash.SwiftFileList -DSWIFT_PACKAGE -DDEBUG -DSWIFT_MODULE_RESOURCE_BUNDLE_UNAVAILABLE -Xcc -fmodule-map-file\=/Users/admin/builder/spi-builder-workspace/.derivedData/Build/Intermediates.noindex/GeneratedModuleMaps-appletvos/libxxhash.modulemap -DXcode -plugin-path /Applications/Xcode-27.0.0-Release.Candidate.app/Contents/Developer/Toolchains/XcodeDefault.xctoolchain/usr/lib/swift/host/plugins/testing -enable-experimental-feature DebugDescriptionMacro -sdk /Applications/Xcode-27.0.0-Release.Candidate.app/Contents/Developer/Platforms/AppleTVOS.platform/Developer/SDKs/AppleTVOS27.0.sdk -target arm64-apple-tvos15.0 -g -module-cache-path /Users/admin/builder/spi-builder-workspace/.derivedData/ModuleCache.noindex -Xfrontend -serialize-debugging-options -profile-coverage-mapping -profile-generate -enable-testing -suppress-warnings -index-store-path /Users/admin/builder/spi-builder-workspace/.derivedData/Index.noindex/DataStore -Xcc -D_LIBCPP_HARDENING_MODE\=_LIBCPP_HARDENING_MODE_DEBUG -swift-version 6 -I /Users/admin/builder/spi-builder-workspace/.derivedData/Build/Products/Debug-appletvos -Isystem /Applications/Xcode-27.0.0-Release.Candidate.app/Contents/Developer/Platforms/AppleTVOS.platform/Developer/usr/lib -F /Users/admin/builder/spi-builder-workspace/.derivedData/Build/Products/Debug-appletvos/PackageFrameworks -F /Users/admin/builder/spi-builder-workspace/.derivedData/Build/Products/Debug-appletvos -F /Applications/Xcode-27.0.0-Release.Candidate.app/Contents/Developer/Platforms/AppleTVOS.platform/Developer/Library/Frameworks -F /Applications/Xcode-27.0.0-Release.Candidate.app/Contents/Developer/Platforms/AppleTVOS.platform/Developer/SDKs/AppleTVOS27.0.sdk/Developer/Library/Frameworks -c -j10 -enable-batch-mode -incremental -Xcc -ivfsstatcache -Xcc /Users/admin/builder/spi-builder-workspace/.derivedData/SDKStatCaches.noindex/appletvos27.0-24J360-e829b21a6f8c9b70876ba0858053c044b32bfd8d43560033f8d89884cdb90028.sdkstatcache -output-file-map /Users/admin/builder/spi-builder-workspace/.derivedData/Build/Intermediates.noindex/SwiftXXHash.build/Debug-appletvos/XXHash-t.build/Objects-normal/arm64/XXHash-OutputFileMap.json -save-temps -no-color-diagnostics -explicit-module-build -module-cache-path /Users/admin/builder/spi-builder-workspace/.derivedData/Build/Intermediates.noindex/SwiftExplicitPrecompiledModules -clang-scanner-module-cache-path /Users/admin/builder/spi-builder-workspace/.derivedData/ModuleCache.noindex -sdk-module-cache-path /Users/admin/builder/spi-builder-workspace/.derivedData/SDKExplicitPrecompiledModules -emit-dependencies -emit-module -emit-module-path /Users/admin/builder/spi-builder-workspace/.derivedData/Build/Intermediates.noindex/SwiftXXHash.build/Debug-appletvos/XXHash-t.build/Objects-normal/arm64/XXHash.swiftmodule -serialize-diagnostics -dependency-scan-serialize-diagnostics-path /Users/admin/builder/spi-builder-workspace/.derivedData/Build/Intermediates.noindex/SwiftXXHash.build/Debug-appletvos/XXHash-t.build/Objects-normal/arm64/XXHash-dependency-scan.dia -user-module-version 1.0.0 -validate-clang-modules-once -clang-build-session-file /Users/admin/builder/spi-builder-workspace/.derivedData/ModuleCache.noindex/Session.modulevalidation -Xcc -fmodules-prune-interval\=86400 -Xcc -fmodules-prune-after\=345600 -package-name swiftxxhash -emit-const-values -const-gather-protocols-list /Users/admin/builder/spi-builder-workspace/.derivedData/Build/Intermediates.noindex/SwiftXXHash.build/Debug-appletvos/XXHash-t.build/Objects-normal/arm64/XXHash_const_extract_protocols.json -Xcc -I/Users/admin/builder/spi-builder-workspace/.dependencies/checkouts/SwiftXXHash/Sources/libxxhash -Xcc -I/Users/admin/builder/spi-builder-workspace/.derivedData/Build/Products/Debug-appletvos/include -Xcc -I/Users/admin/builder/spi-builder-workspace/.derivedData/Build/Intermediates.noindex/SwiftXXHash.build/Debug-appletvos/XXHash-t.build/DerivedSources-normal/arm64 -Xcc -I/Users/admin/builder/spi-builder-workspace/.derivedData/Build/Intermediates.noindex/SwiftXXHash.build/Debug-appletvos/XXHash-t.build/DerivedSources/arm64 -Xcc -I/Users/admin/builder/spi-builder-workspace/.derivedData/Build/Intermediates.noindex/SwiftXXHash.build/Debug-appletvos/XXHash-t.build/DerivedSources -Xcc -DSWIFT_PACKAGE -Xcc -DDEBUG\=1 -emit-objc-header -emit-objc-header-path /Users/admin/builder/spi-builder-workspace/.derivedData/Build/Intermediates.noindex/SwiftXXHash.build/Debug-appletvos/XXHash-t.build/Objects-normal/arm64/XXHash-Swift.h -working-directory /Users/admin/builder/spi-builder-workspace/.swiftpm/xcode -experimental-emit-module-separately -disable-cmo
SwiftMergeGeneratedHeaders /Users/admin/builder/spi-builder-workspace/.derivedData/Build/Intermediates.noindex/GeneratedModuleMaps-appletvos/XXHash-Swift.h /Users/admin/builder/spi-builder-workspace/.derivedData/Build/Intermediates.noindex/SwiftXXHash.build/Debug-appletvos/XXHash-t.build/Objects-normal/arm64/XXHash-Swift.h (in target 'XXHash' from project 'SwiftXXHash')
    cd /Users/admin/builder/spi-builder-workspace/.dependencies/checkouts/SwiftXXHash
    builtin-swiftHeaderTool -arch arm64 /Users/admin/builder/spi-builder-workspace/.derivedData/Build/Intermediates.noindex/SwiftXXHash.build/Debug-appletvos/XXHash-t.build/Objects-normal/arm64/XXHash-Swift.h -o /Users/admin/builder/spi-builder-workspace/.derivedData/Build/Intermediates.noindex/GeneratedModuleMaps-appletvos/XXHash-Swift.h
Copy /Users/admin/builder/spi-builder-workspace/.derivedData/Build/Products/Debug-appletvos/XXHash.swiftmodule/arm64-apple-tvos.swiftdoc /Users/admin/builder/spi-builder-workspace/.derivedData/Build/Intermediates.noindex/SwiftXXHash.build/Debug-appletvos/XXHash-t.build/Objects-normal/arm64/XXHash.swiftdoc (in target 'XXHash' from project 'SwiftXXHash')
    cd /Users/admin/builder/spi-builder-workspace/.dependencies/checkouts/SwiftXXHash
    builtin-copy -exclude .DS_Store -exclude CVS -exclude .svn -exclude .git -exclude .hg -resolve-src-symlinks -rename /Users/admin/builder/spi-builder-workspace/.derivedData/Build/Intermediates.noindex/SwiftXXHash.build/Debug-appletvos/XXHash-t.build/Objects-normal/arm64/XXHash.swiftdoc /Users/admin/builder/spi-builder-workspace/.derivedData/Build/Products/Debug-appletvos/XXHash.swiftmodule/arm64-apple-tvos.swiftdoc
Copy /Users/admin/builder/spi-builder-workspace/.derivedData/Build/Products/Debug-appletvos/XXHash.swiftmodule/arm64-apple-tvos.swiftmodule /Users/admin/builder/spi-builder-workspace/.derivedData/Build/Intermediates.noindex/SwiftXXHash.build/Debug-appletvos/XXHash-t.build/Objects-normal/arm64/XXHash.swiftmodule (in target 'XXHash' from project 'SwiftXXHash')
    cd /Users/admin/builder/spi-builder-workspace/.dependencies/checkouts/SwiftXXHash
    builtin-copy -exclude .DS_Store -exclude CVS -exclude .svn -exclude .git -exclude .hg -resolve-src-symlinks -rename /Users/admin/builder/spi-builder-workspace/.derivedData/Build/Intermediates.noindex/SwiftXXHash.build/Debug-appletvos/XXHash-t.build/Objects-normal/arm64/XXHash.swiftmodule /Users/admin/builder/spi-builder-workspace/.derivedData/Build/Products/Debug-appletvos/XXHash.swiftmodule/arm64-apple-tvos.swiftmodule
Copy /Users/admin/builder/spi-builder-workspace/.derivedData/Build/Products/Debug-appletvos/XXHash.swiftmodule/arm64-apple-tvos.abi.json /Users/admin/builder/spi-builder-workspace/.derivedData/Build/Intermediates.noindex/SwiftXXHash.build/Debug-appletvos/XXHash-t.build/Objects-normal/arm64/XXHash.abi.json (in target 'XXHash' from project 'SwiftXXHash')
    cd /Users/admin/builder/spi-builder-workspace/.dependencies/checkouts/SwiftXXHash
    builtin-copy -exclude .DS_Store -exclude CVS -exclude .svn -exclude .git -exclude .hg -resolve-src-symlinks -rename /Users/admin/builder/spi-builder-workspace/.derivedData/Build/Intermediates.noindex/SwiftXXHash.build/Debug-appletvos/XXHash-t.build/Objects-normal/arm64/XXHash.abi.json /Users/admin/builder/spi-builder-workspace/.derivedData/Build/Products/Debug-appletvos/XXHash.swiftmodule/arm64-apple-tvos.abi.json
Copy /Users/admin/builder/spi-builder-workspace/.derivedData/Build/Products/Debug-appletvos/XXHash.swiftmodule/Project/arm64-apple-tvos.swiftsourceinfo /Users/admin/builder/spi-builder-workspace/.derivedData/Build/Intermediates.noindex/SwiftXXHash.build/Debug-appletvos/XXHash-t.build/Objects-normal/arm64/XXHash.swiftsourceinfo (in target 'XXHash' from project 'SwiftXXHash')
    cd /Users/admin/builder/spi-builder-workspace/.dependencies/checkouts/SwiftXXHash
    builtin-copy -exclude .DS_Store -exclude CVS -exclude .svn -exclude .git -exclude .hg -resolve-src-symlinks -rename /Users/admin/builder/spi-builder-workspace/.derivedData/Build/Intermediates.noindex/SwiftXXHash.build/Debug-appletvos/XXHash-t.build/Objects-normal/arm64/XXHash.swiftsourceinfo /Users/admin/builder/spi-builder-workspace/.derivedData/Build/Products/Debug-appletvos/XXHash.swiftmodule/Project/arm64-apple-tvos.swiftsourceinfo
SwiftDriver RecallKit normal arm64 com.apple.xcode.tools.swift.compiler (in target 'RecallKit' from project 'RecallKit')
    cd /Users/admin/builder/spi-builder-workspace/.swiftpm/xcode
    builtin-SwiftDriver -- /Applications/Xcode-27.0.0-Release.Candidate.app/Contents/Developer/Toolchains/XcodeDefault.xctoolchain/usr/bin/swiftc -parse-as-library -module-name RecallKit -Onone @/Users/admin/builder/spi-builder-workspace/.derivedData/Build/Intermediates.noindex/RecallKit.build/Debug-appletvos/RecallKit-t.build/Objects-normal/arm64/RecallKit.SwiftFileList -DSWIFT_PACKAGE -DDEBUG -DSWIFT_MODULE_RESOURCE_BUNDLE_UNAVAILABLE -Xcc -fmodule-map-file\=/Users/admin/builder/spi-builder-workspace/.derivedData/Build/Intermediates.noindex/GeneratedModuleMaps-appletvos/libxxhash.modulemap -DXcode -plugin-path /Applications/Xcode-27.0.0-Release.Candidate.app/Contents/Developer/Toolchains/XcodeDefault.xctoolchain/usr/lib/swift/host/plugins/testing -enable-experimental-feature DebugDescriptionMacro -sdk /Applications/Xcode-27.0.0-Release.Candidate.app/Contents/Developer/Platforms/AppleTVOS.platform/Developer/SDKs/AppleTVOS27.0.sdk -target arm64-apple-tvos17.0 -g -module-cache-path /Users/admin/builder/spi-builder-workspace/.derivedData/ModuleCache.noindex -Xfrontend -serialize-debugging-options -profile-coverage-mapping -profile-generate -enable-testing -index-store-path /Users/admin/builder/spi-builder-workspace/.derivedData/Index.noindex/DataStore -Xcc -D_LIBCPP_HARDENING_MODE\=_LIBCPP_HARDENING_MODE_DEBUG -swift-version 6 -I /Users/admin/builder/spi-builder-workspace/.derivedData/Build/Products/Debug-appletvos -Isystem /Applications/Xcode-27.0.0-Release.Candidate.app/Contents/Developer/Platforms/AppleTVOS.platform/Developer/usr/lib -F /Users/admin/builder/spi-builder-workspace/.derivedData/Build/Products/Debug-appletvos/PackageFrameworks -F /Users/admin/builder/spi-builder-workspace/.derivedData/Build/Products/Debug-appletvos -F /Applications/Xcode-27.0.0-Release.Candidate.app/Contents/Developer/Platforms/AppleTVOS.platform/Developer/Library/Frameworks -F /Applications/Xcode-27.0.0-Release.Candidate.app/Contents/Developer/Platforms/AppleTVOS.platform/Developer/SDKs/AppleTVOS27.0.sdk/Developer/Library/Frameworks -c -j10 -enable-batch-mode -incremental -Xcc -ivfsstatcache -Xcc /Users/admin/builder/spi-builder-workspace/.derivedData/SDKStatCaches.noindex/appletvos27.0-24J360-e829b21a6f8c9b70876ba0858053c044b32bfd8d43560033f8d89884cdb90028.sdkstatcache -output-file-map /Users/admin/builder/spi-builder-workspace/.derivedData/Build/Intermediates.noindex/RecallKit.build/Debug-appletvos/RecallKit-t.build/Objects-normal/arm64/RecallKit-OutputFileMap.json -save-temps -no-color-diagnostics -explicit-module-build -module-cache-path /Users/admin/builder/spi-builder-workspace/.derivedData/Build/Intermediates.noindex/SwiftExplicitPrecompiledModules -clang-scanner-module-cache-path /Users/admin/builder/spi-builder-workspace/.derivedData/ModuleCache.noindex -sdk-module-cache-path /Users/admin/builder/spi-builder-workspace/.derivedData/SDKExplicitPrecompiledModules -emit-dependencies -emit-module -emit-module-path /Users/admin/builder/spi-builder-workspace/.derivedData/Build/Intermediates.noindex/RecallKit.build/Debug-appletvos/RecallKit-t.build/Objects-normal/arm64/RecallKit.swiftmodule -serialize-diagnostics -dependency-scan-serialize-diagnostics-path /Users/admin/builder/spi-builder-workspace/.derivedData/Build/Intermediates.noindex/RecallKit.build/Debug-appletvos/RecallKit-t.build/Objects-normal/arm64/RecallKit-dependency-scan.dia -validate-clang-modules-once -clang-build-session-file /Users/admin/builder/spi-builder-workspace/.derivedData/ModuleCache.noindex/Session.modulevalidation -Xcc -fmodules-prune-interval\=86400 -Xcc -fmodules-prune-after\=345600 -package-name spi_builder_workspace -emit-const-values -const-gather-protocols-list /Users/admin/builder/spi-builder-workspace/.derivedData/Build/Intermediates.noindex/RecallKit.build/Debug-appletvos/RecallKit-t.build/Objects-normal/arm64/RecallKit_const_extract_protocols.json -Xcc -I/Users/admin/builder/spi-builder-workspace/.dependencies/checkouts/SwiftXXHash/Sources/libxxhash -Xcc -I/Users/admin/builder/spi-builder-workspace/.derivedData/Build/Products/Debug-appletvos/include -Xcc -I/Users/admin/builder/spi-builder-workspace/.derivedData/Build/Intermediates.noindex/RecallKit.build/Debug-appletvos/RecallKit-t.build/DerivedSources-normal/arm64 -Xcc -I/Users/admin/builder/spi-builder-workspace/.derivedData/Build/Intermediates.noindex/RecallKit.build/Debug-appletvos/RecallKit-t.build/DerivedSources/arm64 -Xcc -I/Users/admin/builder/spi-builder-workspace/.derivedData/Build/Intermediates.noindex/RecallKit.build/Debug-appletvos/RecallKit-t.build/DerivedSources -Xcc -DSWIFT_PACKAGE -Xcc -DDEBUG\=1 -emit-objc-header -emit-objc-header-path /Users/admin/builder/spi-builder-workspace/.derivedData/Build/Intermediates.noindex/RecallKit.build/Debug-appletvos/RecallKit-t.build/Objects-normal/arm64/RecallKit-Swift.h -working-directory /Users/admin/builder/spi-builder-workspace/.swiftpm/xcode -experimental-emit-module-separately -disable-cmo
SwiftExplicitDependencyGeneratePcm arm64 /Users/admin/builder/spi-builder-workspace/.derivedData/SDKExplicitPrecompiledModules/MachO-A5KLTMTLJD1DPHEYPZHUSRJ4O.pcm
SwiftExplicitDependencyGeneratePcm arm64 /Users/admin/builder/spi-builder-workspace/.derivedData/SDKExplicitPrecompiledModules/UniformTypeIdentifiers-DQ77M7R0D7VCBK0YUO3VHCRB1.pcm
SwiftExplicitDependencyGeneratePcm arm64 /Users/admin/builder/spi-builder-workspace/.derivedData/SDKExplicitPrecompiledModules/_Builtin_stdatomic-71DQV8BR56LNANL900GGEC9KO.pcm
SwiftExplicitDependencyGeneratePcm arm64 /Users/admin/builder/spi-builder-workspace/.derivedData/SDKExplicitPrecompiledModules/CoreData-3R0N6HKKQMVS32U7KOKR14383.pcm
SwiftDriverJobDiscovery normal arm64 Compiling XXHashFunction.swift (in target 'XXHash' from project 'SwiftXXHash')
SwiftExplicitDependencyGeneratePcm arm64 /Users/admin/builder/spi-builder-workspace/.derivedData/SDKExplicitPrecompiledModules/SQLite3-CB72G5VTT4EAPJNYZLBNEJ87N.pcm
SwiftDriverJobDiscovery normal arm64 Compiling XXH32.swift (in target 'XXHash' from project 'SwiftXXHash')
SwiftDriverJobDiscovery normal arm64 Compiling XXH128.swift (in target 'XXHash' from project 'SwiftXXHash')
SwiftDriverJobDiscovery normal arm64 Compiling XXH3.swift (in target 'XXHash' from project 'SwiftXXHash')
SwiftDriverJobDiscovery normal arm64 Compiling XXH64.swift (in target 'XXHash' from project 'SwiftXXHash')
SwiftDriverJobDiscovery normal arm64 Compiling XXHashDigest.swift (in target 'XXHash' from project 'SwiftXXHash')
SwiftExplicitDependencyGeneratePcm arm64 /Users/admin/builder/spi-builder-workspace/.derivedData/SDKExplicitPrecompiledModules/CoreSpotlight-3YMQCC1XMEN2HRO1YWQIX3NIT.pcm
SwiftExplicitDependencyGeneratePcm arm64 /Users/admin/builder/spi-builder-workspace/.derivedData/SDKExplicitPrecompiledModules/os-4NLIUP5HHN7FW5ML70YLEU8QE.pcm
SwiftCompile normal arm64 Compiling\ StableHasher.swift,\ TombstoneCodec.swift /Users/admin/builder/spi-builder-workspace/Sources/RecallKit/StableHasher.swift /Users/admin/builder/spi-builder-workspace/Sources/RecallKit/TombstoneCodec.swift (in target 'RecallKit' from project 'RecallKit')
SwiftCompile normal arm64 /Users/admin/builder/spi-builder-workspace/Sources/RecallKit/StableHasher.swift (in target 'RecallKit' from project 'RecallKit')
    cd /Users/admin/builder/spi-builder-workspace/.swiftpm/xcode
    builtin-SwiftPerFileCompile StableHasher.swift
SwiftCompile normal arm64 /Users/admin/builder/spi-builder-workspace/Sources/RecallKit/TombstoneCodec.swift (in target 'RecallKit' from project 'RecallKit')
    cd /Users/admin/builder/spi-builder-workspace/.swiftpm/xcode
    builtin-SwiftPerFileCompile TombstoneCodec.swift
SwiftEmitModule normal arm64 Emitting\ module\ for\ RecallKit (in target 'RecallKit' from project 'RecallKit')
/Users/admin/builder/spi-builder-workspace/Sources/RecallKit/BenchmarkComparisons.swift:695:24: error: 'CSSearchableIndex' is unavailable in tvOS
693 |
694 | private final class CoreSpotlightBenchmarkStore {
695 |     private let index: CSSearchableIndex
    |                        `- error: 'CSSearchableIndex' is unavailable in tvOS
696 |
697 |     init(indexName: String) {
/Applications/Xcode-27.0.0-Release.Candidate.app/Contents/Developer/Platforms/AppleTVOS.platform/Developer/SDKs/AppleTVOS27.0.sdk/System/Library/Frameworks/CoreSpotlight.framework/Headers/CSSearchableIndex.h:31:12: note: 'CSSearchableIndex' has been explicitly marked unavailable here
 29 | API_AVAILABLE(macos(10.11), ios(9.0), visionos(1.0))
 30 | API_UNAVAILABLE(tvos, watchos)
 31 | @interface CSSearchableIndex : NSObject
    |            `- note: 'CSSearchableIndex' has been explicitly marked unavailable here
 32 |
 33 | @property (weak,nullable) id<CSSearchableIndexDelegate> indexDelegate;
/Users/admin/builder/spi-builder-workspace/Sources/RecallKit/BenchmarkComparisons.swift:795:39: error: 'CSSearchableItem' is unavailable in tvOS
793 |     }
794 |
795 |     private func indexItems(_ items: [CSSearchableItem]) async throws {
    |                                       `- error: 'CSSearchableItem' is unavailable in tvOS
796 |         try await withCheckedThrowingContinuation { (continuation: CheckedContinuation<Void, Error>) in
797 |             index.indexSearchableItems(items) { error in
/Applications/Xcode-27.0.0-Release.Candidate.app/Contents/Developer/Platforms/AppleTVOS.platform/Developer/SDKs/AppleTVOS27.0.sdk/System/Library/Frameworks/CoreSpotlight.framework/Headers/CSSearchableItem.h:45:12: note: 'CSSearchableItem' has been explicitly marked unavailable here
43 | API_AVAILABLE(macos(10.11), ios(9.0), visionos(1.0))
44 | API_UNAVAILABLE(tvos, watchos)
45 | @interface CSSearchableItem : NSObject <NSSecureCoding, NSCopying>
   |            `- note: 'CSSearchableItem' has been explicitly marked unavailable here
46 |
47 | // uniqueIdentifier can be null, in which case one will be generated.
/Users/admin/builder/spi-builder-workspace/Sources/RecallKit/BenchmarkComparisons.swift:819:62: error: 'CSSearchableItem' is unavailable in tvOS
817 |     }
818 |
819 |     private func makeItem(from unit: BenchmarkSearchUnit) -> CSSearchableItem {
    |                                                              `- error: 'CSSearchableItem' is unavailable in tvOS
820 |         let attributeSet = CSSearchableItemAttributeSet(contentType: .plainText)
821 |         attributeSet.contentDescription = unit.text
/Applications/Xcode-27.0.0-Release.Candidate.app/Contents/Developer/Platforms/AppleTVOS.platform/Developer/SDKs/AppleTVOS27.0.sdk/System/Library/Frameworks/CoreSpotlight.framework/Headers/CSSearchableItem.h:45:12: note: 'CSSearchableItem' has been explicitly marked unavailable here
43 | API_AVAILABLE(macos(10.11), ios(9.0), visionos(1.0))
44 | API_UNAVAILABLE(tvos, watchos)
45 | @interface CSSearchableItem : NSObject <NSSecureCoding, NSCopying>
   |            `- note: 'CSSearchableItem' has been explicitly marked unavailable here
46 |
47 | // uniqueIdentifier can be null, in which case one will be generated.
Failed frontend command:
/Applications/Xcode-27.0.0-Release.Candidate.app/Contents/Developer/Toolchains/XcodeDefault.xctoolchain/usr/bin/swift-frontend -frontend -emit-module -experimental-skip-non-inlinable-function-bodies-without-types /Users/admin/builder/spi-builder-workspace/Sources/RecallKit/BenchmarkComparisons.swift /Users/admin/builder/spi-builder-workspace/Sources/RecallKit/BinaryEncoding.swift /Users/admin/builder/spi-builder-workspace/Sources/RecallKit/BinaryLookupTable.swift /Users/admin/builder/spi-builder-workspace/Sources/RecallKit/DirectoryCrawler.swift /Users/admin/builder/spi-builder-workspace/Sources/RecallKit/FileLock.swift /Users/admin/builder/spi-builder-workspace/Sources/RecallKit/FileTableCodec.swift /Users/admin/builder/spi-builder-workspace/Sources/RecallKit/GlobMatcher.swift /Users/admin/builder/spi-builder-workspace/Sources/RecallKit/IOSBackgroundCompaction.swift /Users/admin/builder/spi-builder-workspace/Sources/RecallKit/IgnoreMatcher.swift /Users/admin/builder/spi-builder-workspace/Sources/RecallKit/IndexPersistence.swift /Users/admin/builder/spi-builder-workspace/Sources/RecallKit/Models.swift /Users/admin/builder/spi-builder-workspace/Sources/RecallKit/Parallel.swift /Users/admin/builder/spi-builder-workspace/Sources/RecallKit/PostingCodec.swift /Users/admin/builder/spi-builder-workspace/Sources/RecallKit/RecallKit.swift /Users/admin/builder/spi-builder-workspace/Sources/RecallKit/RecallKitIndexService.swift /Users/admin/builder/spi-builder-workspace/Sources/RecallKit/RecordChunker.swift /Users/admin/builder/spi-builder-workspace/Sources/RecallKit/RecordIndexPersistence.swift /Users/admin/builder/spi-builder-workspace/Sources/RecallKit/RecordModels.swift /Users/admin/builder/spi-builder-workspace/Sources/RecallKit/RecordSnapshotProviders.swift /Users/admin/builder/spi-builder-workspace/Sources/RecallKit/RegexHintExtractor.swift /Users/admin/builder/spi-builder-workspace/Sources/RecallKit/RegexQueryPlanner.swift /Users/admin/builder/spi-builder-workspace/Sources/RecallKit/SearchIndex.swift /Users/admin/builder/spi-builder-workspace/Sources/RecallKit/Searcher.swift /Users/admin/builder/spi-builder-workspace/Sources/RecallKit/SparseNGramExtractor.swift /Users/admin/builder/spi-builder-workspace/Sources/RecallKit/StableHasher.swift /Users/admin/builder/spi-builder-workspace/Sources/RecallKit/TombstoneCodec.swift /Users/admin/builder/spi-builder-workspace/Sources/RecallKit/URL+RelativePath.swift /Users/admin/builder/spi-builder-workspace/Sources/RecallKit/WeightTable.swift -target arm64-apple-tvos17.0 -module-can-import-version BackgroundTasks 1.0.0 1.0.0 -module-can-import-version CoreData 1629 1629.0.0 -module-can-import-version CoreSpotlight 2459 2459.0.0 -module-can-import-version SwiftData 180 0 -module-can-import-version UniformTypeIdentifiers 919.0.1.101 709.0.0 -disable-cross-import-overlay-search -swift-module-cross-import CoreData /Applications/Xcode-27.0.0-Release.Candidate.app/Contents/Developer/Platforms/AppleTVOS.platform/Developer/SDKs/AppleTVOS.sdk/System/Library/Frameworks/CoreData.framework/Modules/CoreData.swiftcrossimport/CloudKit.swiftoverlay -swift-module-cross-import CoreData /Applications/Xcode-27.0.0-Release.Candidate.app/Contents/Developer/Platforms/AppleTVOS.platform/Developer/SDKs/AppleTVOS27.0.sdk/System/Library/Frameworks/CoreData.framework/Modules/CoreData.swiftcrossimport/CloudKit.swiftoverlay -swift-module-cross-import Darwin /Applications/Xcode-27.0.0-Release.Candidate.app/Contents/Developer/Platforms/AppleTVOS.platform/Developer/SDKs/AppleTVOS.sdk/usr/include/Darwin.swiftcrossimport/xlocale.swiftoverlay -swift-module-cross-import SwiftData /Applications/Xcode-27.0.0-Release.Candidate.app/Contents/Developer/Platforms/AppleTVOS.platform/Developer/SDKs/AppleTVOS27.0.sdk/System/Library/Frameworks/SwiftData.framework/Modules/SwiftData.swiftcrossimport/CoreData.swiftoverlay -swift-module-cross-import SwiftData /Applications/Xcode-27.0.0-Release.Candidate.app/Contents/Developer/Platforms/AppleTVOS.platform/Developer/SDKs/AppleTVOS27.0.sdk/System/Library/Frameworks/SwiftData.framework/Modules/SwiftData.swiftcrossimport/SwiftUI.swiftoverlay -load-resolved-plugin /Applications/Xcode-27.0.0-Release.Candidate.app/Contents/Developer/Platforms/AppleTVOS.platform/Developer/usr/lib/swift/host/plugins/libFoundationMacros.dylib\#/Applications/Xcode-27.0.0-Release.Candidate.app/Contents/Developer/Platforms/AppleTVOS.platform/Developer/usr/bin/swift-plugin-server\#FoundationMacros -load-resolved-plugin /Applications/Xcode-27.0.0-Release.Candidate.app/Contents/Developer/Platforms/AppleTVOS.platform/Developer/usr/lib/swift/host/plugins/libObservationMacros.dylib\#/Applications/Xcode-27.0.0-Release.Candidate.app/Contents/Developer/Platforms/AppleTVOS.platform/Developer/usr/bin/swift-plugin-server\#ObservationMacros -load-resolved-plugin /Applications/Xcode-27.0.0-Release.Candidate.app/Contents/Developer/Platforms/AppleTVOS.platform/Developer/usr/lib/swift/host/plugins/libSwiftDataMacros.dylib\#/Applications/Xcode-27.0.0-Release.Candidate.app/Contents/Developer/Platforms/AppleTVOS.platform/Developer/usr/bin/swift-plugin-server\#SwiftDataMacros -load-resolved-plugin /Applications/Xcode-27.0.0-Release.Candidate.app/Contents/Developer/Platforms/AppleTVOS.platform/Developer/usr/lib/swift/host/plugins/libSwiftMacros.dylib\#/Applications/Xcode-27.0.0-Release.Candidate.app/Contents/Developer/Platforms/AppleTVOS.platform/Developer/usr/bin/swift-plugin-server\#SwiftMacros -disable-implicit-swift-modules -Xcc -fno-implicit-modules -Xcc -fno-implicit-module-maps -explicit-swift-module-map-file /Users/admin/builder/spi-builder-workspace/.derivedData/Build/Intermediates.noindex/RecallKit.build/Debug-appletvos/RecallKit-t.build/Objects-normal/arm64/RecallKit-dependencies-1.json -Xllvm -aarch64-use-tbi -enable-objc-interop -stack-check -sdk /Applications/Xcode-27.0.0-Release.Candidate.app/Contents/Developer/Platforms/AppleTVOS.platform/Developer/SDKs/AppleTVOS27.0.sdk -I /Users/admin/builder/spi-builder-workspace/.derivedData/Build/Products/Debug-appletvos -Isystem /Applications/Xcode-27.0.0-Release.Candidate.app/Contents/Developer/Platforms/AppleTVOS.platform/Developer/usr/lib -F /Users/admin/builder/spi-builder-workspace/.derivedData/Build/Products/Debug-appletvos/PackageFrameworks -F /Users/admin/builder/spi-builder-workspace/.derivedData/Build/Products/Debug-appletvos -F /Applications/Xcode-27.0.0-Release.Candidate.app/Contents/Developer/Platforms/AppleTVOS.platform/Developer/Library/Frameworks -F /Applications/Xcode-27.0.0-Release.Candidate.app/Contents/Developer/Platforms/AppleTVOS.platform/Developer/SDKs/AppleTVOS27.0.sdk/Developer/Library/Frameworks -module-cache-path /Users/admin/builder/spi-builder-workspace/.derivedData/Build/Intermediates.noindex/SwiftExplicitPrecompiledModules -no-color-diagnostics -Xcc -fno-color-diagnostics -enable-testing -g -debug-info-format\=dwarf -dwarf-version\=4 -profile-generate -profile-coverage-mapping -swift-version 6 -Onone -D SWIFT_PACKAGE -D DEBUG -D SWIFT_MODULE_RESOURCE_BUNDLE_UNAVAILABLE -D Xcode -serialize-debugging-options -enable-experimental-feature DebugDescriptionMacro -empty-abi-descriptor -validate-clang-modules-once -clang-build-session-file /Users/admin/builder/spi-builder-workspace/.derivedData/ModuleCache.noindex/Session.modulevalidation -Xcc -working-directory -Xcc /Users/admin/builder/spi-builder-workspace/.swiftpm/xcode -enable-anonymous-context-mangled-names -file-compilation-dir /Users/admin/builder/spi-builder-workspace/.swiftpm/xcode -Xcc -fmodule-map-file\=/Users/admin/builder/spi-builder-workspace/.derivedData/Build/Intermediates.noindex/GeneratedModuleMaps-appletvos/libxxhash.modulemap -Xcc -D_LIBCPP_HARDENING_MODE\=_LIBCPP_HARDENING_MODE_DEBUG -Xcc -ivfsstatcache -Xcc /Users/admin/builder/spi-builder-workspace/.derivedData/SDKStatCaches.noindex/appletvos27.0-24J360-e829b21a6f8c9b70876ba0858053c044b32bfd8d43560033f8d89884cdb90028.sdkstatcache -Xcc -fmodules-prune-interval\=86400 -Xcc -fmodules-prune-after\=345600 -Xcc -I/Users/admin/builder/spi-builder-workspace/.dependencies/checkouts/SwiftXXHash/Sources/libxxhash -Xcc -I/Users/admin/builder/spi-builder-workspace/.derivedData/Build/Products/Debug-appletvos/include -Xcc -I/Users/admin/builder/spi-builder-workspace/.derivedData/Build/Intermediates.noindex/RecallKit.build/Debug-appletvos/RecallKit-t.build/DerivedSources-normal/arm64 -Xcc -I/Users/admin/builder/spi-builder-workspace/.derivedData/Build/Intermediates.noindex/RecallKit.build/Debug-appletvos/RecallKit-t.build/DerivedSources/arm64 -Xcc -I/Users/admin/builder/spi-builder-workspace/.derivedData/Build/Intermediates.noindex/RecallKit.build/Debug-appletvos/RecallKit-t.build/DerivedSources -Xcc -DSWIFT_PACKAGE -Xcc -DDEBUG\=1 -no-auto-bridging-header-chaining -module-name RecallKit -package-name spi_builder_workspace -const-gather-protocols-file /Users/admin/builder/spi-builder-workspace/.derivedData/Build/Intermediates.noindex/RecallKit.build/Debug-appletvos/RecallKit-t.build/Objects-normal/arm64/RecallKit_const_extract_protocols.json -disable-clang-spi -clang-target arm64-apple-tvos27.0 -target-sdk-version 27.0 -target-sdk-name appletvos27.0 -in-process-plugin-server-path /Applications/Xcode-27.0.0-Release.Candidate.app/Contents/Developer/Toolchains/XcodeDefault.xctoolchain/usr/lib/swift/host/libSwiftInProcPluginServer.dylib -emit-module-doc-path /Users/admin/builder/spi-builder-workspace/.derivedData/Build/Intermediates.noindex/RecallKit.build/Debug-appletvos/RecallKit-t.build/Objects-normal/arm64/RecallKit.swiftdoc -emit-module-source-info-path /Users/admin/builder/spi-builder-workspace/.derivedData/Build/Intermediates.noindex/RecallKit.build/Debug-appletvos/RecallKit-t.build/Objects-normal/arm64/RecallKit.swiftsourceinfo -emit-objc-header-path /Users/admin/builder/spi-builder-workspace/.derivedData/Build/Intermediates.noindex/RecallKit.build/Debug-appletvos/RecallKit-t.build/Objects-normal/arm64/RecallKit-Swift.h -serialize-diagnostics-path /Users/admin/builder/spi-builder-workspace/.derivedData/Build/Intermediates.noindex/RecallKit.build/Debug-appletvos/RecallKit-t.build/Objects-normal/arm64/RecallKit-primary-emit-module.dia -emit-dependencies-path /Users/admin/builder/spi-builder-workspace/.derivedData/Build/Intermediates.noindex/RecallKit.build/Debug-appletvos/RecallKit-t.build/Objects-normal/arm64/RecallKit-primary-emit-module.d -parse-as-library -o /Users/admin/builder/spi-builder-workspace/.derivedData/Build/Intermediates.noindex/RecallKit.build/Debug-appletvos/RecallKit-t.build/Objects-normal/arm64/RecallKit.swiftmodule -emit-abi-descriptor-path /Users/admin/builder/spi-builder-workspace/.derivedData/Build/Intermediates.noindex/RecallKit.build/Debug-appletvos/RecallKit-t.build/Objects-normal/arm64/RecallKit.abi.json
SwiftCompile normal arm64 (in target 'RecallKit' from project 'RecallKit')
    cd /Users/admin/builder/spi-builder-workspace/.swiftpm/xcode

SwiftCompile normal arm64 Compiling\ RecordChunker.swift,\ RecordIndexPersistence.swift,\ RecordModels.swift /Users/admin/builder/spi-builder-workspace/Sources/RecallKit/RecordChunker.swift /Users/admin/builder/spi-builder-workspace/Sources/RecallKit/RecordIndexPersistence.swift /Users/admin/builder/spi-builder-workspace/Sources/RecallKit/RecordModels.swift (in target 'RecallKit' from project 'RecallKit')
SwiftCompile normal arm64 /Users/admin/builder/spi-builder-workspace/Sources/RecallKit/RecordChunker.swift (in target 'RecallKit' from project 'RecallKit')
    cd /Users/admin/builder/spi-builder-workspace/.swiftpm/xcode
    builtin-SwiftPerFileCompile RecordChunker.swift
SwiftCompile normal arm64 /Users/admin/builder/spi-builder-workspace/Sources/RecallKit/RecordIndexPersistence.swift (in target 'RecallKit' from project 'RecallKit')
    cd /Users/admin/builder/spi-builder-workspace/.swiftpm/xcode
    builtin-SwiftPerFileCompile RecordIndexPersistence.swift
SwiftCompile normal arm64 /Users/admin/builder/spi-builder-workspace/Sources/RecallKit/RecordModels.swift (in target 'RecallKit' from project 'RecallKit')
    cd /Users/admin/builder/spi-builder-workspace/.swiftpm/xcode
    builtin-SwiftPerFileCompile RecordModels.swift
SwiftCompile normal arm64 Compiling\ BenchmarkComparisons.swift,\ BinaryEncoding.swift,\ BinaryLookupTable.swift /Users/admin/builder/spi-builder-workspace/Sources/RecallKit/BenchmarkComparisons.swift /Users/admin/builder/spi-builder-workspace/Sources/RecallKit/BinaryEncoding.swift /Users/admin/builder/spi-builder-workspace/Sources/RecallKit/BinaryLookupTable.swift (in target 'RecallKit' from project 'RecallKit')
/Users/admin/builder/spi-builder-workspace/Sources/RecallKit/BenchmarkComparisons.swift:695:24: error: 'CSSearchableIndex' is unavailable in tvOS
693 |
694 | private final class CoreSpotlightBenchmarkStore {
695 |     private let index: CSSearchableIndex
    |                        `- error: 'CSSearchableIndex' is unavailable in tvOS
696 |
697 |     init(indexName: String) {
/Applications/Xcode-27.0.0-Release.Candidate.app/Contents/Developer/Platforms/AppleTVOS.platform/Developer/SDKs/AppleTVOS27.0.sdk/System/Library/Frameworks/CoreSpotlight.framework/Headers/CSSearchableIndex.h:31:12: note: 'CSSearchableIndex' has been explicitly marked unavailable here
 29 | API_AVAILABLE(macos(10.11), ios(9.0), visionos(1.0))
 30 | API_UNAVAILABLE(tvos, watchos)
 31 | @interface CSSearchableIndex : NSObject
    |            `- note: 'CSSearchableIndex' has been explicitly marked unavailable here
 32 |
 33 | @property (weak,nullable) id<CSSearchableIndexDelegate> indexDelegate;
/Users/admin/builder/spi-builder-workspace/Sources/RecallKit/BenchmarkComparisons.swift:795:39: error: 'CSSearchableItem' is unavailable in tvOS
793 |     }
794 |
795 |     private func indexItems(_ items: [CSSearchableItem]) async throws {
    |                                       `- error: 'CSSearchableItem' is unavailable in tvOS
796 |         try await withCheckedThrowingContinuation { (continuation: CheckedContinuation<Void, Error>) in
797 |             index.indexSearchableItems(items) { error in
/Applications/Xcode-27.0.0-Release.Candidate.app/Contents/Developer/Platforms/AppleTVOS.platform/Developer/SDKs/AppleTVOS27.0.sdk/System/Library/Frameworks/CoreSpotlight.framework/Headers/CSSearchableItem.h:45:12: note: 'CSSearchableItem' has been explicitly marked unavailable here
43 | API_AVAILABLE(macos(10.11), ios(9.0), visionos(1.0))
44 | API_UNAVAILABLE(tvos, watchos)
45 | @interface CSSearchableItem : NSObject <NSSecureCoding, NSCopying>
   |            `- note: 'CSSearchableItem' has been explicitly marked unavailable here
46 |
47 | // uniqueIdentifier can be null, in which case one will be generated.
/Users/admin/builder/spi-builder-workspace/Sources/RecallKit/BenchmarkComparisons.swift:819:62: error: 'CSSearchableItem' is unavailable in tvOS
817 |     }
818 |
819 |     private func makeItem(from unit: BenchmarkSearchUnit) -> CSSearchableItem {
    |                                                              `- error: 'CSSearchableItem' is unavailable in tvOS
820 |         let attributeSet = CSSearchableItemAttributeSet(contentType: .plainText)
821 |         attributeSet.contentDescription = unit.text
/Applications/Xcode-27.0.0-Release.Candidate.app/Contents/Developer/Platforms/AppleTVOS.platform/Developer/SDKs/AppleTVOS27.0.sdk/System/Library/Frameworks/CoreSpotlight.framework/Headers/CSSearchableItem.h:45:12: note: 'CSSearchableItem' has been explicitly marked unavailable here
43 | API_AVAILABLE(macos(10.11), ios(9.0), visionos(1.0))
44 | API_UNAVAILABLE(tvos, watchos)
45 | @interface CSSearchableItem : NSObject <NSSecureCoding, NSCopying>
   |            `- note: 'CSSearchableItem' has been explicitly marked unavailable here
46 |
47 | // uniqueIdentifier can be null, in which case one will be generated.
/Users/admin/builder/spi-builder-workspace/Sources/RecallKit/BenchmarkComparisons.swift:698:17: error: 'CSSearchableIndex' is unavailable in tvOS
696 |
697 |     init(indexName: String) {
698 |         index = CSSearchableIndex(name: indexName, protectionClass: .completeUntilFirstUserAuthentication)
    |                 `- error: 'CSSearchableIndex' is unavailable in tvOS
699 |     }
700 |
/Applications/Xcode-27.0.0-Release.Candidate.app/Contents/Developer/Platforms/AppleTVOS.platform/Developer/SDKs/AppleTVOS27.0.sdk/System/Library/Frameworks/CoreSpotlight.framework/Headers/CSSearchableIndex.h:31:12: note: 'CSSearchableIndex' has been explicitly marked unavailable here
 29 | API_AVAILABLE(macos(10.11), ios(9.0), visionos(1.0))
 30 | API_UNAVAILABLE(tvos, watchos)
 31 | @interface CSSearchableIndex : NSObject
    |            `- note: 'CSSearchableIndex' has been explicitly marked unavailable here
 32 |
 33 | @property (weak,nullable) id<CSSearchableIndexDelegate> indexDelegate;
/Users/admin/builder/spi-builder-workspace/Sources/RecallKit/BenchmarkComparisons.swift:702:15: error: 'CSSearchableIndex' is unavailable in tvOS
700 |
701 |     func prepare(units: [BenchmarkSearchUnit], corpusSignature: String, mode: RecordBenchmarkMode) async throws -> BenchmarkPreparationResult {
702 |         guard CSSearchableIndex.isIndexingAvailable() else {
    |               `- error: 'CSSearchableIndex' is unavailable in tvOS
703 |             throw BenchmarkComparisonError.coreSpotlightUnavailable
704 |         }
/Applications/Xcode-27.0.0-Release.Candidate.app/Contents/Developer/Platforms/AppleTVOS.platform/Developer/SDKs/AppleTVOS27.0.sdk/System/Library/Frameworks/CoreSpotlight.framework/Headers/CSSearchableIndex.h:31:12: note: 'CSSearchableIndex' has been explicitly marked unavailable here
 29 | API_AVAILABLE(macos(10.11), ios(9.0), visionos(1.0))
 30 | API_UNAVAILABLE(tvos, watchos)
 31 | @interface CSSearchableIndex : NSObject
    |            `- note: 'CSSearchableIndex' has been explicitly marked unavailable here
 32 |
 33 | @property (weak,nullable) id<CSSearchableIndexDelegate> indexDelegate;
/Users/admin/builder/spi-builder-workspace/Sources/RecallKit/BenchmarkComparisons.swift:736:23: error: 'CSSearchQueryContext' is unavailable in tvOS
734 |
735 |     func matchCount(for query: RecordSearchQuery) async throws -> Int {
736 |         let context = CSSearchQueryContext()
    |                       `- error: 'CSSearchQueryContext' is unavailable in tvOS
737 |         context.fetchAttributes = ["containerIdentifier", "keywords"]
738 |
/Applications/Xcode-27.0.0-Release.Candidate.app/Contents/Developer/Platforms/AppleTVOS.platform/Developer/SDKs/AppleTVOS27.0.sdk/System/Library/Frameworks/CoreSpotlight.framework/Headers/CSSearchQuery.h:30:12: note: 'CSSearchQueryContext' has been explicitly marked unavailable here
28 | API_AVAILABLE(macos(13.0), ios(16.0), visionos(1.0))
29 | API_UNAVAILABLE(tvos, watchos)
30 | @interface CSSearchQueryContext : NSObject<NSSecureCoding, NSCopying>
   |            `- note: 'CSSearchQueryContext' has been explicitly marked unavailable here
31 |
32 | @property (nonatomic, strong) NSArray<NSString *> *fetchAttributes;
/Users/admin/builder/spi-builder-workspace/Sources/RecallKit/BenchmarkComparisons.swift:739:27: error: 'CSSearchQuery' is unavailable in tvOS
737 |         context.fetchAttributes = ["containerIdentifier", "keywords"]
738 |
739 |         let searchQuery = CSSearchQuery(
    |                           `- error: 'CSSearchQuery' is unavailable in tvOS
740 |             queryString: makeQueryString(for: query),
741 |             queryContext: context
/Applications/Xcode-27.0.0-Release.Candidate.app/Contents/Developer/Platforms/AppleTVOS.platform/Developer/SDKs/AppleTVOS27.0.sdk/System/Library/Frameworks/CoreSpotlight.framework/Headers/CSSearchQuery.h:42:12: note: 'CSSearchQuery' has been explicitly marked unavailable here
40 | API_AVAILABLE(macos(10.12), ios(10.0), visionos(1.0))
41 | API_UNAVAILABLE(tvos, watchos)
42 | @interface CSSearchQuery : NSObject
   |            `- note: 'CSSearchQuery' has been explicitly marked unavailable here
43 |
44 | - (instancetype)init NS_UNAVAILABLE;
/Users/admin/builder/spi-builder-workspace/Sources/RecallKit/BenchmarkComparisons.swift:739:27: error: 'init(queryString:queryContext:)' is unavailable in tvOS
737 |         context.fetchAttributes = ["containerIdentifier", "keywords"]
738 |
739 |         let searchQuery = CSSearchQuery(
    |                           `- error: 'init(queryString:queryContext:)' is unavailable in tvOS
740 |             queryString: makeQueryString(for: query),
741 |             queryContext: context
/Applications/Xcode-27.0.0-Release.Candidate.app/Contents/Developer/Platforms/AppleTVOS.platform/Developer/SDKs/AppleTVOS27.0.sdk/System/Library/Frameworks/CoreSpotlight.framework/Headers/CSSearchQuery.h:47:1: note: 'init(queryString:queryContext:)' has been explicitly marked unavailable here
45 |
46 | // queryString: The query string (e.g., 'contentType == "public.email-message" && subject != "Re:*"')
47 | - (instancetype)initWithQueryString:(NSString * _Nonnull)queryString queryContext:(CSSearchQueryContext * _Nullable)queryContext NS_DESIGNATED_INITIALIZER API_AVAILABLE(macos(13.0), ios(16.0), visionos(1.0)) API_UNAVAILABLE(tvos, watchos);
   | `- note: 'init(queryString:queryContext:)' has been explicitly marked unavailable here
48 |
49 | // queryString: The query string (e.g., 'contentType == "public.email-message" && subject != "Re:*"')
Assertion failed: (Range.hasLowerEndpoint()), function getVersionString at AvailabilityRange.h:337.
(to display assertion configuration options: -Xllvm -assert-help)
Please submit a bug report (https://swift.org/contributing/#reporting-bugs) and include the crash backtrace.
Stack dump:
0.	Program arguments: /Applications/Xcode-27.0.0-Release.Candidate.app/Contents/Developer/Toolchains/XcodeDefault.xctoolchain/usr/bin/swift-frontend -frontend -c -primary-file /Users/admin/builder/spi-builder-workspace/Sources/RecallKit/BenchmarkComparisons.swift -primary-file /Users/admin/builder/spi-builder-workspace/Sources/RecallKit/BinaryEncoding.swift -primary-file /Users/admin/builder/spi-builder-workspace/Sources/RecallKit/BinaryLookupTable.swift /Users/admin/builder/spi-builder-workspace/Sources/RecallKit/DirectoryCrawler.swift /Users/admin/builder/spi-builder-workspace/Sources/RecallKit/FileLock.swift /Users/admin/builder/spi-builder-workspace/Sources/RecallKit/FileTableCodec.swift /Users/admin/builder/spi-builder-workspace/Sources/RecallKit/GlobMatcher.swift /Users/admin/builder/spi-builder-workspace/Sources/RecallKit/IOSBackgroundCompaction.swift /Users/admin/builder/spi-builder-workspace/Sources/RecallKit/IgnoreMatcher.swift /Users/admin/builder/spi-builder-workspace/Sources/RecallKit/IndexPersistence.swift /Users/admin/builder/spi-builder-workspace/Sources/RecallKit/Models.swift /Users/admin/builder/spi-builder-workspace/Sources/RecallKit/Parallel.swift /Users/admin/builder/spi-builder-workspace/Sources/RecallKit/PostingCodec.swift /Users/admin/builder/spi-builder-workspace/Sources/RecallKit/RecallKit.swift /Users/admin/builder/spi-builder-workspace/Sources/RecallKit/RecallKitIndexService.swift /Users/admin/builder/spi-builder-workspace/Sources/RecallKit/RecordChunker.swift /Users/admin/builder/spi-builder-workspace/Sources/RecallKit/RecordIndexPersistence.swift /Users/admin/builder/spi-builder-workspace/Sources/RecallKit/RecordModels.swift /Users/admin/builder/spi-builder-workspace/Sources/RecallKit/RecordSnapshotProviders.swift /Users/admin/builder/spi-builder-workspace/Sources/RecallKit/RegexHintExtractor.swift /Users/admin/builder/spi-builder-workspace/Sources/RecallKit/RegexQueryPlanner.swift /Users/admin/builder/spi-builder-workspace/Sources/RecallKit/SearchIndex.swift /Users/admin/builder/spi-builder-workspace/Sources/RecallKit/Searcher.swift /Users/admin/builder/spi-builder-workspace/Sources/RecallKit/SparseNGramExtractor.swift /Users/admin/builder/spi-builder-workspace/Sources/RecallKit/StableHasher.swift /Users/admin/builder/spi-builder-workspace/Sources/RecallKit/TombstoneCodec.swift /Users/admin/builder/spi-builder-workspace/Sources/RecallKit/URL+RelativePath.swift /Users/admin/builder/spi-builder-workspace/Sources/RecallKit/WeightTable.swift -supplementary-output-file-map /Users/admin/builder/spi-builder-workspace/.derivedData/Build/Intermediates.noindex/RecallKit.build/Debug-appletvos/RecallKit-t.build/Objects-normal/arm64/supplementaryOutputs-1 -target arm64-apple-tvos17.0 -module-can-import-version BackgroundTasks 1.0.0 1.0.0 -module-can-import-version CoreData 1629 1629.0.0 -module-can-import-version CoreSpotlight 2459 2459.0.0 -module-can-import-version SwiftData 180 0 -module-can-import-version UniformTypeIdentifiers 919.0.1.101 709.0.0 -disable-cross-import-overlay-search -swift-module-cross-import CoreData /Applications/Xcode-27.0.0-Release.Candidate.app/Contents/Developer/Platforms/AppleTVOS.platform/Developer/SDKs/AppleTVOS.sdk/System/Library/Frameworks/CoreData.framework/Modules/CoreData.swiftcrossimport/CloudKit.swiftoverlay -swift-module-cross-import CoreData /Applications/Xcode-27.0.0-Release.Candidate.app/Contents/Developer/Platforms/AppleTVOS.platform/Developer/SDKs/AppleTVOS27.0.sdk/System/Library/Frameworks/CoreData.framework/Modules/CoreData.swiftcrossimport/CloudKit.swiftoverlay -swift-module-cross-import Darwin /Applications/Xcode-27.0.0-Release.Candidate.app/Contents/Developer/Platforms/AppleTVOS.platform/Developer/SDKs/AppleTVOS.sdk/usr/include/Darwin.swiftcrossimport/xlocale.swiftoverlay -swift-module-cross-import SwiftData /Applications/Xcode-27.0.0-Release.Candidate.app/Contents/Developer/Platforms/AppleTVOS.platform/Developer/SDKs/AppleTVOS27.0.sdk/System/Library/Frameworks/SwiftData.framework/Modules/SwiftData.swiftcrossimport/CoreData.swiftoverlay -swift-module-cross-import SwiftData /Applications/Xcode-27.0.0-Release.Candidate.app/Contents/Developer/Platforms/AppleTVOS.platform/Developer/SDKs/AppleTVOS27.0.sdk/System/Library/Frameworks/SwiftData.framework/Modules/SwiftData.swiftcrossimport/SwiftUI.swiftoverlay -load-resolved-plugin /Applications/Xcode-27.0.0-Release.Candidate.app/Contents/Developer/Platforms/AppleTVOS.platform/Developer/usr/lib/swift/host/plugins/libFoundationMacros.dylib#/Applications/Xcode-27.0.0-Release.Candidate.app/Contents/Developer/Platforms/AppleTVOS.platform/Developer/usr/bin/swift-plugin-server#FoundationMacros -load-resolved-plugin /Applications/Xcode-27.0.0-Release.Candidate.app/Contents/Developer/Platforms/AppleTVOS.platform/Developer/usr/lib/swift/host/plugins/libObservationMacros.dylib#/Applications/Xcode-27.0.0-Release.Candidate.app/Contents/Developer/Platforms/AppleTVOS.platform/Developer/usr/bin/swift-plugin-server#ObservationMacros -load-resolved-plugin /Applications/Xcode-27.0.0-Release.Candidate.app/Contents/Developer/Platforms/AppleTVOS.platform/Developer/usr/lib/swift/host/plugins/libSwiftDataMacros.dylib#/Applications/Xcode-27.0.0-Release.Candidate.app/Contents/Developer/Platforms/AppleTVOS.platform/Developer/usr/bin/swift-plugin-server#SwiftDataMacros -load-resolved-plugin /Applications/Xcode-27.0.0-Release.Candidate.app/Contents/Developer/Platforms/AppleTVOS.platform/Developer/usr/lib/swift/host/plugins/libSwiftMacros.dylib#/Applications/Xcode-27.0.0-Release.Candidate.app/Contents/Developer/Platforms/AppleTVOS.platform/Developer/usr/bin/swift-plugin-server#SwiftMacros -disable-implicit-swift-modules -Xcc -fno-implicit-modules -Xcc -fno-implicit-module-maps -explicit-swift-module-map-file /Users/admin/builder/spi-builder-workspace/.derivedData/Build/Intermediates.noindex/RecallKit.build/Debug-appletvos/RecallKit-t.build/Objects-normal/arm64/RecallKit-dependencies-1.json -Xllvm -aarch64-use-tbi -enable-objc-interop -stack-check -sdk /Applications/Xcode-27.0.0-Release.Candidate.app/Contents/Developer/Platforms/AppleTVOS.platform/Developer/SDKs/AppleTVOS27.0.sdk -I /Users/admin/builder/spi-builder-workspace/.derivedData/Build/Products/Debug-appletvos -Isystem /Applications/Xcode-27.0.0-Release.Candidate.app/Contents/Developer/Platforms/AppleTVOS.platform/Developer/usr/lib -F /Users/admin/builder/spi-builder-workspace/.derivedData/Build/Products/Debug-appletvos/PackageFrameworks -F /Users/admin/builder/spi-builder-workspace/.derivedData/Build/Products/Debug-appletvos -F /Applications/Xcode-27.0.0-Release.Candidate.app/Contents/Developer/Platforms/AppleTVOS.platform/Developer/Library/Frameworks -F /Applications/Xcode-27.0.0-Release.Candidate.app/Contents/Developer/Platforms/AppleTVOS.platform/Developer/SDKs/AppleTVOS27.0.sdk/Developer/Library/Frameworks -module-cache-path /Users/admin/builder/spi-builder-workspace/.derivedData/Build/Intermediates.noindex/SwiftExplicitPrecompiledModules -no-color-diagnostics -Xcc -fno-color-diagnostics -enable-testing -g -debug-info-format=dwarf -dwarf-version=4 -profile-generate -profile-coverage-mapping -swift-version 6 -Onone -D SWIFT_PACKAGE -D DEBUG -D SWIFT_MODULE_RESOURCE_BUNDLE_UNAVAILABLE -D Xcode -serialize-debugging-options -enable-experimental-feature DebugDescriptionMacro -empty-abi-descriptor -validate-clang-modules-once -clang-build-session-file /Users/admin/builder/spi-builder-workspace/.derivedData/ModuleCache.noindex/Session.modulevalidation -Xcc -working-directory -Xcc /Users/admin/builder/spi-builder-workspace/.swiftpm/xcode -enable-anonymous-context-mangled-names -file-compilation-dir /Users/admin/builder/spi-builder-workspace/.swiftpm/xcode -Xcc -fmodule-map-file=/Users/admin/builder/spi-builder-workspace/.derivedData/Build/Intermediates.noindex/GeneratedModuleMaps-appletvos/libxxhash.modulemap -Xcc -D_LIBCPP_HARDENING_MODE=_LIBCPP_HARDENING_MODE_DEBUG -Xcc -ivfsstatcache -Xcc /Users/admin/builder/spi-builder-workspace/.derivedData/SDKStatCaches.noindex/appletvos27.0-24J360-e829b21a6f8c9b70876ba0858053c044b32bfd8d43560033f8d89884cdb90028.sdkstatcache -Xcc -fmodules-prune-interval=86400 -Xcc -fmodules-prune-after=345600 -Xcc -I/Users/admin/builder/spi-builder-workspace/.dependencies/checkouts/SwiftXXHash/Sources/libxxhash -Xcc -I/Users/admin/builder/spi-builder-workspace/.derivedData/Build/Products/Debug-appletvos/include -Xcc -I/Users/admin/builder/spi-builder-workspace/.derivedData/Build/Intermediates.noindex/RecallKit.build/Debug-appletvos/RecallKit-t.build/DerivedSources-normal/arm64 -Xcc -I/Users/admin/builder/spi-builder-workspace/.derivedData/Build/Intermediates.noindex/RecallKit.build/Debug-appletvos/RecallKit-t.build/DerivedSources/arm64 -Xcc -I/Users/admin/builder/spi-builder-workspace/.derivedData/Build/Intermediates.noindex/RecallKit.build/Debug-appletvos/RecallKit-t.build/DerivedSources -Xcc -DSWIFT_PACKAGE -Xcc -DDEBUG=1 -no-auto-bridging-header-chaining -module-name RecallKit -package-name spi_builder_workspace -const-gather-protocols-file /Users/admin/builder/spi-builder-workspace/.derivedData/Build/Intermediates.noindex/RecallKit.build/Debug-appletvos/RecallKit-t.build/Objects-normal/arm64/RecallKit_const_extract_protocols.json -disable-clang-spi -clang-target arm64-apple-tvos27.0 -target-sdk-version 27.0 -target-sdk-name appletvos27.0 -in-process-plugin-server-path /Applications/Xcode-27.0.0-Release.Candidate.app/Contents/Developer/Toolchains/XcodeDefault.xctoolchain/usr/lib/swift/host/libSwiftInProcPluginServer.dylib -parse-as-library -o /Users/admin/builder/spi-builder-workspace/.derivedData/Build/Intermediates.noindex/RecallKit.build/Debug-appletvos/RecallKit-t.build/Objects-normal/arm64/BenchmarkComparisons.o -o /Users/admin/builder/spi-builder-workspace/.derivedData/Build/Intermediates.noindex/RecallKit.build/Debug-appletvos/RecallKit-t.build/Objects-normal/arm64/BinaryEncoding.o -o /Users/admin/builder/spi-builder-workspace/.derivedData/Build/Intermediates.noindex/RecallKit.build/Debug-appletvos/RecallKit-t.build/Objects-normal/arm64/BinaryLookupTable.o -debug-module-path /Users/admin/builder/spi-builder-workspace/.derivedData/Build/Intermediates.noindex/RecallKit.build/Debug-appletvos/RecallKit-t.build/Objects-normal/arm64/RecallKit.swiftmodule -index-unit-output-path /RecallKit.build/Debug-appletvos/RecallKit-t.build/Objects-normal/arm64/BenchmarkComparisons.o -index-unit-output-path /RecallKit.build/Debug-appletvos/RecallKit-t.build/Objects-normal/arm64/BinaryEncoding.o -index-unit-output-path /RecallKit.build/Debug-appletvos/RecallKit-t.build/Objects-normal/arm64/BinaryLookupTable.o -index-store-path /Users/admin/builder/spi-builder-workspace/.derivedData/Index.noindex/DataStore -index-system-modules
1.	Apple Swift version 6.4 (swiftlang-6.4.0.34.1 clang-2100.3.34.1)
2.	Compiling with the current language version
3.	While evaluating request TypeCheckPrimaryFileRequest(source_file "/Users/admin/builder/spi-builder-workspace/Sources/RecallKit/BenchmarkComparisons.swift")
4.	While evaluating request TypeCheckFunctionBodyRequest(RecallKit.(file).CoreSpotlightBenchmarkStore.matchCount(for:)@/Users/admin/builder/spi-builder-workspace/Sources/RecallKit/BenchmarkComparisons.swift:735:10)
5.	While evaluating request DesugarForEachStmtRequest(ForEach)
6.	Assertion failed: (Range.hasLowerEndpoint()), function getVersionString at AvailabilityRange.h:337.
| 	(to display assertion configuration options: -Xllvm -assert-help)
Stack dump without symbol names (ensure you have llvm-symbolizer in your PATH or set the environment var `LLVM_SYMBOLIZER_PATH` to point to it):
SwiftCompile normal arm64 /Users/admin/builder/spi-builder-workspace/Sources/RecallKit/BenchmarkComparisons.swift (in target 'RecallKit' from project 'RecallKit')
    cd /Users/admin/builder/spi-builder-workspace/.swiftpm/xcode
    builtin-SwiftPerFileCompile BenchmarkComparisons.swift
SwiftCompile normal arm64 /Users/admin/builder/spi-builder-workspace/Sources/RecallKit/BinaryEncoding.swift (in target 'RecallKit' from project 'RecallKit')
    cd /Users/admin/builder/spi-builder-workspace/.swiftpm/xcode
    builtin-SwiftPerFileCompile BinaryEncoding.swift
SwiftCompile normal arm64 /Users/admin/builder/spi-builder-workspace/Sources/RecallKit/BinaryLookupTable.swift (in target 'RecallKit' from project 'RecallKit')
    cd /Users/admin/builder/spi-builder-workspace/.swiftpm/xcode
    builtin-SwiftPerFileCompile BinaryLookupTable.swift
SwiftCompile normal arm64 Compiling\ DirectoryCrawler.swift,\ FileLock.swift,\ FileTableCodec.swift /Users/admin/builder/spi-builder-workspace/Sources/RecallKit/DirectoryCrawler.swift /Users/admin/builder/spi-builder-workspace/Sources/RecallKit/FileLock.swift /Users/admin/builder/spi-builder-workspace/Sources/RecallKit/FileTableCodec.swift (in target 'RecallKit' from project 'RecallKit')
SwiftCompile normal arm64 /Users/admin/builder/spi-builder-workspace/Sources/RecallKit/DirectoryCrawler.swift (in target 'RecallKit' from project 'RecallKit')
    cd /Users/admin/builder/spi-builder-workspace/.swiftpm/xcode
    builtin-SwiftPerFileCompile DirectoryCrawler.swift
SwiftCompile normal arm64 /Users/admin/builder/spi-builder-workspace/Sources/RecallKit/FileLock.swift (in target 'RecallKit' from project 'RecallKit')
    cd /Users/admin/builder/spi-builder-workspace/.swiftpm/xcode
    builtin-SwiftPerFileCompile FileLock.swift
SwiftCompile normal arm64 /Users/admin/builder/spi-builder-workspace/Sources/RecallKit/FileTableCodec.swift (in target 'RecallKit' from project 'RecallKit')
    cd /Users/admin/builder/spi-builder-workspace/.swiftpm/xcode
    builtin-SwiftPerFileCompile FileTableCodec.swift
SwiftCompile normal arm64 Compiling\ SearchIndex.swift,\ Searcher.swift,\ SparseNGramExtractor.swift /Users/admin/builder/spi-builder-workspace/Sources/RecallKit/SearchIndex.swift /Users/admin/builder/spi-builder-workspace/Sources/RecallKit/Searcher.swift /Users/admin/builder/spi-builder-workspace/Sources/RecallKit/SparseNGramExtractor.swift (in target 'RecallKit' from project 'RecallKit')
SwiftCompile normal arm64 /Users/admin/builder/spi-builder-workspace/Sources/RecallKit/SearchIndex.swift (in target 'RecallKit' from project 'RecallKit')
    cd /Users/admin/builder/spi-builder-workspace/.swiftpm/xcode
    builtin-SwiftPerFileCompile SearchIndex.swift
SwiftCompile normal arm64 /Users/admin/builder/spi-builder-workspace/Sources/RecallKit/Searcher.swift (in target 'RecallKit' from project 'RecallKit')
    cd /Users/admin/builder/spi-builder-workspace/.swiftpm/xcode
    builtin-SwiftPerFileCompile Searcher.swift
SwiftCompile normal arm64 /Users/admin/builder/spi-builder-workspace/Sources/RecallKit/SparseNGramExtractor.swift (in target 'RecallKit' from project 'RecallKit')
    cd /Users/admin/builder/spi-builder-workspace/.swiftpm/xcode
    builtin-SwiftPerFileCompile SparseNGramExtractor.swift
SwiftCompile normal arm64 Compiling\ IndexPersistence.swift,\ Models.swift,\ Parallel.swift /Users/admin/builder/spi-builder-workspace/Sources/RecallKit/IndexPersistence.swift /Users/admin/builder/spi-builder-workspace/Sources/RecallKit/Models.swift /Users/admin/builder/spi-builder-workspace/Sources/RecallKit/Parallel.swift (in target 'RecallKit' from project 'RecallKit')
SwiftCompile normal arm64 /Users/admin/builder/spi-builder-workspace/Sources/RecallKit/IndexPersistence.swift (in target 'RecallKit' from project 'RecallKit')
    cd /Users/admin/builder/spi-builder-workspace/.swiftpm/xcode
    builtin-SwiftPerFileCompile IndexPersistence.swift
SwiftCompile normal arm64 /Users/admin/builder/spi-builder-workspace/Sources/RecallKit/Models.swift (in target 'RecallKit' from project 'RecallKit')
    cd /Users/admin/builder/spi-builder-workspace/.swiftpm/xcode
    builtin-SwiftPerFileCompile Models.swift
SwiftCompile normal arm64 /Users/admin/builder/spi-builder-workspace/Sources/RecallKit/Parallel.swift (in target 'RecallKit' from project 'RecallKit')
    cd /Users/admin/builder/spi-builder-workspace/.swiftpm/xcode
    builtin-SwiftPerFileCompile Parallel.swift
SwiftCompile normal arm64 Compiling\ PostingCodec.swift,\ RecallKit.swift,\ RecallKitIndexService.swift /Users/admin/builder/spi-builder-workspace/Sources/RecallKit/PostingCodec.swift /Users/admin/builder/spi-builder-workspace/Sources/RecallKit/RecallKit.swift /Users/admin/builder/spi-builder-workspace/Sources/RecallKit/RecallKitIndexService.swift (in target 'RecallKit' from project 'RecallKit')
SwiftCompile normal arm64 /Users/admin/builder/spi-builder-workspace/Sources/RecallKit/PostingCodec.swift (in target 'RecallKit' from project 'RecallKit')
    cd /Users/admin/builder/spi-builder-workspace/.swiftpm/xcode
    builtin-SwiftPerFileCompile PostingCodec.swift
SwiftCompile normal arm64 (in target 'RecallKit' from project 'RecallKit')
    cd /Users/admin/builder/spi-builder-workspace/.swiftpm/xcode

SwiftCompile normal arm64 /Users/admin/builder/spi-builder-workspace/Sources/RecallKit/RecallKitIndexService.swift (in target 'RecallKit' from project 'RecallKit')
    cd /Users/admin/builder/spi-builder-workspace/.swiftpm/xcode
    builtin-SwiftPerFileCompile RecallKitIndexService.swift
SwiftCompile normal arm64 Compiling\ URL+RelativePath.swift,\ WeightTable.swift /Users/admin/builder/spi-builder-workspace/Sources/RecallKit/URL+RelativePath.swift /Users/admin/builder/spi-builder-workspace/Sources/RecallKit/WeightTable.swift (in target 'RecallKit' from project 'RecallKit')
SwiftCompile normal arm64 /Users/admin/builder/spi-builder-workspace/Sources/RecallKit/URL+RelativePath.swift (in target 'RecallKit' from project 'RecallKit')
    cd /Users/admin/builder/spi-builder-workspace/.swiftpm/xcode
    builtin-SwiftPerFileCompile URL+RelativePath.swift
SwiftCompile normal arm64 /Users/admin/builder/spi-builder-workspace/Sources/RecallKit/WeightTable.swift (in target 'RecallKit' from project 'RecallKit')
    cd /Users/admin/builder/spi-builder-workspace/.swiftpm/xcode
    builtin-SwiftPerFileCompile WeightTable.swift
SwiftCompile normal arm64 Compiling\ RecordSnapshotProviders.swift,\ RegexHintExtractor.swift,\ RegexQueryPlanner.swift /Users/admin/builder/spi-builder-workspace/Sources/RecallKit/RecordSnapshotProviders.swift /Users/admin/builder/spi-builder-workspace/Sources/RecallKit/RegexHintExtractor.swift /Users/admin/builder/spi-builder-workspace/Sources/RecallKit/RegexQueryPlanner.swift (in target 'RecallKit' from project 'RecallKit')
SwiftCompile normal arm64 /Users/admin/builder/spi-builder-workspace/Sources/RecallKit/RecordSnapshotProviders.swift (in target 'RecallKit' from project 'RecallKit')
    cd /Users/admin/builder/spi-builder-workspace/.swiftpm/xcode
    builtin-SwiftPerFileCompile RecordSnapshotProviders.swift
SwiftCompile normal arm64 /Users/admin/builder/spi-builder-workspace/Sources/RecallKit/RegexHintExtractor.swift (in target 'RecallKit' from project 'RecallKit')
    cd /Users/admin/builder/spi-builder-workspace/.swiftpm/xcode
    builtin-SwiftPerFileCompile RegexHintExtractor.swift
SwiftCompile normal arm64 /Users/admin/builder/spi-builder-workspace/Sources/RecallKit/RegexQueryPlanner.swift (in target 'RecallKit' from project 'RecallKit')
    cd /Users/admin/builder/spi-builder-workspace/.swiftpm/xcode
    builtin-SwiftPerFileCompile RegexQueryPlanner.swift
PruneExplicitPrecompiledModules /Users/admin/builder/spi-builder-workspace/.derivedData/Build/Intermediates.noindex/ExplicitPrecompiledModules
PruneExplicitPrecompiledModules /Users/admin/builder/spi-builder-workspace/.derivedData/SDKExplicitPrecompiledModules
PruneExplicitPrecompiledModules /Users/admin/builder/spi-builder-workspace/.derivedData/Build/Intermediates.noindex/SwiftExplicitPrecompiledModules
2026-09-24 14:54:36.459 xcodebuild[730:4317] [MT] IDERunDestination: Supported platforms for the buildables in the current scheme is empty.
** BUILD FAILED **
The following build commands failed:
	SwiftEmitModule normal arm64 Emitting\ module\ for\ RecallKit (in target 'RecallKit' from project 'RecallKit')
	SwiftCompile normal arm64 (in target 'RecallKit' from project 'RecallKit')
	Building workspace RecallKit with scheme RecallKit
(3 failures)
Command line invocation:
    /Applications/Xcode-27.0.0-Release.Candidate.app/Contents/Developer/usr/bin/xcodebuild -IDEClonedSourcePackagesDirPathOverride=/Users/admin/builder/spi-builder-workspace/.dependencies -resolvePackageDependencies
Resolve Package Graph
Resolved source packages:
  RecallKit: /Users/admin/builder/spi-builder-workspace
  SwiftXXHash: https://github.com/Jaesung-Jung/SwiftXXHash.git @ 1.0.0
resolved source packages: RecallKit, SwiftXXHash
2026-09-24 14:54:41.841 xcodebuild[822:4729] [MT] IDERunDestination: Supported platforms for the buildables in the current scheme is empty.
{
  "dependencies" : [
    {
      "identity" : "swiftxxhash",
      "requirement" : {
        "range" : [
          {
            "lower_bound" : "1.0.0",
            "upper_bound" : "2.0.0"
          }
        ]
      },
      "type" : "sourceControl",
      "url" : "https://github.com/Jaesung-Jung/SwiftXXHash.git"
    }
  ],
  "manifest_display_name" : "RecallKit",
  "name" : "RecallKit",
  "path" : "/Users/admin/builder/spi-builder-workspace",
  "platforms" : [
    {
      "name" : "macos",
      "version" : "13.0"
    },
    {
      "name" : "ios",
      "version" : "17.0"
    }
  ],
  "products" : [
    {
      "name" : "RecallKit",
      "targets" : [
        "RecallKit"
      ],
      "type" : {
        "library" : [
          "automatic"
        ]
      }
    }
  ],
  "swift_languages_versions" : [
    "6"
  ],
  "targets" : [
    {
      "c99name" : "RecallKitTests",
      "module_type" : "SwiftTarget",
      "name" : "RecallKitTests",
      "path" : "Tests/RecallKitTests",
      "sources" : [
        "RecallKitTests.swift"
      ],
      "target_dependencies" : [
        "RecallKit"
      ],
      "type" : "test"
    },
    {
      "c99name" : "RecallKit",
      "module_type" : "SwiftTarget",
      "name" : "RecallKit",
      "path" : "Sources/RecallKit",
      "product_dependencies" : [
        "XXHash"
      ],
      "product_memberships" : [
        "RecallKit"
      ],
      "sources" : [
        "BenchmarkComparisons.swift",
        "BinaryEncoding.swift",
        "BinaryLookupTable.swift",
        "DirectoryCrawler.swift",
        "FileLock.swift",
        "FileTableCodec.swift",
        "GlobMatcher.swift",
        "IOSBackgroundCompaction.swift",
        "IgnoreMatcher.swift",
        "IndexPersistence.swift",
        "Models.swift",
        "Parallel.swift",
        "PostingCodec.swift",
        "RecallKit.swift",
        "RecallKitIndexService.swift",
        "RecordChunker.swift",
        "RecordIndexPersistence.swift",
        "RecordModels.swift",
        "RecordSnapshotProviders.swift",
        "RegexHintExtractor.swift",
        "RegexQueryPlanner.swift",
        "SearchIndex.swift",
        "Searcher.swift",
        "SparseNGramExtractor.swift",
        "StableHasher.swift",
        "TombstoneCodec.swift",
        "URL+RelativePath.swift",
        "WeightTable.swift"
      ],
      "type" : "library"
    }
  ],
  "tools_version" : "6.3"
}
{
  "workspace" : {
    "name" : "RecallKit",
    "schemes" : [
      "RecallKit"
    ]
  }
}
2026-09-24 14:54:43.125 xcodebuild[830:4797] [MT] IDERunDestination: Supported platforms for the buildables in the current scheme is empty.
Running build ...
env DEVELOPER_DIR=/Applications/Xcode-27.0.0-Release.Candidate.app xcrun xcodebuild -IDEClonedSourcePackagesDirPathOverride=$PWD/.dependencies -skipMacroValidation -skipPackagePluginValidation -derivedDataPath $PWD/.derivedData build -scheme RecallKit -destination generic/platform=tvOS
Command line invocation:
    /Applications/Xcode-27.0.0-Release.Candidate.app/Contents/Developer/usr/bin/xcodebuild -IDEClonedSourcePackagesDirPathOverride=/Users/admin/builder/spi-builder-workspace/.dependencies -skipMacroValidation -skipPackagePluginValidation -derivedDataPath /Users/admin/builder/spi-builder-workspace/.derivedData build -scheme RecallKit -destination generic/platform=tvOS
Resolve Package Graph
Resolved source packages:
  RecallKit: /Users/admin/builder/spi-builder-workspace
  SwiftXXHash: https://github.com/Jaesung-Jung/SwiftXXHash.git @ 1.0.0
ComputePackagePrebuildTargetDependencyGraph
Prepare packages
CreateBuildRequest
SendProjectDescription
CreateBuildOperation
ComputeTargetDependencyGraph
note: Building targets in dependency order
note: Target dependency graph (5 targets)
    Target 'RecallKit-product' in project 'RecallKit'
        ➜ Explicit dependency on target 'RecallKit' in project 'RecallKit'
        ➜ Explicit dependency on target 'XXHash-product' in project 'SwiftXXHash'
    Target 'RecallKit' in project 'RecallKit'
        ➜ Explicit dependency on target 'XXHash-product' in project 'SwiftXXHash'
    Target 'XXHash-product' in project 'SwiftXXHash'
        ➜ Explicit dependency on target 'XXHash' in project 'SwiftXXHash'
        ➜ Explicit dependency on target 'libxxhash' in project 'SwiftXXHash'
    Target 'XXHash' in project 'SwiftXXHash'
        ➜ Explicit dependency on target 'libxxhash' in project 'SwiftXXHash'
    Target 'libxxhash' in project 'SwiftXXHash' (no dependencies)
GatherProvisioningInputs
CreateBuildDescription
ClangStatCache /Applications/Xcode-27.0.0-Release.Candidate.app/Contents/Developer/Toolchains/XcodeDefault.xctoolchain/usr/bin/clang-stat-cache /Applications/Xcode-27.0.0-Release.Candidate.app/Contents/Developer/Platforms/AppleTVOS.platform/Developer/SDKs/AppleTVOS27.0.sdk /Users/admin/builder/spi-builder-workspace/.derivedData/SDKStatCaches.noindex/appletvos27.0-24J360-e829b21a6f8c9b70876ba0858053c044b32bfd8d43560033f8d89884cdb90028.sdkstatcache
    cd /Users/admin/builder/spi-builder-workspace/.swiftpm/xcode
    /Applications/Xcode-27.0.0-Release.Candidate.app/Contents/Developer/Toolchains/XcodeDefault.xctoolchain/usr/bin/clang-stat-cache /Applications/Xcode-27.0.0-Release.Candidate.app/Contents/Developer/Platforms/AppleTVOS.platform/Developer/SDKs/AppleTVOS27.0.sdk -o /Users/admin/builder/spi-builder-workspace/.derivedData/SDKStatCaches.noindex/appletvos27.0-24J360-e829b21a6f8c9b70876ba0858053c044b32bfd8d43560033f8d89884cdb90028.sdkstatcache
SwiftDriver XXHash normal arm64 com.apple.xcode.tools.swift.compiler (in target 'XXHash' from project 'SwiftXXHash')
    cd /Users/admin/builder/spi-builder-workspace/.swiftpm/xcode
    builtin-SwiftDriver -- /Applications/Xcode-27.0.0-Release.Candidate.app/Contents/Developer/Toolchains/XcodeDefault.xctoolchain/usr/bin/swiftc -parse-as-library -module-name XXHash -Onone @/Users/admin/builder/spi-builder-workspace/.derivedData/Build/Intermediates.noindex/SwiftXXHash.build/Debug-appletvos/XXHash-t.build/Objects-normal/arm64/XXHash.SwiftFileList -DSWIFT_PACKAGE -DDEBUG -DSWIFT_MODULE_RESOURCE_BUNDLE_UNAVAILABLE -Xcc -fmodule-map-file\=/Users/admin/builder/spi-builder-workspace/.derivedData/Build/Intermediates.noindex/GeneratedModuleMaps-appletvos/libxxhash.modulemap -DXcode -plugin-path /Applications/Xcode-27.0.0-Release.Candidate.app/Contents/Developer/Toolchains/XcodeDefault.xctoolchain/usr/lib/swift/host/plugins/testing -enable-experimental-feature DebugDescriptionMacro -sdk /Applications/Xcode-27.0.0-Release.Candidate.app/Contents/Developer/Platforms/AppleTVOS.platform/Developer/SDKs/AppleTVOS27.0.sdk -target arm64-apple-tvos15.0 -g -module-cache-path /Users/admin/builder/spi-builder-workspace/.derivedData/ModuleCache.noindex -Xfrontend -serialize-debugging-options -profile-coverage-mapping -profile-generate -enable-testing -suppress-warnings -index-store-path /Users/admin/builder/spi-builder-workspace/.derivedData/Index.noindex/DataStore -Xcc -D_LIBCPP_HARDENING_MODE\=_LIBCPP_HARDENING_MODE_DEBUG -swift-version 6 -I /Users/admin/builder/spi-builder-workspace/.derivedData/Build/Products/Debug-appletvos -Isystem /Applications/Xcode-27.0.0-Release.Candidate.app/Contents/Developer/Platforms/AppleTVOS.platform/Developer/usr/lib -F /Users/admin/builder/spi-builder-workspace/.derivedData/Build/Products/Debug-appletvos/PackageFrameworks -F /Users/admin/builder/spi-builder-workspace/.derivedData/Build/Products/Debug-appletvos -F /Applications/Xcode-27.0.0-Release.Candidate.app/Contents/Developer/Platforms/AppleTVOS.platform/Developer/Library/Frameworks -F /Applications/Xcode-27.0.0-Release.Candidate.app/Contents/Developer/Platforms/AppleTVOS.platform/Developer/SDKs/AppleTVOS27.0.sdk/Developer/Library/Frameworks -c -j10 -enable-batch-mode -incremental -Xcc -ivfsstatcache -Xcc /Users/admin/builder/spi-builder-workspace/.derivedData/SDKStatCaches.noindex/appletvos27.0-24J360-e829b21a6f8c9b70876ba0858053c044b32bfd8d43560033f8d89884cdb90028.sdkstatcache -output-file-map /Users/admin/builder/spi-builder-workspace/.derivedData/Build/Intermediates.noindex/SwiftXXHash.build/Debug-appletvos/XXHash-t.build/Objects-normal/arm64/XXHash-OutputFileMap.json -save-temps -no-color-diagnostics -explicit-module-build -module-cache-path /Users/admin/builder/spi-builder-workspace/.derivedData/Build/Intermediates.noindex/SwiftExplicitPrecompiledModules -clang-scanner-module-cache-path /Users/admin/builder/spi-builder-workspace/.derivedData/ModuleCache.noindex -sdk-module-cache-path /Users/admin/builder/spi-builder-workspace/.derivedData/SDKExplicitPrecompiledModules -emit-dependencies -emit-module -emit-module-path /Users/admin/builder/spi-builder-workspace/.derivedData/Build/Intermediates.noindex/SwiftXXHash.build/Debug-appletvos/XXHash-t.build/Objects-normal/arm64/XXHash.swiftmodule -serialize-diagnostics -dependency-scan-serialize-diagnostics-path /Users/admin/builder/spi-builder-workspace/.derivedData/Build/Intermediates.noindex/SwiftXXHash.build/Debug-appletvos/XXHash-t.build/Objects-normal/arm64/XXHash-dependency-scan.dia -user-module-version 1.0.0 -validate-clang-modules-once -clang-build-session-file /Users/admin/builder/spi-builder-workspace/.derivedData/ModuleCache.noindex/Session.modulevalidation -Xcc -fmodules-prune-interval\=86400 -Xcc -fmodules-prune-after\=345600 -package-name swiftxxhash -emit-const-values -const-gather-protocols-list /Users/admin/builder/spi-builder-workspace/.derivedData/Build/Intermediates.noindex/SwiftXXHash.build/Debug-appletvos/XXHash-t.build/Objects-normal/arm64/XXHash_const_extract_protocols.json -Xcc -I/Users/admin/builder/spi-builder-workspace/.dependencies/checkouts/SwiftXXHash/Sources/libxxhash -Xcc -I/Users/admin/builder/spi-builder-workspace/.derivedData/Build/Products/Debug-appletvos/include -Xcc -I/Users/admin/builder/spi-builder-workspace/.derivedData/Build/Intermediates.noindex/SwiftXXHash.build/Debug-appletvos/XXHash-t.build/DerivedSources-normal/arm64 -Xcc -I/Users/admin/builder/spi-builder-workspace/.derivedData/Build/Intermediates.noindex/SwiftXXHash.build/Debug-appletvos/XXHash-t.build/DerivedSources/arm64 -Xcc -I/Users/admin/builder/spi-builder-workspace/.derivedData/Build/Intermediates.noindex/SwiftXXHash.build/Debug-appletvos/XXHash-t.build/DerivedSources -Xcc -DSWIFT_PACKAGE -Xcc -DDEBUG\=1 -emit-objc-header -emit-objc-header-path /Users/admin/builder/spi-builder-workspace/.derivedData/Build/Intermediates.noindex/SwiftXXHash.build/Debug-appletvos/XXHash-t.build/Objects-normal/arm64/XXHash-Swift.h -working-directory /Users/admin/builder/spi-builder-workspace/.swiftpm/xcode -experimental-emit-module-separately -disable-cmo
SwiftDriver RecallKit normal arm64 com.apple.xcode.tools.swift.compiler (in target 'RecallKit' from project 'RecallKit')
    cd /Users/admin/builder/spi-builder-workspace/.swiftpm/xcode
    builtin-SwiftDriver -- /Applications/Xcode-27.0.0-Release.Candidate.app/Contents/Developer/Toolchains/XcodeDefault.xctoolchain/usr/bin/swiftc -parse-as-library -module-name RecallKit -Onone @/Users/admin/builder/spi-builder-workspace/.derivedData/Build/Intermediates.noindex/RecallKit.build/Debug-appletvos/RecallKit-t.build/Objects-normal/arm64/RecallKit.SwiftFileList -DSWIFT_PACKAGE -DDEBUG -DSWIFT_MODULE_RESOURCE_BUNDLE_UNAVAILABLE -Xcc -fmodule-map-file\=/Users/admin/builder/spi-builder-workspace/.derivedData/Build/Intermediates.noindex/GeneratedModuleMaps-appletvos/libxxhash.modulemap -DXcode -plugin-path /Applications/Xcode-27.0.0-Release.Candidate.app/Contents/Developer/Toolchains/XcodeDefault.xctoolchain/usr/lib/swift/host/plugins/testing -enable-experimental-feature DebugDescriptionMacro -sdk /Applications/Xcode-27.0.0-Release.Candidate.app/Contents/Developer/Platforms/AppleTVOS.platform/Developer/SDKs/AppleTVOS27.0.sdk -target arm64-apple-tvos17.0 -g -module-cache-path /Users/admin/builder/spi-builder-workspace/.derivedData/ModuleCache.noindex -Xfrontend -serialize-debugging-options -profile-coverage-mapping -profile-generate -enable-testing -index-store-path /Users/admin/builder/spi-builder-workspace/.derivedData/Index.noindex/DataStore -Xcc -D_LIBCPP_HARDENING_MODE\=_LIBCPP_HARDENING_MODE_DEBUG -swift-version 6 -I /Users/admin/builder/spi-builder-workspace/.derivedData/Build/Products/Debug-appletvos -Isystem /Applications/Xcode-27.0.0-Release.Candidate.app/Contents/Developer/Platforms/AppleTVOS.platform/Developer/usr/lib -F /Users/admin/builder/spi-builder-workspace/.derivedData/Build/Products/Debug-appletvos/PackageFrameworks -F /Users/admin/builder/spi-builder-workspace/.derivedData/Build/Products/Debug-appletvos -F /Applications/Xcode-27.0.0-Release.Candidate.app/Contents/Developer/Platforms/AppleTVOS.platform/Developer/Library/Frameworks -F /Applications/Xcode-27.0.0-Release.Candidate.app/Contents/Developer/Platforms/AppleTVOS.platform/Developer/SDKs/AppleTVOS27.0.sdk/Developer/Library/Frameworks -c -j10 -enable-batch-mode -incremental -Xcc -ivfsstatcache -Xcc /Users/admin/builder/spi-builder-workspace/.derivedData/SDKStatCaches.noindex/appletvos27.0-24J360-e829b21a6f8c9b70876ba0858053c044b32bfd8d43560033f8d89884cdb90028.sdkstatcache -output-file-map /Users/admin/builder/spi-builder-workspace/.derivedData/Build/Intermediates.noindex/RecallKit.build/Debug-appletvos/RecallKit-t.build/Objects-normal/arm64/RecallKit-OutputFileMap.json -save-temps -no-color-diagnostics -explicit-module-build -module-cache-path /Users/admin/builder/spi-builder-workspace/.derivedData/Build/Intermediates.noindex/SwiftExplicitPrecompiledModules -clang-scanner-module-cache-path /Users/admin/builder/spi-builder-workspace/.derivedData/ModuleCache.noindex -sdk-module-cache-path /Users/admin/builder/spi-builder-workspace/.derivedData/SDKExplicitPrecompiledModules -emit-dependencies -emit-module -emit-module-path /Users/admin/builder/spi-builder-workspace/.derivedData/Build/Intermediates.noindex/RecallKit.build/Debug-appletvos/RecallKit-t.build/Objects-normal/arm64/RecallKit.swiftmodule -serialize-diagnostics -dependency-scan-serialize-diagnostics-path /Users/admin/builder/spi-builder-workspace/.derivedData/Build/Intermediates.noindex/RecallKit.build/Debug-appletvos/RecallKit-t.build/Objects-normal/arm64/RecallKit-dependency-scan.dia -validate-clang-modules-once -clang-build-session-file /Users/admin/builder/spi-builder-workspace/.derivedData/ModuleCache.noindex/Session.modulevalidation -Xcc -fmodules-prune-interval\=86400 -Xcc -fmodules-prune-after\=345600 -package-name spi_builder_workspace -emit-const-values -const-gather-protocols-list /Users/admin/builder/spi-builder-workspace/.derivedData/Build/Intermediates.noindex/RecallKit.build/Debug-appletvos/RecallKit-t.build/Objects-normal/arm64/RecallKit_const_extract_protocols.json -Xcc -I/Users/admin/builder/spi-builder-workspace/.dependencies/checkouts/SwiftXXHash/Sources/libxxhash -Xcc -I/Users/admin/builder/spi-builder-workspace/.derivedData/Build/Products/Debug-appletvos/include -Xcc -I/Users/admin/builder/spi-builder-workspace/.derivedData/Build/Intermediates.noindex/RecallKit.build/Debug-appletvos/RecallKit-t.build/DerivedSources-normal/arm64 -Xcc -I/Users/admin/builder/spi-builder-workspace/.derivedData/Build/Intermediates.noindex/RecallKit.build/Debug-appletvos/RecallKit-t.build/DerivedSources/arm64 -Xcc -I/Users/admin/builder/spi-builder-workspace/.derivedData/Build/Intermediates.noindex/RecallKit.build/Debug-appletvos/RecallKit-t.build/DerivedSources -Xcc -DSWIFT_PACKAGE -Xcc -DDEBUG\=1 -emit-objc-header -emit-objc-header-path /Users/admin/builder/spi-builder-workspace/.derivedData/Build/Intermediates.noindex/RecallKit.build/Debug-appletvos/RecallKit-t.build/Objects-normal/arm64/RecallKit-Swift.h -working-directory /Users/admin/builder/spi-builder-workspace/.swiftpm/xcode -experimental-emit-module-separately -disable-cmo
SwiftCompile normal arm64 Compiling\ XXHash.swift /Users/admin/builder/spi-builder-workspace/.dependencies/checkouts/SwiftXXHash/Sources/XXHash/XXHash.swift (in target 'XXHash' from project 'SwiftXXHash')
SwiftCompile normal arm64 /Users/admin/builder/spi-builder-workspace/.dependencies/checkouts/SwiftXXHash/Sources/XXHash/XXHash.swift (in target 'XXHash' from project 'SwiftXXHash')
    cd /Users/admin/builder/spi-builder-workspace/.swiftpm/xcode
    builtin-SwiftPerFileCompile XXHash.swift
SwiftEmitModule normal arm64 Emitting\ module\ for\ XXHash (in target 'XXHash' from project 'SwiftXXHash')
SwiftCompile normal arm64 (in target 'XXHash' from project 'SwiftXXHash')
    cd /Users/admin/builder/spi-builder-workspace/.swiftpm/xcode

SwiftCompile normal arm64 Compiling\ BenchmarkComparisons.swift,\ BinaryEncoding.swift,\ BinaryLookupTable.swift /Users/admin/builder/spi-builder-workspace/Sources/RecallKit/BenchmarkComparisons.swift /Users/admin/builder/spi-builder-workspace/Sources/RecallKit/BinaryEncoding.swift /Users/admin/builder/spi-builder-workspace/Sources/RecallKit/BinaryLookupTable.swift (in target 'RecallKit' from project 'RecallKit')
/Users/admin/builder/spi-builder-workspace/Sources/RecallKit/BenchmarkComparisons.swift:695:24: error: 'CSSearchableIndex' is unavailable in tvOS
693 |
694 | private final class CoreSpotlightBenchmarkStore {
695 |     private let index: CSSearchableIndex
    |                        `- error: 'CSSearchableIndex' is unavailable in tvOS
696 |
697 |     init(indexName: String) {
/Applications/Xcode-27.0.0-Release.Candidate.app/Contents/Developer/Platforms/AppleTVOS.platform/Developer/SDKs/AppleTVOS27.0.sdk/System/Library/Frameworks/CoreSpotlight.framework/Headers/CSSearchableIndex.h:31:12: note: 'CSSearchableIndex' has been explicitly marked unavailable here
 29 | API_AVAILABLE(macos(10.11), ios(9.0), visionos(1.0))
 30 | API_UNAVAILABLE(tvos, watchos)
 31 | @interface CSSearchableIndex : NSObject
    |            `- note: 'CSSearchableIndex' has been explicitly marked unavailable here
 32 |
 33 | @property (weak,nullable) id<CSSearchableIndexDelegate> indexDelegate;
/Users/admin/builder/spi-builder-workspace/Sources/RecallKit/BenchmarkComparisons.swift:795:39: error: 'CSSearchableItem' is unavailable in tvOS
793 |     }
794 |
795 |     private func indexItems(_ items: [CSSearchableItem]) async throws {
    |                                       `- error: 'CSSearchableItem' is unavailable in tvOS
796 |         try await withCheckedThrowingContinuation { (continuation: CheckedContinuation<Void, Error>) in
797 |             index.indexSearchableItems(items) { error in
/Applications/Xcode-27.0.0-Release.Candidate.app/Contents/Developer/Platforms/AppleTVOS.platform/Developer/SDKs/AppleTVOS27.0.sdk/System/Library/Frameworks/CoreSpotlight.framework/Headers/CSSearchableItem.h:45:12: note: 'CSSearchableItem' has been explicitly marked unavailable here
43 | API_AVAILABLE(macos(10.11), ios(9.0), visionos(1.0))
44 | API_UNAVAILABLE(tvos, watchos)
45 | @interface CSSearchableItem : NSObject <NSSecureCoding, NSCopying>
   |            `- note: 'CSSearchableItem' has been explicitly marked unavailable here
46 |
47 | // uniqueIdentifier can be null, in which case one will be generated.
/Users/admin/builder/spi-builder-workspace/Sources/RecallKit/BenchmarkComparisons.swift:819:62: error: 'CSSearchableItem' is unavailable in tvOS
817 |     }
818 |
819 |     private func makeItem(from unit: BenchmarkSearchUnit) -> CSSearchableItem {
    |                                                              `- error: 'CSSearchableItem' is unavailable in tvOS
820 |         let attributeSet = CSSearchableItemAttributeSet(contentType: .plainText)
821 |         attributeSet.contentDescription = unit.text
/Applications/Xcode-27.0.0-Release.Candidate.app/Contents/Developer/Platforms/AppleTVOS.platform/Developer/SDKs/AppleTVOS27.0.sdk/System/Library/Frameworks/CoreSpotlight.framework/Headers/CSSearchableItem.h:45:12: note: 'CSSearchableItem' has been explicitly marked unavailable here
43 | API_AVAILABLE(macos(10.11), ios(9.0), visionos(1.0))
44 | API_UNAVAILABLE(tvos, watchos)
45 | @interface CSSearchableItem : NSObject <NSSecureCoding, NSCopying>
   |            `- note: 'CSSearchableItem' has been explicitly marked unavailable here
46 |
47 | // uniqueIdentifier can be null, in which case one will be generated.
/Users/admin/builder/spi-builder-workspace/Sources/RecallKit/BenchmarkComparisons.swift:698:17: error: 'CSSearchableIndex' is unavailable in tvOS
696 |
697 |     init(indexName: String) {
698 |         index = CSSearchableIndex(name: indexName, protectionClass: .completeUntilFirstUserAuthentication)
    |                 `- error: 'CSSearchableIndex' is unavailable in tvOS
699 |     }
700 |
/Applications/Xcode-27.0.0-Release.Candidate.app/Contents/Developer/Platforms/AppleTVOS.platform/Developer/SDKs/AppleTVOS27.0.sdk/System/Library/Frameworks/CoreSpotlight.framework/Headers/CSSearchableIndex.h:31:12: note: 'CSSearchableIndex' has been explicitly marked unavailable here
 29 | API_AVAILABLE(macos(10.11), ios(9.0), visionos(1.0))
 30 | API_UNAVAILABLE(tvos, watchos)
 31 | @interface CSSearchableIndex : NSObject
    |            `- note: 'CSSearchableIndex' has been explicitly marked unavailable here
 32 |
 33 | @property (weak,nullable) id<CSSearchableIndexDelegate> indexDelegate;
/Users/admin/builder/spi-builder-workspace/Sources/RecallKit/BenchmarkComparisons.swift:702:15: error: 'CSSearchableIndex' is unavailable in tvOS
700 |
701 |     func prepare(units: [BenchmarkSearchUnit], corpusSignature: String, mode: RecordBenchmarkMode) async throws -> BenchmarkPreparationResult {
702 |         guard CSSearchableIndex.isIndexingAvailable() else {
    |               `- error: 'CSSearchableIndex' is unavailable in tvOS
703 |             throw BenchmarkComparisonError.coreSpotlightUnavailable
704 |         }
/Applications/Xcode-27.0.0-Release.Candidate.app/Contents/Developer/Platforms/AppleTVOS.platform/Developer/SDKs/AppleTVOS27.0.sdk/System/Library/Frameworks/CoreSpotlight.framework/Headers/CSSearchableIndex.h:31:12: note: 'CSSearchableIndex' has been explicitly marked unavailable here
 29 | API_AVAILABLE(macos(10.11), ios(9.0), visionos(1.0))
 30 | API_UNAVAILABLE(tvos, watchos)
 31 | @interface CSSearchableIndex : NSObject
    |            `- note: 'CSSearchableIndex' has been explicitly marked unavailable here
 32 |
 33 | @property (weak,nullable) id<CSSearchableIndexDelegate> indexDelegate;
/Users/admin/builder/spi-builder-workspace/Sources/RecallKit/BenchmarkComparisons.swift:736:23: error: 'CSSearchQueryContext' is unavailable in tvOS
734 |
735 |     func matchCount(for query: RecordSearchQuery) async throws -> Int {
736 |         let context = CSSearchQueryContext()
    |                       `- error: 'CSSearchQueryContext' is unavailable in tvOS
737 |         context.fetchAttributes = ["containerIdentifier", "keywords"]
738 |
/Applications/Xcode-27.0.0-Release.Candidate.app/Contents/Developer/Platforms/AppleTVOS.platform/Developer/SDKs/AppleTVOS27.0.sdk/System/Library/Frameworks/CoreSpotlight.framework/Headers/CSSearchQuery.h:30:12: note: 'CSSearchQueryContext' has been explicitly marked unavailable here
28 | API_AVAILABLE(macos(13.0), ios(16.0), visionos(1.0))
29 | API_UNAVAILABLE(tvos, watchos)
30 | @interface CSSearchQueryContext : NSObject<NSSecureCoding, NSCopying>
   |            `- note: 'CSSearchQueryContext' has been explicitly marked unavailable here
31 |
32 | @property (nonatomic, strong) NSArray<NSString *> *fetchAttributes;
/Users/admin/builder/spi-builder-workspace/Sources/RecallKit/BenchmarkComparisons.swift:739:27: error: 'CSSearchQuery' is unavailable in tvOS
737 |         context.fetchAttributes = ["containerIdentifier", "keywords"]
738 |
739 |         let searchQuery = CSSearchQuery(
    |                           `- error: 'CSSearchQuery' is unavailable in tvOS
740 |             queryString: makeQueryString(for: query),
741 |             queryContext: context
/Applications/Xcode-27.0.0-Release.Candidate.app/Contents/Developer/Platforms/AppleTVOS.platform/Developer/SDKs/AppleTVOS27.0.sdk/System/Library/Frameworks/CoreSpotlight.framework/Headers/CSSearchQuery.h:42:12: note: 'CSSearchQuery' has been explicitly marked unavailable here
40 | API_AVAILABLE(macos(10.12), ios(10.0), visionos(1.0))
41 | API_UNAVAILABLE(tvos, watchos)
42 | @interface CSSearchQuery : NSObject
   |            `- note: 'CSSearchQuery' has been explicitly marked unavailable here
43 |
44 | - (instancetype)init NS_UNAVAILABLE;
/Users/admin/builder/spi-builder-workspace/Sources/RecallKit/BenchmarkComparisons.swift:739:27: error: 'init(queryString:queryContext:)' is unavailable in tvOS
737 |         context.fetchAttributes = ["containerIdentifier", "keywords"]
738 |
739 |         let searchQuery = CSSearchQuery(
    |                           `- error: 'init(queryString:queryContext:)' is unavailable in tvOS
740 |             queryString: makeQueryString(for: query),
741 |             queryContext: context
/Applications/Xcode-27.0.0-Release.Candidate.app/Contents/Developer/Platforms/AppleTVOS.platform/Developer/SDKs/AppleTVOS27.0.sdk/System/Library/Frameworks/CoreSpotlight.framework/Headers/CSSearchQuery.h:47:1: note: 'init(queryString:queryContext:)' has been explicitly marked unavailable here
45 |
46 | // queryString: The query string (e.g., 'contentType == "public.email-message" && subject != "Re:*"')
47 | - (instancetype)initWithQueryString:(NSString * _Nonnull)queryString queryContext:(CSSearchQueryContext * _Nullable)queryContext NS_DESIGNATED_INITIALIZER API_AVAILABLE(macos(13.0), ios(16.0), visionos(1.0)) API_UNAVAILABLE(tvos, watchos);
   | `- note: 'init(queryString:queryContext:)' has been explicitly marked unavailable here
48 |
49 | // queryString: The query string (e.g., 'contentType == "public.email-message" && subject != "Re:*"')
Assertion failed: (Range.hasLowerEndpoint()), function getVersionString at AvailabilityRange.h:337.
(to display assertion configuration options: -Xllvm -assert-help)
Please submit a bug report (https://swift.org/contributing/#reporting-bugs) and include the crash backtrace.
Stack dump:
0.	Program arguments: /Applications/Xcode-27.0.0-Release.Candidate.app/Contents/Developer/Toolchains/XcodeDefault.xctoolchain/usr/bin/swift-frontend -frontend -c -primary-file /Users/admin/builder/spi-builder-workspace/Sources/RecallKit/BenchmarkComparisons.swift -primary-file /Users/admin/builder/spi-builder-workspace/Sources/RecallKit/BinaryEncoding.swift -primary-file /Users/admin/builder/spi-builder-workspace/Sources/RecallKit/BinaryLookupTable.swift /Users/admin/builder/spi-builder-workspace/Sources/RecallKit/DirectoryCrawler.swift /Users/admin/builder/spi-builder-workspace/Sources/RecallKit/FileLock.swift /Users/admin/builder/spi-builder-workspace/Sources/RecallKit/FileTableCodec.swift /Users/admin/builder/spi-builder-workspace/Sources/RecallKit/GlobMatcher.swift /Users/admin/builder/spi-builder-workspace/Sources/RecallKit/IOSBackgroundCompaction.swift /Users/admin/builder/spi-builder-workspace/Sources/RecallKit/IgnoreMatcher.swift /Users/admin/builder/spi-builder-workspace/Sources/RecallKit/IndexPersistence.swift /Users/admin/builder/spi-builder-workspace/Sources/RecallKit/Models.swift /Users/admin/builder/spi-builder-workspace/Sources/RecallKit/Parallel.swift /Users/admin/builder/spi-builder-workspace/Sources/RecallKit/PostingCodec.swift /Users/admin/builder/spi-builder-workspace/Sources/RecallKit/RecallKit.swift /Users/admin/builder/spi-builder-workspace/Sources/RecallKit/RecallKitIndexService.swift /Users/admin/builder/spi-builder-workspace/Sources/RecallKit/RecordChunker.swift /Users/admin/builder/spi-builder-workspace/Sources/RecallKit/RecordIndexPersistence.swift /Users/admin/builder/spi-builder-workspace/Sources/RecallKit/RecordModels.swift /Users/admin/builder/spi-builder-workspace/Sources/RecallKit/RecordSnapshotProviders.swift /Users/admin/builder/spi-builder-workspace/Sources/RecallKit/RegexHintExtractor.swift /Users/admin/builder/spi-builder-workspace/Sources/RecallKit/RegexQueryPlanner.swift /Users/admin/builder/spi-builder-workspace/Sources/RecallKit/SearchIndex.swift /Users/admin/builder/spi-builder-workspace/Sources/RecallKit/Searcher.swift /Users/admin/builder/spi-builder-workspace/Sources/RecallKit/SparseNGramExtractor.swift /Users/admin/builder/spi-builder-workspace/Sources/RecallKit/StableHasher.swift /Users/admin/builder/spi-builder-workspace/Sources/RecallKit/TombstoneCodec.swift /Users/admin/builder/spi-builder-workspace/Sources/RecallKit/URL+RelativePath.swift /Users/admin/builder/spi-builder-workspace/Sources/RecallKit/WeightTable.swift -supplementary-output-file-map /Users/admin/builder/spi-builder-workspace/.derivedData/Build/Intermediates.noindex/RecallKit.build/Debug-appletvos/RecallKit-t.build/Objects-normal/arm64/supplementaryOutputs-1 -target arm64-apple-tvos17.0 -module-can-import-version BackgroundTasks 1.0.0 1.0.0 -module-can-import-version CoreData 1629 1629.0.0 -module-can-import-version CoreSpotlight 2459 2459.0.0 -module-can-import-version SwiftData 180 0 -module-can-import-version UniformTypeIdentifiers 919.0.1.101 709.0.0 -disable-cross-import-overlay-search -swift-module-cross-import CoreData /Applications/Xcode-27.0.0-Release.Candidate.app/Contents/Developer/Platforms/AppleTVOS.platform/Developer/SDKs/AppleTVOS.sdk/System/Library/Frameworks/CoreData.framework/Modules/CoreData.swiftcrossimport/CloudKit.swiftoverlay -swift-module-cross-import CoreData /Applications/Xcode-27.0.0-Release.Candidate.app/Contents/Developer/Platforms/AppleTVOS.platform/Developer/SDKs/AppleTVOS27.0.sdk/System/Library/Frameworks/CoreData.framework/Modules/CoreData.swiftcrossimport/CloudKit.swiftoverlay -swift-module-cross-import Darwin /Applications/Xcode-27.0.0-Release.Candidate.app/Contents/Developer/Platforms/AppleTVOS.platform/Developer/SDKs/AppleTVOS.sdk/usr/include/Darwin.swiftcrossimport/xlocale.swiftoverlay -swift-module-cross-import SwiftData /Applications/Xcode-27.0.0-Release.Candidate.app/Contents/Developer/Platforms/AppleTVOS.platform/Developer/SDKs/AppleTVOS27.0.sdk/System/Library/Frameworks/SwiftData.framework/Modules/SwiftData.swiftcrossimport/CoreData.swiftoverlay -swift-module-cross-import SwiftData /Applications/Xcode-27.0.0-Release.Candidate.app/Contents/Developer/Platforms/AppleTVOS.platform/Developer/SDKs/AppleTVOS27.0.sdk/System/Library/Frameworks/SwiftData.framework/Modules/SwiftData.swiftcrossimport/SwiftUI.swiftoverlay -load-resolved-plugin /Applications/Xcode-27.0.0-Release.Candidate.app/Contents/Developer/Platforms/AppleTVOS.platform/Developer/usr/lib/swift/host/plugins/libFoundationMacros.dylib#/Applications/Xcode-27.0.0-Release.Candidate.app/Contents/Developer/Platforms/AppleTVOS.platform/Developer/usr/bin/swift-plugin-server#FoundationMacros -load-resolved-plugin /Applications/Xcode-27.0.0-Release.Candidate.app/Contents/Developer/Platforms/AppleTVOS.platform/Developer/usr/lib/swift/host/plugins/libObservationMacros.dylib#/Applications/Xcode-27.0.0-Release.Candidate.app/Contents/Developer/Platforms/AppleTVOS.platform/Developer/usr/bin/swift-plugin-server#ObservationMacros -load-resolved-plugin /Applications/Xcode-27.0.0-Release.Candidate.app/Contents/Developer/Platforms/AppleTVOS.platform/Developer/usr/lib/swift/host/plugins/libSwiftDataMacros.dylib#/Applications/Xcode-27.0.0-Release.Candidate.app/Contents/Developer/Platforms/AppleTVOS.platform/Developer/usr/bin/swift-plugin-server#SwiftDataMacros -load-resolved-plugin /Applications/Xcode-27.0.0-Release.Candidate.app/Contents/Developer/Platforms/AppleTVOS.platform/Developer/usr/lib/swift/host/plugins/libSwiftMacros.dylib#/Applications/Xcode-27.0.0-Release.Candidate.app/Contents/Developer/Platforms/AppleTVOS.platform/Developer/usr/bin/swift-plugin-server#SwiftMacros -disable-implicit-swift-modules -Xcc -fno-implicit-modules -Xcc -fno-implicit-module-maps -explicit-swift-module-map-file /Users/admin/builder/spi-builder-workspace/.derivedData/Build/Intermediates.noindex/RecallKit.build/Debug-appletvos/RecallKit-t.build/Objects-normal/arm64/RecallKit-dependencies-1.json -Xllvm -aarch64-use-tbi -enable-objc-interop -stack-check -sdk /Applications/Xcode-27.0.0-Release.Candidate.app/Contents/Developer/Platforms/AppleTVOS.platform/Developer/SDKs/AppleTVOS27.0.sdk -I /Users/admin/builder/spi-builder-workspace/.derivedData/Build/Products/Debug-appletvos -Isystem /Applications/Xcode-27.0.0-Release.Candidate.app/Contents/Developer/Platforms/AppleTVOS.platform/Developer/usr/lib -F /Users/admin/builder/spi-builder-workspace/.derivedData/Build/Products/Debug-appletvos/PackageFrameworks -F /Users/admin/builder/spi-builder-workspace/.derivedData/Build/Products/Debug-appletvos -F /Applications/Xcode-27.0.0-Release.Candidate.app/Contents/Developer/Platforms/AppleTVOS.platform/Developer/Library/Frameworks -F /Applications/Xcode-27.0.0-Release.Candidate.app/Contents/Developer/Platforms/AppleTVOS.platform/Developer/SDKs/AppleTVOS27.0.sdk/Developer/Library/Frameworks -module-cache-path /Users/admin/builder/spi-builder-workspace/.derivedData/Build/Intermediates.noindex/SwiftExplicitPrecompiledModules -no-color-diagnostics -Xcc -fno-color-diagnostics -enable-testing -g -debug-info-format=dwarf -dwarf-version=4 -profile-generate -profile-coverage-mapping -swift-version 6 -Onone -D SWIFT_PACKAGE -D DEBUG -D SWIFT_MODULE_RESOURCE_BUNDLE_UNAVAILABLE -D Xcode -serialize-debugging-options -enable-experimental-feature DebugDescriptionMacro -empty-abi-descriptor -validate-clang-modules-once -clang-build-session-file /Users/admin/builder/spi-builder-workspace/.derivedData/ModuleCache.noindex/Session.modulevalidation -Xcc -working-directory -Xcc /Users/admin/builder/spi-builder-workspace/.swiftpm/xcode -enable-anonymous-context-mangled-names -file-compilation-dir /Users/admin/builder/spi-builder-workspace/.swiftpm/xcode -Xcc -fmodule-map-file=/Users/admin/builder/spi-builder-workspace/.derivedData/Build/Intermediates.noindex/GeneratedModuleMaps-appletvos/libxxhash.modulemap -Xcc -D_LIBCP
SwiftCompile normal arm64 /Users/admin/builder/spi-builder-workspace/Sources/RecallKit/BenchmarkComparisons.swift (in target 'RecallKit' from project 'RecallKit')
    cd /Users/admin/builder/spi-builder-workspace/.swiftpm/xcode
    builtin-SwiftPerFileCompile BenchmarkComparisons.swift
SwiftCompile normal arm64 /Users/admin/builder/spi-builder-workspace/Sources/RecallKit/BinaryEncoding.swift (in target 'RecallKit' from project 'RecallKit')
    cd /Users/admin/builder/spi-builder-workspace/.swiftpm/xcode
    builtin-SwiftPerFileCompile BinaryEncoding.swift
SwiftCompile normal arm64 /Users/admin/builder/spi-builder-workspace/Sources/RecallKit/BinaryLookupTable.swift (in target 'RecallKit' from project 'RecallKit')
    cd /Users/admin/builder/spi-builder-workspace/.swiftpm/xcode
    builtin-SwiftPerFileCompile BinaryLookupTable.swift
P_HARDENING_MODE=_LIBCPP_HARDENING_MODE_DEBUG -Xcc -ivfsstatcache -Xcc /Users/admin/builder/spi-builder-workspace/.derivedData/SDKStatCaches.noindex/appletvos27.0-24J360-e829b21a6f8c9b70876ba0858053c044b32bfd8d43560033f8d89884cdb90028.sdkstatcache -Xcc -fmodules-prune-interval=86400 -Xcc -fmodules-prune-after=345600 -Xcc -I/Users/admin/builder/spi-builder-workspace/.dependencies/checkouts/SwiftXXHash/Sources/libxxhash -Xcc -I/Users/admin/builder/spi-builder-workspace/.derivedData/Build/Products/Debug-appletvos/include -Xcc -I/Users/admin/builder/spi-builder-workspace/.derivedData/Build/Intermediates.noindex/RecallKit.build/Debug-appletvos/RecallKit-t.build/DerivedSources-normal/arm64 -Xcc -I/Users/admin/builder/spi-builder-workspace/.derivedData/Build/Intermediates.noindex/RecallKit.build/Debug-appletvos/RecallKit-t.build/DerivedSources/arm64 -Xcc -I/Users/admin/builder/spi-builder-workspace/.derivedData/Build/Intermediates.noindex/RecallKit.build/Debug-appletvos/RecallKit-t.build/DerivedSources -Xcc -DSWIFT_PACKAGE -Xcc -DDEBUG=1 -no-auto-bridging-header-chaining -module-name RecallKit -package-name spi_builder_workspace -const-gather-protocols-file /Users/admin/builder/spi-builder-workspace/.derivedData/Build/Intermediates.noindex/RecallKit.build/Debug-appletvos/RecallKit-t.build/Objects-normal/arm64/RecallKit_const_extract_protocols.json -disable-clang-spi -clang-target arm64-apple-tvos27.0 -target-sdk-version 27.0 -target-sdk-name appletvos27.0 -in-process-plugin-server-path /Applications/Xcode-27.0.0-Release.Candidate.app/Contents/Developer/Toolchains/XcodeDefault.xctoolchain/usr/lib/swift/host/libSwiftInProcPluginServer.dylib -parse-as-library -o /Users/admin/builder/spi-builder-workspace/.derivedData/Build/Intermediates.noindex/RecallKit.build/Debug-appletvos/RecallKit-t.build/Objects-normal/arm64/BenchmarkComparisons.o -o /Users/admin/builder/spi-builder-workspace/.derivedData/Build/Intermediates.noindex/RecallKit.build/Debug-appletvos/RecallKit-t.build/Objects-normal/arm64/BinaryEncoding.o -o /Users/admin/builder/spi-builder-workspace/.derivedData/Build/Intermediates.noindex/RecallKit.build/Debug-appletvos/RecallKit-t.build/Objects-normal/arm64/BinaryLookupTable.o -debug-module-path /Users/admin/builder/spi-builder-workspace/.derivedData/Build/Intermediates.noindex/RecallKit.build/Debug-appletvos/RecallKit-t.build/Objects-normal/arm64/RecallKit.swiftmodule -index-unit-output-path /RecallKit.build/Debug-appletvos/RecallKit-t.build/Objects-normal/arm64/BenchmarkComparisons.o -index-unit-output-path /RecallKit.build/Debug-appletvos/RecallKit-t.build/Objects-normal/arm64/BinaryEncoding.o -index-unit-output-path /RecallKit.build/Debug-appletvos/RecallKit-t.build/Objects-normal/arm64/BinaryLookupTable.o -index-store-path /Users/admin/builder/spi-builder-workspace/.derivedData/Index.noindex/DataStore -index-system-modules
1.	Apple Swift version 6.4 (swiftlang-6.4.0.34.1 clang-2100.3.34.1)
2.	Compiling with the current language version
3.	While evaluating request TypeCheckPrimaryFileRequest(source_file "/Users/admin/builder/spi-builder-workspace/Sources/RecallKit/BenchmarkComparisons.swift")
4.	While evaluating request TypeCheckFunctionBodyRequest(RecallKit.(file).CoreSpotlightBenchmarkStore.matchCount(for:)@/Users/admin/builder/spi-builder-workspace/Sources/RecallKit/BenchmarkComparisons.swift:735:10)
5.	While evaluating request DesugarForEachStmtRequest(ForEach)
6.	Assertion failed: (Range.hasLowerEndpoint()), function getVersionString at AvailabilityRange.h:337.
| 	(to display assertion configuration options: -Xllvm -assert-help)
Stack dump without symbol names (ensure you have llvm-symbolizer in your PATH or set the environment var `LLVM_SYMBOLIZER_PATH` to point to it):
SwiftCompile normal arm64 Compiling\ IndexPersistence.swift,\ Models.swift,\ Parallel.swift /Users/admin/builder/spi-builder-workspace/Sources/RecallKit/IndexPersistence.swift /Users/admin/builder/spi-builder-workspace/Sources/RecallKit/Models.swift /Users/admin/builder/spi-builder-workspace/Sources/RecallKit/Parallel.swift (in target 'RecallKit' from project 'RecallKit')
SwiftCompile normal arm64 /Users/admin/builder/spi-builder-workspace/Sources/RecallKit/IndexPersistence.swift (in target 'RecallKit' from project 'RecallKit')
    cd /Users/admin/builder/spi-builder-workspace/.swiftpm/xcode
    builtin-SwiftPerFileCompile IndexPersistence.swift
SwiftCompile normal arm64 /Users/admin/builder/spi-builder-workspace/Sources/RecallKit/Models.swift (in target 'RecallKit' from project 'RecallKit')
    cd /Users/admin/builder/spi-builder-workspace/.swiftpm/xcode
    builtin-SwiftPerFileCompile Models.swift
SwiftCompile normal arm64 /Users/admin/builder/spi-builder-workspace/Sources/RecallKit/Parallel.swift (in target 'RecallKit' from project 'RecallKit')
    cd /Users/admin/builder/spi-builder-workspace/.swiftpm/xcode
    builtin-SwiftPerFileCompile Parallel.swift
SwiftCompile normal arm64 Compiling\ GlobMatcher.swift,\ IOSBackgroundCompaction.swift,\ IgnoreMatcher.swift /Users/admin/builder/spi-builder-workspace/Sources/RecallKit/GlobMatcher.swift /Users/admin/builder/spi-builder-workspace/Sources/RecallKit/IOSBackgroundCompaction.swift /Users/admin/builder/spi-builder-workspace/Sources/RecallKit/IgnoreMatcher.swift (in target 'RecallKit' from project 'RecallKit')
SwiftCompile normal arm64 /Users/admin/builder/spi-builder-workspace/Sources/RecallKit/GlobMatcher.swift (in target 'RecallKit' from project 'RecallKit')
    cd /Users/admin/builder/spi-builder-workspace/.swiftpm/xcode
    builtin-SwiftPerFileCompile GlobMatcher.swift
SwiftCompile normal arm64 /Users/admin/builder/spi-builder-workspace/Sources/RecallKit/IOSBackgroundCompaction.swift (in target 'RecallKit' from project 'RecallKit')
    cd /Users/admin/builder/spi-builder-workspace/.swiftpm/xcode
    builtin-SwiftPerFileCompile IOSBackgroundCompaction.swift
SwiftCompile normal arm64 /Users/admin/builder/spi-builder-workspace/Sources/RecallKit/IgnoreMatcher.swift (in target 'RecallKit' from project 'RecallKit')
    cd /Users/admin/builder/spi-builder-workspace/.swiftpm/xcode
    builtin-SwiftPerFileCompile IgnoreMatcher.swift
SwiftCompile normal arm64 Compiling\ PostingCodec.swift,\ RecallKit.swift,\ RecallKitIndexService.swift /Users/admin/builder/spi-builder-workspace/Sources/RecallKit/PostingCodec.swift /Users/admin/builder/spi-builder-workspace/Sources/RecallKit/RecallKit.swift /Users/admin/builder/spi-builder-workspace/Sources/RecallKit/RecallKitIndexService.swift (in target 'RecallKit' from project 'RecallKit')
SwiftCompile normal arm64 /Users/admin/builder/spi-builder-workspace/Sources/RecallKit/PostingCodec.swift (in target 'RecallKit' from project 'RecallKit')
    cd /Users/admin/builder/spi-builder-workspace/.swiftpm/xcode
    builtin-SwiftPerFileCompile PostingCodec.swift
SwiftCompile normal arm64 (in target 'RecallKit' from project 'RecallKit')
    cd /Users/admin/builder/spi-builder-workspace/.swiftpm/xcode

SwiftCompile normal arm64 /Users/admin/builder/spi-builder-workspace/Sources/RecallKit/RecallKitIndexService.swift (in target 'RecallKit' from project 'RecallKit')
    cd /Users/admin/builder/spi-builder-workspace/.swiftpm/xcode
    builtin-SwiftPerFileCompile RecallKitIndexService.swift
SwiftCompile normal arm64 Compiling\ RecordChunker.swift,\ RecordIndexPersistence.swift,\ RecordModels.swift /Users/admin/builder/spi-builder-workspace/Sources/RecallKit/RecordChunker.swift /Users/admin/builder/spi-builder-workspace/Sources/RecallKit/RecordIndexPersistence.swift /Users/admin/builder/spi-builder-workspace/Sources/RecallKit/RecordModels.swift (in target 'RecallKit' from project 'RecallKit')
SwiftCompile normal arm64 /Users/admin/builder/spi-builder-workspace/Sources/RecallKit/RecordChunker.swift (in target 'RecallKit' from project 'RecallKit')
    cd /Users/admin/builder/spi-builder-workspace/.swiftpm/xcode
    builtin-SwiftPerFileCompile RecordChunker.swift
SwiftCompile normal arm64 /Users/admin/builder/spi-builder-workspace/Sources/RecallKit/RecordIndexPersistence.swift (in target 'RecallKit' from project 'RecallKit')
    cd /Users/admin/builder/spi-builder-workspace/.swiftpm/xcode
    builtin-SwiftPerFileCompile RecordIndexPersistence.swift
SwiftCompile normal arm64 /Users/admin/builder/spi-builder-workspace/Sources/RecallKit/RecordModels.swift (in target 'RecallKit' from project 'RecallKit')
    cd /Users/admin/builder/spi-builder-workspace/.swiftpm/xcode
    builtin-SwiftPerFileCompile RecordModels.swift
SwiftCompile normal arm64 Compiling\ URL+RelativePath.swift,\ WeightTable.swift /Users/admin/builder/spi-builder-workspace/Sources/RecallKit/URL+RelativePath.swift /Users/admin/builder/spi-builder-workspace/Sources/RecallKit/WeightTable.swift (in target 'RecallKit' from project 'RecallKit')
SwiftCompile normal arm64 /Users/admin/builder/spi-builder-workspace/Sources/RecallKit/URL+RelativePath.swift (in target 'RecallKit' from project 'RecallKit')
    cd /Users/admin/builder/spi-builder-workspace/.swiftpm/xcode
    builtin-SwiftPerFileCompile URL+RelativePath.swift
SwiftCompile normal arm64 /Users/admin/builder/spi-builder-workspace/Sources/RecallKit/WeightTable.swift (in target 'RecallKit' from project 'RecallKit')
    cd /Users/admin/builder/spi-builder-workspace/.swiftpm/xcode
    builtin-SwiftPerFileCompile WeightTable.swift
SwiftEmitModule normal arm64 Emitting\ module\ for\ RecallKit (in target 'RecallKit' from project 'RecallKit')
/Users/admin/builder/spi-builder-workspace/Sources/RecallKit/BenchmarkComparisons.swift:695:24: error: 'CSSearchableIndex' is unavailable in tvOS
693 |
694 | private final class CoreSpotlightBenchmarkStore {
695 |     private let index: CSSearchableIndex
    |                        `- error: 'CSSearchableIndex' is unavailable in tvOS
696 |
697 |     init(indexName: String) {
/Applications/Xcode-27.0.0-Release.Candidate.app/Contents/Developer/Platforms/AppleTVOS.platform/Developer/SDKs/AppleTVOS27.0.sdk/System/Library/Frameworks/CoreSpotlight.framework/Headers/CSSearchableIndex.h:31:12: note: 'CSSearchableIndex' has been explicitly marked unavailable here
 29 | API_AVAILABLE(macos(10.11), ios(9.0), visionos(1.0))
 30 | API_UNAVAILABLE(tvos, watchos)
 31 | @interface CSSearchableIndex : NSObject
    |            `- note: 'CSSearchableIndex' has been explicitly marked unavailable here
 32 |
 33 | @property (weak,nullable) id<CSSearchableIndexDelegate> indexDelegate;
/Users/admin/builder/spi-builder-workspace/Sources/RecallKit/BenchmarkComparisons.swift:795:39: error: 'CSSearchableItem' is unavailable in tvOS
793 |     }
794 |
795 |     private func indexItems(_ items: [CSSearchableItem]) async throws {
    |                                       `- error: 'CSSearchableItem' is unavailable in tvOS
796 |         try await withCheckedThrowingContinuation { (continuation: CheckedContinuation<Void, Error>) in
797 |             index.indexSearchableItems(items) { error in
/Applications/Xcode-27.0.0-Release.Candidate.app/Contents/Developer/Platforms/AppleTVOS.platform/Developer/SDKs/AppleTVOS27.0.sdk/System/Library/Frameworks/CoreSpotlight.framework/Headers/CSSearchableItem.h:45:12: note: 'CSSearchableItem' has been explicitly marked unavailable here
43 | API_AVAILABLE(macos(10.11), ios(9.0), visionos(1.0))
44 | API_UNAVAILABLE(tvos, watchos)
45 | @interface CSSearchableItem : NSObject <NSSecureCoding, NSCopying>
   |            `- note: 'CSSearchableItem' has been explicitly marked unavailable here
46 |
47 | // uniqueIdentifier can be null, in which case one will be generated.
/Users/admin/builder/spi-builder-workspace/Sources/RecallKit/BenchmarkComparisons.swift:819:62: error: 'CSSearchableItem' is unavailable in tvOS
817 |     }
818 |
819 |     private func makeItem(from unit: BenchmarkSearchUnit) -> CSSearchableItem {
    |                                                              `- error: 'CSSearchableItem' is unavailable in tvOS
820 |         let attributeSet = CSSearchableItemAttributeSet(contentType: .plainText)
821 |         attributeSet.contentDescription = unit.text
/Applications/Xcode-27.0.0-Release.Candidate.app/Contents/Developer/Platforms/AppleTVOS.platform/Developer/SDKs/AppleTVOS27.0.sdk/System/Library/Frameworks/CoreSpotlight.framework/Headers/CSSearchableItem.h:45:12: note: 'CSSearchableItem' has been explicitly marked unavailable here
43 | API_AVAILABLE(macos(10.11), ios(9.0), visionos(1.0))
44 | API_UNAVAILABLE(tvos, watchos)
45 | @interface CSSearchableItem : NSObject <NSSecureCoding, NSCopying>
   |            `- note: 'CSSearchableItem' has been explicitly marked unavailable here
46 |
47 | // uniqueIdentifier can be null, in which case one will be generated.
Failed frontend command:
/Applications/Xcode-27.0.0-Release.Candidate.app/Contents/Developer/Toolchains/XcodeDefault.xctoolchain/usr/bin/swift-frontend -frontend -emit-module -experimental-skip-non-inlinable-function-bodies-without-types /Users/admin/builder/spi-builder-workspace/Sources/RecallKit/BenchmarkComparisons.swift /Users/admin/builder/spi-builder-workspace/Sources/RecallKit/BinaryEncoding.swift /Users/admin/builder/spi-builder-workspace/Sources/RecallKit/BinaryLookupTable.swift /Users/admin/builder/spi-builder-workspace/Sources/RecallKit/DirectoryCrawler.swift /Users/admin/builder/spi-builder-workspace/Sources/RecallKit/FileLock.swift /Users/admin/builder/spi-builder-workspace/Sources/RecallKit/FileTableCodec.swift /Users/admin/builder/spi-builder-workspace/Sources/RecallKit/GlobMatcher.swift /Users/admin/builder/spi-builder-workspace/Sources/RecallKit/IOSBackgroundCompaction.swift /Users/admin/builder/spi-builder-workspace/Sources/RecallKit/IgnoreMatcher.swift /Users/admin/builder/spi-builder-workspace/Sources/RecallKit/IndexPersistence.swift /Users/admin/builder/spi-builder-workspace/Sources/RecallKit/Models.swift /Users/admin/builder/spi-builder-workspace/Sources/RecallKit/Parallel.swift /Users/admin/builder/spi-builder-workspace/Sources/RecallKit/PostingCodec.swift /Users/admin/builder/spi-builder-workspace/Sources/RecallKit/RecallKit.swift /Users/admin/builder/spi-builder-workspace/Sources/RecallKit/RecallKitIndexService.swift /Users/admin/builder/spi-builder-workspace/Sources/RecallKit/RecordChunker.swift /Users/admin/builder/spi-builder-workspace/Sources/RecallKit/RecordIndexPersistence.swift /Users/admin/builder/spi-builder-workspace/Sources/RecallKit/RecordModels.swift /Users/admin/builder/spi-builder-workspace/Sources/RecallKit/RecordSnapshotProviders.swift /Users/admin/builder/spi-builder-workspace/Sources/RecallKit/RegexHintExtractor.swift /Users/admin/builder/spi-builder-workspace/Sources/RecallKit/RegexQueryPlanner.swift /Users/admin/builder/spi-builder-workspace/Sources/RecallKit/SearchIndex.swift /Users/admin/builder/spi-builder-workspace/Sources/RecallKit/Searcher.swift /Users/admin/builder/spi-builder-workspace/Sources/RecallKit/SparseNGramExtractor.swift /Users/admin/builder/spi-builder-workspace/Sources/RecallKit/StableHasher.swift /Users/admin/builder/spi-builder-workspace/Sources/RecallKit/TombstoneCodec.swift /Users/admin/builder/spi-builder-workspace/Sources/RecallKit/URL+RelativePath.swift /Users/admin/builder/spi-builder-workspace/Sources/RecallKit/WeightTable.swift -target arm64-apple-tvos17.0 -module-can-import-version BackgroundTasks 1.0.0 1.0.0 -module-can-import-version CoreData 1629 1629.0.0 -module-can-import-version CoreSpotlight 2459 2459.0.0 -module-can-import-version SwiftData 180 0 -module-can-import-version UniformTypeIdentifiers 919.0.1.101 709.0.0 -disable-cross-import-overlay-search -swift-module-cross-import CoreData /Applications/Xcode-27.0.0-Release.Candidate.app/Contents/Developer/Platforms/AppleTVOS.platform/Developer/SDKs/AppleTVOS.sdk/System/Library/Frameworks/CoreData.framework/Modules/CoreData.swiftcrossimport/CloudKit.swiftoverlay -swift-module-cross-import CoreData /Applications/Xcode-27.0.0-Release.Candidate.app/Contents/Developer/Platforms/AppleTVOS.platform/Developer/SDKs/AppleTVOS27.0.sdk/System/Library/Frameworks/CoreData.framework/Modules/CoreData.swiftcrossimport/CloudKit.swiftoverlay -swift-module-cross-import Darwin /Applications/Xcode-27.0.0-Release.Candidate.app/Contents/Developer/Platforms/AppleTVOS.platform/Developer/SDKs/AppleTVOS.sdk/usr/include/Darwin.swiftcrossimport/xlocale.swiftoverlay -swift-module-cross-import SwiftData /Applications/Xcode-27.0.0-Release.Candidate.app/Contents/Developer/Platforms/AppleTVOS.platform/Developer/SDKs/AppleTVOS27.0.sdk/System/Library/Frameworks/SwiftData.framework/Modules/SwiftData.swiftcrossimport/CoreData.swiftoverlay -swift-module-cross-import SwiftData /Applications/Xcode-27.0.0-Release.Candidate.app/Contents/Developer/Platforms/AppleTVOS.platform/Developer/SDKs/AppleTVOS27.0.sdk/System/Library/Frameworks/SwiftData.framework/Modules/SwiftData.swiftcrossimport/SwiftUI.swiftoverlay -load-resolved-plugin /Applications/Xcode-27.0.0-Release.Candidate.app/Contents/Developer/Platforms/AppleTVOS.platform/Developer/usr/lib/swift/host/plugins/libFoundationMacros.dylib\#/Applications/Xcode-27.0.0-Release.Candidate.app/Contents/Developer/Platforms/AppleTVOS.platform/Developer/usr/bin/swift-plugin-server\#FoundationMacros -load-resolved-plugin /Applications/Xcode-27.0.0-Release.Candidate.app/Contents/Developer/Platforms/AppleTVOS.platform/Developer/usr/lib/swift/host/plugins/libObservationMacros.dylib\#/Applications/Xcode-27.0.0-Release.Candidate.app/Contents/Developer/Platforms/AppleTVOS.platform/Developer/usr/bin/swift-plugin-server\#ObservationMacros -load-resolved-plugin /Applications/Xcode-27.0.0-Release.Candidate.app/Contents/Developer/Platforms/AppleTVOS.platform/Developer/usr/lib/swift/host/plugins/libSwiftDataMacros.dylib\#/Applications/Xcode-27.0.0-Release.Candidate.app/Contents/Developer/Platforms/AppleTVOS.platform/Developer/usr/bin/swift-plugin-server\#SwiftDataMacros -load-resolved-plugin /Applications/Xcode-27.0.0-Release.Candidate.app/Contents/Developer/Platforms/AppleTVOS.platform/Developer/usr/lib/swift/host/plugins/libSwiftMacros.dylib\#/Applications/Xcode-27.0.0-Release.Candidate.app/Contents/Developer/Platforms/AppleTVOS.platform/Developer/usr/bin/swift-plugin-server\#SwiftMacros -disable-implicit-swift-modules -Xcc -fno-implicit-modules -Xcc -fno-implicit-module-maps -explicit-swift-module-map-file /Users/admin/builder/spi-builder-workspace/.derivedData/Build/Intermediates.noindex/RecallKit.build/Debug-appletvos/RecallKit-t.build/Objects-normal/arm64/RecallKit-dependencies-1.json -Xllvm -aarch64-use-tbi -enable-objc-interop -stack-check -sdk /Applications/Xcode-27.0.0-Release.Candidate.app/Contents/Developer/Platforms/AppleTVOS.platform/Developer/SDKs/AppleTVOS27.0.sdk -I /Users/admin/builder/spi-builder-workspace/.derivedData/Build/Products/Debug-appletvos -Isystem /Applications/Xcode-27.0.0-Release.Candidate.app/Contents/Developer/Platforms/AppleTVOS.platform/Developer/usr/lib -F /Users/admin/builder/spi-builder-workspace/.derivedData/Build/Products/Debug-appletvos/PackageFrameworks -F /Users/admin/builder/spi-builder-workspace/.derivedData/Build/Products/Debug-appletvos -F /Applications/Xcode-27.0.0-Release.Candidate.app/Contents/Developer/Platforms/AppleTVOS.platform/Developer/Library/Frameworks -F /Applications/Xcode-27.0.0-Release.Candidate.app/Contents/Developer/Platforms/AppleTVOS.platform/Developer/SDKs/AppleTVOS27.0.sdk/Developer/Library/Frameworks -module-cache-path /Users/admin/builder/spi-builder-workspace/.derivedData/Build/Intermediates.noindex/SwiftExplicitPrecompiledModules -no-color-diagnostics -Xcc -fno-color-diagnostics -enable-testing -g -debug-info-format\=dwarf -dwarf-version\=4 -profile-generate -profile-coverage-mapping -swift-version 6 -Onone -D SWIFT_PACKAGE -D DEBUG -D SWIFT_MODULE_RESOURCE_BUNDLE_UNAVAILABLE -D Xcode -serialize-debugging-options -enable-experimental-feature DebugDescriptionMacro -empty-abi-descriptor -validate-clang-modules-once -clang-build-session-file /Users/admin/builder/spi-builder-workspace/.derivedData/ModuleCache.noindex/Session.modulevalidation -Xcc -working-directory -Xcc /Users/admin/builder/spi-builder-workspace/.swiftpm/xcode -enable-anonymous-context-mangled-names -file-compilation-dir /Users/admin/builder/spi-builder-workspace/.swiftpm/xcode -Xcc -fmodule-map-file\=/Users/admin/builder/spi-builder-workspace/.derivedData/Build/Intermediates.noindex/GeneratedModuleMaps-appletvos/libxxhash.modulemap -Xcc -D_LIBCPP_HARDENING_MODE\=_LIBCPP_HARDENING_MODE_DEBUG -Xcc -ivfsstatcache -Xcc /Users/admin/builder/spi-builder-workspace/.derivedData/SDKStatCaches.noindex/appletvos27.0-24J360-e829b21a6f8c9b70876ba0858053c044b32bfd8d43560033f8d89884cdb90028.sdkstatcache -Xcc -fmodules-prune-interval\=86400 -Xcc -fmodules-prune-after\=345600 -Xcc -I/Users/admin/builder/spi-builder-workspace/.dependencies/checkouts/SwiftXXHash/Sources/libxxhash -Xcc -I/Users/admin/builder/spi-builder-workspace/.derivedData/Build/Products/Debug-appletvos/include -Xcc -I/Users/admin/builder/spi-builder-workspace/.derivedData/Build/Intermediates.noindex/RecallKit.build/Debug-appletvos/RecallKit-t.build/DerivedSources-normal/arm64 -Xcc -I/Users/admin/builder/spi-builder-workspace/.derivedData/Build/Intermediates.noindex/RecallKit.build/Debug-appletvos/RecallKit-t.build/DerivedSources/arm64 -Xcc -I/Users/admin/builder/spi-builder-workspace/.derivedData/Build/Intermediates.noindex/RecallKit.build/Debug-appletvos/RecallKit-t.build/DerivedSources -Xcc -DSWIFT_PACKAGE -Xcc -DDEBUG\=1 -no-auto-bridging-header-chaining -module-name RecallKit -package-name spi_builder_workspace -const-gather-protocols-file /Users/admin/builder/spi-builder-workspace/.derivedData/Build/Intermediates.noindex/RecallKit.build/Debug-appletvos/RecallKit-t.build/Objects-normal/arm64/RecallKit_const_extract_protocols.json -disable-clang-spi -clang-target arm64-apple-tvos27.0 -target-sdk-version 27.0 -target-sdk-name appletvos27.0 -in-process-plugin-server-path /Applications/Xcode-27.0.0-Release.Candidate.app/Contents/Developer/Toolchains/XcodeDefault.xctoolchain/usr/lib/swift/host/libSwiftInProcPluginServer.dylib -emit-module-doc-path /Users/admin/builder/spi-builder-workspace/.derivedData/Build/Intermediates.noindex/RecallKit.build/Debug-appletvos/RecallKit-t.build/Objects-normal/arm64/RecallKit.swiftdoc -emit-module-source-info-path /Users/admin/builder/spi-builder-workspace/.derivedData/Build/Intermediates.noindex/RecallKit.build/Debug-appletvos/RecallKit-t.build/Objects-normal/arm64/RecallKit.swiftsourceinfo -emit-objc-header-path /Users/admin/builder/spi-builder-workspace/.derivedData/Build/Intermediates.noindex/RecallKit.build/Debug-appletvos/RecallKit-t.build/Objects-normal/arm64/RecallKit-Swift.h -serialize-diagnostics-path /Users/admin/builder/spi-builder-workspace/.derivedData/Build/Intermediates.noindex/RecallKit.build/Debug-appletvos/RecallKit-t.build/Objects-normal/arm64/RecallKit-primary-emit-module.dia -emit-dependencies-path /Users/admin/builder/spi-builder-workspace/.derivedData/Build/Intermediates.noindex/RecallKit.build/Debug-appletvos/RecallKit-t.build/Objects-normal/arm64/RecallKit-primary-emit-module.d -parse-as-library -o /Users/admin/builder/spi-builder-workspace/.derivedData/Build/Intermediates.noindex/RecallKit.build/Debug-appletvos/RecallKit-t.build/Objects-normal/arm64/RecallKit.swiftmodule -emit-abi-descriptor-path /Users/admin/builder/spi-builder-workspace/.derivedData/Build/Intermediates.noindex/RecallKit.build/Debug-appletvos/RecallKit-t.build/Objects-normal/arm64/RecallKit.abi.json
SwiftCompile normal arm64 (in target 'RecallKit' from project 'RecallKit')
    cd /Users/admin/builder/spi-builder-workspace/.swiftpm/xcode

SwiftCompile normal arm64 Compiling\ DirectoryCrawler.swift,\ FileLock.swift,\ FileTableCodec.swift /Users/admin/builder/spi-builder-workspace/Sources/RecallKit/DirectoryCrawler.swift /Users/admin/builder/spi-builder-workspace/Sources/RecallKit/FileLock.swift /Users/admin/builder/spi-builder-workspace/Sources/RecallKit/FileTableCodec.swift (in target 'RecallKit' from project 'RecallKit')
SwiftCompile normal arm64 /Users/admin/builder/spi-builder-workspace/Sources/RecallKit/DirectoryCrawler.swift (in target 'RecallKit' from project 'RecallKit')
    cd /Users/admin/builder/spi-builder-workspace/.swiftpm/xcode
    builtin-SwiftPerFileCompile DirectoryCrawler.swift
SwiftCompile normal arm64 /Users/admin/builder/spi-builder-workspace/Sources/RecallKit/FileLock.swift (in target 'RecallKit' from project 'RecallKit')
    cd /Users/admin/builder/spi-builder-workspace/.swiftpm/xcode
    builtin-SwiftPerFileCompile FileLock.swift
SwiftCompile normal arm64 /Users/admin/builder/spi-builder-workspace/Sources/RecallKit/FileTableCodec.swift (in target 'RecallKit' from project 'RecallKit')
    cd /Users/admin/builder/spi-builder-workspace/.swiftpm/xcode
    builtin-SwiftPerFileCompile FileTableCodec.swift
SwiftCompile normal arm64 Compiling\ StableHasher.swift,\ TombstoneCodec.swift /Users/admin/builder/spi-builder-workspace/Sources/RecallKit/StableHasher.swift /Users/admin/builder/spi-builder-workspace/Sources/RecallKit/TombstoneCodec.swift (in target 'RecallKit' from project 'RecallKit')
SwiftCompile normal arm64 /Users/admin/builder/spi-builder-workspace/Sources/RecallKit/StableHasher.swift (in target 'RecallKit' from project 'RecallKit')
    cd /Users/admin/builder/spi-builder-workspace/.swiftpm/xcode
    builtin-SwiftPerFileCompile StableHasher.swift
SwiftCompile normal arm64 /Users/admin/builder/spi-builder-workspace/Sources/RecallKit/TombstoneCodec.swift (in target 'RecallKit' from project 'RecallKit')
    cd /Users/admin/builder/spi-builder-workspace/.swiftpm/xcode
    builtin-SwiftPerFileCompile TombstoneCodec.swift
SwiftCompile normal arm64 Compiling\ SearchIndex.swift,\ Searcher.swift,\ SparseNGramExtractor.swift /Users/admin/builder/spi-builder-workspace/Sources/RecallKit/SearchIndex.swift /Users/admin/builder/spi-builder-workspace/Sources/RecallKit/Searcher.swift /Users/admin/builder/spi-builder-workspace/Sources/RecallKit/SparseNGramExtractor.swift (in target 'RecallKit' from project 'RecallKit')
SwiftCompile normal arm64 /Users/admin/builder/spi-builder-workspace/Sources/RecallKit/SearchIndex.swift (in target 'RecallKit' from project 'RecallKit')
    cd /Users/admin/builder/spi-builder-workspace/.swiftpm/xcode
    builtin-SwiftPerFileCompile SearchIndex.swift
SwiftCompile normal arm64 /Users/admin/builder/spi-builder-workspace/Sources/RecallKit/Searcher.swift (in target 'RecallKit' from project 'RecallKit')
    cd /Users/admin/builder/spi-builder-workspace/.swiftpm/xcode
    builtin-SwiftPerFileCompile Searcher.swift
SwiftCompile normal arm64 /Users/admin/builder/spi-builder-workspace/Sources/RecallKit/SparseNGramExtractor.swift (in target 'RecallKit' from project 'RecallKit')
    cd /Users/admin/builder/spi-builder-workspace/.swiftpm/xcode
    builtin-SwiftPerFileCompile SparseNGramExtractor.swift
PruneExplicitPrecompiledModules /Users/admin/builder/spi-builder-workspace/.derivedData/Build/Intermediates.noindex/ExplicitPrecompiledModules
PruneExplicitPrecompiledModules /Users/admin/builder/spi-builder-workspace/.derivedData/Build/Intermediates.noindex/SwiftExplicitPrecompiledModules
PruneExplicitPrecompiledModules /Users/admin/builder/spi-builder-workspace/.derivedData/SDKExplicitPrecompiledModules
2026-09-24 14:54:44.125 xcodebuild[831:4828] [MT] IDERunDestination: Supported platforms for the buildables in the current scheme is empty.
** BUILD FAILED **
The following build commands failed:
	SwiftEmitModule normal arm64 Emitting\ module\ for\ RecallKit (in target 'RecallKit' from project 'RecallKit')
	SwiftCompile normal arm64 (in target 'RecallKit' from project 'RecallKit')
	Building workspace RecallKit with scheme RecallKit
(3 failures)
BUILD FAILURE 6.4 tvOS