Build Information
Failed to build PermissionsSwiftUI, reference 1.5.11 (94b6ea), with Swift 6.4 for visionOS using Xcode 27.0 on 20 Sep 2026 09:02:27 UTC.
Build Command
env DEVELOPER_DIR=/Applications/Xcode-27.0.0-Release.Candidate.app xcrun xcodebuild -IDEClonedSourcePackagesDirPathOverride=$PWD/.dependencies -skipMacroValidation -skipPackagePluginValidation -derivedDataPath $PWD/.derivedData build -scheme PermissionsSwiftUI-Package -destination generic/platform=xrOSBuild Log
186 | /// Returns nil if no sibling contains the specified type.
187 | public static func nextSibling<AnyViewType: PlatformView>(
| `- error: cannot find type 'PlatformView' in scope
188 | containing type: AnyViewType.Type,
189 | from entry: PlatformView
/Users/admin/builder/spi-builder-workspace/.dependencies/checkouts/SwiftUI-Introspect/Introspect/Introspect.swift:212:21: error: cannot find type 'PlatformView' in scope
210 | public static func nextSibling<AnyViewType: PlatformView>(
211 | ofType type: AnyViewType.Type,
212 | from entry: PlatformView
| `- error: cannot find type 'PlatformView' in scope
213 | ) -> AnyViewType? {
214 |
/Users/admin/builder/spi-builder-workspace/.dependencies/checkouts/SwiftUI-Introspect/Introspect/Introspect.swift:210:49: error: cannot find type 'PlatformView' in scope
208 | /// This method inspects siblings recursively.
209 | /// Returns nil if no sibling contains the specified type.
210 | public static func nextSibling<AnyViewType: PlatformView>(
| `- error: cannot find type 'PlatformView' in scope
211 | ofType type: AnyViewType.Type,
212 | from entry: PlatformView
/Users/admin/builder/spi-builder-workspace/.dependencies/checkouts/SwiftUI-Introspect/Introspect/Introspect.swift:232:107: error: cannot find type 'PlatformView' in scope
230 | /// Finds an ancestor of the specified type.
231 | /// If it reaches the top of the view without finding the specified view type, it returns nil.
232 | public static func findAncestor<AnyViewType: PlatformView>(ofType type: AnyViewType.Type, from entry: PlatformView) -> AnyViewType? {
| `- error: cannot find type 'PlatformView' in scope
233 | var superview = entry.superview
234 | while let s = superview {
/Users/admin/builder/spi-builder-workspace/.dependencies/checkouts/SwiftUI-Introspect/Introspect/Introspect.swift:232:50: error: cannot find type 'PlatformView' in scope
230 | /// Finds an ancestor of the specified type.
231 | /// If it reaches the top of the view without finding the specified view type, it returns nil.
232 | public static func findAncestor<AnyViewType: PlatformView>(ofType type: AnyViewType.Type, from entry: PlatformView) -> AnyViewType? {
| `- error: cannot find type 'PlatformView' in scope
233 | var superview = entry.superview
234 | while let s = superview {
/Users/admin/builder/spi-builder-workspace/.dependencies/checkouts/SwiftUI-Introspect/Introspect/Introspect.swift:245:122: error: cannot find type 'PlatformView' in scope
243 | /// Finds an ancestor of the specified type.
244 | /// If it reaches the top of the view without finding the specified view type, it returns nil.
245 | public static func findAncestorOrAncestorChild<AnyViewType: PlatformView>(ofType type: AnyViewType.Type, from entry: PlatformView) -> AnyViewType? {
| `- error: cannot find type 'PlatformView' in scope
246 | var superview = entry.superview
247 | while let s = superview {
/Users/admin/builder/spi-builder-workspace/.dependencies/checkouts/SwiftUI-Introspect/Introspect/Introspect.swift:245:65: error: cannot find type 'PlatformView' in scope
243 | /// Finds an ancestor of the specified type.
244 | /// If it reaches the top of the view without finding the specified view type, it returns nil.
245 | public static func findAncestorOrAncestorChild<AnyViewType: PlatformView>(ofType type: AnyViewType.Type, from entry: PlatformView) -> AnyViewType? {
| `- error: cannot find type 'PlatformView' in scope
246 | var superview = entry.superview
247 | while let s = superview {
/Users/admin/builder/spi-builder-workspace/.dependencies/checkouts/SwiftUI-Introspect/Introspect/Introspect.swift:260:69: error: cannot find type 'PlatformView' in scope
258 | /// For instance, if there are multiple text fields in a VStack, the hosting view will contain those text fields (and their host views, see below).
259 | /// Returns nil if it couldn't find a hosting view. This should never happen when called with an IntrospectionView.
260 | public static func findHostingView(from entry: PlatformView) -> PlatformView? {
| `- error: cannot find type 'PlatformView' in scope
261 | var superview = entry.superview
262 | while let s = superview {
/Users/admin/builder/spi-builder-workspace/.dependencies/checkouts/SwiftUI-Introspect/Introspect/Introspect.swift:260:52: error: cannot find type 'PlatformView' in scope
258 | /// For instance, if there are multiple text fields in a VStack, the hosting view will contain those text fields (and their host views, see below).
259 | /// Returns nil if it couldn't find a hosting view. This should never happen when called with an IntrospectionView.
260 | public static func findHostingView(from entry: PlatformView) -> PlatformView? {
| `- error: cannot find type 'PlatformView' in scope
261 | var superview = entry.superview
262 | while let s = superview {
/Users/admin/builder/spi-builder-workspace/.dependencies/checkouts/SwiftUI-Introspect/Introspect/Introspect.swift:274:66: error: cannot find type 'PlatformView' in scope
272 | /// SwiftUI wraps each UIView within a ViewHost, then within a HostingView.
273 | /// Returns nil if it couldn't find a view host. This should never happen when called with an IntrospectionView.
274 | public static func findViewHost(from entry: PlatformView) -> PlatformView? {
| `- error: cannot find type 'PlatformView' in scope
275 | var superview = entry.superview
276 | while let s = superview {
/Users/admin/builder/spi-builder-workspace/.dependencies/checkouts/SwiftUI-Introspect/Introspect/Introspect.swift:274:49: error: cannot find type 'PlatformView' in scope
272 | /// SwiftUI wraps each UIView within a ViewHost, then within a HostingView.
273 | /// Returns nil if it couldn't find a view host. This should never happen when called with an IntrospectionView.
274 | public static func findViewHost(from entry: PlatformView) -> PlatformView? {
| `- error: cannot find type 'PlatformView' in scope
275 | var superview = entry.superview
276 | while let s = superview {
/Users/admin/builder/spi-builder-workspace/.dependencies/checkouts/SwiftUI-Introspect/Introspect/Introspect.swift:287:80: error: cannot find type 'PlatformView' in scope
285 |
286 | public enum TargetViewSelector {
287 | public static func siblingContaining<TargetView: PlatformView>(from entry: PlatformView) -> TargetView? {
| `- error: cannot find type 'PlatformView' in scope
288 | guard let viewHost = Introspect.findViewHost(from: entry) else {
289 | return nil
/Users/admin/builder/spi-builder-workspace/.dependencies/checkouts/SwiftUI-Introspect/Introspect/Introspect.swift:287:54: error: cannot find type 'PlatformView' in scope
285 |
286 | public enum TargetViewSelector {
287 | public static func siblingContaining<TargetView: PlatformView>(from entry: PlatformView) -> TargetView? {
| `- error: cannot find type 'PlatformView' in scope
288 | guard let viewHost = Introspect.findViewHost(from: entry) else {
289 | return nil
/Users/admin/builder/spi-builder-workspace/.dependencies/checkouts/SwiftUI-Introspect/Introspect/Introspect.swift:294:90: error: cannot find type 'PlatformView' in scope
292 | }
293 |
294 | public static func siblingContainingOrAncestor<TargetView: PlatformView>(from entry: PlatformView) -> TargetView? {
| `- error: cannot find type 'PlatformView' in scope
295 | if let sibling: TargetView = siblingContaining(from: entry) {
296 | return sibling
/Users/admin/builder/spi-builder-workspace/.dependencies/checkouts/SwiftUI-Introspect/Introspect/Introspect.swift:294:64: error: cannot find type 'PlatformView' in scope
292 | }
293 |
294 | public static func siblingContainingOrAncestor<TargetView: PlatformView>(from entry: PlatformView) -> TargetView? {
| `- error: cannot find type 'PlatformView' in scope
295 | if let sibling: TargetView = siblingContaining(from: entry) {
296 | return sibling
/Users/admin/builder/spi-builder-workspace/.dependencies/checkouts/SwiftUI-Introspect/Introspect/Introspect.swift:301:105: error: cannot find type 'PlatformView' in scope
299 | }
300 |
301 | public static func siblingContainingOrAncestorOrAncestorChild<TargetView: PlatformView>(from entry: PlatformView) -> TargetView? {
| `- error: cannot find type 'PlatformView' in scope
302 | if let sibling: TargetView = siblingContaining(from: entry) {
303 | return sibling
/Users/admin/builder/spi-builder-workspace/.dependencies/checkouts/SwiftUI-Introspect/Introspect/Introspect.swift:301:79: error: cannot find type 'PlatformView' in scope
299 | }
300 |
301 | public static func siblingContainingOrAncestorOrAncestorChild<TargetView: PlatformView>(from entry: PlatformView) -> TargetView? {
| `- error: cannot find type 'PlatformView' in scope
302 | if let sibling: TargetView = siblingContaining(from: entry) {
303 | return sibling
/Users/admin/builder/spi-builder-workspace/.dependencies/checkouts/SwiftUI-Introspect/Introspect/Introspect.swift:308:76: error: cannot find type 'PlatformView' in scope
306 | }
307 |
308 | public static func siblingOfType<TargetView: PlatformView>(from entry: PlatformView) -> TargetView? {
| `- error: cannot find type 'PlatformView' in scope
309 | guard let viewHost = Introspect.findViewHost(from: entry) else {
310 | return nil
/Users/admin/builder/spi-builder-workspace/.dependencies/checkouts/SwiftUI-Introspect/Introspect/Introspect.swift:308:50: error: cannot find type 'PlatformView' in scope
306 | }
307 |
308 | public static func siblingOfType<TargetView: PlatformView>(from entry: PlatformView) -> TargetView? {
| `- error: cannot find type 'PlatformView' in scope
309 | guard let viewHost = Introspect.findViewHost(from: entry) else {
310 | return nil
/Users/admin/builder/spi-builder-workspace/.dependencies/checkouts/SwiftUI-Introspect/Introspect/Introspect.swift:315:86: error: cannot find type 'PlatformView' in scope
313 | }
314 |
315 | public static func siblingOfTypeOrAncestor<TargetView: PlatformView>(from entry: PlatformView) -> TargetView? {
| `- error: cannot find type 'PlatformView' in scope
316 | if let sibling: TargetView = siblingOfType(from: entry) {
317 | return sibling
/Users/admin/builder/spi-builder-workspace/.dependencies/checkouts/SwiftUI-Introspect/Introspect/Introspect.swift:315:60: error: cannot find type 'PlatformView' in scope
313 | }
314 |
315 | public static func siblingOfTypeOrAncestor<TargetView: PlatformView>(from entry: PlatformView) -> TargetView? {
| `- error: cannot find type 'PlatformView' in scope
316 | if let sibling: TargetView = siblingOfType(from: entry) {
317 | return sibling
/Users/admin/builder/spi-builder-workspace/.dependencies/checkouts/SwiftUI-Introspect/Introspect/Introspect.swift:322:114: error: cannot find type 'PlatformView' in scope
320 | }
321 |
322 | public static func siblingOrAncestorOrSiblingContainingOrAncestorChild<TargetView: PlatformView>(from entry: PlatformView) -> TargetView? {
| `- error: cannot find type 'PlatformView' in scope
323 | if let sibling: TargetView = siblingOfType(from: entry) {
324 | return sibling
/Users/admin/builder/spi-builder-workspace/.dependencies/checkouts/SwiftUI-Introspect/Introspect/Introspect.swift:322:88: error: cannot find type 'PlatformView' in scope
320 | }
321 |
322 | public static func siblingOrAncestorOrSiblingContainingOrAncestorChild<TargetView: PlatformView>(from entry: PlatformView) -> TargetView? {
| `- error: cannot find type 'PlatformView' in scope
323 | if let sibling: TargetView = siblingOfType(from: entry) {
324 | return sibling
/Users/admin/builder/spi-builder-workspace/.dependencies/checkouts/SwiftUI-Introspect/Introspect/Introspect.swift:332:90: error: cannot find type 'PlatformView' in scope
330 | }
331 |
332 | public static func ancestorOrSiblingContaining<TargetView: PlatformView>(from entry: PlatformView) -> TargetView? {
| `- error: cannot find type 'PlatformView' in scope
333 | if let tableView = Introspect.findAncestor(ofType: TargetView.self, from: entry) {
334 | return tableView
/Users/admin/builder/spi-builder-workspace/.dependencies/checkouts/SwiftUI-Introspect/Introspect/Introspect.swift:332:64: error: cannot find type 'PlatformView' in scope
330 | }
331 |
332 | public static func ancestorOrSiblingContaining<TargetView: PlatformView>(from entry: PlatformView) -> TargetView? {
| `- error: cannot find type 'PlatformView' in scope
333 | if let tableView = Introspect.findAncestor(ofType: TargetView.self, from: entry) {
334 | return tableView
/Users/admin/builder/spi-builder-workspace/.dependencies/checkouts/SwiftUI-Introspect/Introspect/Introspect.swift:339:86: error: cannot find type 'PlatformView' in scope
337 | }
338 |
339 | public static func ancestorOrSiblingOfType<TargetView: PlatformView>(from entry: PlatformView) -> TargetView? {
| `- error: cannot find type 'PlatformView' in scope
340 | if let tableView = Introspect.findAncestor(ofType: TargetView.self, from: entry) {
341 | return tableView
/Users/admin/builder/spi-builder-workspace/.dependencies/checkouts/SwiftUI-Introspect/Introspect/Introspect.swift:339:60: error: cannot find type 'PlatformView' in scope
337 | }
338 |
339 | public static func ancestorOrSiblingOfType<TargetView: PlatformView>(from entry: PlatformView) -> TargetView? {
| `- error: cannot find type 'PlatformView' in scope
340 | if let tableView = Introspect.findAncestor(ofType: TargetView.self, from: entry) {
341 | return tableView
Failed frontend command:
SwiftCompile normal arm64 (in target 'Introspect' from project 'swiftui-introspect')
cd /Users/admin/builder/spi-builder-workspace/.swiftpm/xcode
/Applications/Xcode-27.0.0-Release.Candidate.app/Contents/Developer/Toolchains/XcodeDefault.xctoolchain/usr/bin/swift-frontend -frontend -emit-module -experimental-skip-non-inlinable-function-bodies-without-types /Users/admin/builder/spi-builder-workspace/.dependencies/checkouts/SwiftUI-Introspect/Introspect/AppKitIntrospectionView.swift /Users/admin/builder/spi-builder-workspace/.dependencies/checkouts/SwiftUI-Introspect/Introspect/Introspect.swift /Users/admin/builder/spi-builder-workspace/.dependencies/checkouts/SwiftUI-Introspect/Introspect/UIKitIntrospectionView.swift /Users/admin/builder/spi-builder-workspace/.dependencies/checkouts/SwiftUI-Introspect/Introspect/UIKitIntrospectionViewController.swift /Users/admin/builder/spi-builder-workspace/.dependencies/checkouts/SwiftUI-Introspect/Introspect/ViewExtensions.swift -target arm64-apple-xros1.0 -module-can-import-version MapKit 2552.60.6.12 14.0.0 -module-can-import-version UIKit 9127.0.84.1 9127.0.84 -disable-cross-import-overlay-search -swift-module-cross-import MapKit /Applications/Xcode-27.0.0-Release.Candidate.app/Contents/Developer/Platforms/XROS.platform/Developer/SDKs/XROS.sdk/System/Library/Frameworks/MapKit.framework/Modules/MapKit.swiftcrossimport/SwiftUI.swiftoverlay -swift-module-cross-import MapKit /Applications/Xcode-27.0.0-Release.Candidate.app/Contents/Developer/Platforms/XROS.platform/Developer/SDKs/XROS27.0.sdk/System/Library/Frameworks/MapKit.framework/Modules/MapKit.swiftcrossimport/SwiftUI.swiftoverlay -load-resolved-plugin /Applications/Xcode-27.0.0-Release.Candidate.app/Contents/Developer/Platforms/XROS.platform/Developer/usr/lib/swift/host/plugins/libFoundationMacros.dylib\#/Applications/Xcode-27.0.0-Release.Candidate.app/Contents/Developer/Platforms/XROS.platform/Developer/usr/bin/swift-plugin-server\#FoundationMacros -load-resolved-plugin /Applications/Xcode-27.0.0-Release.Candidate.app/Contents/Developer/Platforms/XROS.platform/Developer/usr/lib/swift/host/plugins/libObservationMacros.dylib\#/Applications/Xcode-27.0.0-Release.Candidate.app/Contents/Developer/Platforms/XROS.platform/Developer/usr/bin/swift-plugin-server\#ObservationMacros -load-resolved-plugin /Applications/Xcode-27.0.0-Release.Candidate.app/Contents/Developer/Platforms/XROS.platform/Developer/usr/lib/swift/host/plugins/libPreviewsMacros.dylib\#/Applications/Xcode-27.0.0-Release.Candidate.app/Contents/Developer/Platforms/XROS.platform/Developer/usr/bin/swift-plugin-server\#PreviewsMacros -load-resolved-plugin /Applications/Xcode-27.0.0-Release.Candidate.app/Contents/Developer/Platforms/XROS.platform/Developer/usr/lib/swift/host/plugins/libSwiftMacros.dylib\#/Applications/Xcode-27.0.0-Release.Candidate.app/Contents/Developer/Platforms/XROS.platform/Developer/usr/bin/swift-plugin-server\#SwiftMacros -load-resolved-plugin /Applications/Xcode-27.0.0-Release.Candidate.app/Contents/Developer/Platforms/XROS.platform/Developer/usr/lib/swift/host/plugins/libSwiftUIMacros.dylib\#/Applications/Xcode-27.0.0-Release.Candidate.app/Contents/Developer/Platforms/XROS.platform/Developer/usr/bin/swift-plugin-server\#SwiftUIMacros -disable-implicit-swift-modules -Xcc -fno-implicit-modules -Xcc -fno-implicit-module-maps -explicit-swift-module-map-file /Users/admin/builder/spi-builder-workspace/.derivedData/Build/Intermediates.noindex/swiftui-introspect.build/Debug-xros/Introspect-t.build/Objects-normal/arm64/Introspect-dependencies-1.json -Xllvm -aarch64-use-tbi -enable-objc-interop -stack-check -sdk /Applications/Xcode-27.0.0-Release.Candidate.app/Contents/Developer/Platforms/XROS.platform/Developer/SDKs/XROS27.0.sdk -I /Users/admin/builder/spi-builder-workspace/.derivedData/Build/Products/Debug-xros -Isystem /Applications/Xcode-27.0.0-Release.Candidate.app/Contents/Developer/Platforms/XROS.platform/Developer/usr/lib -F /Users/admin/builder/spi-builder-workspace/.derivedData/Build/Products/Debug-xros -F /Applications/Xcode-27.0.0-Release.Candidate.app/Contents/Developer/Platforms/XROS.platform/Developer/Library/Frameworks -F /Applications/Xcode-27.0.0-Release.Candidate.app/Contents/Developer/Platforms/XROS.platform/Developer/SDKs/XROS27.0.sdk/Developer/Library/Frameworks -module-cache-path /Users/admin/builder/spi-builder-workspace/.derivedData/Build/Intermediates.noindex/SwiftExplicitPrecompiledModules -no-color-diagnostics -Xcc -fno-color-diagnostics -enable-testing -g -debug-info-format\=dwarf -dwarf-version\=4 -suppress-warnings -profile-generate -profile-coverage-mapping -swift-version 5 -Onone -D SWIFT_PACKAGE -D DEBUG -D SWIFT_MODULE_RESOURCE_BUNDLE_UNAVAILABLE -D Xcode -serialize-debugging-options -enable-experimental-feature DebugDescriptionMacro -empty-abi-descriptor -validate-clang-modules-once -clang-build-session-file /Users/admin/builder/spi-builder-workspace/.derivedData/ModuleCache.noindex/Session.modulevalidation -Xcc -working-directory -Xcc /Users/admin/builder/spi-builder-workspace/.swiftpm/xcode -enable-anonymous-context-mangled-names -file-compilation-dir /Users/admin/builder/spi-builder-workspace/.swiftpm/xcode -Xcc -D_LIBCPP_HARDENING_MODE\=_LIBCPP_HARDENING_MODE_DEBUG -Xcc -ivfsstatcache -Xcc /Users/admin/builder/spi-builder-workspace/.derivedData/SDKStatCaches.noindex/xros27.0-24M361-e829b21a6f8c9b70876ba0858053c044735bd543db762f57723cac368afd1ce4.sdkstatcache -Xcc -fmodules-prune-interval\=86400 -Xcc -fmodules-prune-after\=345600 -Xcc -I/Users/admin/builder/spi-builder-workspace/.derivedData/Build/Products/Debug-xros/include -Xcc -I/Users/admin/builder/spi-builder-workspace/.derivedData/Build/Intermediates.noindex/swiftui-introspect.build/Debug-xros/Introspect-t.build/DerivedSources-normal/arm64 -Xcc -I/Users/admin/builder/spi-builder-workspace/.derivedData/Build/Intermediates.noindex/swiftui-introspect.build/Debug-xros/Introspect-t.build/DerivedSources/arm64 -Xcc -I/Users/admin/builder/spi-builder-workspace/.derivedData/Build/Intermediates.noindex/swiftui-introspect.build/Debug-xros/Introspect-t.build/DerivedSources -Xcc -DSWIFT_PACKAGE -Xcc -DDEBUG\=1 -no-auto-bridging-header-chaining -module-name Introspect -const-gather-protocols-file /Users/admin/builder/spi-builder-workspace/.derivedData/Build/Intermediates.noindex/swiftui-introspect.build/Debug-xros/Introspect-t.build/Objects-normal/arm64/Introspect_const_extract_protocols.json -disable-clang-spi -clang-target arm64-apple-xros27.0 -target-sdk-version 27.0 -target-sdk-name xros27.0 -in-process-plugin-server-path /Applications/Xcode-27.0.0-Release.Candidate.app/Contents/Developer/Toolchains/XcodeDefault.xctoolchain/usr/lib/swift/host/libSwiftInProcPluginServer.dylib -emit-module-doc-path /Users/admin/builder/spi-builder-workspace/.derivedData/Build/Intermediates.noindex/swiftui-introspect.build/Debug-xros/Introspect-t.build/Objects-normal/arm64/Introspect.swiftdoc -emit-module-source-info-path /Users/admin/builder/spi-builder-workspace/.derivedData/Build/Intermediates.noindex/swiftui-introspect.build/Debug-xros/Introspect-t.build/Objects-normal/arm64/Introspect.swiftsourceinfo -emit-objc-header-path /Users/admin/builder/spi-builder-workspace/.derivedData/Build/Intermediates.noindex/swiftui-introspect.build/Debug-xros/Introspect-t.build/Objects-normal/arm64/Introspect-Swift.h -serialize-diagnostics-path /Users/admin/builder/spi-builder-workspace/.derivedData/Build/Intermediates.noindex/swiftui-introspect.build/Debug-xros/Introspect-t.build/Objects-normal/arm64/Introspect-primary-emit-module.dia -emit-dependencies-path /Users/admin/builder/spi-builder-workspace/.derivedData/Build/Intermediates.noindex/swiftui-introspect.build/Debug-xros/Introspect-t.build/Objects-normal/arm64/Introspect-primary-emit-module.d -parse-as-library -o /Users/admin/builder/spi-builder-workspace/.derivedData/Build/Intermediates.noindex/swiftui-introspect.build/Debug-xros/Introspect-t.build/Objects-normal/arm64/Introspect.swiftmodule -emit-abi-descriptor-path /Users/admin/builder/spi-builder-workspace/.derivedData/Build/Intermediates.noindex/swiftui-introspect.build/Debug-xros/Introspect-t.build/Objects-normal/arm64/Introspect.abi.json
SwiftCompile normal arm64 Compiling\ ViewExtensions.swift /Users/admin/builder/spi-builder-workspace/.dependencies/checkouts/SwiftUI-Introspect/Introspect/ViewExtensions.swift (in target 'Introspect' from project 'swiftui-introspect')
SwiftCompile normal arm64 /Users/admin/builder/spi-builder-workspace/.dependencies/checkouts/SwiftUI-Introspect/Introspect/ViewExtensions.swift (in target 'Introspect' from project 'swiftui-introspect')
cd /Users/admin/builder/spi-builder-workspace/.swiftpm/xcode
builtin-SwiftPerFileCompile ViewExtensions.swift
/Users/admin/builder/spi-builder-workspace/.dependencies/checkouts/SwiftUI-Introspect/Introspect/Introspect.swift:92:21: error: cannot find type 'PlatformView' in scope
90 | public static func previousSibling<AnyViewType: PlatformView>(
91 | containing type: AnyViewType.Type,
92 | from entry: PlatformView
| `- error: cannot find type 'PlatformView' in scope
93 | ) -> AnyViewType? {
94 |
/Users/admin/builder/spi-builder-workspace/.dependencies/checkouts/SwiftUI-Introspect/Introspect/Introspect.swift:90:53: error: cannot find type 'PlatformView' in scope
88 | /// This method inspects siblings recursively.
89 | /// Returns nil if no sibling contains the specified type.
90 | public static func previousSibling<AnyViewType: PlatformView>(
| `- error: cannot find type 'PlatformView' in scope
91 | containing type: AnyViewType.Type,
92 | from entry: PlatformView
/Users/admin/builder/spi-builder-workspace/.dependencies/checkouts/SwiftUI-Introspect/Introspect/Introspect.swift:141:21: error: cannot find type 'PlatformViewController' in scope
139 | public static func previousSibling<AnyViewControllerType: PlatformViewController>(
140 | containing type: AnyViewControllerType.Type,
141 | from entry: PlatformViewController
| `- error: cannot find type 'PlatformViewController' in scope
142 | ) -> AnyViewControllerType? {
143 |
/Users/admin/builder/spi-builder-workspace/.dependencies/checkouts/SwiftUI-Introspect/Introspect/Introspect.swift:139:63: error: cannot find type 'PlatformViewController' in scope
137 | /// Returns nil if no sibling contains the specified type.
138 | @available(macOS, unavailable)
139 | public static func previousSibling<AnyViewControllerType: PlatformViewController>(
| `- error: cannot find type 'PlatformViewController' in scope
140 | containing type: AnyViewControllerType.Type,
141 | from entry: PlatformViewController
/Users/admin/builder/spi-builder-workspace/.dependencies/checkouts/SwiftUI-Introspect/Introspect/Introspect.swift:116:21: error: cannot find type 'PlatformView' in scope
114 | public static func previousSibling<AnyViewType: PlatformView>(
115 | ofType type: AnyViewType.Type,
116 | from entry: PlatformView
| `- error: cannot find type 'PlatformView' in scope
117 | ) -> AnyViewType? {
118 |
/Users/admin/builder/spi-builder-workspace/.dependencies/checkouts/SwiftUI-Introspect/Introspect/Introspect.swift:114:53: error: cannot find type 'PlatformView' in scope
112 | /// This method inspects siblings recursively.
113 | /// Returns nil if no sibling contains the specified type.
114 | public static func previousSibling<AnyViewType: PlatformView>(
| `- error: cannot find type 'PlatformView' in scope
115 | ofType type: AnyViewType.Type,
116 | from entry: PlatformView
/Users/admin/builder/spi-builder-workspace/.dependencies/checkouts/SwiftUI-Introspect/Introspect/Introspect.swift:165:21: error: cannot find type 'PlatformViewController' in scope
163 | public static func previousSibling<AnyViewControllerType: PlatformViewController>(
164 | ofType type: AnyViewControllerType.Type,
165 | from entry: PlatformViewController
| `- error: cannot find type 'PlatformViewController' in scope
166 | ) -> AnyViewControllerType? {
167 |
/Users/admin/builder/spi-builder-workspace/.dependencies/checkouts/SwiftUI-Introspect/Introspect/Introspect.swift:163:63: error: cannot find type 'PlatformViewController' in scope
161 | /// This method does not inspect siblings recursively.
162 | /// Returns nil if no sibling is of the specified type.
163 | public static func previousSibling<AnyViewControllerType: PlatformViewController>(
| `- error: cannot find type 'PlatformViewController' in scope
164 | ofType type: AnyViewControllerType.Type,
165 | from entry: PlatformViewController
/Users/admin/builder/spi-builder-workspace/.dependencies/checkouts/SwiftUI-Introspect/Introspect/Introspect.swift:332:90: error: cannot find type 'PlatformView' in scope
330 | }
331 |
332 | public static func ancestorOrSiblingContaining<TargetView: PlatformView>(from entry: PlatformView) -> TargetView? {
| `- error: cannot find type 'PlatformView' in scope
333 | if let tableView = Introspect.findAncestor(ofType: TargetView.self, from: entry) {
334 | return tableView
/Users/admin/builder/spi-builder-workspace/.dependencies/checkouts/SwiftUI-Introspect/Introspect/Introspect.swift:332:64: error: cannot find type 'PlatformView' in scope
330 | }
331 |
332 | public static func ancestorOrSiblingContaining<TargetView: PlatformView>(from entry: PlatformView) -> TargetView? {
| `- error: cannot find type 'PlatformView' in scope
333 | if let tableView = Introspect.findAncestor(ofType: TargetView.self, from: entry) {
334 | return tableView
/Users/admin/builder/spi-builder-workspace/.dependencies/checkouts/SwiftUI-Introspect/Introspect/Introspect.swift:322:114: error: cannot find type 'PlatformView' in scope
320 | }
321 |
322 | public static func siblingOrAncestorOrSiblingContainingOrAncestorChild<TargetView: PlatformView>(from entry: PlatformView) -> TargetView? {
| `- error: cannot find type 'PlatformView' in scope
323 | if let sibling: TargetView = siblingOfType(from: entry) {
324 | return sibling
/Users/admin/builder/spi-builder-workspace/.dependencies/checkouts/SwiftUI-Introspect/Introspect/Introspect.swift:322:88: error: cannot find type 'PlatformView' in scope
320 | }
321 |
322 | public static func siblingOrAncestorOrSiblingContainingOrAncestorChild<TargetView: PlatformView>(from entry: PlatformView) -> TargetView? {
| `- error: cannot find type 'PlatformView' in scope
323 | if let sibling: TargetView = siblingOfType(from: entry) {
324 | return sibling
/Users/admin/builder/spi-builder-workspace/.dependencies/checkouts/SwiftUI-Introspect/Introspect/Introspect.swift:294:90: error: cannot find type 'PlatformView' in scope
292 | }
293 |
294 | public static func siblingContainingOrAncestor<TargetView: PlatformView>(from entry: PlatformView) -> TargetView? {
| `- error: cannot find type 'PlatformView' in scope
295 | if let sibling: TargetView = siblingContaining(from: entry) {
296 | return sibling
/Users/admin/builder/spi-builder-workspace/.dependencies/checkouts/SwiftUI-Introspect/Introspect/Introspect.swift:294:64: error: cannot find type 'PlatformView' in scope
292 | }
293 |
294 | public static func siblingContainingOrAncestor<TargetView: PlatformView>(from entry: PlatformView) -> TargetView? {
| `- error: cannot find type 'PlatformView' in scope
295 | if let sibling: TargetView = siblingContaining(from: entry) {
296 | return sibling
/Users/admin/builder/spi-builder-workspace/.dependencies/checkouts/SwiftUI-Introspect/Introspect/Introspect.swift:301:105: error: cannot find type 'PlatformView' in scope
299 | }
300 |
301 | public static func siblingContainingOrAncestorOrAncestorChild<TargetView: PlatformView>(from entry: PlatformView) -> TargetView? {
| `- error: cannot find type 'PlatformView' in scope
302 | if let sibling: TargetView = siblingContaining(from: entry) {
303 | return sibling
/Users/admin/builder/spi-builder-workspace/.dependencies/checkouts/SwiftUI-Introspect/Introspect/Introspect.swift:301:79: error: cannot find type 'PlatformView' in scope
299 | }
300 |
301 | public static func siblingContainingOrAncestorOrAncestorChild<TargetView: PlatformView>(from entry: PlatformView) -> TargetView? {
| `- error: cannot find type 'PlatformView' in scope
302 | if let sibling: TargetView = siblingContaining(from: entry) {
303 | return sibling
/Users/admin/builder/spi-builder-workspace/.dependencies/checkouts/SwiftUI-Introspect/Introspect/Introspect.swift:287:80: error: cannot find type 'PlatformView' in scope
285 |
286 | public enum TargetViewSelector {
287 | public static func siblingContaining<TargetView: PlatformView>(from entry: PlatformView) -> TargetView? {
| `- error: cannot find type 'PlatformView' in scope
288 | guard let viewHost = Introspect.findViewHost(from: entry) else {
289 | return nil
SwiftCompile normal arm64 Compiling\ UIKitIntrospectionView.swift /Users/admin/builder/spi-builder-workspace/.dependencies/checkouts/SwiftUI-Introspect/Introspect/UIKitIntrospectionView.swift (in target 'Introspect' from project 'swiftui-introspect')
SwiftCompile normal arm64 /Users/admin/builder/spi-builder-workspace/.dependencies/checkouts/SwiftUI-Introspect/Introspect/UIKitIntrospectionView.swift (in target 'Introspect' from project 'swiftui-introspect')
cd /Users/admin/builder/spi-builder-workspace/.swiftpm/xcode
builtin-SwiftPerFileCompile UIKitIntrospectionView.swift
SwiftCompile normal arm64 Compiling\ Introspect.swift /Users/admin/builder/spi-builder-workspace/.dependencies/checkouts/SwiftUI-Introspect/Introspect/Introspect.swift (in target 'Introspect' from project 'swiftui-introspect')
/Users/admin/builder/spi-builder-workspace/.dependencies/checkouts/SwiftUI-Introspect/Introspect/Introspect.swift:25:18: error: cannot find type 'PlatformView' in scope
23 | public static func findChild<AnyViewType: PlatformView>(
24 | ofType type: AnyViewType.Type,
25 | in root: PlatformView
| `- error: cannot find type 'PlatformView' in scope
26 | ) -> AnyViewType? {
27 | for subview in root.subviews {
/Users/admin/builder/spi-builder-workspace/.dependencies/checkouts/SwiftUI-Introspect/Introspect/Introspect.swift:23:47: error: cannot find type 'PlatformView' in scope
21 | /// This method will recursively look for this view.
22 | /// Returns nil if it can't find a view of the specified type.
23 | public static func findChild<AnyViewType: PlatformView>(
| `- error: cannot find type 'PlatformView' in scope
24 | ofType type: AnyViewType.Type,
25 | in root: PlatformView
/Users/admin/builder/spi-builder-workspace/.dependencies/checkouts/SwiftUI-Introspect/Introspect/Introspect.swift:42:18: error: cannot find type 'PlatformViewController' in scope
40 | public static func findChild<AnyViewControllerType: PlatformViewController>(
41 | ofType type: AnyViewControllerType.Type,
42 | in root: PlatformViewController
| `- error: cannot find type 'PlatformViewController' in scope
43 | ) -> AnyViewControllerType? {
44 | for child in root.children {
/Users/admin/builder/spi-builder-workspace/.dependencies/checkouts/SwiftUI-Introspect/Introspect/Introspect.swift:40:57: error: cannot find type 'PlatformViewController' in scope
38 | /// This method will recursively look for this child.
39 | /// Returns nil if it can't find a view of the specified type.
40 | public static func findChild<AnyViewControllerType: PlatformViewController>(
| `- error: cannot find type 'PlatformViewController' in scope
41 | ofType type: AnyViewControllerType.Type,
42 | in root: PlatformViewController
/Users/admin/builder/spi-builder-workspace/.dependencies/checkouts/SwiftUI-Introspect/Introspect/Introspect.swift:59:18: error: cannot find type 'PlatformView' in scope
57 | public static func findChildUsingFrame<AnyViewType: PlatformView>(
58 | ofType type: AnyViewType.Type,
59 | in root: PlatformView,
| `- error: cannot find type 'PlatformView' in scope
60 | from originalEntry: PlatformView
61 | ) -> AnyViewType? {
/Users/admin/builder/spi-builder-workspace/.dependencies/checkouts/SwiftUI-Introspect/Introspect/Introspect.swift:60:29: error: cannot find type 'PlatformView' in scope
58 | ofType type: AnyViewType.Type,
59 | in root: PlatformView,
60 | from originalEntry: PlatformView
| `- error: cannot find type 'PlatformView' in scope
61 | ) -> AnyViewType? {
62 | var children: [AnyViewType] = []
/Users/admin/builder/spi-builder-workspace/.dependencies/checkouts/SwiftUI-Introspect/Introspect/Introspect.swift:57:57: error: cannot find type 'PlatformView' in scope
55 | /// This method will recursively look for this view.
56 | /// Returns nil if it can't find a view of the specified type.
57 | public static func findChildUsingFrame<AnyViewType: PlatformView>(
| `- error: cannot find type 'PlatformView' in scope
58 | ofType type: AnyViewType.Type,
59 | in root: PlatformView,
/Users/admin/builder/spi-builder-workspace/.dependencies/checkouts/SwiftUI-Introspect/Introspect/Introspect.swift:92:21: error: cannot find type 'PlatformView' in scope
90 | public static func previousSibling<AnyViewType: PlatformView>(
91 | containing type: AnyViewType.Type,
92 | from entry: PlatformView
| `- error: cannot find type 'PlatformView' in scope
93 | ) -> AnyViewType? {
94 |
/Users/admin/builder/spi-builder-workspace/.dependencies/checkouts/SwiftUI-Introspect/Introspect/Introspect.swift:90:53: error: cannot find type 'PlatformView' in scope
88 | /// This method inspects siblings recursively.
89 | /// Returns nil if no sibling contains the specified type.
90 | public static func previousSibling<AnyViewType: PlatformView>(
| `- error: cannot find type 'PlatformView' in scope
91 | containing type: AnyViewType.Type,
92 | from entry: PlatformView
/Users/admin/builder/spi-builder-workspace/.dependencies/checkouts/SwiftUI-Introspect/Introspect/Introspect.swift:116:21: error: cannot find type 'PlatformView' in scope
114 | public static func previousSibling<AnyViewType: PlatformView>(
115 | ofType type: AnyViewType.Type,
116 | from entry: PlatformView
| `- error: cannot find type 'PlatformView' in scope
117 | ) -> AnyViewType? {
118 |
/Users/admin/builder/spi-builder-workspace/.dependencies/checkouts/SwiftUI-Introspect/Introspect/Introspect.swift:114:53: error: cannot find type 'PlatformView' in scope
112 | /// This method inspects siblings recursively.
113 | /// Returns nil if no sibling contains the specified type.
114 | public static func previousSibling<AnyViewType: PlatformView>(
| `- error: cannot find type 'PlatformView' in scope
115 | ofType type: AnyViewType.Type,
116 | from entry: PlatformView
/Users/admin/builder/spi-builder-workspace/.dependencies/checkouts/SwiftUI-Introspect/Introspect/Introspect.swift:141:21: error: cannot find type 'PlatformViewController' in scope
139 | public static func previousSibling<AnyViewControllerType: PlatformViewController>(
140 | containing type: AnyViewControllerType.Type,
141 | from entry: PlatformViewController
| `- error: cannot find type 'PlatformViewController' in scope
142 | ) -> AnyViewControllerType? {
143 |
/Users/admin/builder/spi-builder-workspace/.dependencies/checkouts/SwiftUI-Introspect/Introspect/Introspect.swift:139:63: error: cannot find type 'PlatformViewController' in scope
137 | /// Returns nil if no sibling contains the specified type.
138 | @available(macOS, unavailable)
139 | public static func previousSibling<AnyViewControllerType: PlatformViewController>(
| `- error: cannot find type 'PlatformViewController' in scope
140 | containing type: AnyViewControllerType.Type,
141 | from entry: PlatformViewController
/Users/admin/builder/spi-builder-workspace/.dependencies/checkouts/SwiftUI-Introspect/Introspect/Introspect.swift:165:21: error: cannot find type 'PlatformViewController' in scope
163 | public static func previousSibling<AnyViewControllerType: PlatformViewController>(
164 | ofType type: AnyViewControllerType.Type,
165 | from entry: PlatformViewController
| `- error: cannot find type 'PlatformViewController' in scope
166 | ) -> AnyViewControllerType? {
167 |
/Users/admin/builder/spi-builder-workspace/.dependencies/checkouts/SwiftUI-Introspect/Introspect/Introspect.swift:163:63: error: cannot find type 'PlatformViewController' in scope
161 | /// This method does not inspect siblings recursively.
162 | /// Returns nil if no sibling is of the specified type.
163 | public static func previousSibling<AnyViewControllerType: PlatformViewController>(
| `- error: cannot find type 'PlatformViewController' in scope
164 | ofType type: AnyViewControllerType.Type,
165 | from entry: PlatformViewController
/Users/admin/builder/spi-builder-workspace/.dependencies/checkouts/SwiftUI-Introspect/Introspect/Introspect.swift:189:21: error: cannot find type 'PlatformView' in scope
187 | public static func nextSibling<AnyViewType: PlatformView>(
188 | containing type: AnyViewType.Type,
189 | from entry: PlatformView
| `- error: cannot find type 'PlatformView' in scope
190 | ) -> AnyViewType? {
191 |
/Users/admin/builder/spi-builder-workspace/.dependencies/checkouts/SwiftUI-Introspect/Introspect/Introspect.swift:187:49: error: cannot find type 'PlatformView' in scope
185 | /// This method inspects siblings recursively.
186 | /// Returns nil if no sibling contains the specified type.
187 | public static func nextSibling<AnyViewType: PlatformView>(
| `- error: cannot find type 'PlatformView' in scope
188 | containing type: AnyViewType.Type,
189 | from entry: PlatformView
/Users/admin/builder/spi-builder-workspace/.dependencies/checkouts/SwiftUI-Introspect/Introspect/Introspect.swift:212:21: error: cannot find type 'PlatformView' in scope
210 | public static func nextSibling<AnyViewType: PlatformView>(
211 | ofType type: AnyViewType.Type,
212 | from entry: PlatformView
| `- error: cannot find type 'PlatformView' in scope
213 | ) -> AnyViewType? {
214 |
/Users/admin/builder/spi-builder-workspace/.dependencies/checkouts/SwiftUI-Introspect/Introspect/Introspect.swift:210:49: error: cannot find type 'PlatformView' in scope
208 | /// This method inspects siblings recursively.
209 | /// Returns nil if no sibling contains the specified type.
210 | public static func nextSibling<AnyViewType: PlatformView>(
| `- error: cannot find type 'PlatformView' in scope
211 | ofType type: AnyViewType.Type,
212 | from entry: PlatformView
/Users/admin/builder/spi-builder-workspace/.dependencies/checkouts/SwiftUI-Introspect/Introspect/Introspect.swift:232:107: error: cannot find type 'PlatformView' in scope
230 | /// Finds an ancestor of the specified type.
231 | /// If it reaches the top of the view without finding the specified view type, it returns nil.
232 | public static func findAncestor<AnyViewType: PlatformView>(ofType type: AnyViewType.Type, from entry: PlatformView) -> AnyViewType? {
| `- error: cannot find type 'PlatformView' in scope
233 | var superview = entry.superview
234 | while let s = superview {
/Users/admin/builder/spi-builder-workspace/.dependencies/checkouts/SwiftUI-Introspect/Introspect/Introspect.swift:232:50: error: cannot find type 'PlatformView' in scope
230 | /// Finds an ancestor of the specified type.
231 | /// If it reaches the top of the view without finding the specified view type, it returns nil.
232 | public static func findAncestor<AnyViewType: PlatformView>(ofType type: AnyViewType.Type, from entry: PlatformView) -> AnyViewType? {
| `- error: cannot find type 'PlatformView' in scope
233 | var superview = entry.superview
234 | while let s = superview {
/Users/admin/builder/spi-builder-workspace/.dependencies/checkouts/SwiftUI-Introspect/Introspect/Introspect.swift:245:122: error: cannot find type 'PlatformView' in scope
243 | /// Finds an ancestor of the specified type.
244 | /// If it reaches the top of the view without finding the specified view type, it returns nil.
245 | public static func findAncestorOrAncestorChild<AnyViewType: PlatformView>(ofType type: AnyViewType.Type, from entry: PlatformView) -> AnyViewType? {
| `- error: cannot find type 'PlatformView' in scope
246 | var superview = entry.superview
247 | while let s = superview {
/Users/admin/builder/spi-builder-workspace/.dependencies/checkouts/SwiftUI-Introspect/Introspect/Introspect.swift:245:65: error: cannot find type 'PlatformView' in scope
243 | /// Finds an ancestor of the specified type.
244 | /// If it reaches the top of the view without finding the specified view type, it returns nil.
245 | public static func findAncestorOrAncestorChild<AnyViewType: PlatformView>(ofType type: AnyViewType.Type, from entry: PlatformView) -> AnyViewType? {
| `- error: cannot find type 'PlatformView' in scope
246 | var superview = entry.superview
247 | while let s = superview {
/Users/admin/builder/spi-builder-workspace/.dependencies/checkouts/SwiftUI-Introspect/Introspect/Introspect.swift:260:69: error: cannot find type 'PlatformView' in scope
258 | /// For instance, if there are multiple text fields in a VStack, the hosting view will contain those text fields (and their host views, see below).
259 | /// Returns nil if it couldn't find a hosting view. This should never happen when called with an IntrospectionView.
260 | public static func findHostingView(from entry: PlatformView) -> PlatformView? {
| `- error: cannot find type 'PlatformView' in scope
261 | var superview = entry.superview
262 | while let s = superview {
/Users/admin/builder/spi-builder-workspace/.dependencies/checkouts/SwiftUI-Introspect/Introspect/Introspect.swift:260:52: error: cannot find type 'PlatformView' in scope
258 | /// For instance, if there are multiple text fields in a VStack, the hosting view will contain those text fields (and their host views, see below).
259 | /// Returns nil if it couldn't find a hosting view. This should never happen when called with an IntrospectionView.
260 | public static func findHostingView(from entry: PlatformView) -> PlatformView? {
| `- error: cannot find type 'PlatformView' in scope
261 | var superview = entry.superview
262 | while let s = superview {
/Users/admin/builder/spi-builder-workspace/.dependencies/checkouts/SwiftUI-Introspect/Introspect/Introspect.swift:274:66: error: cannot find type 'PlatformView' in scope
272 | /// SwiftUI wraps each UIView within a ViewHost, then within a HostingView.
273 | /// Returns nil if it couldn't find a view host. This should never happen when called with an IntrospectionView.
274 | public static func findViewHost(from entry: PlatformView) -> PlatformView? {
| `- error: cannot find type 'PlatformView' in scope
275 | var superview = entry.superview
276 | while let s = superview {
/Users/admin/builder/spi-builder-workspace/.dependencies/checkouts/SwiftUI-Introspect/Introspect/Introspect.swift:274:49: error: cannot find type 'PlatformView' in scope
272 | /// SwiftUI wraps each UIView within a ViewHost, then within a HostingView.
273 | /// Returns nil if it couldn't find a view host. This should never happen when called with an IntrospectionView.
274 | public static func findViewHost(from entry: PlatformView) -> PlatformView? {
| `- error: cannot find type 'PlatformView' in scope
275 | var superview = entry.superview
276 | while let s = superview {
/Users/admin/builder/spi-builder-workspace/.dependencies/checkouts/SwiftUI-Introspect/Introspect/Introspect.swift:287:80: error: cannot find type 'PlatformView' in scope
285 |
286 | public enum TargetViewSelector {
287 | public static func siblingContaining<TargetView: PlatformView>(from entry: PlatformView) -> TargetView? {
| `- error: cannot find type 'PlatformView' in scope
288 | guard let viewHost = Introspect.findViewHost(from: entry) else {
289 | return nil
/Users/admin/builder/spi-builder-workspace/.dependencies/checkouts/SwiftUI-Introspect/Introspect/Introspect.swift:287:54: error: cannot find type 'PlatformView' in scope
285 |
286 | public enum TargetViewSelector {
287 | public static func siblingContaining<TargetView: PlatformView>(from entry: PlatformView) -> TargetView? {
| `- error: cannot find type 'PlatformView' in scope
288 | guard let viewHost = Introspect.findViewHost(from: entry) else {
289 | return nil
/Users/admin/builder/spi-builder-workspace/.dependencies/checkouts/SwiftUI-Introspect/Introspect/Introspect.swift:294:90: error: cannot find type 'PlatformView' in scope
292 | }
293 |
294 | public static func siblingContainingOrAncestor<TargetView: PlatformView>(from entry: PlatformView) -> TargetView? {
| `- error: cannot find type 'PlatformView' in scope
295 | if let sibling: TargetView = siblingContaining(from: entry) {
296 | return sibling
/Users/admin/builder/spi-builder-workspace/.dependencies/checkouts/SwiftUI-Introspect/Introspect/Introspect.swift:294:64: error: cannot find type 'PlatformView' in scope
292 | }
293 |
294 | public static func siblingContainingOrAncestor<TargetView: PlatformView>(from entry: PlatformView) -> TargetView? {
| `- error: cannot find type 'PlatformView' in scope
295 | if let sibling: TargetView = siblingContaining(from: entry) {
296 | return sibling
/Users/admin/builder/spi-builder-workspace/.dependencies/checkouts/SwiftUI-Introspect/Introspect/Introspect.swift:301:105: error: cannot find type 'PlatformView' in scope
299 | }
300 |
301 | public static func siblingContainingOrAncestorOrAncestorChild<TargetView: PlatformView>(from entry: PlatformView) -> TargetView? {
| `- error: cannot find type 'PlatformView' in scope
302 | if let sibling: TargetView = siblingContaining(from: entry) {
303 | return sibling
/Users/admin/builder/spi-builder-workspace/.dependencies/checkouts/SwiftUI-Introspect/Introspect/Introspect.swift:301:79: error: cannot find type 'PlatformView' in scope
299 | }
300 |
301 | public static func siblingContainingOrAncestorOrAncestorChild<TargetView: PlatformView>(from entry: PlatformView) -> TargetView? {
| `- error: cannot find type 'PlatformView' in scope
302 | if let sibling: TargetView = siblingContaining(from: entry) {
303 | return sibling
/Users/admin/builder/spi-builder-workspace/.dependencies/checkouts/SwiftUI-Introspect/Introspect/Introspect.swift:308:76: error: cannot find type 'PlatformView' in scope
306 | }
307 |
308 | public static func siblingOfType<TargetView: PlatformView>(from entry: PlatformView) -> TargetView? {
| `- error: cannot find type 'PlatformView' in scope
309 | guard let viewHost = Introspect.findViewHost(from: entry) else {
310 | return nil
/Users/admin/builder/spi-builder-workspace/.dependencies/checkouts/SwiftUI-Introspect/Introspect/Introspect.swift:308:50: error: cannot find type 'PlatformView' in scope
306 | }
307 |
308 | public static func siblingOfType<TargetView: PlatformView>(from entry: PlatformView) -> TargetView? {
| `- error: cannot find type 'PlatformView' in scope
309 | guard let viewHost = Introspect.findViewHost(from: entry) else {
310 | return nil
/Users/admin/builder/spi-builder-workspace/.dependencies/checkouts/SwiftUI-Introspect/Introspect/Introspect.swift:315:86: error: cannot find type 'PlatformView' in scope
313 | }
314 |
315 | public static func siblingOfTypeOrAncestor<TargetView: PlatformView>(from entry: PlatformView) -> TargetView? {
| `- error: cannot find type 'PlatformView' in scope
316 | if let sibling: TargetView = siblingOfType(from: entry) {
317 | return sibling
/Users/admin/builder/spi-builder-workspace/.dependencies/checkouts/SwiftUI-Introspect/Introspect/Introspect.swift:315:60: error: cannot find type 'PlatformView' in scope
313 | }
314 |
315 | public static func siblingOfTypeOrAncestor<TargetView: PlatformView>(from entry: PlatformView) -> TargetView? {
| `- error: cannot find type 'PlatformView' in scope
316 | if let sibling: TargetView = siblingOfType(from: entry) {
317 | return sibling
/Users/admin/builder/spi-builder-workspace/.dependencies/checkouts/SwiftUI-Introspect/Introspect/Introspect.swift:322:114: error: cannot find type 'PlatformView' in scope
320 | }
321 |
322 | public static func siblingOrAncestorOrSiblingContainingOrAncestorChild<TargetView: PlatformView>(from entry: PlatformView) -> TargetView? {
| `- error: cannot find type 'PlatformView' in scope
323 | if let sibling: TargetView = siblingOfType(from: entry) {
324 | return sibling
/Users/admin/builder/spi-builder-workspace/.dependencies/checkouts/SwiftUI-Introspect/Introspect/Introspect.swift:322:88: error: cannot find type 'PlatformView' in scope
320 | }
321 |
322 | public static func siblingOrAncestorOrSiblingContainingOrAncestorChild<TargetView: PlatformView>(from entry: PlatformView) -> TargetView? {
| `- error: cannot find type 'PlatformView' in scope
323 | if let sibling: TargetView = siblingOfType(from: entry) {
324 | return sibling
/Users/admin/builder/spi-builder-workspace/.dependencies/checkouts/SwiftUI-Introspect/Introspect/Introspect.swift:332:90: error: cannot find type 'PlatformView' in scope
330 | }
331 |
332 | public static func ancestorOrSiblingContaining<TargetView: PlatformView>(from entry: PlatformView) -> TargetView? {
| `- error: cannot find type 'PlatformView' in scope
333 | if let tableView = Introspect.findAncestor(ofType: TargetView.self, from: entry) {
334 | return tableView
/Users/admin/builder/spi-builder-workspace/.dependencies/checkouts/SwiftUI-Introspect/Introspect/Introspect.swift:332:64: error: cannot find type 'PlatformView' in scope
330 | }
331 |
332 | public static func ancestorOrSiblingContaining<TargetView: PlatformView>(from entry: PlatformView) -> TargetView? {
| `- error: cannot find type 'PlatformView' in scope
333 | if let tableView = Introspect.findAncestor(ofType: TargetView.self, from: entry) {
334 | return tableView
/Users/admin/builder/spi-builder-workspace/.dependencies/checkouts/SwiftUI-Introspect/Introspect/Introspect.swift:339:86: error: cannot find type 'PlatformView' in scope
337 | }
338 |
339 | public static func ancestorOrSiblingOfType<TargetView: PlatformView>(from entry: PlatformView) -> TargetView? {
| `- error: cannot find type 'PlatformView' in scope
340 | if let tableView = Introspect.findAncestor(ofType: TargetView.self, from: entry) {
341 | return tableView
/Users/admin/builder/spi-builder-workspace/.dependencies/checkouts/SwiftUI-Introspect/Introspect/Introspect.swift:339:60: error: cannot find type 'PlatformView' in scope
337 | }
338 |
339 | public static func ancestorOrSiblingOfType<TargetView: PlatformView>(from entry: PlatformView) -> TargetView? {
| `- error: cannot find type 'PlatformView' in scope
340 | if let tableView = Introspect.findAncestor(ofType: TargetView.self, from: entry) {
341 | return tableView
/Users/admin/builder/spi-builder-workspace/.dependencies/checkouts/SwiftUI-Introspect/Introspect/Introspect.swift:73:39: error: value of type 'AnyViewType' has no member 'convert'
71 | if children.count > 1 {
72 | for child in children {
73 | let converted = child.convert(
| `- error: value of type 'AnyViewType' has no member 'convert'
74 | CGPoint(x: originalEntry.frame.size.width / 2, y: originalEntry.frame.size.height / 2),
75 | from: originalEntry
SwiftCompile normal arm64 /Users/admin/builder/spi-builder-workspace/.dependencies/checkouts/SwiftUI-Introspect/Introspect/Introspect.swift (in target 'Introspect' from project 'swiftui-introspect')
cd /Users/admin/builder/spi-builder-workspace/.swiftpm/xcode
builtin-SwiftPerFileCompile Introspect.swift
SwiftCompile normal arm64 Compiling\ UIKitIntrospectionViewController.swift /Users/admin/builder/spi-builder-workspace/.dependencies/checkouts/SwiftUI-Introspect/Introspect/UIKitIntrospectionViewController.swift (in target 'Introspect' from project 'swiftui-introspect')
SwiftCompile normal arm64 /Users/admin/builder/spi-builder-workspace/.dependencies/checkouts/SwiftUI-Introspect/Introspect/UIKitIntrospectionViewController.swift (in target 'Introspect' from project 'swiftui-introspect')
cd /Users/admin/builder/spi-builder-workspace/.swiftpm/xcode
builtin-SwiftPerFileCompile UIKitIntrospectionViewController.swift
SwiftCompile normal arm64 Compiling\ AppKitIntrospectionView.swift /Users/admin/builder/spi-builder-workspace/.dependencies/checkouts/SwiftUI-Introspect/Introspect/AppKitIntrospectionView.swift (in target 'Introspect' from project 'swiftui-introspect')
SwiftCompile normal arm64 /Users/admin/builder/spi-builder-workspace/.dependencies/checkouts/SwiftUI-Introspect/Introspect/AppKitIntrospectionView.swift (in target 'Introspect' from project 'swiftui-introspect')
cd /Users/admin/builder/spi-builder-workspace/.swiftpm/xcode
builtin-SwiftPerFileCompile AppKitIntrospectionView.swift
PruneExplicitPrecompiledModules /Users/admin/builder/spi-builder-workspace/.derivedData/Build/Intermediates.noindex/SwiftExplicitPrecompiledModules
PruneExplicitPrecompiledModules /Users/admin/builder/spi-builder-workspace/.derivedData/SDKExplicitPrecompiledModules
PruneExplicitPrecompiledModules /Users/admin/builder/spi-builder-workspace/.derivedData/Build/Intermediates.noindex/ExplicitPrecompiledModules
2026-09-20 05:02:07.977 xcodebuild[872:5287] [MT] IDERunDestination: Supported platforms for the buildables in the current scheme is empty.
** BUILD FAILED **
The following build commands failed:
SwiftCompile normal arm64 (in target 'Introspect' from project 'swiftui-introspect')
SwiftEmitModule normal arm64 Emitting\ module\ for\ Introspect (in target 'Introspect' from project 'swiftui-introspect')
Building workspace PermissionsSwiftUI with scheme PermissionsSwiftUI-Package
(3 failures)
Command line invocation:
/Applications/Xcode-27.0.0-Release.Candidate.app/Contents/Developer/usr/bin/xcodebuild -IDEClonedSourcePackagesDirPathOverride=/Users/admin/builder/spi-builder-workspace/.dependencies -resolvePackageDependencies
Resolve Package Graph
Invalid Exclude '/Users/admin/builder/spi-builder-workspace/Tsts/PermissionsSwiftUITests/__Snapshots__': File not found.Invalid Exclude '/Users/admin/builder/spi-builder-workspace/Tsts/PermissionsSwiftUITests/__Snapshots__': File not found.
Resolved source packages:
swift-issue-reporting: https://github.com/pointfreeco/swift-issue-reporting @ 2.1.0
swift-custom-dump: https://github.com/pointfreeco/swift-custom-dump @ 1.7.3
swiftui-introspect: https://github.com/siteline/SwiftUI-Introspect @ 0.12.0
PermissionsSwiftUI: /Users/admin/builder/spi-builder-workspace
swift-snapshot-testing: https://github.com/pointfreeco/swift-snapshot-testing.git @ 1.19.5
swift-syntax: https://github.com/swiftlang/swift-syntax @ 604.0.0
resolved source packages: swift-issue-reporting, swift-custom-dump, swiftui-introspect, PermissionsSwiftUI, swift-snapshot-testing, swift-syntax
2026-09-20 05:02:18.533 xcodebuild[1026:5957] [MT] IDERunDestination: Supported platforms for the buildables in the current scheme is empty.
{
"default_localization" : "en",
"dependencies" : [
{
"identity" : "swift-snapshot-testing",
"requirement" : {
"range" : [
{
"lower_bound" : "1.0.0",
"upper_bound" : "2.0.0"
}
]
},
"type" : "sourceControl",
"url" : "https://github.com/pointfreeco/swift-snapshot-testing.git"
},
{
"identity" : "swiftui-introspect",
"requirement" : {
"range" : [
{
"lower_bound" : "0.0.0",
"upper_bound" : "1.0.0"
}
]
},
"type" : "sourceControl",
"url" : "https://github.com/siteline/SwiftUI-Introspect"
}
],
"manifest_display_name" : "PermissionsSwiftUI",
"name" : "PermissionsSwiftUI",
"path" : "/Users/admin/builder/spi-builder-workspace",
"platforms" : [
{
"name" : "ios",
"version" : "13.0"
},
{
"name" : "macos",
"version" : "10.15"
}
],
"products" : [
{
"name" : "CorePermissionsSwiftUI",
"targets" : [
"CorePermissionsSwiftUI"
],
"type" : {
"library" : [
"automatic"
]
}
},
{
"name" : "PermissionsSwiftUI",
"targets" : [
"PermissionsSwiftUI"
],
"type" : {
"library" : [
"automatic"
]
}
},
{
"name" : "PermissionsSwiftUIBluetooth",
"targets" : [
"PermissionsSwiftUIBluetooth"
],
"type" : {
"library" : [
"automatic"
]
}
},
{
"name" : "PermissionsSwiftUICalendar",
"targets" : [
"PermissionsSwiftUICalendar"
],
"type" : {
"library" : [
"automatic"
]
}
},
{
"name" : "PermissionsSwiftUICamera",
"targets" : [
"PermissionsSwiftUICamera"
],
"type" : {
"library" : [
"automatic"
]
}
},
{
"name" : "PermissionsSwiftUIContacts",
"targets" : [
"PermissionsSwiftUIContacts"
],
"type" : {
"library" : [
"automatic"
]
}
},
{
"name" : "PermissionsSwiftUIHealth",
"targets" : [
"PermissionsSwiftUIHealth"
],
"type" : {
"library" : [
"automatic"
]
}
},
{
"name" : "PermissionsSwiftUILocationAlways",
"targets" : [
"PermissionsSwiftUILocationAlways"
],
"type" : {
"library" : [
"automatic"
]
}
},
{
"name" : "PermissionsSwiftUILocation",
"targets" : [
"PermissionsSwiftUILocation"
],
"type" : {
"library" : [
"automatic"
]
}
},
{
"name" : "PermissionsSwiftUIMicrophone",
"targets" : [
"PermissionsSwiftUIMicrophone"
],
"type" : {
"library" : [
"automatic"
]
}
},
{
"name" : "PermissionsSwiftUIMotion",
"targets" : [
"PermissionsSwiftUIMotion"
],
"type" : {
"library" : [
"automatic"
]
}
},
{
"name" : "PermissionsSwiftUIMusic",
"targets" : [
"PermissionsSwiftUIMusic"
],
"type" : {
"library" : [
"automatic"
]
}
},
{
"name" : "PermissionsSwiftUINotification",
"targets" : [
"PermissionsSwiftUINotification"
],
"type" : {
"library" : [
"automatic"
]
}
},
{
"name" : "PermissionsSwiftUIPhoto",
"targets" : [
"PermissionsSwiftUIPhoto"
],
"type" : {
"library" : [
"automatic"
]
}
},
{
"name" : "PermissionsSwiftUIReminder",
"targets" : [
"PermissionsSwiftUIReminder"
],
"type" : {
"library" : [
"automatic"
]
}
},
{
"name" : "PermissionsSwiftUISpeech",
"targets" : [
"PermissionsSwiftUISpeech"
],
"type" : {
"library" : [
"automatic"
]
}
},
{
"name" : "PermissionsSwiftUITracking",
"targets" : [
"PermissionsSwiftUITracking"
],
"type" : {
"library" : [
"automatic"
]
}
},
{
"name" : "PermissionsSwiftUISiri",
"targets" : [
"PermissionsSwiftUISiri"
],
"type" : {
"library" : [
"automatic"
]
}
},
{
"name" : "PermissionsSwiftUIBiometrics",
"targets" : [
"PermissionsSwiftUIBiometrics"
],
"type" : {
"library" : [
"automatic"
]
}
},
{
"name" : "PermissionsSwiftUIEvent",
"targets" : [
"PermissionsSwiftUIEvent"
],
"type" : {
"library" : [
"automatic"
]
}
}
],
"targets" : [
{
"c99name" : "PermissionsSwiftUITracking",
"module_type" : "SwiftTarget",
"name" : "PermissionsSwiftUITracking",
"path" : "Sources/PermissionsSwiftUITracking",
"product_dependencies" : [
"Introspect"
],
"product_memberships" : [
"PermissionsSwiftUI",
"PermissionsSwiftUITracking"
],
"sources" : [
"JMTrackingPermissionManager.swift"
],
"target_dependencies" : [
"CorePermissionsSwiftUI"
],
"type" : "library"
},
{
"c99name" : "PermissionsSwiftUITests",
"module_type" : "SwiftTarget",
"name" : "PermissionsSwiftUITests",
"path" : "Tests/PermissionsSwiftUITests",
"product_dependencies" : [
"SnapshotTesting"
],
"resources" : [
{
"path" : "/Users/admin/builder/spi-builder-workspace/Tests/PermissionsSwiftUITests/__Snapshots__/PermissionsSwiftUITests/testAllowButtonAltLabel.1.png",
"rule" : {
"process" : {
}
}
},
{
"path" : "/Users/admin/builder/spi-builder-workspace/Tests/PermissionsSwiftUITests/__Snapshots__/PermissionsSwiftUITests/testAllowButtonAltLabel.2.png",
"rule" : {
"process" : {
}
}
},
{
"path" : "/Users/admin/builder/spi-builder-workspace/Tests/PermissionsSwiftUITests/__Snapshots__/PermissionsSwiftUITests/testCustomizeHeaderSnapshot.1.png",
"rule" : {
"process" : {
}
}
}
],
"sources" : [
"PermissionsSwiftUITests.swift",
"UITests.swift",
"XCTestManifests.swift"
],
"target_dependencies" : [
"PermissionsSwiftUI",
"CorePermissionsSwiftUI"
],
"type" : "test"
},
{
"c99name" : "PermissionsSwiftUISpeech",
"module_type" : "SwiftTarget",
"name" : "PermissionsSwiftUISpeech",
"path" : "Sources/PermissionsSwiftUISpeech",
"product_dependencies" : [
"Introspect"
],
"product_memberships" : [
"PermissionsSwiftUI",
"PermissionsSwiftUISpeech"
],
"sources" : [
"JMSpeechPermissionManager.swift"
],
"target_dependencies" : [
"CorePermissionsSwiftUI"
],
"type" : "library"
},
{
"c99name" : "PermissionsSwiftUISmallScreenTests",
"module_type" : "SwiftTarget",
"name" : "PermissionsSwiftUISmallScreenTests",
"path" : "Tests/PermissionsSwiftUISmallScreenTests",
"product_dependencies" : [
"SnapshotTesting"
],
"resources" : [
{
"path" : "/Users/admin/builder/spi-builder-workspace/Tests/PermissionsSwiftUISmallScreenTests/__Snapshots__/PermissionsSwiftUISmallScreenTests/testAlertViewInitializers.1.png",
"rule" : {
"process" : {
}
}
},
{
"path" : "/Users/admin/builder/spi-builder-workspace/Tests/PermissionsSwiftUISmallScreenTests/__Snapshots__/PermissionsSwiftUISmallScreenTests/testAlertViewInitializers.2.png",
"rule" : {
"process" : {
}
}
},
{
"path" : "/Users/admin/builder/spi-builder-workspace/Tests/PermissionsSwiftUISmallScreenTests/__Snapshots__/PermissionsSwiftUISmallScreenTests/testAlertViewInitializers.3.png",
"rule" : {
"process" : {
}
}
},
{
"path" : "/Users/admin/builder/spi-builder-workspace/Tests/PermissionsSwiftUISmallScreenTests/__Snapshots__/PermissionsSwiftUISmallScreenTests/testAlertViewInitializers.4.png",
"rule" : {
"process" : {
}
}
},
{
"path" : "/Users/admin/builder/spi-builder-workspace/Tests/PermissionsSwiftUISmallScreenTests/__Snapshots__/PermissionsSwiftUISmallScreenTests/testAlertViewInitializers.5.png",
"rule" : {
"process" : {
}
}
},
{
"path" : "/Users/admin/builder/spi-builder-workspace/Tests/PermissionsSwiftUISmallScreenTests/__Snapshots__/PermissionsSwiftUISmallScreenTests/testAlertViewInitializers.6.png",
"rule" : {
"process" : {
}
}
},
{
"path" : "/Users/admin/builder/spi-builder-workspace/Tests/PermissionsSwiftUISmallScreenTests/__Snapshots__/PermissionsSwiftUISmallScreenTests/testAlertViewInitializers.7.png",
"rule" : {
"process" : {
}
}
},
{
"path" : "/Users/admin/builder/spi-builder-workspace/Tests/PermissionsSwiftUISmallScreenTests/__Snapshots__/PermissionsSwiftUISmallScreenTests/testAlertViewSinglePermission.1.png",
"rule" : {
"process" : {
}
}
},
{
"path" : "/Users/admin/builder/spi-builder-workspace/Tests/PermissionsSwiftUISmallScreenTests/__Snapshots__/PermissionsSwiftUISmallScreenTests/testAlertViewThreePermissions.1.png",
"rule" : {
"process" : {
}
}
},
{
"path" : "/Users/admin/builder/spi-builder-workspace/Tests/PermissionsSwiftUISmallScreenTests/__Snapshots__/PermissionsSwiftUISmallScreenTests/testAlertViewTwoPermissions.1.png",
"rule" : {
"process" : {
}
}
},
{
"path" : "/Users/admin/builder/spi-builder-workspace/Tests/PermissionsSwiftUISmallScreenTests/__Snapshots__/PermissionsSwiftUISmallScreenTests/testCustomizeHeaderSnapshot.1.png",
"rule" : {
"process" : {
}
}
},
{
"path" : "/Users/admin/builder/spi-builder-workspace/Tests/PermissionsSwiftUISmallScreenTests/__Snapshots__/PermissionsSwiftUISmallScreenTests/testModalViewSnapshot14_0.1.png",
"rule" : {
"process" : {
}
}
},
{
"path" : "/Users/admin/builder/spi-builder-workspace/Tests/PermissionsSwiftUISmallScreenTests/__Snapshots__/PermissionsSwiftUISmallScreenTests/testPermissionCell.1.png",
"rule" : {
"process" : {
}
}
},
{
"path" : "/Users/admin/builder/spi-builder-workspace/Tests/PermissionsSwiftUISmallScreenTests/__Snapshots__/PermissionsSwiftUISmallScreenTests/testPermissionCell.10.png",
"rule" : {
"process" : {
}
}
},
{
"path" : "/Users/admin/builder/spi-builder-workspace/Tests/PermissionsSwiftUISmallScreenTests/__Snapshots__/PermissionsSwiftUISmallScreenTests/testPermissionCell.11.png",
"rule" : {
"process" : {
}
}
},
{
"path" : "/Users/admin/builder/spi-builder-workspace/Tests/PermissionsSwiftUISmallScreenTests/__Snapshots__/PermissionsSwiftUISmallScreenTests/testPermissionCell.12.png",
"rule" : {
"process" : {
}
}
},
{
"path" : "/Users/admin/builder/spi-builder-workspace/Tests/PermissionsSwiftUISmallScreenTests/__Snapshots__/PermissionsSwiftUISmallScreenTests/testPermissionCell.13.png",
"rule" : {
"process" : {
}
}
},
{
"path" : "/Users/admin/builder/spi-builder-workspace/Tests/PermissionsSwiftUISmallScreenTests/__Snapshots__/PermissionsSwiftUISmallScreenTests/testPermissionCell.14.png",
"rule" : {
"process" : {
}
}
},
{
"path" : "/Users/admin/builder/spi-builder-workspace/Tests/PermissionsSwiftUISmallScreenTests/__Snapshots__/PermissionsSwiftUISmallScreenTests/testPermissionCell.15.png",
"rule" : {
"process" : {
}
}
},
{
"path" : "/Users/admin/builder/spi-builder-workspace/Tests/PermissionsSwiftUISmallScreenTests/__Snapshots__/PermissionsSwiftUISmallScreenTests/testPermissionCell.16.png",
"rule" : {
"process" : {
}
}
},
{
"path" : "/Users/admin/builder/spi-builder-workspace/Tests/PermissionsSwiftUISmallScreenTests/__Snapshots__/PermissionsSwiftUISmallScreenTests/testPermissionCell.17.png",
"rule" : {
"process" : {
}
}
},
{
"path" : "/Users/admin/builder/spi-builder-workspace/Tests/PermissionsSwiftUISmallScreenTests/__Snapshots__/PermissionsSwiftUISmallScreenTests/testPermissionCell.18.png",
"rule" : {
"process" : {
}
}
},
{
"path" : "/Users/admin/builder/spi-builder-workspace/Tests/PermissionsSwiftUISmallScreenTests/__Snapshots__/PermissionsSwiftUISmallScreenTests/testPermissionCell.19.png",
"rule" : {
"process" : {
}
}
},
{
"path" : "/Users/admin/builder/spi-builder-workspace/Tests/PermissionsSwiftUISmallScreenTests/__Snapshots__/PermissionsSwiftUISmallScreenTests/testPermissionCell.2.png",
"rule" : {
"process" : {
}
}
},
{
"path" : "/Users/admin/builder/spi-builder-workspace/Tests/PermissionsSwiftUISmallScreenTests/__Snapshots__/PermissionsSwiftUISmallScreenTests/testPermissionCell.20.png",
"rule" : {
"process" : {
}
}
},
{
"path" : "/Users/admin/builder/spi-builder-workspace/Tests/PermissionsSwiftUISmallScreenTests/__Snapshots__/PermissionsSwiftUISmallScreenTests/testPermissionCell.21.png",
"rule" : {
"process" : {
}
}
},
{
"path" : "/Users/admin/builder/spi-builder-workspace/Tests/PermissionsSwiftUISmallScreenTests/__Snapshots__/PermissionsSwiftUISmallScreenTests/testPermissionCell.22.png",
"rule" : {
"process" : {
}
}
},
{
"path" : "/Users/admin/builder/spi-builder-workspace/Tests/PermissionsSwiftUISmallScreenTests/__Snapshots__/PermissionsSwiftUISmallScreenTests/testPermissionCell.23.png",
"rule" : {
"process" : {
}
}
},
{
"path" : "/Users/admin/builder/spi-builder-workspace/Tests/PermissionsSwiftUISmallScreenTests/__Snapshots__/PermissionsSwiftUISmallScreenTests/testPermissionCell.24.png",
"rule" : {
"process" : {
}
}
},
{
"path" : "/Users/admin/builder/spi-builder-workspace/Tests/PermissionsSwiftUISmallScreenTests/__Snapshots__/PermissionsSwiftUISmallScreenTests/testPermissionCell.25.png",
"rule" : {
"process" : {
}
}
},
{
"path" : "/Users/admin/builder/spi-builder-workspace/Tests/PermissionsSwiftUISmallScreenTests/__Snapshots__/PermissionsSwiftUISmallScreenTests/testPermissionCell.26.png",
"rule" : {
"process" : {
}
}
},
{
"path" : "/Users/admin/builder/spi-builder-workspace/Tests/PermissionsSwiftUISmallScreenTests/__Snapshots__/PermissionsSwiftUISmallScreenTests/testPermissionCell.27.png",
"rule" : {
"process" : {
}
}
},
{
"path" : "/Users/admin/builder/spi-builder-workspace/Tests/PermissionsSwiftUISmallScreenTests/__Snapshots__/PermissionsSwiftUISmallScreenTests/testPermissionCell.28.png",
"rule" : {
"process" : {
}
}
},
{
"path" : "/Users/admin/builder/spi-builder-workspace/Tests/PermissionsSwiftUISmallScreenTests/__Snapshots__/PermissionsSwiftUISmallScreenTests/testPermissionCell.29.png",
"rule" : {
"process" : {
}
}
},
{
"path" : "/Users/admin/builder/spi-builder-workspace/Tests/PermissionsSwiftUISmallScreenTests/__Snapshots__/PermissionsSwiftUISmallScreenTests/testPermissionCell.3.png",
"rule" : {
"process" : {
}
}
},
{
"path" : "/Users/admin/builder/spi-builder-workspace/Tests/PermissionsSwiftUISmallScreenTests/__Snapshots__/PermissionsSwiftUISmallScreenTests/testPermissionCell.30.png",
"rule" : {
"process" : {
}
}
},
{
"path" : "/Users/admin/builder/spi-builder-workspace/Tests/PermissionsSwiftUISmallScreenTests/__Snapshots__/PermissionsSwiftUISmallScreenTests/testPermissionCell.31.png",
"rule" : {
"process" : {
}
}
},
{
"path" : "/Users/admin/builder/spi-builder-workspace/Tests/PermissionsSwiftUISmallScreenTests/__Snapshots__/PermissionsSwiftUISmallScreenTests/testPermissionCell.32.png",
"rule" : {
"process" : {
}
}
},
{
"path" : "/Users/admin/builder/spi-builder-workspace/Tests/PermissionsSwiftUISmallScreenTests/__Snapshots__/PermissionsSwiftUISmallScreenTests/testPermissionCell.33.png",
"rule" : {
"process" : {
}
}
},
{
"path" : "/Users/admin/builder/spi-builder-workspace/Tests/PermissionsSwiftUISmallScreenTests/__Snapshots__/PermissionsSwiftUISmallScreenTests/testPermissionCell.34.png",
"rule" : {
"process" : {
}
}
},
{
"path" : "/Users/admin/builder/spi-builder-workspace/Tests/PermissionsSwiftUISmallScreenTests/__Snapshots__/PermissionsSwiftUISmallScreenTests/testPermissionCell.35.png",
"rule" : {
"process" : {
}
}
},
{
"path" : "/Users/admin/builder/spi-builder-workspace/Tests/PermissionsSwiftUISmallScreenTests/__Snapshots__/PermissionsSwiftUISmallScreenTests/testPermissionCell.36.png",
"rule" : {
"process" : {
}
}
},
{
"path" : "/Users/admin/builder/spi-builder-workspace/Tests/PermissionsSwiftUISmallScreenTests/__Snapshots__/PermissionsSwiftUISmallScreenTests/testPermissionCell.37.png",
"rule" : {
"process" : {
}
}
},
{
"path" : "/Users/admin/builder/spi-builder-workspace/Tests/PermissionsSwiftUISmallScreenTests/__Snapshots__/PermissionsSwiftUISmallScreenTests/testPermissionCell.38.png",
"rule" : {
"process" : {
}
}
},
{
"path" : "/Users/admin/builder/spi-builder-workspace/Tests/PermissionsSwiftUISmallScreenTests/__Snapshots__/PermissionsSwiftUISmallScreenTests/testPermissionCell.39.png",
"rule" : {
"process" : {
}
}
},
{
"path" : "/Users/admin/builder/spi-builder-workspace/Tests/PermissionsSwiftUISmallScreenTests/__Snapshots__/PermissionsSwiftUISmallScreenTests/testPermissionCell.4.png",
"rule" : {
"process" : {
}
}
},
{
"path" : "/Users/admin/builder/spi-builder-workspace/Tests/PermissionsSwiftUISmallScreenTests/__Snapshots__/PermissionsSwiftUISmallScreenTests/testPermissionCell.5.png",
"rule" : {
"process" : {
}
}
},
{
"path" : "/Users/admin/builder/spi-builder-workspace/Tests/PermissionsSwiftUISmallScreenTests/__Snapshots__/PermissionsSwiftUISmallScreenTests/testPermissionCell.6.png",
"rule" : {
"process" : {
}
}
},
{
"path" : "/Users/admin/builder/spi-builder-workspace/Tests/PermissionsSwiftUISmallScreenTests/__Snapshots__/PermissionsSwiftUISmallScreenTests/testPermissionCell.7.png",
"rule" : {
"process" : {
}
}
},
{
"path" : "/Users/admin/builder/spi-builder-workspace/Tests/PermissionsSwiftUISmallScreenTests/__Snapshots__/PermissionsSwiftUISmallScreenTests/testPermissionCell.8.png",
"rule" : {
"process" : {
}
}
},
{
"path" : "/Users/admin/builder/spi-builder-workspace/Tests/PermissionsSwiftUISmallScreenTests/__Snapshots__/PermissionsSwiftUISmallScreenTests/testPermissionCell.9.png",
"rule" : {
"process" : {
}
}
}
],
"sources" : [
"PermissionsSwiftUISmallScreenTests.swift"
],
"target_dependencies" : [
"CorePermissionsSwiftUI",
"PermissionsSwiftUI",
"PermissionsSwiftUIBluetooth",
"PermissionsSwiftUICalendar",
"PermissionsSwiftUICamera",
"PermissionsSwiftUIContacts",
"PermissionsSwiftUIHealth",
"PermissionsSwiftUILocationAlways",
"PermissionsSwiftUILocation",
"PermissionsSwiftUIMicrophone",
"PermissionsSwiftUIMotion",
"PermissionsSwiftUIMusic",
"PermissionsSwiftUINotification",
"PermissionsSwiftUIPhoto",
"PermissionsSwiftUIReminder",
"PermissionsSwiftUISpeech",
"PermissionsSwiftUITracking",
"PermissionsSwiftUISiri",
"PermissionsSwiftUIBiometrics",
"PermissionsSwiftUIEvent"
],
"type" : "test"
},
{
"c99name" : "PermissionsSwiftUISiri",
"module_type" : "SwiftTarget",
"name" : "PermissionsSwiftUISiri",
"path" : "Sources/PermissionsSwiftUISiri",
"product_dependencies" : [
"Introspect"
],
"product_memberships" : [
"PermissionsSwiftUISiri"
],
"sources" : [
"JMSiriPermissionManager.swift"
],
"target_dependencies" : [
"CorePermissionsSwiftUI"
],
"type" : "library"
},
{
"c99name" : "PermissionsSwiftUIReminder",
"module_type" : "SwiftTarget",
"name" : "PermissionsSwiftUIReminder",
"path" : "Sources/PermissionsSwiftUIReminder",
"product_dependencies" : [
"Introspect"
],
"product_memberships" : [
"PermissionsSwiftUI",
"PermissionsSwiftUIReminder"
],
"sources" : [
"JMRemindersPermissionManager.swift"
],
"target_dependencies" : [
"CorePermissionsSwiftUI",
"PermissionsSwiftUIEvent"
],
"type" : "library"
},
{
"c99name" : "PermissionsSwiftUIPhoto",
"module_type" : "SwiftTarget",
"name" : "PermissionsSwiftUIPhoto",
"path" : "Sources/PermissionsSwiftUIPhoto",
"product_dependencies" : [
"Introspect"
],
"product_memberships" : [
"PermissionsSwiftUI",
"PermissionsSwiftUIPhoto"
],
"sources" : [
"JMPhotoPermissionManager.swift"
],
"target_dependencies" : [
"CorePermissionsSwiftUI"
],
"type" : "library"
},
{
"c99name" : "PermissionsSwiftUINotification",
"module_type" : "SwiftTarget",
"name" : "PermissionsSwiftUINotification",
"path" : "Sources/PermissionsSwiftUINotification",
"product_dependencies" : [
"Introspect"
],
"product_memberships" : [
"PermissionsSwiftUI",
"PermissionsSwiftUINotification"
],
"sources" : [
"JMNotificationPermissionManager.swift"
],
"target_dependencies" : [
"CorePermissionsSwiftUI"
],
"type" : "library"
},
{
"c99name" : "PermissionsSwiftUIMusic",
"module_type" : "SwiftTarget",
"name" : "PermissionsSwiftUIMusic",
"path" : "Sources/PermissionsSwiftUIMusic",
"product_dependencies" : [
"Introspect"
],
"product_memberships" : [
"PermissionsSwiftUI",
"PermissionsSwiftUIMusic"
],
"sources" : [
"JMMusicPermissionManager.swift"
],
"target_dependencies" : [
"CorePermissionsSwiftUI"
],
"type" : "library"
},
{
"c99name" : "PermissionsSwiftUIMotion",
"module_type" : "SwiftTarget",
"name" : "PermissionsSwiftUIMotion",
"path" : "Sources/PermissionsSwiftUIMotion",
"product_dependencies" : [
"Introspect"
],
"product_memberships" : [
"PermissionsSwiftUI",
"PermissionsSwiftUIMotion"
],
"sources" : [
"JMMotionPermissionManager.swift"
],
"target_dependencies" : [
"CorePermissionsSwiftUI"
],
"type" : "library"
},
{
"c99name" : "PermissionsSwiftUIMicrophone",
"module_type" : "SwiftTarget",
"name" : "PermissionsSwiftUIMicrophone",
"path" : "Sources/PermissionsSwiftUIMicrophone",
"product_dependencies" : [
"Introspect"
],
"product_memberships" : [
"PermissionsSwiftUI",
"PermissionsSwiftUIMicrophone"
],
"sources" : [
"JMMicPermissionManager.swift"
],
"target_dependencies" : [
"CorePermissionsSwiftUI"
],
"type" : "library"
},
{
"c99name" : "PermissionsSwiftUILocationAlways",
"module_type" : "SwiftTarget",
"name" : "PermissionsSwiftUILocationAlways",
"path" : "Sources/PermissionsSwiftUILocationAlways",
"product_dependencies" : [
"Introspect"
],
"product_memberships" : [
"PermissionsSwiftUI",
"PermissionsSwiftUILocationAlways"
],
"sources" : [
"JMLocationAlwaysPermissionManager.swift"
],
"target_dependencies" : [
"CorePermissionsSwiftUI"
],
"type" : "library"
},
{
"c99name" : "PermissionsSwiftUILocation",
"module_type" : "SwiftTarget",
"name" : "PermissionsSwiftUILocation",
"path" : "Sources/PermissionsSwiftUILocation",
"product_dependencies" : [
"Introspect"
],
"product_memberships" : [
"PermissionsSwiftUI",
"PermissionsSwiftUILocation"
],
"sources" : [
"JMLocationPermissionManager.swift"
],
"target_dependencies" : [
"CorePermissionsSwiftUI"
],
"type" : "library"
},
{
"c99name" : "PermissionsSwiftUIHealth",
"module_type" : "SwiftTarget",
"name" : "PermissionsSwiftUIHealth",
"path" : "Sources/PermissionsSwiftUIHealth",
"product_dependencies" : [
"Introspect"
],
"product_memberships" : [
"PermissionsSwiftUI",
"PermissionsSwiftUIHealth"
],
"sources" : [
"HKAccess.swift",
"JMHealthPermissionManager.swift"
],
"target_dependencies" : [
"CorePermissionsSwiftUI"
],
"type" : "library"
},
{
"c99name" : "PermissionsSwiftUIEvent",
"module_type" : "SwiftTarget",
"name" : "PermissionsSwiftUIEvent",
"path" : "Sources/PermissionsSwiftUIEvent",
"product_dependencies" : [
"Introspect"
],
"product_memberships" : [
"PermissionsSwiftUI",
"PermissionsSwiftUICalendar",
"PermissionsSwiftUIReminder",
"PermissionsSwiftUIEvent"
],
"sources" : [
"EventPermissionManager.swift"
],
"target_dependencies" : [
"CorePermissionsSwiftUI"
],
"type" : "library"
},
{
"c99name" : "PermissionsSwiftUIContacts",
"module_type" : "SwiftTarget",
"name" : "PermissionsSwiftUIContacts",
"path" : "Sources/PermissionsSwiftUIContacts",
"product_dependencies" : [
"Introspect"
],
"product_memberships" : [
"PermissionsSwiftUI",
"PermissionsSwiftUIContacts"
],
"sources" : [
"JMContactsPermissionManager.swift"
],
"target_dependencies" : [
"CorePermissionsSwiftUI"
],
"type" : "library"
},
{
"c99name" : "PermissionsSwiftUICamera",
"module_type" : "SwiftTarget",
"name" : "PermissionsSwiftUICamera",
"path" : "Sources/PermissionsSwiftUICamera",
"product_dependencies" : [
"Introspect"
],
"product_memberships" : [
"PermissionsSwiftUI",
"PermissionsSwiftUICamera"
],
"sources" : [
"JMCameraPermissionManager.swift"
],
"target_dependencies" : [
"CorePermissionsSwiftUI"
],
"type" : "library"
},
{
"c99name" : "PermissionsSwiftUICalendar",
"module_type" : "SwiftTarget",
"name" : "PermissionsSwiftUICalendar",
"path" : "Sources/PermissionsSwiftUICalendar",
"product_dependencies" : [
"Introspect"
],
"product_memberships" : [
"PermissionsSwiftUI",
"PermissionsSwiftUICalendar"
],
"sources" : [
"JMCalendarPermissionManager.swift"
],
"target_dependencies" : [
"CorePermissionsSwiftUI",
"PermissionsSwiftUIEvent"
],
"type" : "library"
},
{
"c99name" : "PermissionsSwiftUIBluetooth",
"module_type" : "SwiftTarget",
"name" : "PermissionsSwiftUIBluetooth",
"path" : "Sources/PermissionsSwiftUIBluetooth",
"product_dependencies" : [
"Introspect"
],
"product_memberships" : [
"PermissionsSwiftUI",
"PermissionsSwiftUIBluetooth"
],
"sources" : [
"JMBluetoothPermissionManager.swift"
],
"target_dependencies" : [
"CorePermissionsSwiftUI"
],
"type" : "library"
},
{
"c99name" : "PermissionsSwiftUIBiometrics",
"module_type" : "SwiftTarget",
"name" : "PermissionsSwiftUIBiometrics",
"path" : "Sources/PermissionsSwiftUIBiometrics",
"product_dependencies" : [
"Introspect"
],
"product_memberships" : [
"PermissionsSwiftUIBiometrics"
],
"sources" : [
"JMBiometricsPermissionManager.swift"
],
"target_dependencies" : [
"CorePermissionsSwiftUI"
],
"type" : "library"
},
{
"c99name" : "PermissionsSwiftUI",
"module_type" : "SwiftTarget",
"name" : "PermissionsSwiftUI",
"path" : "Sources/PermissionsSwiftUI",
"product_dependencies" : [
"Introspect"
],
"product_memberships" : [
"PermissionsSwiftUI"
],
"sources" : [
"API.swift"
],
"target_dependencies" : [
"CorePermissionsSwiftUI",
"PermissionsSwiftUITracking",
"PermissionsSwiftUIBluetooth",
"PermissionsSwiftUICalendar",
"PermissionsSwiftUICamera",
"PermissionsSwiftUIContacts",
"PermissionsSwiftUILocation",
"PermissionsSwiftUILocationAlways",
"PermissionsSwiftUIMicrophone",
"PermissionsSwiftUIMotion",
"PermissionsSwiftUIMusic",
"PermissionsSwiftUINotification",
"PermissionsSwiftUIPhoto",
"PermissionsSwiftUIReminder",
"PermissionsSwiftUISpeech",
"PermissionsSwiftUIHealth"
],
"type" : "library"
},
{
"c99name" : "CorePermissionsSwiftUI",
"module_type" : "SwiftTarget",
"name" : "CorePermissionsSwiftUI",
"path" : "Sources/CorePermissionsSwiftUI",
"product_dependencies" : [
"Introspect"
],
"product_memberships" : [
"CorePermissionsSwiftUI",
"PermissionsSwiftUI",
"PermissionsSwiftUIBluetooth",
"PermissionsSwiftUICalendar",
"PermissionsSwiftUICamera",
"PermissionsSwiftUIContacts",
"PermissionsSwiftUIHealth",
"PermissionsSwiftUILocationAlways",
"PermissionsSwiftUILocation",
"PermissionsSwiftUIMicrophone",
"PermissionsSwiftUIMotion",
"PermissionsSwiftUIMusic",
"PermissionsSwiftUINotification",
"PermissionsSwiftUIPhoto",
"PermissionsSwiftUIReminder",
"PermissionsSwiftUISpeech",
"PermissionsSwiftUITracking",
"PermissionsSwiftUISiri",
"PermissionsSwiftUIBiometrics",
"PermissionsSwiftUIEvent"
],
"resources" : [
{
"path" : "/Users/admin/builder/spi-builder-workspace/Sources/CorePermissionsSwiftUI/Resources/da.lproj/Localizable.strings",
"rule" : {
"process" : {
"localization" : "da"
}
}
},
{
"path" : "/Users/admin/builder/spi-builder-workspace/Sources/CorePermissionsSwiftUI/Resources/de.lproj/Localizable.strings",
"rule" : {
"process" : {
"localization" : "de"
}
}
},
{
"path" : "/Users/admin/builder/spi-builder-workspace/Sources/CorePermissionsSwiftUI/Resources/en.lproj/Localizable.strings",
"rule" : {
"process" : {
"localization" : "en"
}
}
},
{
"path" : "/Users/admin/builder/spi-builder-workspace/Sources/CorePermissionsSwiftUI/Resources/fi.lproj/Localizable.strings",
"rule" : {
"process" : {
"localization" : "fi"
}
}
},
{
"path" : "/Users/admin/builder/spi-builder-workspace/Sources/CorePermissionsSwiftUI/Resources/fr.lproj/Localizable.strings",
"rule" : {
"process" : {
"localization" : "fr"
}
}
},
{
"path" : "/Users/admin/builder/spi-builder-workspace/Sources/CorePermissionsSwiftUI/Resources/it.lproj/Localizable.strings",
"rule" : {
"process" : {
"localization" : "it"
}
}
},
{
"path" : "/Users/admin/builder/spi-builder-workspace/Sources/CorePermissionsSwiftUI/Resources/tr.lproj/Localizable.strings",
"rule" : {
"process" : {
"localization" : "tr"
}
}
},
{
"path" : "/Users/admin/builder/spi-builder-workspace/Sources/CorePermissionsSwiftUI/Resources/zh-Hans.lproj/Localizable.strings",
"rule" : {
"process" : {
"localization" : "zh-hans"
}
}
}
],
"sources" : [
"Model/Mocks/MockHealthManager.swift",
"Model/Mocks/MockLocationManager.swift",
"Model/Mocks/MockNotificationManager.swift",
"Model/Mocks/MockPhotoManager.swift",
"Model/PermissionManagers/AuthorizationStatus.swift",
"Model/PermissionManagers/PermissionManager.swift",
"Model/PermissionType/PermissionType.swift",
"Model/PermissionType/PermissionTypeGetSet.swift",
"Model/Structs/FilterPermissions.swift",
"Model/Structs/JMPermission.swift",
"Model/Structs/JMResult.swift",
"Modifiers/Internal/AnyViewModifier.swift",
"Modifiers/Internal/EnvironmentObject.swift",
"Modifiers/Internal/ViewModifiers.swift",
"Modifiers/Public/MainTextModifiers.swift",
"Modifiers/Public/PermissionCustomModifiers.swift",
"Store/ComponentsStore/PermissionComponentsStore.swift",
"Store/ConfigStore/AllButtonColors.swift",
"Store/ConfigStore/ButtonColor.swift",
"Store/ConfigStore/ConfigStore.swift",
"Store/PermissionSchemaStore.swift",
"Store/PermissionStore/BackwardCompatibilityExtensions.swift",
"Store/PermissionStore/PermissionStore.swift",
"Store/StoreProtocols/ComponentsStore.swift",
"SwiftUI/Dialog-style/DialogStyleViews.swift",
"SwiftUI/Dialog-style/DialogView.swift",
"SwiftUI/Dialog-style/DialogViewWrapper.swift",
"SwiftUI/Modal-style/ModalStyleViews.swift",
"SwiftUI/Modal-style/ModalView.swift",
"SwiftUI/Modal-style/ModalViewWrapper.swift",
"SwiftUI/Shared/AllowButtonSection.swift",
"SwiftUI/Shared/Blur.swift",
"SwiftUI/Shared/ExitButtonSection.swift",
"SwiftUI/Shared/HeaderView.swift",
"SwiftUI/Shared/PermissionSection.swift",
"SwiftUI/Shared/PermissionSectionCell.swift",
"SwiftUI/ViewProtocols/CustomizableView.swift",
"Utility/Custom/Haptic.swift",
"Utility/Custom/NilAssignOperator.swift",
"Utility/Extensions/ColorsAvailability.swift",
"Utility/Extensions/String.swift"
],
"type" : "library"
}
],
"tools_version" : "5.3"
}
warning: 'spi-builder-workspace': Invalid Exclude '/Users/admin/builder/spi-builder-workspace/Tsts/PermissionsSwiftUITests/__Snapshots__': File not found.
warning: 'spi-builder-workspace': Invalid Exclude '/Users/admin/builder/spi-builder-workspace/Tsts/PermissionsSwiftUITests/__Snapshots__': File not found.
{
"workspace" : {
"name" : "PermissionsSwiftUI",
"schemes" : [
"CorePermissionsSwiftUI",
"PermissionsSwiftUI",
"PermissionsSwiftUI-Package",
"PermissionsSwiftUIBiometrics",
"PermissionsSwiftUIBluetooth",
"PermissionsSwiftUICalendar",
"PermissionsSwiftUICamera",
"PermissionsSwiftUIContacts",
"PermissionsSwiftUIEvent",
"PermissionsSwiftUIHealth",
"PermissionsSwiftUILocation",
"PermissionsSwiftUILocationAlways",
"PermissionsSwiftUIMicrophone",
"PermissionsSwiftUIMotion",
"PermissionsSwiftUIMusic",
"PermissionsSwiftUINotification",
"PermissionsSwiftUIPhoto",
"PermissionsSwiftUIReminder",
"PermissionsSwiftUISiri",
"PermissionsSwiftUISpeech",
"PermissionsSwiftUITracking"
]
}
}
2026-09-20 05:02:20.677 xcodebuild[1035:6032] [MT] IDERunDestination: Supported platforms for the buildables in the current scheme is empty.
{
"workspace" : {
"name" : "PermissionsSwiftUI",
"schemes" : [
"CorePermissionsSwiftUI",
"PermissionsSwiftUI",
"PermissionsSwiftUI-Package",
"PermissionsSwiftUIBiometrics",
"PermissionsSwiftUIBluetooth",
"PermissionsSwiftUICalendar",
"PermissionsSwiftUICamera",
"PermissionsSwiftUIContacts",
"PermissionsSwiftUIEvent",
"PermissionsSwiftUIHealth",
"PermissionsSwiftUILocation",
"PermissionsSwiftUILocationAlways",
"PermissionsSwiftUIMicrophone",
"PermissionsSwiftUIMotion",
"PermissionsSwiftUIMusic",
"PermissionsSwiftUINotification",
"PermissionsSwiftUIPhoto",
"PermissionsSwiftUIReminder",
"PermissionsSwiftUISiri",
"PermissionsSwiftUISpeech",
"PermissionsSwiftUITracking"
]
}
}
2026-09-20 05:02:22.522 xcodebuild[1038:6069] [MT] IDERunDestination: Supported platforms for the buildables in the current scheme is empty.
Running build ...
env DEVELOPER_DIR=/Applications/Xcode-27.0.0-Release.Candidate.app xcrun xcodebuild -IDEClonedSourcePackagesDirPathOverride=$PWD/.dependencies -skipMacroValidation -skipPackagePluginValidation -derivedDataPath $PWD/.derivedData build -scheme PermissionsSwiftUI-Package -destination generic/platform=xrOS
Command line invocation:
/Applications/Xcode-27.0.0-Release.Candidate.app/Contents/Developer/usr/bin/xcodebuild -IDEClonedSourcePackagesDirPathOverride=/Users/admin/builder/spi-builder-workspace/.dependencies -skipMacroValidation -skipPackagePluginValidation -derivedDataPath /Users/admin/builder/spi-builder-workspace/.derivedData build -scheme PermissionsSwiftUI-Package -destination generic/platform=xrOS
Resolve Package Graph
Invalid Exclude '/Users/admin/builder/spi-builder-workspace/Tsts/PermissionsSwiftUITests/__Snapshots__': File not found.Invalid Exclude '/Users/admin/builder/spi-builder-workspace/Tsts/PermissionsSwiftUITests/__Snapshots__': File not found.
Resolved source packages:
swift-syntax: https://github.com/swiftlang/swift-syntax @ 604.0.0
swift-snapshot-testing: https://github.com/pointfreeco/swift-snapshot-testing.git @ 1.19.5
PermissionsSwiftUI: /Users/admin/builder/spi-builder-workspace
swiftui-introspect: https://github.com/siteline/SwiftUI-Introspect @ 0.12.0
swift-custom-dump: https://github.com/pointfreeco/swift-custom-dump @ 1.7.3
swift-issue-reporting: https://github.com/pointfreeco/swift-issue-reporting @ 2.1.0
ComputePackagePrebuildTargetDependencyGraph
Prepare packages
CreateBuildRequest
SendProjectDescription
CreateBuildOperation
ComputeTargetDependencyGraph
note: Building targets in dependency order
note: Target dependency graph (43 targets)
Target 'PermissionsSwiftUIEvent-product' in project 'PermissionsSwiftUI'
➜ Explicit dependency on target 'PermissionsSwiftUIEvent' in project 'PermissionsSwiftUI'
➜ Explicit dependency on target 'CorePermissionsSwiftUI' in project 'PermissionsSwiftUI'
➜ Explicit dependency on target 'Introspect-product' in project 'swiftui-introspect'
Target 'PermissionsSwiftUIBiometrics-product' in project 'PermissionsSwiftUI'
➜ Explicit dependency on target 'PermissionsSwiftUIBiometrics' in project 'PermissionsSwiftUI'
➜ Explicit dependency on target 'CorePermissionsSwiftUI' in project 'PermissionsSwiftUI'
➜ Explicit dependency on target 'Introspect-product' in project 'swiftui-introspect'
Target 'PermissionsSwiftUIBiometrics' in project 'PermissionsSwiftUI'
➜ Explicit dependency on target 'CorePermissionsSwiftUI' in project 'PermissionsSwiftUI'
➜ Explicit dependency on target 'Introspect-product' in project 'swiftui-introspect'
Target 'PermissionsSwiftUISiri-product' in project 'PermissionsSwiftUI'
➜ Explicit dependency on target 'PermissionsSwiftUISiri' in project 'PermissionsSwiftUI'
➜ Explicit dependency on target 'CorePermissionsSwiftUI' in project 'PermissionsSwiftUI'
➜ Explicit dependency on target 'Introspect-product' in project 'swiftui-introspect'
Target 'PermissionsSwiftUISiri' in project 'PermissionsSwiftUI'
➜ Explicit dependency on target 'CorePermissionsSwiftUI' in project 'PermissionsSwiftUI'
➜ Explicit dependency on target 'Introspect-product' in project 'swiftui-introspect'
Target 'PermissionsSwiftUITracking-product' in project 'PermissionsSwiftUI'
➜ Explicit dependency on target 'PermissionsSwiftUITracking' in project 'PermissionsSwiftUI'
➜ Explicit dependency on target 'CorePermissionsSwiftUI' in project 'PermissionsSwiftUI'
➜ Explicit dependency on target 'Introspect-product' in project 'swiftui-introspect'
Target 'PermissionsSwiftUISpeech-product' in project 'PermissionsSwiftUI'
➜ Explicit dependency on target 'PermissionsSwiftUISpeech' in project 'PermissionsSwiftUI'
➜ Explicit dependency on target 'CorePermissionsSwiftUI' in project 'PermissionsSwiftUI'
➜ Explicit dependency on target 'Introspect-product' in project 'swiftui-introspect'
Target 'PermissionsSwiftUIReminder-product' in project 'PermissionsSwiftUI'
➜ Explicit dependency on target 'PermissionsSwiftUIReminder' in project 'PermissionsSwiftUI'
➜ Explicit dependency on target 'CorePermissionsSwiftUI' in project 'PermissionsSwiftUI'
➜ Explicit dependency on target 'PermissionsSwiftUIEvent' in project 'PermissionsSwiftUI'
➜ Explicit dependency on target 'Introspect-product' in project 'swiftui-introspect'
Target 'PermissionsSwiftUIPhoto-product' in project 'PermissionsSwiftUI'
➜ Explicit dependency on target 'PermissionsSwiftUIPhoto' in project 'PermissionsSwiftUI'
➜ Explicit dependency on target 'CorePermissionsSwiftUI' in project 'PermissionsSwiftUI'
➜ Explicit dependency on target 'Introspect-product' in project 'swiftui-introspect'
Target 'PermissionsSwiftUINotification-product' in project 'PermissionsSwiftUI'
➜ Explicit dependency on target 'PermissionsSwiftUINotification' in project 'PermissionsSwiftUI'
➜ Explicit dependency on target 'CorePermissionsSwiftUI' in project 'PermissionsSwiftUI'
➜ Explicit dependency on target 'Introspect-product' in project 'swiftui-introspect'
Target 'PermissionsSwiftUIMusic-product' in project 'PermissionsSwiftUI'
➜ Explicit dependency on target 'PermissionsSwiftUIMusic' in project 'PermissionsSwiftUI'
➜ Explicit dependency on target 'CorePermissionsSwiftUI' in project 'PermissionsSwiftUI'
➜ Explicit dependency on target 'Introspect-product' in project 'swiftui-introspect'
Target 'PermissionsSwiftUIMotion-product' in project 'PermissionsSwiftUI'
➜ Explicit dependency on target 'PermissionsSwiftUIMotion' in project 'PermissionsSwiftUI'
➜ Explicit dependency on target 'CorePermissionsSwiftUI' in project 'PermissionsSwiftUI'
➜ Explicit dependency on target 'Introspect-product' in project 'swiftui-introspect'
Target 'PermissionsSwiftUIMicrophone-product' in project 'PermissionsSwiftUI'
➜ Explicit dependency on target 'PermissionsSwiftUIMicrophone' in project 'PermissionsSwiftUI'
➜ Explicit dependency on target 'CorePermissionsSwiftUI' in project 'PermissionsSwiftUI'
➜ Explicit dependency on target 'Introspect-product' in project 'swiftui-introspect'
Target 'PermissionsSwiftUILocation-product' in project 'PermissionsSwiftUI'
➜ Explicit dependency on target 'PermissionsSwiftUILocation' in project 'PermissionsSwiftUI'
➜ Explicit dependency on target 'CorePermissionsSwiftUI' in project 'PermissionsSwiftUI'
➜ Explicit dependency on target 'Introspect-product' in project 'swiftui-introspect'
Target 'PermissionsSwiftUILocationAlways-product' in project 'PermissionsSwiftUI'
➜ Explicit dependency on target 'PermissionsSwiftUILocationAlways' in project 'PermissionsSwiftUI'
➜ Explicit dependency on target 'CorePermissionsSwiftUI' in project 'PermissionsSwiftUI'
➜ Explicit dependency on target 'Introspect-product' in project 'swiftui-introspect'
Target 'PermissionsSwiftUIHealth-product' in project 'PermissionsSwiftUI'
➜ Explicit dependency on target 'PermissionsSwiftUIHealth' in project 'PermissionsSwiftUI'
➜ Explicit dependency on target 'CorePermissionsSwiftUI' in project 'PermissionsSwiftUI'
➜ Explicit dependency on target 'Introspect-product' in project 'swiftui-introspect'
Target 'PermissionsSwiftUIContacts-product' in project 'PermissionsSwiftUI'
➜ Explicit dependency on target 'PermissionsSwiftUIContacts' in project 'PermissionsSwiftUI'
➜ Explicit dependency on target 'CorePermissionsSwiftUI' in project 'PermissionsSwiftUI'
➜ Explicit dependency on target 'Introspect-product' in project 'swiftui-introspect'
Target 'PermissionsSwiftUICamera-product' in project 'PermissionsSwiftUI'
➜ Explicit dependency on target 'PermissionsSwiftUICamera' in project 'PermissionsSwiftUI'
➜ Explicit dependency on target 'CorePermissionsSwiftUI' in project 'PermissionsSwiftUI'
➜ Explicit dependency on target 'Introspect-product' in project 'swiftui-introspect'
Target 'PermissionsSwiftUICalendar-product' in project 'PermissionsSwiftUI'
➜ Explicit dependency on target 'PermissionsSwiftUICalendar' in project 'PermissionsSwiftUI'
➜ Explicit dependency on target 'CorePermissionsSwiftUI' in project 'PermissionsSwiftUI'
➜ Explicit dependency on target 'PermissionsSwiftUIEvent' in project 'PermissionsSwiftUI'
➜ Explicit dependency on target 'Introspect-product' in project 'swiftui-introspect'
Target 'PermissionsSwiftUIBluetooth-product' in project 'PermissionsSwiftUI'
➜ Explicit dependency on target 'PermissionsSwiftUIBluetooth' in project 'PermissionsSwiftUI'
➜ Explicit dependency on target 'CorePermissionsSwiftUI' in project 'PermissionsSwiftUI'
➜ Explicit dependency on target 'Introspect-product' in project 'swiftui-introspect'
Target 'PermissionsSwiftUI-product' in project 'PermissionsSwiftUI'
➜ Explicit dependency on target 'PermissionsSwiftUI' in project 'PermissionsSwiftUI'
➜ Explicit dependency on target 'CorePermissionsSwiftUI' in project 'PermissionsSwiftUI'
➜ Explicit dependency on target 'PermissionsSwiftUITracking' in project 'PermissionsSwiftUI'
➜ Explicit dependency on target 'PermissionsSwiftUIBluetooth' in project 'PermissionsSwiftUI'
➜ Explicit dependency on target 'PermissionsSwiftUIEvent' in project 'PermissionsSwiftUI'
➜ Explicit dependency on target 'PermissionsSwiftUICalendar' in project 'PermissionsSwiftUI'
➜ Explicit dependency on target 'PermissionsSwiftUICamera' in project 'PermissionsSwiftUI'
➜ Explicit dependency on target 'PermissionsSwiftUIContacts' in project 'PermissionsSwiftUI'
➜ Explicit dependency on target 'PermissionsSwiftUILocation' in project 'PermissionsSwiftUI'
➜ Explicit dependency on target 'PermissionsSwiftUILocationAlways' in project 'PermissionsSwiftUI'
➜ Explicit dependency on target 'PermissionsSwiftUIMicrophone' in project 'PermissionsSwiftUI'
➜ Explicit dependency on target 'PermissionsSwiftUIMotion' in project 'PermissionsSwiftUI'
➜ Explicit dependency on target 'PermissionsSwiftUIMusic' in project 'PermissionsSwiftUI'
➜ Explicit dependency on target 'PermissionsSwiftUINotification' in project 'PermissionsSwiftUI'
➜ Explicit dependency on target 'PermissionsSwiftUIPhoto' in project 'PermissionsSwiftUI'
➜ Explicit dependency on target 'PermissionsSwiftUIReminder' in project 'PermissionsSwiftUI'
➜ Explicit dependency on target 'PermissionsSwiftUISpeech' in project 'PermissionsSwiftUI'
➜ Explicit dependency on target 'PermissionsSwiftUIHealth' in project 'PermissionsSwiftUI'
➜ Explicit dependency on target 'Introspect-product' in project 'swiftui-introspect'
Target 'PermissionsSwiftUI' in project 'PermissionsSwiftUI'
➜ Explicit dependency on target 'CorePermissionsSwiftUI' in project 'PermissionsSwiftUI'
➜ Explicit dependency on target 'PermissionsSwiftUITracking' in project 'PermissionsSwiftUI'
➜ Explicit dependency on target 'PermissionsSwiftUIBluetooth' in project 'PermissionsSwiftUI'
➜ Explicit dependency on target 'PermissionsSwiftUIEvent' in project 'PermissionsSwiftUI'
➜ Explicit dependency on target 'PermissionsSwiftUICalendar' in project 'PermissionsSwiftUI'
➜ Explicit dependency on target 'PermissionsSwiftUICamera' in project 'PermissionsSwiftUI'
➜ Explicit dependency on target 'PermissionsSwiftUIContacts' in project 'PermissionsSwiftUI'
➜ Explicit dependency on target 'PermissionsSwiftUILocation' in project 'PermissionsSwiftUI'
➜ Explicit dependency on target 'PermissionsSwiftUILocationAlways' in project 'PermissionsSwiftUI'
➜ Explicit dependency on target 'PermissionsSwiftUIMicrophone' in project 'PermissionsSwiftUI'
➜ Explicit dependency on target 'PermissionsSwiftUIMotion' in project 'PermissionsSwiftUI'
➜ Explicit dependency on target 'PermissionsSwiftUIMusic' in project 'PermissionsSwiftUI'
➜ Explicit dependency on target 'PermissionsSwiftUINotification' in project 'PermissionsSwiftUI'
➜ Explicit dependency on target 'PermissionsSwiftUIPhoto' in project 'PermissionsSwiftUI'
➜ Explicit dependency on target 'PermissionsSwiftUIReminder' in project 'PermissionsSwiftUI'
➜ Explicit dependency on target 'PermissionsSwiftUISpeech' in project 'PermissionsSwiftUI'
➜ Explicit dependency on target 'PermissionsSwiftUIHealth' in project 'PermissionsSwiftUI'
➜ Explicit dependency on target 'Introspect-product' in project 'swiftui-introspect'
Target 'PermissionsSwiftUIHealth' in project 'PermissionsSwiftUI'
➜ Explicit dependency on target 'CorePermissionsSwiftUI' in project 'PermissionsSwiftUI'
➜ Explicit dependency on target 'Introspect-product' in project 'swiftui-introspect'
Target 'PermissionsSwiftUISpeech' in project 'PermissionsSwiftUI'
➜ Explicit dependency on target 'CorePermissionsSwiftUI' in project 'PermissionsSwiftUI'
➜ Explicit dependency on target 'Introspect-product' in project 'swiftui-introspect'
Target 'PermissionsSwiftUIReminder' in project 'PermissionsSwiftUI'
➜ Explicit dependency on target 'CorePermissionsSwiftUI' in project 'PermissionsSwiftUI'
➜ Explicit dependency on target 'PermissionsSwiftUIEvent' in project 'PermissionsSwiftUI'
➜ Explicit dependency on target 'Introspect-product' in project 'swiftui-introspect'
Target 'PermissionsSwiftUIPhoto' in project 'PermissionsSwiftUI'
➜ Explicit dependency on target 'CorePermissionsSwiftUI' in project 'PermissionsSwiftUI'
➜ Explicit dependency on target 'Introspect-product' in project 'swiftui-introspect'
Target 'PermissionsSwiftUINotification' in project 'PermissionsSwiftUI'
➜ Explicit dependency on target 'CorePermissionsSwiftUI' in project 'PermissionsSwiftUI'
➜ Explicit dependency on target 'Introspect-product' in project 'swiftui-introspect'
Target 'PermissionsSwiftUIMusic' in project 'PermissionsSwiftUI'
➜ Explicit dependency on target 'CorePermissionsSwiftUI' in project 'PermissionsSwiftUI'
➜ Explicit dependency on target 'Introspect-product' in project 'swiftui-introspect'
Target 'PermissionsSwiftUIMotion' in project 'PermissionsSwiftUI'
➜ Explicit dependency on target 'CorePermissionsSwiftUI' in project 'PermissionsSwiftUI'
➜ Explicit dependency on target 'Introspect-product' in project 'swiftui-introspect'
Target 'PermissionsSwiftUIMicrophone' in project 'PermissionsSwiftUI'
➜ Explicit dependency on target 'CorePermissionsSwiftUI' in project 'PermissionsSwiftUI'
➜ Explicit dependency on target 'Introspect-product' in project 'swiftui-introspect'
Target 'PermissionsSwiftUILocationAlways' in project 'PermissionsSwiftUI'
➜ Explicit dependency on target 'CorePermissionsSwiftUI' in project 'PermissionsSwiftUI'
➜ Explicit dependency on target 'Introspect-product' in project 'swiftui-introspect'
Target 'PermissionsSwiftUILocation' in project 'PermissionsSwiftUI'
➜ Explicit dependency on target 'CorePermissionsSwiftUI' in project 'PermissionsSwiftUI'
➜ Explicit dependency on target 'Introspect-product' in project 'swiftui-introspect'
Target 'PermissionsSwiftUIContacts' in project 'PermissionsSwiftUI'
➜ Explicit dependency on target 'CorePermissionsSwiftUI' in project 'PermissionsSwiftUI'
➜ Explicit dependency on target 'Introspect-product' in project 'swiftui-introspect'
Target 'PermissionsSwiftUICamera' in project 'PermissionsSwiftUI'
➜ Explicit dependency on target 'CorePermissionsSwiftUI' in project 'PermissionsSwiftUI'
➜ Explicit dependency on target 'Introspect-product' in project 'swiftui-introspect'
Target 'PermissionsSwiftUICalendar' in project 'PermissionsSwiftUI'
➜ Explicit dependency on target 'CorePermissionsSwiftUI' in project 'PermissionsSwiftUI'
➜ Explicit dependency on target 'PermissionsSwiftUIEvent' in project 'PermissionsSwiftUI'
➜ Explicit dependency on target 'Introspect-product' in project 'swiftui-introspect'
Target 'PermissionsSwiftUIEvent' in project 'PermissionsSwiftUI'
➜ Explicit dependency on target 'CorePermissionsSwiftUI' in project 'PermissionsSwiftUI'
➜ Explicit dependency on target 'Introspect-product' in project 'swiftui-introspect'
Target 'PermissionsSwiftUIBluetooth' in project 'PermissionsSwiftUI'
➜ Explicit dependency on target 'CorePermissionsSwiftUI' in project 'PermissionsSwiftUI'
➜ Explicit dependency on target 'Introspect-product' in project 'swiftui-introspect'
Target 'PermissionsSwiftUITracking' in project 'PermissionsSwiftUI'
➜ Explicit dependency on target 'CorePermissionsSwiftUI' in project 'PermissionsSwiftUI'
➜ Explicit dependency on target 'Introspect-product' in project 'swiftui-introspect'
Target 'CorePermissionsSwiftUI-product' in project 'PermissionsSwiftUI'
➜ Explicit dependency on target 'CorePermissionsSwiftUI' in project 'PermissionsSwiftUI'
➜ Explicit dependency on target 'PermissionsSwiftUI_CorePermissionsSwiftUI' in project 'PermissionsSwiftUI'
➜ Explicit dependency on target 'Introspect-product' in project 'swiftui-introspect'
Target 'CorePermissionsSwiftUI' in project 'PermissionsSwiftUI'
➜ Explicit dependency on target 'PermissionsSwiftUI_CorePermissionsSwiftUI' in project 'PermissionsSwiftUI'
➜ Explicit dependency on target 'Introspect-product' in project 'swiftui-introspect'
Target 'Introspect-product' in project 'swiftui-introspect'
➜ Explicit dependency on target 'Introspect' in project 'swiftui-introspect'
Target 'Introspect' in project 'swiftui-introspect' (no dependencies)
Target 'PermissionsSwiftUI_CorePermissionsSwiftUI' in project 'PermissionsSwiftUI' (no dependencies)
GatherProvisioningInputs
CreateBuildDescription
ClangStatCache /Applications/Xcode-27.0.0-Release.Candidate.app/Contents/Developer/Toolchains/XcodeDefault.xctoolchain/usr/bin/clang-stat-cache /Applications/Xcode-27.0.0-Release.Candidate.app/Contents/Developer/Platforms/XROS.platform/Developer/SDKs/XROS27.0.sdk /Users/admin/builder/spi-builder-workspace/.derivedData/SDKStatCaches.noindex/xros27.0-24M361-e829b21a6f8c9b70876ba0858053c044735bd543db762f57723cac368afd1ce4.sdkstatcache
cd /Users/admin/builder/spi-builder-workspace/.swiftpm/xcode
/Applications/Xcode-27.0.0-Release.Candidate.app/Contents/Developer/Toolchains/XcodeDefault.xctoolchain/usr/bin/clang-stat-cache /Applications/Xcode-27.0.0-Release.Candidate.app/Contents/Developer/Platforms/XROS.platform/Developer/SDKs/XROS27.0.sdk -o /Users/admin/builder/spi-builder-workspace/.derivedData/SDKStatCaches.noindex/xros27.0-24M361-e829b21a6f8c9b70876ba0858053c044735bd543db762f57723cac368afd1ce4.sdkstatcache
SwiftDriver Introspect normal arm64 com.apple.xcode.tools.swift.compiler (in target 'Introspect' from project 'swiftui-introspect')
cd /Users/admin/builder/spi-builder-workspace/.swiftpm/xcode
builtin-SwiftDriver -- /Applications/Xcode-27.0.0-Release.Candidate.app/Contents/Developer/Toolchains/XcodeDefault.xctoolchain/usr/bin/swiftc -parse-as-library -module-name Introspect -Onone @/Users/admin/builder/spi-builder-workspace/.derivedData/Build/Intermediates.noindex/swiftui-introspect.build/Debug-xros/Introspect-t.build/Objects-normal/arm64/Introspect.SwiftFileList -DSWIFT_PACKAGE -DDEBUG -DSWIFT_MODULE_RESOURCE_BUNDLE_UNAVAILABLE -DXcode -plugin-path /Applications/Xcode-27.0.0-Release.Candidate.app/Contents/Developer/Toolchains/XcodeDefault.xctoolchain/usr/lib/swift/host/plugins/testing -enable-experimental-feature DebugDescriptionMacro -sdk /Applications/Xcode-27.0.0-Release.Candidate.app/Contents/Developer/Platforms/XROS.platform/Developer/SDKs/XROS27.0.sdk -target arm64-apple-xros1.0 -g -module-cache-path /Users/admin/builder/spi-builder-workspace/.derivedData/ModuleCache.noindex -Xfrontend -serialize-debugging-options -profile-coverage-mapping -profile-generate -enable-testing -suppress-warnings -index-store-path /Users/admin/builder/spi-builder-workspace/.derivedData/Index.noindex/DataStore -Xcc -D_LIBCPP_HARDENING_MODE\=_LIBCPP_HARDENING_MODE_DEBUG -swift-version 5 -I /Users/admin/builder/spi-builder-workspace/.derivedData/Build/Products/Debug-xros -Isystem /Applications/Xcode-27.0.0-Release.Candidate.app/Contents/Developer/Platforms/XROS.platform/Developer/usr/lib -F /Users/admin/builder/spi-builder-workspace/.derivedData/Build/Products/Debug-xros -F /Applications/Xcode-27.0.0-Release.Candidate.app/Contents/Developer/Platforms/XROS.platform/Developer/Library/Frameworks -F /Applications/Xcode-27.0.0-Release.Candidate.app/Contents/Developer/Platforms/XROS.platform/Developer/SDKs/XROS27.0.sdk/Developer/Library/Frameworks -c -j10 -enable-batch-mode -incremental -Xcc -ivfsstatcache -Xcc /Users/admin/builder/spi-builder-workspace/.derivedData/SDKStatCaches.noindex/xros27.0-24M361-e829b21a6f8c9b70876ba0858053c044735bd543db762f57723cac368afd1ce4.sdkstatcache -output-file-map /Users/admin/builder/spi-builder-workspace/.derivedData/Build/Intermediates.noindex/swiftui-introspect.build/Debug-xros/Introspect-t.build/Objects-normal/arm64/Introspect-OutputFileMap.json -save-temps -no-color-diagnostics -explicit-module-build -module-cache-path /Users/admin/builder/spi-builder-workspace/.derivedData/Build/Intermediates.noindex/SwiftExplicitPrecompiledModules -clang-scanner-module-cache-path /Users/admin/builder/spi-builder-workspace/.derivedData/ModuleCache.noindex -sdk-module-cache-path /Users/admin/builder/spi-builder-workspace/.derivedData/SDKExplicitPrecompiledModules -emit-dependencies -emit-module -emit-module-path /Users/admin/builder/spi-builder-workspace/.derivedData/Build/Intermediates.noindex/swiftui-introspect.build/Debug-xros/Introspect-t.build/Objects-normal/arm64/Introspect.swiftmodule -serialize-diagnostics -dependency-scan-serialize-diagnostics-path /Users/admin/builder/spi-builder-workspace/.derivedData/Build/Intermediates.noindex/swiftui-introspect.build/Debug-xros/Introspect-t.build/Objects-normal/arm64/Introspect-dependency-scan.dia -validate-clang-modules-once -clang-build-session-file /Users/admin/builder/spi-builder-workspace/.derivedData/ModuleCache.noindex/Session.modulevalidation -Xcc -fmodules-prune-interval\=86400 -Xcc -fmodules-prune-after\=345600 -emit-const-values -const-gather-protocols-list /Users/admin/builder/spi-builder-workspace/.derivedData/Build/Intermediates.noindex/swiftui-introspect.build/Debug-xros/Introspect-t.build/Objects-normal/arm64/Introspect_const_extract_protocols.json -Xcc -I/Users/admin/builder/spi-builder-workspace/.derivedData/Build/Products/Debug-xros/include -Xcc -I/Users/admin/builder/spi-builder-workspace/.derivedData/Build/Intermediates.noindex/swiftui-introspect.build/Debug-xros/Introspect-t.build/DerivedSources-normal/arm64 -Xcc -I/Users/admin/builder/spi-builder-workspace/.derivedData/Build/Intermediates.noindex/swiftui-introspect.build/Debug-xros/Introspect-t.build/DerivedSources/arm64 -Xcc -I/Users/admin/builder/spi-builder-workspace/.derivedData/Build/Intermediates.noindex/swiftui-introspect.build/Debug-xros/Introspect-t.build/DerivedSources -Xcc -DSWIFT_PACKAGE -Xcc -DDEBUG\=1 -emit-objc-header -emit-objc-header-path /Users/admin/builder/spi-builder-workspace/.derivedData/Build/Intermediates.noindex/swiftui-introspect.build/Debug-xros/Introspect-t.build/Objects-normal/arm64/Introspect-Swift.h -working-directory /Users/admin/builder/spi-builder-workspace/.swiftpm/xcode -experimental-emit-module-separately -disable-cmo
SwiftCompile normal arm64 Compiling\ UIKitIntrospectionViewController.swift /Users/admin/builder/spi-builder-workspace/.dependencies/checkouts/SwiftUI-Introspect/Introspect/UIKitIntrospectionViewController.swift (in target 'Introspect' from project 'swiftui-introspect')
SwiftCompile normal arm64 /Users/admin/builder/spi-builder-workspace/.dependencies/checkouts/SwiftUI-Introspect/Introspect/UIKitIntrospectionViewController.swift (in target 'Introspect' from project 'swiftui-introspect')
cd /Users/admin/builder/spi-builder-workspace/.swiftpm/xcode
builtin-SwiftPerFileCompile UIKitIntrospectionViewController.swift
SwiftCompile normal arm64 Compiling\ AppKitIntrospectionView.swift /Users/admin/builder/spi-builder-workspace/.dependencies/checkouts/SwiftUI-Introspect/Introspect/AppKitIntrospectionView.swift (in target 'Introspect' from project 'swiftui-introspect')
SwiftCompile normal arm64 /Users/admin/builder/spi-builder-workspace/.dependencies/checkouts/SwiftUI-Introspect/Introspect/AppKitIntrospectionView.swift (in target 'Introspect' from project 'swiftui-introspect')
cd /Users/admin/builder/spi-builder-workspace/.swiftpm/xcode
builtin-SwiftPerFileCompile AppKitIntrospectionView.swift
SwiftEmitModule normal arm64 Emitting\ module\ for\ Introspect (in target 'Introspect' from project 'swiftui-introspect')
/Users/admin/builder/spi-builder-workspace/.dependencies/checkouts/SwiftUI-Introspect/Introspect/Introspect.swift:25:18: error: cannot find type 'PlatformView' in scope
23 | public static func findChild<AnyViewType: PlatformView>(
24 | ofType type: AnyViewType.Type,
25 | in root: PlatformView
| `- error: cannot find type 'PlatformView' in scope
26 | ) -> AnyViewType? {
27 | for subview in root.subviews {
/Users/admin/builder/spi-builder-workspace/.dependencies/checkouts/SwiftUI-Introspect/Introspect/Introspect.swift:23:47: error: cannot find type 'PlatformView' in scope
21 | /// This method will recursively look for this view.
22 | /// Returns nil if it can't find a view of the specified type.
23 | public static func findChild<AnyViewType: PlatformView>(
| `- error: cannot find type 'PlatformView' in scope
24 | ofType type: AnyViewType.Type,
25 | in root: PlatformView
/Users/admin/builder/spi-builder-workspace/.dependencies/checkouts/SwiftUI-Introspect/Introspect/Introspect.swift:42:18: error: cannot find type 'PlatformViewController' in scope
40 | public static func findChild<AnyViewControllerType: PlatformViewController>(
41 | ofType type: AnyViewControllerType.Type,
42 | in root: PlatformViewController
| `- error: cannot find type 'PlatformViewController' in scope
43 | ) -> AnyViewControllerType? {
44 | for child in root.children {
/Users/admin/builder/spi-builder-workspace/.dependencies/checkouts/SwiftUI-Introspect/Introspect/Introspect.swift:40:57: error: cannot find type 'PlatformViewController' in scope
38 | /// This method will recursively look for this child.
39 | /// Returns nil if it can't find a view of the specified type.
40 | public static func findChild<AnyViewControllerType: PlatformViewController>(
| `- error: cannot find type 'PlatformViewController' in scope
41 | ofType type: AnyViewControllerType.Type,
42 | in root: PlatformViewController
/Users/admin/builder/spi-builder-workspace/.dependencies/checkouts/SwiftUI-Introspect/Introspect/Introspect.swift:59:18: error: cannot find type 'PlatformView' in scope
57 | public static func findChildUsingFrame<AnyViewType: PlatformView>(
58 | ofType type: AnyViewType.Type,
59 | in root: PlatformView,
| `- error: cannot find type 'PlatformView' in scope
60 | from originalEntry: PlatformView
61 | ) -> AnyViewType? {
/Users/admin/builder/spi-builder-workspace/.dependencies/checkouts/SwiftUI-Introspect/Introspect/Introspect.swift:60:29: error: cannot find type 'PlatformView' in scope
58 | ofType type: AnyViewType.Type,
59 | in root: PlatformView,
60 | from originalEntry: PlatformView
| `- error: cannot find type 'PlatformView' in scope
61 | ) -> AnyViewType? {
62 | var children: [AnyViewType] = []
/Users/admin/builder/spi-builder-workspace/.dependencies/checkouts/SwiftUI-Introspect/Introspect/Introspect.swift:57:57: error: cannot find type 'PlatformView' in scope
55 | /// This method will recursively look for this view.
56 | /// Returns nil if it can't find a view of the specified type.
57 | public static func findChildUsingFrame<AnyViewType: PlatformView>(
| `- error: cannot find type 'PlatformView' in scope
58 | ofType type: AnyViewType.Type,
59 | in root: PlatformView,
/Users/admin/builder/spi-builder-workspace/.dependencies/checkouts/SwiftUI-Introspect/Introspect/Introspect.swift:92:21: error: cannot find type 'PlatformView' in scope
90 | public static func previousSibling<AnyViewType: PlatformView>(
91 | containing type: AnyViewType.Type,
92 | from entry: PlatformView
| `- error: cannot find type 'PlatformView' in scope
93 | ) -> AnyViewType? {
94 |
/Users/admin/builder/spi-builder-workspace/.dependencies/checkouts/SwiftUI-Introspect/Introspect/Introspect.swift:90:53: error: cannot find type 'PlatformView' in scope
88 | /// This method inspects siblings recursively.
89 | /// Returns nil if no sibling contains the specified type.
90 | public static func previousSibling<AnyViewType: PlatformView>(
| `- error: cannot find type 'PlatformView' in scope
91 | containing type: AnyViewType.Type,
92 | from entry: PlatformView
/Users/admin/builder/spi-builder-workspace/.dependencies/checkouts/SwiftUI-Introspect/Introspect/Introspect.swift:116:21: error: cannot find type 'PlatformView' in scope
114 | public static func previousSibling<AnyViewType: PlatformView>(
115 | ofType type: AnyViewType.Type,
116 | from entry: PlatformView
| `- error: cannot find type 'PlatformView' in scope
117 | ) -> AnyViewType? {
118 |
/Users/admin/builder/spi-builder-workspace/.dependencies/checkouts/SwiftUI-Introspect/Introspect/Introspect.swift:114:53: error: cannot find type 'PlatformView' in scope
112 | /// This method inspects siblings recursively.
113 | /// Returns nil if no sibling contains the specified type.
114 | public static func previousSibling<AnyViewType: PlatformView>(
| `- error: cannot find type 'PlatformView' in scope
115 | ofType type: AnyViewType.Type,
116 | from entry: PlatformView
/Users/admin/builder/spi-builder-workspace/.dependencies/checkouts/SwiftUI-Introspect/Introspect/Introspect.swift:141:21: error: cannot find type 'PlatformViewController' in scope
139 | public static func previousSibling<AnyViewControllerType: PlatformViewController>(
140 | containing type: AnyViewControllerType.Type,
141 | from entry: PlatformViewController
| `- error: cannot find type 'PlatformViewController' in scope
142 | ) -> AnyViewControllerType? {
143 |
/Users/admin/builder/spi-builder-workspace/.dependencies/checkouts/SwiftUI-Introspect/Introspect/Introspect.swift:139:63: error: cannot find type 'PlatformViewController' in scope
137 | /// Returns nil if no sibling contains the specified type.
138 | @available(macOS, unavailable)
139 | public static func previousSibling<AnyViewControllerType: PlatformViewController>(
| `- error: cannot find type 'PlatformViewController' in scope
140 | containing type: AnyViewControllerType.Type,
141 | from entry: PlatformViewController
/Users/admin/builder/spi-builder-workspace/.dependencies/checkouts/SwiftUI-Introspect/Introspect/Introspect.swift:165:21: error: cannot find type 'PlatformViewController' in scope
163 | public static func previousSibling<AnyViewControllerType: PlatformViewController>(
164 | ofType type: AnyViewControllerType.Type,
165 | from entry: PlatformViewController
| `- error: cannot find type 'PlatformViewController' in scope
166 | ) -> AnyViewControllerType? {
167 |
/Users/admin/builder/spi-builder-workspace/.dependencies/checkouts/SwiftUI-Introspect/Introspect/Introspect.swift:163:63: error: cannot find type 'PlatformViewController' in scope
161 | /// This method does not inspect siblings recursively.
162 | /// Returns nil if no sibling is of the specified type.
163 | public static func previousSibling<AnyViewControllerType: PlatformViewController>(
| `- error: cannot find type 'PlatformViewController' in scope
164 | ofType type: AnyViewControllerType.Type,
165 | from entry: PlatformViewController
/Users/admin/builder/spi-builder-workspace/.dependencies/checkouts/SwiftUI-Introspect/Introspect/Introspect.swift:189:21: error: cannot find type 'PlatformView' in scope
187 | public static func nextSibling<AnyViewType: PlatformView>(
188 | containing type: AnyViewType.Type,
189 | from entry: PlatformView
| `- error: cannot find type 'PlatformView' in scope
190 | ) -> AnyViewType? {
191 |
/Users/admin/builder/spi-builder-workspace/.dependencies/checkouts/SwiftUI-Introspect/Introspect/Introspect.swift:187:49: error: cannot find type 'PlatformView' in scope
185 | /// This method inspects siblings recursively.
186 | /// Returns nil if no sibling contains the specified type.
187 | public static func nextSibling<AnyViewType: PlatformView>(
| `- error: cannot find type 'PlatformView' in scope
188 | containing type: AnyViewType.Type,
189 | from entry: PlatformView
/Users/admin/builder/spi-builder-workspace/.dependencies/checkouts/SwiftUI-Introspect/Introspect/Introspect.swift:212:21: error: cannot find type 'PlatformView' in scope
210 | public static func nextSibling<AnyViewType: PlatformView>(
211 | ofType type: AnyViewType.Type,
212 | from entry: PlatformView
| `- error: cannot find type 'PlatformView' in scope
213 | ) -> AnyViewType? {
214 |
/Users/admin/builder/spi-builder-workspace/.dependencies/checkouts/SwiftUI-Introspect/Introspect/Introspect.swift:210:49: error: cannot find type 'PlatformView' in scope
208 | /// This method inspects siblings recursively.
209 | /// Returns nil if no sibling contains the specified type.
210 | public static func nextSibling<AnyViewType: PlatformView>(
| `- error: cannot find type 'PlatformView' in scope
211 | ofType type: AnyViewType.Type,
212 | from entry: PlatformView
/Users/admin/builder/spi-builder-workspace/.dependencies/checkouts/SwiftUI-Introspect/Introspect/Introspect.swift:232:107: error: cannot find type 'PlatformView' in scope
230 | /// Finds an ancestor of the specified type.
231 | /// If it reaches the top of the view without finding the specified view type, it returns nil.
232 | public static func findAncestor<AnyViewType: PlatformView>(ofType type: AnyViewType.Type, from entry: PlatformView) -> AnyViewType? {
| `- error: cannot find type 'PlatformView' in scope
233 | var superview = entry.superview
234 | while let s = superview {
/Users/admin/builder/spi-builder-workspace/.dependencies/checkouts/SwiftUI-Introspect/Introspect/Introspect.swift:232:50: error: cannot find type 'PlatformView' in scope
230 | /// Finds an ancestor of the specified type.
231 | /// If it reaches the top of the view without finding the specified view type, it returns nil.
232 | public static func findAncestor<AnyViewType: PlatformView>(ofType type: AnyViewType.Type, from entry: PlatformView) -> AnyViewType? {
| `- error: cannot find type 'PlatformView' in scope
233 | var superview = entry.superview
234 | while let s = superview {
/Users/admin/builder/spi-builder-workspace/.dependencies/checkouts/SwiftUI-Introspect/Introspect/Introspect.swift:245:122: error: cannot find type 'PlatformView' in scope
243 | /// Finds an ancestor of the specified type.
244 | /// If it reaches the top of the view without finding the specified view type, it returns nil.
245 | public static func findAncestorOrAncestorChild<AnyViewType: PlatformView>(ofType type: AnyViewType.Type, from entry: PlatformView) -> AnyViewType? {
| `- error: cannot find type 'PlatformView' in scope
246 | var superview = entry.superview
247 | while let s = superview {
/Users/admin/builder/spi-builder-workspace/.dependencies/checkouts/SwiftUI-Introspect/Introspect/Introspect.swift:245:65: error: cannot find type 'PlatformView' in scope
243 | /// Finds an ancestor of the specified type.
244 | /// If it reaches the top of the view without finding the specified view type, it returns nil.
245 | public static func findAncestorOrAncestorChild<AnyViewType: PlatformView>(ofType type: AnyViewType.Type, from entry: PlatformView) -> AnyViewType? {
| `- error: cannot find type 'PlatformView' in scope
246 | var superview = entry.superview
247 | while let s = superview {
/Users/admin/builder/spi-builder-workspace/.dependencies/checkouts/SwiftUI-Introspect/Introspect/Introspect.swift:260:69: error: cannot find type 'PlatformView' in scope
258 | /// For instance, if there are multiple text fields in a VStack, the hosting view will contain those text fields (and their host views, see below).
259 | /// Returns nil if it couldn't find a hosting view. This should never happen when called with an IntrospectionView.
260 | public static func findHostingView(from entry: PlatformView) -> PlatformView? {
| `- error: cannot find type 'PlatformView' in scope
261 | var superview = entry.superview
262 | while let s = superview {
/Users/admin/builder/spi-builder-workspace/.dependencies/checkouts/SwiftUI-Introspect/Introspect/Introspect.swift:260:52: error: cannot find type 'PlatformView' in scope
258 | /// For instance, if there are multiple text fields in a VStack, the hosting view will contain those text fields (and their host views, see below).
259 | /// Returns nil if it couldn't find a hosting view. This should never happen when called with an IntrospectionView.
260 | public static func findHostingView(from entry: PlatformView) -> PlatformView? {
| `- error: cannot find type 'PlatformView' in scope
261 | var superview = entry.superview
262 | while let s = superview {
/Users/admin/builder/spi-builder-workspace/.dependencies/checkouts/SwiftUI-Introspect/Introspect/Introspect.swift:274:66: error: cannot find type 'PlatformView' in scope
272 | /// SwiftUI wraps each UIView within a ViewHost, then within a HostingView.
273 | /// Returns nil if it couldn't find a view host. This should never happen when called with an IntrospectionView.
274 | public static func findViewHost(from entry: PlatformView) -> PlatformView? {
| `- error: cannot find type 'PlatformView' in scope
275 | var superview = entry.superview
276 | while let s = superview {
/Users/admin/builder/spi-builder-workspace/.dependencies/checkouts/SwiftUI-Introspect/Introspect/Introspect.swift:274:49: error: cannot find type 'PlatformView' in scope
272 | /// SwiftUI wraps each UIView within a ViewHost, then within a HostingView.
273 | /// Returns nil if it couldn't find a view host. This should never happen when called with an IntrospectionView.
274 | public static func findViewHost(from entry: PlatformView) -> PlatformView? {
| `- error: cannot find type 'PlatformView' in scope
275 | var superview = entry.superview
276 | while let s = superview {
/Users/admin/builder/spi-builder-workspace/.dependencies/checkouts/SwiftUI-Introspect/Introspect/Introspect.swift:287:80: error: cannot find type 'PlatformView' in scope
285 |
286 | public enum TargetViewSelector {
287 | public static func siblingContaining<TargetView: PlatformView>(from entry: PlatformView) -> TargetView? {
| `- error: cannot find type 'PlatformView' in scope
288 | guard let viewHost = Introspect.findViewHost(from: entry) else {
289 | return nil
/Users/admin/builder/spi-builder-workspace/.dependencies/checkouts/SwiftUI-Introspect/Introspect/Introspect.swift:287:54: error: cannot find type 'PlatformView' in scope
285 |
286 | public enum TargetViewSelector {
287 | public static func siblingContaining<TargetView: PlatformView>(from entry: PlatformView) -> TargetView? {
| `- error: cannot find type 'PlatformView' in scope
288 | guard let viewHost = Introspect.findViewHost(from: entry) else {
289 | return nil
/Users/admin/builder/spi-builder-workspace/.dependencies/checkouts/SwiftUI-Introspect/Introspect/Introspect.swift:294:90: error: cannot find type 'PlatformView' in scope
292 | }
293 |
294 | public static func siblingContainingOrAncestor<TargetView: PlatformView>(from entry: PlatformView) -> TargetView? {
| `- error: cannot find type 'PlatformView' in scope
295 | if let sibling: TargetView = siblingContaining(from: entry) {
296 | return sibling
/Users/admin/builder/spi-builder-workspace/.dependencies/checkouts/SwiftUI-Introspect/Introspect/Introspect.swift:294:64: error: cannot find type 'PlatformView' in scope
292 | }
293 |
294 | public static func siblingContainingOrAncestor<TargetView: PlatformView>(from entry: PlatformView) -> TargetView? {
| `- error: cannot find type 'PlatformView' in scope
295 | if let sibling: TargetView = siblingContaining(from: entry) {
296 | return sibling
/Users/admin/builder/spi-builder-workspace/.dependencies/checkouts/SwiftUI-Introspect/Introspect/Introspect.swift:301:105: error: cannot find type 'PlatformView' in scope
299 | }
300 |
301 | public static func siblingContainingOrAncestorOrAncestorChild<TargetView: PlatformView>(from entry: PlatformView) -> TargetView? {
| `- error: cannot find type 'PlatformView' in scope
302 | if let sibling: TargetView = siblingContaining(from: entry) {
303 | return sibling
/Users/admin/builder/spi-builder-workspace/.dependencies/checkouts/SwiftUI-Introspect/Introspect/Introspect.swift:301:79: error: cannot find type 'PlatformView' in scope
299 | }
300 |
301 | public static func siblingContainingOrAncestorOrAncestorChild<TargetView: PlatformView>(from entry: PlatformView) -> TargetView? {
| `- error: cannot find type 'PlatformView' in scope
302 | if let sibling: TargetView = siblingContaining(from: entry) {
303 | return sibling
/Users/admin/builder/spi-builder-workspace/.dependencies/checkouts/SwiftUI-Introspect/Introspect/Introspect.swift:308:76: error: cannot find type 'PlatformView' in scope
306 | }
307 |
308 | public static func siblingOfType<TargetView: PlatformView>(from entry: PlatformView) -> TargetView? {
| `- error: cannot find type 'PlatformView' in scope
309 | guard let viewHost = Introspect.findViewHost(from: entry) else {
310 | return nil
/Users/admin/builder/spi-builder-workspace/.dependencies/checkouts/SwiftUI-Introspect/Introspect/Introspect.swift:308:50: error: cannot find type 'PlatformView' in scope
306 | }
307 |
308 | public static func siblingOfType<TargetView: PlatformView>(from entry: PlatformView) -> TargetView? {
| `- error: cannot find type 'PlatformView' in scope
309 | guard let viewHost = Introspect.findViewHost(from: entry) else {
310 | return nil
/Users/admin/builder/spi-builder-workspace/.dependencies/checkouts/SwiftUI-Introspect/Introspect/Introspect.swift:315:86: error: cannot find type 'PlatformView' in scope
313 | }
314 |
315 | public static func siblingOfTypeOrAncestor<TargetView: PlatformView>(from entry: PlatformView) -> TargetView? {
| `- error: cannot find type 'PlatformView' in scope
316 | if let sibling: TargetView = siblingOfType(from: entry) {
317 | return sibling
/Users/admin/builder/spi-builder-workspace/.dependencies/checkouts/SwiftUI-Introspect/Introspect/Introspect.swift:315:60: error: cannot find type 'PlatformView' in scope
313 | }
314 |
315 | public static func siblingOfTypeOrAncestor<TargetView: PlatformView>(from entry: PlatformView) -> TargetView? {
| `- error: cannot find type 'PlatformView' in scope
316 | if let sibling: TargetView = siblingOfType(from: entry) {
317 | return sibling
/Users/admin/builder/spi-builder-workspace/.dependencies/checkouts/SwiftUI-Introspect/Introspect/Introspect.swift:322:114: error: cannot find type 'PlatformView' in scope
320 | }
321 |
322 | public static func siblingOrAncestorOrSiblingContainingOrAncestorChild<TargetView: PlatformView>(from entry: PlatformView) -> TargetView? {
| `- error: cannot find type 'PlatformView' in scope
323 | if let sibling: TargetView = siblingOfType(from: entry) {
324 | return sibling
/Users/admin/builder/spi-builder-workspace/.dependencies/checkouts/SwiftUI-Introspect/Introspect/Introspect.swift:322:88: error: cannot find type 'PlatformView' in scope
320 | }
321 |
322 | public static func siblingOrAncestorOrSiblingContainingOrAncestorChild<TargetView: PlatformView>(from entry: PlatformView) -> TargetView? {
| `- error: cannot find type 'PlatformView' in scope
323 | if let sibling: TargetView = siblingOfType(from: entry) {
324 | return sibling
/Users/admin/builder/spi-builder-workspace/.dependencies/checkouts/SwiftUI-Introspect/Introspect/Introspect.swift:332:90: error: cannot find type 'PlatformView' in scope
330 | }
331 |
332 | public static func ancestorOrSiblingContaining<TargetView: PlatformView>(from entry: PlatformView) -> TargetView? {
| `- error: cannot find type 'PlatformView' in scope
333 | if let tableView = Introspect.findAncestor(ofType: TargetView.self, from: entry) {
334 | return tableView
/Users/admin/builder/spi-builder-workspace/.dependencies/checkouts/SwiftUI-Introspect/Introspect/Introspect.swift:332:64: error: cannot find type 'PlatformView' in scope
330 | }
331 |
332 | public static func ancestorOrSiblingContaining<TargetView: PlatformView>(from entry: PlatformView) -> TargetView? {
| `- error: cannot find type 'PlatformView' in scope
333 | if let tableView = Introspect.findAncestor(ofType: TargetView.self, from: entry) {
334 | return tableView
/Users/admin/builder/spi-builder-workspace/.dependencies/checkouts/SwiftUI-Introspect/Introspect/Introspect.swift:339:86: error: cannot find type 'PlatformView' in scope
337 | }
338 |
339 | public static func ancestorOrSiblingOfType<TargetView: PlatformView>(from entry: PlatformView) -> TargetView? {
| `- error: cannot find type 'PlatformView' in scope
340 | if let tableView = Introspect.findAncestor(ofType: TargetView.self, from: entry) {
341 | return tableView
/Users/admin/builder/spi-builder-workspace/.dependencies/checkouts/SwiftUI-Introspect/Introspect/Introspect.swift:339:60: error: cannot find type 'PlatformView' in scope
337 | }
338 |
339 | public static func ancestorOrSiblingOfType<TargetView: PlatformView>(from entry: PlatformView) -> TargetView? {
| `- error: cannot find type 'PlatformView' in scope
340 | if let tableView = Introspect.findAncestor(ofType: TargetView.self, from: entry) {
341 | return tableView
Failed frontend command:
/Applications/Xcode-27.0.0-Release.Candidate.app/Contents/Developer/Toolchains/XcodeDefault.xctoolchain/usr/bin/swift-frontend -frontend -emit-module -experimental-skip-non-inlinable-function-bodies-without-types /Users/admin/builder/spi-builder-workspace/.dependencies/checkouts/SwiftUI-Introspect/Introspect/AppKitIntrospectionView.swift /Users/admin/builder/spi-builder-workspace/.dependencies/checkouts/SwiftUI-Introspect/Introspect/Introspect.swift /Users/admin/builder/spi-builder-workspace/.dependencies/checkouts/SwiftUI-Introspect/Introspect/UIKitIntrospectionView.swift /Users/admin/builder/spi-builder-workspace/.dependencies/checkouts/SwiftUI-Introspect/Introspect/UIKitIntrospectionViewController.swift /Users/admin/builder/spi-builder-workspace/.dependencies/checkouts/SwiftUI-Introspect/Introspect/ViewExtensions.swift -target arm64-apple-xros1.0 -module-can-import-version MapKit 2552.60.6.12 14.0.0 -module-can-import-version UIKit 9127.0.84.1 9127.0.84 -disable-cross-import-overlay-search -swift-module-cross-import MapKit /Applications/Xcode-27.0.0-Release.Candidate.app/Contents/Developer/Platforms/XROS.platform/Developer/SDKs/XROS.sdk/System/Library/Frameworks/MapKit.framework/Modules/MapKit.swiftcrossimport/SwiftUI.swiftoverlay -swift-module-cross-import MapKit /Applications/Xcode-27.0.0-Release.Candidate.app/Contents/Developer/Platforms/XROS.platform/Developer/SDKs/XROS27.0.sdk/System/Library/Frameworks/MapKit.framework/Modules/MapKit.swiftcrossimport/SwiftUI.swiftoverlay -load-resolved-plugin /Applications/Xcode-27.0.0-Release.Candidate.app/Contents/Developer/Platforms/XROS.platform/Developer/usr/lib/swift/host/plugins/libFoundationMacros.dylib\#/Applications/Xcode-27.0.0-Release.Candidate.app/Contents/Developer/Platforms/XROS.platform/Developer/usr/bin/swift-plugin-server\#FoundationMacros -load-resolved-plugin /Applications/Xcode-27.0.0-Release.Candidate.app/Contents/Developer/Platforms/XROS.platform/Developer/usr/lib/swift/host/plugins/libObservationMacros.dylib\#/Applications/Xcode-27.0.0-Release.Candidate.app/Contents/Developer/Platforms/XROS.platform/Developer/usr/bin/swift-plugin-server\#ObservationMacros -load-resolved-plugin /Applications/Xcode-27.0.0-Release.Candidate.app/Contents/Developer/Platforms/XROS.platform/Developer/usr/lib/swift/host/plugins/libPreviewsMacros.dylib\#/Applications/Xcode-27.0.0-Release.Candidate.app/Contents/Developer/Platforms/XROS.platform/Developer/usr/bin/swift-plugin-server\#PreviewsMacros -load-resolved-plugin /Applications/Xcode-27.0.0-Release.Candidate.app/Contents/Developer/Platforms/XROS.platform/Developer/usr/lib/swift/host/plugins/libSwiftMacros.dylib\#/Applications/Xcode-27.0.0-Release.Candidate.app/Contents/Developer/Platforms/XROS.platform/Developer/usr/bin/swift-plugin-server\#SwiftMacros -load-resolved-plugin /Applications/Xcode-27.0.0-Release.Candidate.app/Contents/Developer/Platforms/XROS.platform/Developer/usr/lib/swift/host/plugins/libSwiftUIMacros.dylib\#/Applications/Xcode-27.0.0-Release.Candidate.app/Contents/Developer/Platforms/XROS.platform/Developer/usr/bin/swift-plugin-server\#SwiftUIMacros -disable-implicit-swift-modules -Xcc -fno-implicit-modules -Xcc -fno-implicit-module-maps -explicit-swift-module-map-file /Users/admin/builder/spi-builder-workspace/.derivedData/Build/Intermediates.noindex/swiftui-introspect.build/Debug-xros/Introspect-t.build/Objects-normal/arm64/Introspect-dependencies-1.json -Xllvm -aarch64-use-tbi -enable-objc-interop -stack-check -sdk /Applications/Xcode-27.0.0-Release.Candidate.app/Contents/Developer/Platforms/XROS.platform/Developer/SDKs/XROS27.0.sdk -I /Users/admin/builder/spi-builder-workspace/.derivedData/Build/Products/Debug-xros -Isystem /Applications/Xcode-27.0.0-Release.Candidate.app/Contents/Developer/Platforms/XROS.platform/Developer/usr/lib -F /Users/admin/builder/spi-builder-workspace/.derivedData/Build/Products/Debug-xros -F /Applications/Xcode-27.0.0-Release.Candidate.app/Contents/Developer/Platforms/XROS.platform/Developer/Library/Frameworks -F /Applications/Xcode-27.0.0-Release.Candidate.app/Contents/Developer/Platforms/XROS.platform/Developer/SDKs/XROS27.0.sdk/Developer/Library/Frameworks -module-cache-path /Users/admin/builder/spi-builder-workspace/.derivedData/Build/Intermediates.noindex/SwiftExplicitPrecompiledModules -no-color-diagnostics -Xcc -fno-color-diagnostics -enable-testing -g -debug-info-format\=dwarf -dwarf-version\=4 -suppress-warnings -profile-generate -profile-coverage-mapping -swift-version 5 -Onone -D SWIFT_PACKAGE -D DEBUG -D SWIFT_MODULE_RESOURCE_BUNDLE_UNAVAILABLE -D Xcode -serialize-debugging-options -enable-experimental-feature DebugDescriptionMacro -empty-abi-descriptor -validate-clang-modules-once -clang-build-session-file /Users/admin/builder/spi-builder-workspace/.derivedData/ModuleCache.noindex/Session.modulevalidation -Xcc -working-directory -Xcc /Users/admin/builder/spi-builder-workspace/.swiftpm/xcode -enable-anonymous-context-mangled-names -file-compilation-dir /Users/admin/builder/spi-builder-workspace/.swiftpm/xcode -Xcc -D_LIBCPP_HARDENING_MODE\=_LIBCPP_HARDENING_MODE_DEBUG -Xcc -ivfsstatcache -Xcc /Users/admin/builder/spi-builder-workspace/.derivedData/SDKStatCaches.noindex/xros27.0-24M361-e829b21a6f8c9b70876ba0858053c044735bd543db762f57723cac368afd1ce4.sdkstatcache -Xcc -fmodules-prune-interval\=86400 -Xcc -fmodules-prune-after\=345600 -Xcc -I/Users/admin/builder/spi-builder-workspace/.derivedData/Build/Products/Debug-xros/include -Xcc -I/Users/admin/builder/spi-builder-workspace/.derivedData/Build/Intermediates.noindex/swiftui-introspect.build/Debug-xros/Introspect-t.build/DerivedSources-normal/arm64 -Xcc -I/Users/admin/builder/spi-builder-workspace/.derivedData/Build/Intermediates.noindex/swiftui-introspect.build/Debug-xros/Introspect-t.build/DerivedSources/arm64 -Xcc -I/Users/admin/builder/spi-builder-workspace/.derivedData/Build/Intermediates.noindex/swiftui-introspect.build/Debug-xros/Introspect-t.build/DerivedSources -Xcc -DSWIFT_PACKAGE -Xcc -DDEBUG\=1 -no-auto-bridging-header-chaining -module-name Introspect -const-gather-protocols-file /Users/admin/builder/spi-builder-workspace/.derivedData/Build/Intermediates.noindex/swiftui-introspect.build/Debug-xros/Introspect-t.build/Objects-normal/arm64/Introspect_const_extract_protocols.json -disable-clang-spi -clang-target arm64-apple-xros27.0 -target-sdk-version 27.0 -target-sdk-name xros27.0 -in-process-plugin-server-path /Applications/Xcode-27.0.0-Release.Candidate.app/Contents/Developer/Toolchains/XcodeDefault.xctoolchain/usr/lib/swift/host/libSwiftInProcPluginServer.dylib -emit-module-doc-path /Users/admin/builder/spi-builder-workspace/.derivedData/Build/Intermediates.noindex/swiftui-introspect.build/Debug-xros/Introspect-t.build/Objects-normal/arm64/Introspect.swiftdoc -emit-module-source-info-path /Users/admin/builder/spi-builder-workspace/.derivedData/Build/Intermediates.noindex/swiftui-introspect.build/Debug-xros/Introspect-t.build/Objects-normal/arm64/Introspect.swiftsourceinfo -emit-objc-header-path /Users/admin/builder/spi-builder-workspace/.derivedData/Build/Intermediates.noindex/swiftui-introspect.build/Debug-xros/Introspect-t.build/Objects-normal/arm64/Introspect-Swift.h -serialize-diagnostics-path /Users/admin/builder/spi-builder-workspace/.derivedData/Build/Intermediates.noindex/swiftui-introspect.build/Debug-xros/Introspect-t.build/Objects-normal/arm64/Introspect-primary-emit-module.dia -emit-dependencies-path /Users/admin/builder/spi-builder-workspace/.derivedData/Build/Intermediates.noindex/swiftui-introspect.build/Debug-xros/Introspect-t.build/Objects-normal/arm64/Introspect-primary-emit-module.d -parse-as-library -o /Users/admin/builder/spi-builder-workspace/.derivedData/Build/Intermediates.noindex/swiftui-introspect.build/Debug-xros/Introspect-t.build/Objects-normal/arm64/Introspect.swiftmodule -emit-abi-descriptor-path /Users/admin/builder/spi-builder-workspace/.derivedData/Build/Intermediates.noindex/swiftui-introspect.build/Debug-xros/Introspect-t.build/Objects-normal/arm64/Introspect.abi.json
SwiftCompile normal arm64 (in target 'Introspect' from project 'swiftui-introspect')
cd /Users/admin/builder/spi-builder-workspace/.swiftpm/xcode
SwiftCompile normal arm64 Compiling\ UIKitIntrospectionView.swift /Users/admin/builder/spi-builder-workspace/.dependencies/checkouts/SwiftUI-Introspect/Introspect/UIKitIntrospectionView.swift (in target 'Introspect' from project 'swiftui-introspect')
SwiftCompile normal arm64 /Users/admin/builder/spi-builder-workspace/.dependencies/checkouts/SwiftUI-Introspect/Introspect/UIKitIntrospectionView.swift (in target 'Introspect' from project 'swiftui-introspect')
cd /Users/admin/builder/spi-builder-workspace/.swiftpm/xcode
builtin-SwiftPerFileCompile UIKitIntrospectionView.swift
SwiftCompile normal arm64 Compiling\ Introspect.swift /Users/admin/builder/spi-builder-workspace/.dependencies/checkouts/SwiftUI-Introspect/Introspect/Introspect.swift (in target 'Introspect' from project 'swiftui-introspect')
/Users/admin/builder/spi-builder-workspace/.dependencies/checkouts/SwiftUI-Introspect/Introspect/Introspect.swift:25:18: error: cannot find type 'PlatformView' in scope
23 | public static func findChild<AnyViewType: PlatformView>(
24 | ofType type: AnyViewType.Type,
25 | in root: PlatformView
| `- error: cannot find type 'PlatformView' in scope
26 | ) -> AnyViewType? {
27 | for subview in root.subviews {
/Users/admin/builder/spi-builder-workspace/.dependencies/checkouts/SwiftUI-Introspect/Introspect/Introspect.swift:23:47: error: cannot find type 'PlatformView' in scope
21 | /// This method will recursively look for this view.
22 | /// Returns nil if it can't find a view of the specified type.
23 | public static func findChild<AnyViewType: PlatformView>(
| `- error: cannot find type 'PlatformView' in scope
24 | ofType type: AnyViewType.Type,
25 | in root: PlatformView
/Users/admin/builder/spi-builder-workspace/.dependencies/checkouts/SwiftUI-Introspect/Introspect/Introspect.swift:42:18: error: cannot find type 'PlatformViewController' in scope
40 | public static func findChild<AnyViewControllerType: PlatformViewController>(
41 | ofType type: AnyViewControllerType.Type,
42 | in root: PlatformViewController
| `- error: cannot find type 'PlatformViewController' in scope
43 | ) -> AnyViewControllerType? {
44 | for child in root.children {
/Users/admin/builder/spi-builder-workspace/.dependencies/checkouts/SwiftUI-Introspect/Introspect/Introspect.swift:40:57: error: cannot find type 'PlatformViewController' in scope
38 | /// This method will recursively look for this child.
39 | /// Returns nil if it can't find a view of the specified type.
40 | public static func findChild<AnyViewControllerType: PlatformViewController>(
| `- error: cannot find type 'PlatformViewController' in scope
41 | ofType type: AnyViewControllerType.Type,
42 | in root: PlatformViewController
/Users/admin/builder/spi-builder-workspace/.dependencies/checkouts/SwiftUI-Introspect/Introspect/Introspect.swift:59:18: error: cannot find type 'PlatformView' in scope
57 | public static func findChildUsingFrame<AnyViewType: PlatformView>(
58 | ofType type: AnyViewType.Type,
59 | in root: PlatformView,
| `- error: cannot find type 'PlatformView' in scope
60 | from originalEntry: PlatformView
61 | ) -> AnyViewType? {
/Users/admin/builder/spi-builder-workspace/.dependencies/checkouts/SwiftUI-Introspect/Introspect/Introspect.swift:60:29: error: cannot find type 'PlatformView' in scope
58 | ofType type: AnyViewType.Type,
59 | in root: PlatformView,
60 | from originalEntry: PlatformView
| `- error: cannot find type 'PlatformView' in scope
61 | ) -> AnyViewType? {
62 | var children: [AnyViewType] = []
/Users/admin/builder/spi-builder-workspace/.dependencies/checkouts/SwiftUI-Introspect/Introspect/Introspect.swift:57:57: error: cannot find type 'PlatformView' in scope
55 | /// This method will recursively look for this view.
56 | /// Returns nil if it can't find a view of the specified type.
57 | public static func findChildUsingFrame<AnyViewType: PlatformView>(
| `- error: cannot find type 'PlatformView' in scope
58 | ofType type: AnyViewType.Type,
59 | in root: PlatformView,
/Users/admin/builder/spi-builder-workspace/.dependencies/checkouts/SwiftUI-Introspect/Introspect/Introspect.swift:92:21: error: cannot find type 'PlatformView' in scope
90 | public static func previousSibling<AnyViewType: PlatformView>(
91 | containing type: AnyViewType.Type,
92 | from entry: PlatformView
| `- error: cannot find type 'PlatformView' in scope
93 | ) -> AnyViewType? {
94 |
/Users/admin/builder/spi-builder-workspace/.dependencies/checkouts/SwiftUI-Introspect/Introspect/Introspect.swift:90:53: error: cannot find type 'PlatformView' in scope
88 | /// This method inspects siblings recursively.
89 | /// Returns nil if no sibling contains the specified type.
90 | public static func previousSibling<AnyViewType: PlatformView>(
| `- error: cannot find type 'PlatformView' in scope
91 | containing type: AnyViewType.Type,
92 | from entry: PlatformView
/Users/admin/builder/spi-builder-workspace/.dependencies/checkouts/SwiftUI-Introspect/Introspect/Introspect.swift:116:21: error: cannot find type 'PlatformView' in scope
114 | public static func previousSibling<AnyViewType: PlatformView>(
115 | ofType type: AnyViewType.Type,
116 | from entry: PlatformView
| `- error: cannot find type 'PlatformView' in scope
117 | ) -> AnyViewType? {
118 |
/Users/admin/builder/spi-builder-workspace/.dependencies/checkouts/SwiftUI-Introspect/Introspect/Introspect.swift:114:53: error: cannot find type 'PlatformView' in scope
112 | /// This method inspects siblings recursively.
113 | /// Returns nil if no sibling contains the specified type.
114 | public static func previousSibling<AnyViewType: PlatformView>(
| `- error: cannot find type 'PlatformView' in scope
115 | ofType type: AnyViewType.Type,
116 | from entry: PlatformView
/Users/admin/builder/spi-builder-workspace/.dependencies/checkouts/SwiftUI-Introspect/Introspect/Introspect.swift:141:21: error: cannot find type 'PlatformViewController' in scope
139 | public static func previousSibling<AnyViewControllerType: PlatformViewController>(
140 | containing type: AnyViewControllerType.Type,
141 | from entry: PlatformViewController
| `- error: cannot find type 'PlatformViewController' in scope
142 | ) -> AnyViewControllerType? {
143 |
/Users/admin/builder/spi-builder-workspace/.dependencies/checkouts/SwiftUI-Introspect/Introspect/Introspect.swift:139:63: error: cannot find type 'PlatformViewController' in scope
137 | /// Returns nil if no sibling contains the specified type.
138 | @available(macOS, unavailable)
139 | public static func previousSibling<AnyViewControllerType: PlatformViewController>(
| `- error: cannot find type 'PlatformViewController' in scope
140 | containing type: AnyViewControllerType.Type,
141 | from entry: PlatformViewController
/Users/admin/builder/spi-builder-workspace/.dependencies/checkouts/SwiftUI-Introspect/Introspect/Introspect.swift:165:21: error: cannot find type 'PlatformViewController' in scope
163 | public static func previousSibling<AnyViewControllerType: PlatformViewController>(
164 | ofType type: AnyViewControllerType.Type,
165 | from entry: PlatformViewController
| `- error: cannot find type 'PlatformViewController' in scope
166 | ) -> AnyViewControllerType? {
167 |
/Users/admin/builder/spi-builder-workspace/.dependencies/checkouts/SwiftUI-Introspect/Introspect/Introspect.swift:163:63: error: cannot find type 'PlatformViewController' in scope
161 | /// This method does not inspect siblings recursively.
162 | /// Returns nil if no sibling is of the specified type.
163 | public static func previousSibling<AnyViewControllerType: PlatformViewController>(
| `- error: cannot find type 'PlatformViewController' in scope
164 | ofType type: AnyViewControllerType.Type,
165 | from entry: PlatformViewController
/Users/admin/builder/spi-builder-workspace/.dependencies/checkouts/SwiftUI-Introspect/Introspect/Introspect.swift:189:21: error: cannot find type 'PlatformView' in scope
187 | public static func nextSibling<AnyViewType: PlatformView>(
188 | containing type: AnyViewType.Type,
189 | from entry: PlatformView
| `- error: cannot find type 'PlatformView' in scope
190 | ) -> AnyViewType? {
191 |
/Users/admin/builder/spi-builder-workspace/.dependencies/checkouts/SwiftUI-Introspect/Introspect/Introspect.swift:187:49: error: cannot find type 'PlatformView' in scope
185 | /// This method inspects siblings recursively.
186 | /// Returns nil if no sibling contains the specified type.
187 | public static func nextSibling<AnyViewType: PlatformView>(
| `- error: cannot find type 'PlatformView' in scope
188 | containing type: AnyViewType.Type,
189 | from entry: PlatformView
/Users/admin/builder/spi-builder-workspace/.dependencies/checkouts/SwiftUI-Introspect/Introspect/Introspect.swift:212:21: error: cannot find type 'PlatformView' in scope
210 | public static func nextSibling<AnyViewType: PlatformView>(
211 | ofType type: AnyViewType.Type,
212 | from entry: PlatformView
| `- error: cannot find type 'PlatformView' in scope
213 | ) -> AnyViewType? {
214 |
/Users/admin/builder/spi-builder-workspace/.dependencies/checkouts/SwiftUI-Introspect/Introspect/Introspect.swift:210:49: error: cannot find type 'PlatformView' in scope
208 | /// This method inspects siblings recursively.
209 | /// Returns nil if no sibling contains the specified type.
210 | public static func nextSibling<AnyViewType: PlatformView>(
| `- error: cannot find type 'PlatformView' in scope
211 | ofType type: AnyViewType.Type,
212 | from entry: PlatformView
/Users/admin/builder/spi-builder-workspace/.dependencies/checkouts/SwiftUI-Introspect/Introspect/Introspect.swift:232:107: error: cannot find type 'PlatformView' in scope
230 | /// Finds an ancestor of the specified type.
231 | /// If it reaches the top of the view without finding the specified view type, it returns nil.
232 | public static func findAncestor<AnyViewType: PlatformView>(ofType type: AnyViewType.Type, from entry: PlatformView) -> AnyViewType? {
| `- error: cannot find type 'PlatformView' in scope
233 | var superview = entry.superview
234 | while let s = superview {
/Users/admin/builder/spi-builder-workspace/.dependencies/checkouts/SwiftUI-Introspect/Introspect/Introspect.swift:232:50: error: cannot find type 'PlatformView' in scope
230 | /// Finds an ancestor of the specified type.
231 | /// If it reaches the top of the view without finding the specified view type, it returns nil.
232 | public static func findAncestor<AnyViewType: PlatformView>(ofType type: AnyViewType.Type, from entry: PlatformView) -> AnyViewType? {
| `- error: cannot find type 'PlatformView' in scope
233 | var superview = entry.superview
234 | while let s = superview {
/Users/admin/builder/spi-builder-workspace/.dependencies/checkouts/SwiftUI-Introspect/Introspect/Introspect.swift:245:122: error: cannot find type 'PlatformView' in scope
243 | /// Finds an ancestor of the specified type.
244 | /// If it reaches the top of the view without finding the specified view type, it returns nil.
245 | public static func findAncestorOrAncestorChild<AnyViewType: PlatformView>(ofType type: AnyViewType.Type, from entry: PlatformView) -> AnyViewType? {
| `- error: cannot find type 'PlatformView' in scope
246 | var superview = entry.superview
247 | while let s = superview {
/Users/admin/builder/spi-builder-workspace/.dependencies/checkouts/SwiftUI-Introspect/Introspect/Introspect.swift:245:65: error: cannot find type 'PlatformView' in scope
243 | /// Finds an ancestor of the specified type.
244 | /// If it reaches the top of the view without finding the specified view type, it returns nil.
245 | public static func findAncestorOrAncestorChild<AnyViewType: PlatformView>(ofType type: AnyViewType.Type, from entry: PlatformView) -> AnyViewType? {
| `- error: cannot find type 'PlatformView' in scope
246 | var superview = entry.superview
247 | while let s = superview {
/Users/admin/builder/spi-builder-workspace/.dependencies/checkouts/SwiftUI-Introspect/Introspect/Introspect.swift:260:69: error: cannot find type 'PlatformView' in scope
258 | /// For instance, if there are multiple text fields in a VStack, the hosting view will contain those text fields (and their host views, see below).
259 | /// Returns nil if it couldn't find a hosting view. This should never happen when called with an IntrospectionView.
260 | public static func findHostingView(from entry: PlatformView) -> PlatformView? {
| `- error: cannot find type 'PlatformView' in scope
261 | var superview = entry.superview
262 | while let s = superview {
/Users/admin/builder/spi-builder-workspace/.dependencies/checkouts/SwiftUI-Introspect/Introspect/Introspect.swift:260:52: error: cannot find type 'PlatformView' in scope
258 | /// For instance, if there are multiple text fields in a VStack, the hosting view will contain those text fields (and their host views, see below).
259 | /// Returns nil if it couldn't find a hosting view. This should never happen when called with an IntrospectionView.
260 | public static func findHostingView(from entry: PlatformView) -> PlatformView? {
| `- error: cannot find type 'PlatformView' in scope
261 | var superview = entry.superview
262 | while let s = superview {
/Users/admin/builder/spi-builder-workspace/.dependencies/checkouts/SwiftUI-Introspect/Introspect/Introspect.swift:274:66: error: cannot find type 'PlatformView' in scope
272 | /// SwiftUI wraps each UIView within a ViewHost, then within a HostingView.
273 | /// Returns nil if it couldn't find a view host. This should never happen when called with an IntrospectionView.
274 | public static func findViewHost(from entry: PlatformView) -> PlatformView? {
| `- error: cannot find type 'PlatformView' in scope
275 | var superview = entry.superview
276 | while let s = superview {
/Users/admin/builder/spi-builder-workspace/.dependencies/checkouts/SwiftUI-Introspect/Introspect/Introspect.swift:274:49: error: cannot find type 'PlatformView' in scope
272 | /// SwiftUI wraps each UIView within a ViewHost, then within a HostingView.
273 | /// Returns nil if it couldn't find a view host. This should never happen when called with an IntrospectionView.
274 | public static func findViewHost(from entry: PlatformView) -> PlatformView? {
| `- error: cannot find type 'PlatformView' in scope
275 | var superview = entry.superview
276 | while let s = superview {
/Users/admin/builder/spi-builder-workspace/.dependencies/checkouts/SwiftUI-Introspect/Introspect/Introspect.swift:287:80: error: cannot find type 'PlatformView' in scope
285 |
286 | public enum TargetViewSelector {
287 | public static func siblingContaining<TargetView: PlatformView>(from entry: PlatformView) -> TargetView? {
| `- error: cannot find type 'PlatformView' in scope
288 | guard let viewHost = Introspect.findViewHost(from: entry) else {
289 | return nil
/Users/admin/builder/spi-builder-workspace/.dependencies/checkouts/SwiftUI-Introspect/Introspect/Introspect.swift:287:54: error: cannot find type 'PlatformView' in scope
285 |
286 | public enum TargetViewSelector {
287 | public static func siblingContaining<TargetView: PlatformView>(from entry: PlatformView) -> TargetView? {
| `- error: cannot find type 'PlatformView' in scope
288 | guard let viewHost = Introspect.findViewHost(from: entry) else {
289 | return nil
/Users/admin/builder/spi-builder-workspace/.dependencies/checkouts/SwiftUI-Introspect/Introspect/Introspect.swift:294:90: error: cannot find type 'PlatformView' in scope
292 | }
293 |
294 | public static func siblingContainingOrAncestor<TargetView: PlatformView>(from entry: PlatformView) -> TargetView? {
| `- error: cannot find type 'PlatformView' in scope
295 | if let sibling: TargetView = siblingContaining(from: entry) {
296 | return sibling
/Users/admin/builder/spi-builder-workspace/.dependencies/checkouts/SwiftUI-Introspect/Introspect/Introspect.swift:294:64: error: cannot find type 'PlatformView' in scope
292 | }
293 |
294 | public static func siblingContainingOrAncestor<TargetView: PlatformView>(from entry: PlatformView) -> TargetView? {
| `- error: cannot find type 'PlatformView' in scope
295 | if let sibling: TargetView = siblingContaining(from: entry) {
296 | return sibling
/Users/admin/builder/spi-builder-workspace/.dependencies/checkouts/SwiftUI-Introspect/Introspect/Introspect.swift:301:105: error: cannot find type 'PlatformView' in scope
299 | }
300 |
301 | public static func siblingContainingOrAncestorOrAncestorChild<TargetView: PlatformView>(from entry: PlatformView) -> TargetView? {
| `- error: cannot find type 'PlatformView' in scope
302 | if let sibling: TargetView = siblingContaining(from: entry) {
303 | return sibling
/Users/admin/builder/spi-builder-workspace/.dependencies/checkouts/SwiftUI-Introspect/Introspect/Introspect.swift:301:79: error: cannot find type 'PlatformView' in scope
299 | }
300 |
301 | public static func siblingContainingOrAncestorOrAncestorChild<TargetView: PlatformView>(from entry: PlatformView) -> TargetView? {
| `- error: cannot find type 'PlatformView' in scope
302 | if let sibling: TargetView = siblingContaining(from: entry) {
303 | return sibling
/Users/admin/builder/spi-builder-workspace/.dependencies/checkouts/SwiftUI-Introspect/Introspect/Introspect.swift:308:76: error: cannot find type 'PlatformView' in scope
306 | }
307 |
308 | public static func siblingOfType<TargetView: PlatformView>(from entry: PlatformView) -> TargetView? {
| `- error: cannot find type 'PlatformView' in scope
309 | guard let viewHost = Introspect.findViewHost(from: entry) else {
310 | return nil
/Users/admin/builder/spi-builder-workspace/.dependencies/checkouts/SwiftUI-Introspect/Introspect/Introspect.swift:308:50: error: cannot find type 'PlatformView' in scope
306 | }
307 |
308 | public static func siblingOfType<TargetView: PlatformView>(from entry: PlatformView) -> TargetView? {
| `- error: cannot find type 'PlatformView' in scope
309 | guard let viewHost = Introspect.findViewHost(from: entry) else {
310 | return nil
SwiftCompile normal arm64 /Users/admin/builder/spi-builder-workspace/.dependencies/checkouts/SwiftUI-Introspect/Introspect/Introspect.swift (in target 'Introspect' from project 'swiftui-introspect')
cd /Users/admin/builder/spi-builder-workspace/.swiftpm/xcode
builtin-SwiftPerFileCompile Introspect.swift
/Users/admin/builder/spi-builder-workspace/.dependencies/checkouts/SwiftUI-Introspect/Introspect/Introspect.swift:315:86: error: cannot find type 'PlatformView' in scope
313 | }
314 |
315 | public static func siblingOfTypeOrAncestor<TargetView: PlatformView>(from entry: PlatformView) -> TargetView? {
| `- error: cannot find type 'PlatformView' in scope
316 | if let sibling: TargetView = siblingOfType(from: entry) {
317 | return sibling
/Users/admin/builder/spi-builder-workspace/.dependencies/checkouts/SwiftUI-Introspect/Introspect/Introspect.swift:315:60: error: cannot find type 'PlatformView' in scope
313 | }
314 |
315 | public static func siblingOfTypeOrAncestor<TargetView: PlatformView>(from entry: PlatformView) -> TargetView? {
| `- error: cannot find type 'PlatformView' in scope
316 | if let sibling: TargetView = siblingOfType(from: entry) {
317 | return sibling
/Users/admin/builder/spi-builder-workspace/.dependencies/checkouts/SwiftUI-Introspect/Introspect/Introspect.swift:322:114: error: cannot find type 'PlatformView' in scope
320 | }
321 |
322 | public static func siblingOrAncestorOrSiblingContainingOrAncestorChild<TargetView: PlatformView>(from entry: PlatformView) -> TargetView? {
| `- error: cannot find type 'PlatformView' in scope
323 | if let sibling: TargetView = siblingOfType(from: entry) {
324 | return sibling
/Users/admin/builder/spi-builder-workspace/.dependencies/checkouts/SwiftUI-Introspect/Introspect/Introspect.swift:322:88: error: cannot find type 'PlatformView' in scope
320 | }
321 |
322 | public static func siblingOrAncestorOrSiblingContainingOrAncestorChild<TargetView: PlatformView>(from entry: PlatformView) -> TargetView? {
| `- error: cannot find type 'PlatformView' in scope
323 | if let sibling: TargetView = siblingOfType(from: entry) {
324 | return sibling
/Users/admin/builder/spi-builder-workspace/.dependencies/checkouts/SwiftUI-Introspect/Introspect/Introspect.swift:332:90: error: cannot find type 'PlatformView' in scope
330 | }
331 |
332 | public static func ancestorOrSiblingContaining<TargetView: PlatformView>(from entry: PlatformView) -> TargetView? {
| `- error: cannot find type 'PlatformView' in scope
333 | if let tableView = Introspect.findAncestor(ofType: TargetView.self, from: entry) {
334 | return tableView
/Users/admin/builder/spi-builder-workspace/.dependencies/checkouts/SwiftUI-Introspect/Introspect/Introspect.swift:332:64: error: cannot find type 'PlatformView' in scope
330 | }
331 |
332 | public static func ancestorOrSiblingContaining<TargetView: PlatformView>(from entry: PlatformView) -> TargetView? {
| `- error: cannot find type 'PlatformView' in scope
333 | if let tableView = Introspect.findAncestor(ofType: TargetView.self, from: entry) {
334 | return tableView
/Users/admin/builder/spi-builder-workspace/.dependencies/checkouts/SwiftUI-Introspect/Introspect/Introspect.swift:339:86: error: cannot find type 'PlatformView' in scope
337 | }
338 |
339 | public static func ancestorOrSiblingOfType<TargetView: PlatformView>(from entry: PlatformView) -> TargetView? {
| `- error: cannot find type 'PlatformView' in scope
340 | if let tableView = Introspect.findAncestor(ofType: TargetView.self, from: entry) {
341 | return tableView
/Users/admin/builder/spi-builder-workspace/.dependencies/checkouts/SwiftUI-Introspect/Introspect/Introspect.swift:339:60: error: cannot find type 'PlatformView' in scope
337 | }
338 |
339 | public static func ancestorOrSiblingOfType<TargetView: PlatformView>(from entry: PlatformView) -> TargetView? {
| `- error: cannot find type 'PlatformView' in scope
340 | if let tableView = Introspect.findAncestor(ofType: TargetView.self, from: entry) {
341 | return tableView
/Users/admin/builder/spi-builder-workspace/.dependencies/checkouts/SwiftUI-Introspect/Introspect/Introspect.swift:73:39: error: value of type 'AnyViewType' has no member 'convert'
71 | if children.count > 1 {
72 | for child in children {
73 | let converted = child.convert(
| `- error: value of type 'AnyViewType' has no member 'convert'
74 | CGPoint(x: originalEntry.frame.size.width / 2, y: originalEntry.frame.size.height / 2),
75 | from: originalEntry
SwiftCompile normal arm64 Compiling\ ViewExtensions.swift /Users/admin/builder/spi-builder-workspace/.dependencies/checkouts/SwiftUI-Introspect/Introspect/ViewExtensions.swift (in target 'Introspect' from project 'swiftui-introspect')
/Users/admin/builder/spi-builder-workspace/.dependencies/checkouts/SwiftUI-Introspect/Introspect/Introspect.swift:92:21: error: cannot find type 'PlatformView' in scope
90 | public static func previousSibling<AnyViewType: PlatformView>(
91 | containing type: AnyViewType.Type,
92 | from entry: PlatformView
| `- error: cannot find type 'PlatformView' in scope
93 | ) -> AnyViewType? {
94 |
/Users/admin/builder/spi-builder-workspace/.dependencies/checkouts/SwiftUI-Introspect/Introspect/Introspect.swift:90:53: error: cannot find type 'PlatformView' in scope
88 | /// This method inspects siblings recursively.
89 | /// Returns nil if no sibling contains the specified type.
90 | public static func previousSibling<AnyViewType: PlatformView>(
| `- error: cannot find type 'PlatformView' in scope
91 | containing type: AnyViewType.Type,
92 | from entry: PlatformView
/Users/admin/builder/spi-builder-workspace/.dependencies/checkouts/SwiftUI-Introspect/Introspect/Introspect.swift:141:21: error: cannot find type 'PlatformViewController' in scope
139 | public static func previousSibling<AnyViewControllerType: PlatformViewController>(
140 | containing type: AnyViewControllerType.Type,
141 | from entry: PlatformViewController
| `- error: cannot find type 'PlatformViewController' in scope
142 | ) -> AnyViewControllerType? {
143 |
/Users/admin/builder/spi-builder-workspace/.dependencies/checkouts/SwiftUI-Introspect/Introspect/Introspect.swift:139:63: error: cannot find type 'PlatformViewController' in scope
137 | /// Returns nil if no sibling contains the specified type.
138 | @available(macOS, unavailable)
139 | public static func previousSibling<AnyViewControllerType: PlatformViewController>(
| `- error: cannot find type 'PlatformViewController' in scope
140 | containing type: AnyViewControllerType.Type,
141 | from entry: PlatformViewController
/Users/admin/builder/spi-builder-workspace/.dependencies/checkouts/SwiftUI-Introspect/Introspect/Introspect.swift:116:21: error: cannot find type 'PlatformView' in scope
114 | public static func previousSibling<AnyViewType: PlatformView>(
115 | ofType type: AnyViewType.Type,
116 | from entry: PlatformView
| `- error: cannot find type 'PlatformView' in scope
117 | ) -> AnyViewType? {
118 |
/Users/admin/builder/spi-builder-workspace/.dependencies/checkouts/SwiftUI-Introspect/Introspect/Introspect.swift:114:53: error: cannot find type 'PlatformView' in scope
112 | /// This method inspects siblings recursively.
113 | /// Returns nil if no sibling contains the specified type.
114 | public static func previousSibling<AnyViewType: PlatformView>(
| `- error: cannot find type 'PlatformView' in scope
115 | ofType type: AnyViewType.Type,
116 | from entry: PlatformView
/Users/admin/builder/spi-builder-workspace/.dependencies/checkouts/SwiftUI-Introspect/Introspect/Introspect.swift:165:21: error: cannot find type 'PlatformViewController' in scope
163 | public static func previousSibling<AnyViewControllerType: PlatformViewController>(
164 | ofType type: AnyViewControllerType.Type,
165 | from entry: PlatformViewController
| `- error: cannot find type 'PlatformViewController' in scope
166 | ) -> AnyViewControllerType? {
167 |
/Users/admin/builder/spi-builder-workspace/.dependencies/checkouts/SwiftUI-Introspect/Introspect/Introspect.swift:163:63: error: cannot find type 'PlatformViewController' in scope
161 | /// This method does not inspect siblings recursively.
162 | /// Returns nil if no sibling is of the specified type.
163 | public static func previousSibling<AnyViewControllerType: PlatformViewController>(
| `- error: cannot find type 'PlatformViewController' in scope
164 | ofType type: AnyViewControllerType.Type,
165 | from entry: PlatformViewController
/Users/admin/builder/spi-builder-workspace/.dependencies/checkouts/SwiftUI-Introspect/Introspect/Introspect.swift:332:90: error: cannot find type 'PlatformView' in scope
330 | }
331 |
332 | public static func ancestorOrSiblingContaining<TargetView: PlatformView>(from entry: PlatformView) -> TargetView? {
| `- error: cannot find type 'PlatformView' in scope
333 | if let tableView = Introspect.findAncestor(ofType: TargetView.self, from: entry) {
334 | return tableView
/Users/admin/builder/spi-builder-workspace/.dependencies/checkouts/SwiftUI-Introspect/Introspect/Introspect.swift:332:64: error: cannot find type 'PlatformView' in scope
330 | }
331 |
332 | public static func ancestorOrSiblingContaining<TargetView: PlatformView>(from entry: PlatformView) -> TargetView? {
| `- error: cannot find type 'PlatformView' in scope
333 | if let tableView = Introspect.findAncestor(ofType: TargetView.self, from: entry) {
334 | return tableView
/Users/admin/builder/spi-builder-workspace/.dependencies/checkouts/SwiftUI-Introspect/Introspect/Introspect.swift:322:114: error: cannot find type 'PlatformView' in scope
320 | }
321 |
322 | public static func siblingOrAncestorOrSiblingContainingOrAncestorChild<TargetView: PlatformView>(from entry: PlatformView) -> TargetView? {
| `- error: cannot find type 'PlatformView' in scope
323 | if let sibling: TargetView = siblingOfType(from: entry) {
324 | return sibling
/Users/admin/builder/spi-builder-workspace/.dependencies/checkouts/SwiftUI-Introspect/Introspect/Introspect.swift:322:88: error: cannot find type 'PlatformView' in scope
320 | }
321 |
322 | public static func siblingOrAncestorOrSiblingContainingOrAncestorChild<TargetView: PlatformView>(from entry: PlatformView) -> TargetView? {
| `- error: cannot find type 'PlatformView' in scope
323 | if let sibling: TargetView = siblingOfType(from: entry) {
324 | return sibling
/Users/admin/builder/spi-builder-workspace/.dependencies/checkouts/SwiftUI-Introspect/Introspect/Introspect.swift:294:90: error: cannot find type 'PlatformView' in scope
292 | }
293 |
294 | public static func siblingContainingOrAncestor<TargetView: PlatformView>(from entry: PlatformView) -> TargetView? {
| `- error: cannot find type 'PlatformView' in scope
295 | if let sibling: TargetView = siblingContaining(from: entry) {
296 | return sibling
/Users/admin/builder/spi-builder-workspace/.dependencies/checkouts/SwiftUI-Introspect/Introspect/Introspect.swift:294:64: error: cannot find type 'PlatformView' in scope
292 | }
293 |
294 | public static func siblingContainingOrAncestor<TargetView: PlatformView>(from entry: PlatformView) -> TargetView? {
| `- error: cannot find type 'PlatformView' in scope
295 | if let sibling: TargetView = siblingContaining(from: entry) {
296 | return sibling
/Users/admin/builder/spi-builder-workspace/.dependencies/checkouts/SwiftUI-Introspect/Introspect/Introspect.swift:301:105: error: cannot find type 'PlatformView' in scope
299 | }
300 |
301 | public static func siblingContainingOrAncestorOrAncestorChild<TargetView: PlatformView>(from entry: PlatformView) -> TargetView? {
| `- error: cannot find type 'PlatformView' in scope
302 | if let sibling: TargetView = siblingContaining(from: entry) {
303 | return sibling
/Users/admin/builder/spi-builder-workspace/.dependencies/checkouts/SwiftUI-Introspect/Introspect/Introspect.swift:301:79: error: cannot find type 'PlatformView' in scope
299 | }
300 |
301 | public static func siblingContainingOrAncestorOrAncestorChild<TargetView: PlatformView>(from entry: PlatformView) -> TargetView? {
| `- error: cannot find type 'PlatformView' in scope
302 | if let sibling: TargetView = siblingContaining(from: entry) {
303 | return sibling
/Users/admin/builder/spi-builder-workspace/.dependencies/checkouts/SwiftUI-Introspect/Introspect/Introspect.swift:287:80: error: cannot find type 'PlatformView' in scope
285 |
286 | public enum TargetViewSelector {
287 | public static func siblingContaining<TargetView: PlatformView>(from entry: PlatformView) -> TargetView? {
| `- error: cannot find type 'PlatformView' in scope
288 | guard let viewHost = Introspect.findViewHost(from: entry) else {
289 | return nil
SwiftCompile normal arm64 /Users/admin/builder/spi-builder-workspace/.dependencies/checkouts/SwiftUI-Introspect/Introspect/ViewExtensions.swift (in target 'Introspect' from project 'swiftui-introspect')
cd /Users/admin/builder/spi-builder-workspace/.swiftpm/xcode
builtin-SwiftPerFileCompile ViewExtensions.swift
PruneExplicitPrecompiledModules /Users/admin/builder/spi-builder-workspace/.derivedData/Build/Intermediates.noindex/SwiftExplicitPrecompiledModules
PruneExplicitPrecompiledModules /Users/admin/builder/spi-builder-workspace/.derivedData/SDKExplicitPrecompiledModules
PruneExplicitPrecompiledModules /Users/admin/builder/spi-builder-workspace/.derivedData/Build/Intermediates.noindex/ExplicitPrecompiledModules
2026-09-20 05:02:24.306 xcodebuild[1040:6097] [MT] IDERunDestination: Supported platforms for the buildables in the current scheme is empty.
** BUILD FAILED **
The following build commands failed:
SwiftEmitModule normal arm64 Emitting\ module\ for\ Introspect (in target 'Introspect' from project 'swiftui-introspect')
SwiftCompile normal arm64 (in target 'Introspect' from project 'swiftui-introspect')
Building workspace PermissionsSwiftUI with scheme PermissionsSwiftUI-Package
(3 failures)
BUILD FAILURE 6.4 visionOS