The Swift Package Index logo.Swift Package Index

Build Information

Failed to build SwinjectMacros, reference main (2931d3), with Swift 6.4 for Wasm on 22 Sep 2026 19:00:52 UTC.

Build Command

bash -c docker run --pull=always --rm -v "checkouts-54344847-0":/host -w "$PWD" -e JAVA_HOME="/root/.sdkman/candidates/java/current" -e SPI_BUILD="1" -e SPI_PROCESSING="1" registry.gitlab.com/saguaro1/spi-images:wasm-6.4-latest swift build --swift-sdk swift-6.4.x-DEVELOPMENT-SNAPSHOT-2026-09-04-a_wasm 2>&1

Build Log

========================================
RunAll
========================================
Builder version: 5.1.0
Interrupt handler set up.
========================================
Checkout
========================================
Clone URL: https://github.com/brunogama/SwinjectMacros.git
Reference: main
Initialized empty Git repository in /host/spi-builder-workspace/.git/
hint: Using 'master' as the name for the initial branch. This default branch name
hint: is subject to change. To configure the initial branch name to use in all
hint: of your new repositories, which will suppress this warning, call:
hint:
hint: 	git config --global init.defaultBranch <name>
hint:
hint: Names commonly chosen instead of 'master' are 'main', 'trunk' and
hint: 'development'. The just-created branch can be renamed via this command:
hint:
hint: 	git branch -m <name>
From https://github.com/brunogama/SwinjectMacros
 * branch            main       -> FETCH_HEAD
 * [new branch]      main       -> origin/main
HEAD is now at 2931d35 Merge pull request #6 from brunogama/chore/update-version-1.0.2
Cloned https://github.com/brunogama/SwinjectMacros.git
Revision (git rev-parse @):
2931d357e333163dd443bceabb63af03aa507018
SUCCESS checkout https://github.com/brunogama/SwinjectMacros.git at main
========================================
Build
========================================
Selected platform:         wasm
Swift version:             6.4
Building package at path:  $PWD
https://github.com/brunogama/SwinjectMacros.git
Running build ...
bash -c docker run --pull=always --rm -v "checkouts-54344847-0":/host -w "$PWD" -e JAVA_HOME="/root/.sdkman/candidates/java/current" -e SPI_BUILD="1" -e SPI_PROCESSING="1" registry.gitlab.com/saguaro1/spi-images:wasm-6.4-latest swift build --swift-sdk swift-6.4.x-DEVELOPMENT-SNAPSHOT-2026-09-04-a_wasm 2>&1
wasm-6.4-latest: Pulling from saguaro1/spi-images
Digest: sha256:4328fdb43c680d205c1d6761b1e3267aa38277eefdda9ddfb17b6a0f1a77857a
Status: Image is up to date for registry.gitlab.com/saguaro1/spi-images:wasm-6.4-latest
Fetching https://github.com/Swinject/Swinject.git
Fetching https://github.com/swiftlang/swift-syntax.git
[1/9336] Fetching swinject
[9337/89345] Fetching swinject, swift-syntax
Fetched https://github.com/Swinject/Swinject.git (3.73s)
Fetched https://github.com/swiftlang/swift-syntax.git (3.75s)
Computing version for https://github.com/Swinject/Swinject.git
warning: 'swinject': /Package.swift:11:19: warning: 'v4' is deprecated: watchOS 9.0 is the oldest supported version [#DeprecatedDeclaration]
 9 |         .iOS(.v12),
10 |         .tvOS(.v12),
11 |         .watchOS(.v4),
   |                   `- warning: 'v4' is deprecated: watchOS 9.0 is the oldest supported version [#DeprecatedDeclaration]
12 |         .visionOS(.v1)
13 |     ],
[#DeprecatedDeclaration]: <https://docs.swift.org/compiler/documentation/diagnostics/deprecated-declaration>
Computed https://github.com/Swinject/Swinject.git at 2.9.1 (3.92s)
Computing version for https://github.com/swiftlang/swift-syntax.git
Computed https://github.com/swiftlang/swift-syntax.git at 509.0.0 (1.16s)
Creating working copy for https://github.com/swiftlang/swift-syntax.git
Working copy of https://github.com/swiftlang/swift-syntax.git resolved at 509.0.0
Creating working copy for https://github.com/Swinject/Swinject.git
Working copy of https://github.com/Swinject/Swinject.git resolved at 2.9.1
warning: 'swinject': /host/spi-builder-workspace/.build/checkouts/Swinject/Package.swift:11:19: warning: 'v4' is deprecated: watchOS 9.0 is the oldest supported version [#DeprecatedDeclaration]
 9 |         .iOS(.v12),
10 |         .tvOS(.v12),
11 |         .watchOS(.v4),
   |                   `- warning: 'v4' is deprecated: watchOS 9.0 is the oldest supported version [#DeprecatedDeclaration]
12 |         .visionOS(.v1)
13 |     ],
[#DeprecatedDeclaration]: <https://docs.swift.org/compiler/documentation/diagnostics/deprecated-declaration>
Building for debugging...
[Computing dependencies]
[Provisioning 4 / 22]
[Pre-planning 1 / 477]
[Planning deferred tasks]
[53 / 204] SwiftSyntax
[109 / 217] SwiftSyntax509
[119 / 217] Swinject-product
[120 / 218] Swinject-product
[124 / 219]
[127 / 228] SwiftSyntax
[128 / 228] SwiftSyntax
[130 / 228] SwiftSyntax
error: SwiftCompile normal wasm32 /host/spi-builder-workspace/.build/checkouts/Swinject/Sources/ReadWriteLock.swift failed with a nonzero exit code. Command line:     cd /host
    builtin-SwiftPerFileCompile ReadWriteLock.swift
/host/spi-builder-workspace/.build/checkouts/Swinject/Sources/ReadWriteLock.swift:11:9: error: cannot find 'pthread_rwlock_init' in scope
 9 |
10 |     init() {
11 |         pthread_rwlock_init(&lock, nil)
   |         `- error: cannot find 'pthread_rwlock_init' in scope
12 |     }
13 |
/host/spi-builder-workspace/.build/checkouts/Swinject/Sources/ReadWriteLock.swift:15:9: error: cannot find 'pthread_rwlock_destroy' in scope
13 |
14 |     deinit {
15 |         pthread_rwlock_destroy(&lock)
   |         `- error: cannot find 'pthread_rwlock_destroy' in scope
16 |     }
17 |
/host/spi-builder-workspace/.build/checkouts/Swinject/Sources/ReadWriteLock.swift:19:9: error: cannot find 'pthread_rwlock_rdlock' in scope
17 |
18 |     @inlinable public func read<T>(_ block: () throws -> T) rethrows -> T {
19 |         pthread_rwlock_rdlock(&lock)
   |         `- error: cannot find 'pthread_rwlock_rdlock' in scope
20 |         defer { pthread_rwlock_unlock(&lock) }
21 |
/host/spi-builder-workspace/.build/checkouts/Swinject/Sources/ReadWriteLock.swift:20:17: error: cannot find 'pthread_rwlock_unlock' in scope
18 |     @inlinable public func read<T>(_ block: () throws -> T) rethrows -> T {
19 |         pthread_rwlock_rdlock(&lock)
20 |         defer { pthread_rwlock_unlock(&lock) }
   |                 `- error: cannot find 'pthread_rwlock_unlock' in scope
21 |
22 |         return try block()
/host/spi-builder-workspace/.build/checkouts/Swinject/Sources/ReadWriteLock.swift:26:9: error: cannot find 'pthread_rwlock_wrlock' in scope
24 |
25 |     @inlinable public func write<T>(_ block: () throws -> T) rethrows -> T {
26 |         pthread_rwlock_wrlock(&lock)
   |         `- error: cannot find 'pthread_rwlock_wrlock' in scope
27 |         defer { pthread_rwlock_unlock(&lock) }
28 |
/host/spi-builder-workspace/.build/checkouts/Swinject/Sources/ReadWriteLock.swift:27:17: error: cannot find 'pthread_rwlock_unlock' in scope
25 |     @inlinable public func write<T>(_ block: () throws -> T) rethrows -> T {
26 |         pthread_rwlock_wrlock(&lock)
27 |         defer { pthread_rwlock_unlock(&lock) }
   |                 `- error: cannot find 'pthread_rwlock_unlock' in scope
28 |
29 |         return try block()
Failed frontend command:
/usr/bin/swift-frontend -frontend -c /host/spi-builder-workspace/.build/checkouts/Swinject/Sources/Assembler.swift /host/spi-builder-workspace/.build/checkouts/Swinject/Sources/Assembly.swift /host/spi-builder-workspace/.build/checkouts/Swinject/Sources/Behavior.swift /host/spi-builder-workspace/.build/checkouts/Swinject/Sources/Container.Arguments.swift /host/spi-builder-workspace/.build/checkouts/Swinject/Sources/Container.Logging.swift /host/spi-builder-workspace/.build/checkouts/Swinject/Sources/Container.TypeForwarding.swift /host/spi-builder-workspace/.build/checkouts/Swinject/Sources/Container.swift /host/spi-builder-workspace/.build/checkouts/Swinject/Sources/DebugHelper.swift /host/spi-builder-workspace/.build/checkouts/Swinject/Sources/FunctionType.swift /host/spi-builder-workspace/.build/checkouts/Swinject/Sources/GraphIdentifier.swift /host/spi-builder-workspace/.build/checkouts/Swinject/Sources/InstanceStorage.swift /host/spi-builder-workspace/.build/checkouts/Swinject/Sources/InstanceWrapper.swift -primary-file /host/spi-builder-workspace/.build/checkouts/Swinject/Sources/ObjectScope.Standard.swift -primary-file /host/spi-builder-workspace/.build/checkouts/Swinject/Sources/ObjectScope.swift -primary-file /host/spi-builder-workspace/.build/checkouts/Swinject/Sources/ReadWriteLock.swift /host/spi-builder-workspace/.build/checkouts/Swinject/Sources/RecursiveLock.swift /host/spi-builder-workspace/.build/checkouts/Swinject/Sources/Resolver.swift /host/spi-builder-workspace/.build/checkouts/Swinject/Sources/ServiceEntry.TypeForwarding.swift /host/spi-builder-workspace/.build/checkouts/Swinject/Sources/ServiceEntry.swift /host/spi-builder-workspace/.build/checkouts/Swinject/Sources/ServiceKey.swift /host/spi-builder-workspace/.build/checkouts/Swinject/Sources/ThreadSafeDictionary.swift /host/spi-builder-workspace/.build/checkouts/Swinject/Sources/UnavailableItems.swift /host/spi-builder-workspace/.build/checkouts/Swinject/Sources/_Resolver.swift -supplementary-output-file-map /host/spi-builder-workspace/.build/out/Intermediates.noindex/Swinject.build/Debug-webassembly-wasm32/Swinject-t.build/Objects-normal/wasm32/supplementaryOutputs-5 -target wasm32-unknown-wasip1 -disable-objc-interop -sdk /root/.swiftpm/swift-sdks/swift-6.4.x-DEVELOPMENT-SNAPSHOT-2026-09-04-a_wasm.artifactbundle/swift-6.4.x-DEVELOPMENT-SNAPSHOT-2026-09-04-a_wasm/wasm32-unknown-wasip1/WASI.sdk -sysroot /root/.swiftpm/swift-sdks/swift-6.4.x-DEVELOPMENT-SNAPSHOT-2026-09-04-a_wasm.artifactbundle/swift-6.4.x-DEVELOPMENT-SNAPSHOT-2026-09-04-a_wasm/wasm32-unknown-wasip1/WASI.sdk -I /host/spi-builder-workspace/.build/out/Products/Debug-webassembly-wasm32 -module-cache-path /host/spi-builder-workspace/.build/out/ModuleCache.noindex -color-diagnostics -Xcc -fcolor-diagnostics -enable-testing -g -debug-info-format\=dwarf -dwarf-version\=4 -suppress-warnings -swift-version 5 -Onone -D SWIFT_PACKAGE -D DEBUG -D SWIFT_MODULE_RESOURCE_BUNDLE_UNAVAILABLE -D Xcode -serialize-debugging-options -enable-experimental-feature DebugDescriptionMacro -empty-abi-descriptor -external-plugin-path /usr/lib/swift/host/plugins/testing\#/usr/bin/swift-plugin-server -validate-clang-modules-once -clang-build-session-file /host/spi-builder-workspace/.build/out/ModuleCache.noindex/Session.modulevalidation -Xcc -working-directory -Xcc /host -resource-dir /root/.swiftpm/swift-sdks/swift-6.4.x-DEVELOPMENT-SNAPSHOT-2026-09-04-a_wasm.artifactbundle/swift-6.4.x-DEVELOPMENT-SNAPSHOT-2026-09-04-a_wasm/wasm32-unknown-wasip1/swift.xctoolchain/usr/lib/swift_static -use-static-resource-dir -enable-anonymous-context-mangled-names -file-compilation-dir /host -Xcc -resource-dir -Xcc /root/.swiftpm/swift-sdks/swift-6.4.x-DEVELOPMENT-SNAPSHOT-2026-09-04-a_wasm.artifactbundle/swift-6.4.x-DEVELOPMENT-SNAPSHOT-2026-09-04-a_wasm/wasm32-unknown-wasip1/swift.xctoolchain/usr/lib/swift_static/clang -Xcc -D_LIBCPP_HARDENING_MODE\=_LIBCPP_HARDENING_MODE_DEBUG -Xcc -fmodules-prune-interval\=86400 -Xcc -fmodules-prune-after\=345600 -Xcc -I/host/spi-builder-workspace/.build/out/Products/Debug-webassembly-wasm32/include -Xcc -I/host/spi-builder-workspace/.build/out/Intermediates.noindex/Swinject.build/Debug-webassembly-wasm32/Swinject-t.build/DerivedSources-normal/wasm32 -Xcc -I/host/spi-builder-workspace/.build/out/Intermediates.noindex/Swinject.build/Debug-webassembly-wasm32/Swinject-t.build/DerivedSources/wasm32 -Xcc -I/host/spi-builder-workspace/.build/out/Intermediates.noindex/Swinject.build/Debug-webassembly-wasm32/Swinject-t.build/DerivedSources -Xcc -DSWIFT_PACKAGE -Xcc -DDEBUG\=1 -no-auto-bridging-header-chaining -module-name Swinject -package-name swinject -const-gather-protocols-file /host/spi-builder-workspace/.build/out/Intermediates.noindex/Swinject.build/Debug-webassembly-wasm32/Swinject-t.build/Objects-normal/wasm32/Swinject_const_extract_protocols.json -in-process-plugin-server-path /usr/lib/swift/host/libSwiftInProcPluginServer.so -plugin-path /usr/lib/swift/host/plugins -plugin-path /usr/local/lib/swift/host/plugins -parse-as-library -o /host/spi-builder-workspace/.build/out/Intermediates.noindex/Swinject.build/Debug-webassembly-wasm32/Swinject-t.build/Objects-normal/wasm32/ObjectScope.Standard.o -o /host/spi-builder-workspace/.build/out/Intermediates.noindex/Swinject.build/Debug-webassembly-wasm32/Swinject-t.build/Objects-normal/wasm32/ObjectScope.o -o /host/spi-builder-workspace/.build/out/Intermediates.noindex/Swinject.build/Debug-webassembly-wasm32/Swinject-t.build/Objects-normal/wasm32/ReadWriteLock.o -index-unit-output-path /Swinject.build/Debug-webassembly-wasm32/Swinject-t.build/Objects-normal/wasm32/ObjectScope.Standard.o -index-unit-output-path /Swinject.build/Debug-webassembly-wasm32/Swinject-t.build/Objects-normal/wasm32/ObjectScope.o -index-unit-output-path /Swinject.build/Debug-webassembly-wasm32/Swinject-t.build/Objects-normal/wasm32/ReadWriteLock.o -index-store-path /host/spi-builder-workspace/.build/out -index-system-modules
error: Build failed
BUILD FAILURE 6.4 wasm