Build Information
Failed to build GuildAdsSDK, reference 1.0.6 (bf35b1), with Swift 6.3 for tvOS using Xcode 26.4 on 15 Jul 2026 05:20:52 UTC.
Build Command
env DEVELOPER_DIR=/Applications/Xcode-26.4.0.app xcrun xcodebuild -IDEClonedSourcePackagesDirPathOverride=$PWD/.dependencies -skipMacroValidation -skipPackagePluginValidation -derivedDataPath $PWD/.derivedData build -scheme GuildAdsSDK -destination generic/platform=tvOSBuild Log
========================================
RunAll
========================================
Builder version: undefined version: run 'make version' to update
Interrupt handler set up.
========================================
Checkout
========================================
Clone URL: https://github.com/Guild-Ads/guild-ads-ios.git
Reference: 1.0.6
Initialized empty Git repository in /Users/admin/builder/spi-builder-workspace/.git/
From https://github.com/Guild-Ads/guild-ads-ios
* tag 1.0.6 -> FETCH_HEAD
HEAD is now at bf35b18 Merge pull request #14 from Guild-Ads/add-privacy-manifest
Cloned https://github.com/Guild-Ads/guild-ads-ios.git
Revision (git rev-parse @):
bf35b18b04472c10259ae4cabfd5b53936d7e4c1
SUCCESS checkout https://github.com/Guild-Ads/guild-ads-ios.git at 1.0.6
========================================
Build
========================================
Selected platform: tvOS
Swift version: 6.3
Building package at path: $PWD
https://github.com/Guild-Ads/guild-ads-ios.git
Command line invocation:
/Applications/Xcode-26.4.0.app/Contents/Developer/usr/bin/xcodebuild -IDEClonedSourcePackagesDirPathOverride=/Users/admin/builder/spi-builder-workspace/.dependencies -resolvePackageDependencies
Resolve Package Graph
Resolve Package Graph
Resolved source packages:
GuildAdsSDK: /Users/admin/builder/spi-builder-workspace
resolved source packages: GuildAdsSDK
2026-07-15 01:20:17.149 xcodebuild[535:3087] [MT] IDERunDestination: Supported platforms for the buildables in the current scheme is empty.
{
"dependencies" : [
],
"manifest_display_name" : "GuildAdsSDK",
"name" : "GuildAdsSDK",
"path" : "/Users/admin/builder/spi-builder-workspace",
"platforms" : [
{
"name" : "ios",
"version" : "15.0"
},
{
"name" : "macos",
"version" : "13.0"
}
],
"products" : [
{
"name" : "GuildAds",
"targets" : [
"GuildAds"
],
"type" : {
"library" : [
"automatic"
]
}
}
],
"targets" : [
{
"c99name" : "GuildAdsTests",
"module_type" : "SwiftTarget",
"name" : "GuildAdsTests",
"path" : "Tests/GuildAdsTests",
"sources" : [
"GuildAdsTests.swift"
],
"target_dependencies" : [
"GuildAds"
],
"type" : "test"
},
{
"c99name" : "GuildAds",
"module_type" : "SwiftTarget",
"name" : "GuildAds",
"path" : "Sources/GuildAds",
"product_memberships" : [
"GuildAds"
],
"resources" : [
{
"path" : "/Users/admin/builder/spi-builder-workspace/Sources/GuildAds/PrivacyInfo.xcprivacy",
"rule" : {
"copy" : {
}
}
}
],
"sources" : [
"GuildAd.swift",
"GuildAds.swift",
"GuildAdsBanner.swift",
"GuildAdsConfiguration.swift",
"Internal/GuildAdsAPI.swift",
"Internal/GuildAdsClient.swift",
"Internal/Payloads.swift",
"Internal/Persistence.swift",
"Internal/Reachability.swift"
],
"type" : "library"
}
],
"tools_version" : "6.2"
}
{
"workspace" : {
"name" : "spi-builder-workspace",
"schemes" : [
"GuildAdsSDK"
]
}
}
2026-07-15 01:20:37.727 xcodebuild[690:4325] [MT] IDERunDestination: Supported platforms for the buildables in the current scheme is empty.
Running build ...
env DEVELOPER_DIR=/Applications/Xcode-26.4.0.app xcrun xcodebuild -IDEClonedSourcePackagesDirPathOverride=$PWD/.dependencies -skipMacroValidation -skipPackagePluginValidation -derivedDataPath $PWD/.derivedData build -scheme GuildAdsSDK -destination generic/platform=tvOS
Command line invocation:
/Applications/Xcode-26.4.0.app/Contents/Developer/usr/bin/xcodebuild -IDEClonedSourcePackagesDirPathOverride=/Users/admin/builder/spi-builder-workspace/.dependencies -skipMacroValidation -skipPackagePluginValidation -derivedDataPath /Users/admin/builder/spi-builder-workspace/.derivedData build -scheme GuildAdsSDK -destination generic/platform=tvOS
Resolve Package Graph
Resolved source packages:
GuildAdsSDK: /Users/admin/builder/spi-builder-workspace
ComputePackagePrebuildTargetDependencyGraph
Prepare packages
CreateBuildRequest
SendProjectDescription
CreateBuildOperation
ComputeTargetDependencyGraph
note: Building targets in dependency order
note: Target dependency graph (3 targets)
Target 'GuildAds' in project 'GuildAdsSDK'
➜ Explicit dependency on target 'GuildAds' in project 'GuildAdsSDK'
➜ Explicit dependency on target 'GuildAdsSDK_GuildAds' in project 'GuildAdsSDK'
Target 'GuildAds' in project 'GuildAdsSDK'
➜ Explicit dependency on target 'GuildAdsSDK_GuildAds' in project 'GuildAdsSDK'
Target 'GuildAdsSDK_GuildAds' in project 'GuildAdsSDK' (no dependencies)
GatherProvisioningInputs
CreateBuildDescription
ExecuteExternalTool /Applications/Xcode-26.4.0.app/Contents/Developer/Toolchains/XcodeDefault.xctoolchain/usr/bin/clang -v -E -dM -isysroot /Applications/Xcode-26.4.0.app/Contents/Developer/Platforms/AppleTVOS.platform/Developer/SDKs/AppleTVOS26.4.sdk -x c -c /dev/null
ExecuteExternalTool /Applications/Xcode-26.4.0.app/Contents/Developer/Toolchains/XcodeDefault.xctoolchain/usr/bin/swiftc --version
ExecuteExternalTool /Applications/Xcode-26.4.0.app/Contents/Developer/Toolchains/XcodeDefault.xctoolchain/usr/bin/ld -version_details
Build description signature: b1d3127352c44edec3709c16ead696de
Build description path: /Users/admin/builder/spi-builder-workspace/.derivedData/Build/Intermediates.noindex/XCBuildData/b1d3127352c44edec3709c16ead696de.xcbuilddata
CreateBuildDirectory /Users/admin/builder/spi-builder-workspace/.derivedData/Build/Products
cd /Users/admin/builder/spi-builder-workspace/.swiftpm/xcode
builtin-create-build-directory /Users/admin/builder/spi-builder-workspace/.derivedData/Build/Products
CreateBuildDirectory /Users/admin/builder/spi-builder-workspace/.derivedData/Build/Intermediates.noindex
cd /Users/admin/builder/spi-builder-workspace/.swiftpm/xcode
builtin-create-build-directory /Users/admin/builder/spi-builder-workspace/.derivedData/Build/Intermediates.noindex
ClangStatCache /Applications/Xcode-26.4.0.app/Contents/Developer/Toolchains/XcodeDefault.xctoolchain/usr/bin/clang-stat-cache /Applications/Xcode-26.4.0.app/Contents/Developer/Platforms/AppleTVOS.platform/Developer/SDKs/AppleTVOS26.4.sdk /Users/admin/builder/spi-builder-workspace/.derivedData/SDKStatCaches.noindex/appletvos26.4-23L236-688ef53f1462e2c8f657fdc38a81448fe9417fc108aa677fd4261ecaa021a5e7.sdkstatcache
cd /Users/admin/builder/spi-builder-workspace/.swiftpm/xcode
/Applications/Xcode-26.4.0.app/Contents/Developer/Toolchains/XcodeDefault.xctoolchain/usr/bin/clang-stat-cache /Applications/Xcode-26.4.0.app/Contents/Developer/Platforms/AppleTVOS.platform/Developer/SDKs/AppleTVOS26.4.sdk -o /Users/admin/builder/spi-builder-workspace/.derivedData/SDKStatCaches.noindex/appletvos26.4-23L236-688ef53f1462e2c8f657fdc38a81448fe9417fc108aa677fd4261ecaa021a5e7.sdkstatcache
CreateBuildDirectory /Users/admin/builder/spi-builder-workspace/.derivedData/Build/Intermediates.noindex/SwiftExplicitPrecompiledModules
cd /Users/admin/builder/spi-builder-workspace/.swiftpm/xcode
builtin-create-build-directory /Users/admin/builder/spi-builder-workspace/.derivedData/Build/Intermediates.noindex/SwiftExplicitPrecompiledModules
CreateBuildDirectory /Users/admin/builder/spi-builder-workspace/.derivedData/Build/Intermediates.noindex/ExplicitPrecompiledModules
cd /Users/admin/builder/spi-builder-workspace/.swiftpm/xcode
builtin-create-build-directory /Users/admin/builder/spi-builder-workspace/.derivedData/Build/Intermediates.noindex/ExplicitPrecompiledModules
CreateBuildDirectory /Users/admin/builder/spi-builder-workspace/.derivedData/Build/Intermediates.noindex/EagerLinkingTBDs/Debug-appletvos
cd /Users/admin/builder/spi-builder-workspace/.swiftpm/xcode
builtin-create-build-directory /Users/admin/builder/spi-builder-workspace/.derivedData/Build/Intermediates.noindex/EagerLinkingTBDs/Debug-appletvos
CreateBuildDirectory /Users/admin/builder/spi-builder-workspace/.derivedData/Build/Products/Debug-appletvos
cd /Users/admin/builder/spi-builder-workspace/.swiftpm/xcode
builtin-create-build-directory /Users/admin/builder/spi-builder-workspace/.derivedData/Build/Products/Debug-appletvos
CreateBuildDirectory /Users/admin/builder/spi-builder-workspace/.derivedData/Build/Products/Debug-appletvos/PackageFrameworks
cd /Users/admin/builder/spi-builder-workspace/.swiftpm/xcode
builtin-create-build-directory /Users/admin/builder/spi-builder-workspace/.derivedData/Build/Products/Debug-appletvos/PackageFrameworks
MkDir /Users/admin/builder/spi-builder-workspace/.derivedData/Build/Products/Debug-appletvos/GuildAdsSDK_GuildAds.bundle (in target 'GuildAdsSDK_GuildAds' from project 'GuildAdsSDK')
cd /Users/admin/builder/spi-builder-workspace
/bin/mkdir -p /Users/admin/builder/spi-builder-workspace/.derivedData/Build/Products/Debug-appletvos/GuildAdsSDK_GuildAds.bundle
WriteAuxiliaryFile /Users/admin/builder/spi-builder-workspace/.derivedData/Build/Intermediates.noindex/GuildAdsSDK.build/Debug-appletvos/GuildAdsSDK_GuildAds.build/GuildAdsSDK_GuildAds.DependencyStaticMetadataFileList (in target 'GuildAdsSDK_GuildAds' from project 'GuildAdsSDK')
cd /Users/admin/builder/spi-builder-workspace
write-file /Users/admin/builder/spi-builder-workspace/.derivedData/Build/Intermediates.noindex/GuildAdsSDK.build/Debug-appletvos/GuildAdsSDK_GuildAds.build/GuildAdsSDK_GuildAds.DependencyStaticMetadataFileList
WriteAuxiliaryFile /Users/admin/builder/spi-builder-workspace/.derivedData/Build/Intermediates.noindex/GuildAdsSDK.build/Debug-appletvos/GuildAdsSDK_GuildAds.build/GuildAdsSDK_GuildAds.DependencyMetadataFileList (in target 'GuildAdsSDK_GuildAds' from project 'GuildAdsSDK')
cd /Users/admin/builder/spi-builder-workspace
write-file /Users/admin/builder/spi-builder-workspace/.derivedData/Build/Intermediates.noindex/GuildAdsSDK.build/Debug-appletvos/GuildAdsSDK_GuildAds.build/GuildAdsSDK_GuildAds.DependencyMetadataFileList
WriteAuxiliaryFile /Users/admin/builder/spi-builder-workspace/.derivedData/Build/Intermediates.noindex/GuildAdsSDK.build/Debug-appletvos/GuildAdsSDK_GuildAds.build/empty-GuildAdsSDK_GuildAds.plist (in target 'GuildAdsSDK_GuildAds' from project 'GuildAdsSDK')
cd /Users/admin/builder/spi-builder-workspace
write-file /Users/admin/builder/spi-builder-workspace/.derivedData/Build/Intermediates.noindex/GuildAdsSDK.build/Debug-appletvos/GuildAdsSDK_GuildAds.build/empty-GuildAdsSDK_GuildAds.plist
WriteAuxiliaryFile /Users/admin/builder/spi-builder-workspace/.derivedData/Build/Intermediates.noindex/GuildAdsSDK.build/Debug-appletvos/GuildAds.build/Objects-normal/arm64/GuildAds.SwiftFileList (in target 'GuildAds' from project 'GuildAdsSDK')
cd /Users/admin/builder/spi-builder-workspace
write-file /Users/admin/builder/spi-builder-workspace/.derivedData/Build/Intermediates.noindex/GuildAdsSDK.build/Debug-appletvos/GuildAds.build/Objects-normal/arm64/GuildAds.SwiftFileList
WriteAuxiliaryFile /Users/admin/builder/spi-builder-workspace/.derivedData/Build/Intermediates.noindex/GuildAdsSDK.build/Debug-appletvos/GuildAds.build/Objects-normal/arm64/GuildAds_const_extract_protocols.json (in target 'GuildAds' from project 'GuildAdsSDK')
cd /Users/admin/builder/spi-builder-workspace
write-file /Users/admin/builder/spi-builder-workspace/.derivedData/Build/Intermediates.noindex/GuildAdsSDK.build/Debug-appletvos/GuildAds.build/Objects-normal/arm64/GuildAds_const_extract_protocols.json
WriteAuxiliaryFile /Users/admin/builder/spi-builder-workspace/.derivedData/Build/Intermediates.noindex/GuildAdsSDK.build/Debug-appletvos/GuildAds.build/Objects-normal/arm64/GuildAds.SwiftConstValuesFileList (in target 'GuildAds' from project 'GuildAdsSDK')
cd /Users/admin/builder/spi-builder-workspace
write-file /Users/admin/builder/spi-builder-workspace/.derivedData/Build/Intermediates.noindex/GuildAdsSDK.build/Debug-appletvos/GuildAds.build/Objects-normal/arm64/GuildAds.SwiftConstValuesFileList
WriteAuxiliaryFile /Users/admin/builder/spi-builder-workspace/.derivedData/Build/Intermediates.noindex/GuildAdsSDK.build/Debug-appletvos/GuildAds.build/Objects-normal/arm64/GuildAds-OutputFileMap.json (in target 'GuildAds' from project 'GuildAdsSDK')
cd /Users/admin/builder/spi-builder-workspace
write-file /Users/admin/builder/spi-builder-workspace/.derivedData/Build/Intermediates.noindex/GuildAdsSDK.build/Debug-appletvos/GuildAds.build/Objects-normal/arm64/GuildAds-OutputFileMap.json
WriteAuxiliaryFile /Users/admin/builder/spi-builder-workspace/.derivedData/Build/Intermediates.noindex/GuildAdsSDK.build/Debug-appletvos/GuildAds.build/Objects-normal/arm64/GuildAds.LinkFileList (in target 'GuildAds' from project 'GuildAdsSDK')
cd /Users/admin/builder/spi-builder-workspace
write-file /Users/admin/builder/spi-builder-workspace/.derivedData/Build/Intermediates.noindex/GuildAdsSDK.build/Debug-appletvos/GuildAds.build/Objects-normal/arm64/GuildAds.LinkFileList
WriteAuxiliaryFile /Users/admin/builder/spi-builder-workspace/.derivedData/Build/Intermediates.noindex/GuildAdsSDK.build/Debug-appletvos/GuildAds.build/GuildAds.modulemap (in target 'GuildAds' from project 'GuildAdsSDK')
cd /Users/admin/builder/spi-builder-workspace
write-file /Users/admin/builder/spi-builder-workspace/.derivedData/Build/Intermediates.noindex/GuildAdsSDK.build/Debug-appletvos/GuildAds.build/GuildAds.modulemap
WriteAuxiliaryFile /Users/admin/builder/spi-builder-workspace/.derivedData/Build/Intermediates.noindex/GuildAdsSDK.build/Debug-appletvos/GuildAds.build/GuildAds.DependencyStaticMetadataFileList (in target 'GuildAds' from project 'GuildAdsSDK')
cd /Users/admin/builder/spi-builder-workspace
write-file /Users/admin/builder/spi-builder-workspace/.derivedData/Build/Intermediates.noindex/GuildAdsSDK.build/Debug-appletvos/GuildAds.build/GuildAds.DependencyStaticMetadataFileList
WriteAuxiliaryFile /Users/admin/builder/spi-builder-workspace/.derivedData/Build/Intermediates.noindex/GuildAdsSDK.build/Debug-appletvos/GuildAds.build/GuildAds.DependencyMetadataFileList (in target 'GuildAds' from project 'GuildAdsSDK')
cd /Users/admin/builder/spi-builder-workspace
write-file /Users/admin/builder/spi-builder-workspace/.derivedData/Build/Intermediates.noindex/GuildAdsSDK.build/Debug-appletvos/GuildAds.build/GuildAds.DependencyMetadataFileList
WriteAuxiliaryFile /Users/admin/builder/spi-builder-workspace/.derivedData/Build/Intermediates.noindex/GuildAdsSDK.build/Debug-appletvos/GuildAds.build/DerivedSources/resource_bundle_accessor.swift (in target 'GuildAds' from project 'GuildAdsSDK')
cd /Users/admin/builder/spi-builder-workspace
write-file /Users/admin/builder/spi-builder-workspace/.derivedData/Build/Intermediates.noindex/GuildAdsSDK.build/Debug-appletvos/GuildAds.build/DerivedSources/resource_bundle_accessor.swift
Copy /Users/admin/builder/spi-builder-workspace/.derivedData/Build/Intermediates.noindex/GeneratedModuleMaps-appletvos/GuildAds.modulemap /Users/admin/builder/spi-builder-workspace/.derivedData/Build/Intermediates.noindex/GuildAdsSDK.build/Debug-appletvos/GuildAds.build/GuildAds.modulemap (in target 'GuildAds' from project 'GuildAdsSDK')
cd /Users/admin/builder/spi-builder-workspace
builtin-copy -exclude .DS_Store -exclude CVS -exclude .svn -exclude .git -exclude .hg -resolve-src-symlinks /Users/admin/builder/spi-builder-workspace/.derivedData/Build/Intermediates.noindex/GuildAdsSDK.build/Debug-appletvos/GuildAds.build/GuildAds.modulemap /Users/admin/builder/spi-builder-workspace/.derivedData/Build/Intermediates.noindex/GeneratedModuleMaps-appletvos
ProcessInfoPlistFile /Users/admin/builder/spi-builder-workspace/.derivedData/Build/Products/Debug-appletvos/GuildAdsSDK_GuildAds.bundle/Info.plist /Users/admin/builder/spi-builder-workspace/.derivedData/Build/Intermediates.noindex/GuildAdsSDK.build/Debug-appletvos/GuildAdsSDK_GuildAds.build/empty-GuildAdsSDK_GuildAds.plist (in target 'GuildAdsSDK_GuildAds' from project 'GuildAdsSDK')
cd /Users/admin/builder/spi-builder-workspace
builtin-infoPlistUtility /Users/admin/builder/spi-builder-workspace/.derivedData/Build/Intermediates.noindex/GuildAdsSDK.build/Debug-appletvos/GuildAdsSDK_GuildAds.build/empty-GuildAdsSDK_GuildAds.plist -producttype com.apple.product-type.bundle -expandbuildsettings -format binary -platform appletvos -o /Users/admin/builder/spi-builder-workspace/.derivedData/Build/Products/Debug-appletvos/GuildAdsSDK_GuildAds.bundle/Info.plist
CpResource /Users/admin/builder/spi-builder-workspace/.derivedData/Build/Products/Debug-appletvos/GuildAdsSDK_GuildAds.bundle/PrivacyInfo.xcprivacy /Users/admin/builder/spi-builder-workspace/Sources/GuildAds/PrivacyInfo.xcprivacy (in target 'GuildAdsSDK_GuildAds' from project 'GuildAdsSDK')
cd /Users/admin/builder/spi-builder-workspace
builtin-copy -exclude .DS_Store -exclude CVS -exclude .svn -exclude .git -exclude .hg -resolve-src-symlinks /Users/admin/builder/spi-builder-workspace/Sources/GuildAds/PrivacyInfo.xcprivacy /Users/admin/builder/spi-builder-workspace/.derivedData/Build/Products/Debug-appletvos/GuildAdsSDK_GuildAds.bundle
RegisterExecutionPolicyException /Users/admin/builder/spi-builder-workspace/.derivedData/Build/Products/Debug-appletvos/GuildAdsSDK_GuildAds.bundle (in target 'GuildAdsSDK_GuildAds' from project 'GuildAdsSDK')
cd /Users/admin/builder/spi-builder-workspace
builtin-RegisterExecutionPolicyException /Users/admin/builder/spi-builder-workspace/.derivedData/Build/Products/Debug-appletvos/GuildAdsSDK_GuildAds.bundle
Touch /Users/admin/builder/spi-builder-workspace/.derivedData/Build/Products/Debug-appletvos/GuildAdsSDK_GuildAds.bundle (in target 'GuildAdsSDK_GuildAds' from project 'GuildAdsSDK')
cd /Users/admin/builder/spi-builder-workspace
/usr/bin/touch -c /Users/admin/builder/spi-builder-workspace/.derivedData/Build/Products/Debug-appletvos/GuildAdsSDK_GuildAds.bundle
SwiftDriver GuildAds normal arm64 com.apple.xcode.tools.swift.compiler (in target 'GuildAds' from project 'GuildAdsSDK')
cd /Users/admin/builder/spi-builder-workspace/.swiftpm/xcode
builtin-SwiftDriver -- /Applications/Xcode-26.4.0.app/Contents/Developer/Toolchains/XcodeDefault.xctoolchain/usr/bin/swiftc -module-name GuildAds -Onone @/Users/admin/builder/spi-builder-workspace/.derivedData/Build/Intermediates.noindex/GuildAdsSDK.build/Debug-appletvos/GuildAds.build/Objects-normal/arm64/GuildAds.SwiftFileList -DSWIFT_PACKAGE -DDEBUG -DSWIFT_MODULE_RESOURCE_BUNDLE_AVAILABLE -DXcode -plugin-path /Applications/Xcode-26.4.0.app/Contents/Developer/Toolchains/XcodeDefault.xctoolchain/usr/lib/swift/host/plugins/testing -enable-experimental-feature DebugDescriptionMacro -sdk /Applications/Xcode-26.4.0.app/Contents/Developer/Platforms/AppleTVOS.platform/Developer/SDKs/AppleTVOS26.4.sdk -target arm64-apple-tvos15.0 -g -module-cache-path /Users/admin/builder/spi-builder-workspace/.derivedData/ModuleCache.noindex -Xfrontend -serialize-debugging-options -profile-coverage-mapping -profile-generate -enable-testing -index-store-path /Users/admin/builder/spi-builder-workspace/.derivedData/Index.noindex/DataStore -Xcc -D_LIBCPP_HARDENING_MODE\=_LIBCPP_HARDENING_MODE_DEBUG -swift-version 6 -I /Users/admin/builder/spi-builder-workspace/.derivedData/Build/Products/Debug-appletvos -Isystem /Applications/Xcode-26.4.0.app/Contents/Developer/Platforms/AppleTVOS.platform/Developer/usr/lib -F /Users/admin/builder/spi-builder-workspace/.derivedData/Build/Products/Debug-appletvos -F /Applications/Xcode-26.4.0.app/Contents/Developer/Platforms/AppleTVOS.platform/Developer/Library/Frameworks -F /Applications/Xcode-26.4.0.app/Contents/Developer/Platforms/AppleTVOS.platform/Developer/SDKs/AppleTVOS26.4.sdk/Developer/Library/Frameworks -c -j10 -enable-batch-mode -incremental -Xcc -ivfsstatcache -Xcc /Users/admin/builder/spi-builder-workspace/.derivedData/SDKStatCaches.noindex/appletvos26.4-23L236-688ef53f1462e2c8f657fdc38a81448fe9417fc108aa677fd4261ecaa021a5e7.sdkstatcache -output-file-map /Users/admin/builder/spi-builder-workspace/.derivedData/Build/Intermediates.noindex/GuildAdsSDK.build/Debug-appletvos/GuildAds.build/Objects-normal/arm64/GuildAds-OutputFileMap.json -use-frontend-parseable-output -save-temps -no-color-diagnostics -explicit-module-build -module-cache-path /Users/admin/builder/spi-builder-workspace/.derivedData/Build/Intermediates.noindex/SwiftExplicitPrecompiledModules -clang-scanner-module-cache-path /Users/admin/builder/spi-builder-workspace/.derivedData/ModuleCache.noindex -sdk-module-cache-path /Users/admin/builder/spi-builder-workspace/.derivedData/ModuleCache.noindex -serialize-diagnostics -emit-dependencies -emit-module -emit-module-path /Users/admin/builder/spi-builder-workspace/.derivedData/Build/Intermediates.noindex/GuildAdsSDK.build/Debug-appletvos/GuildAds.build/Objects-normal/arm64/GuildAds.swiftmodule -validate-clang-modules-once -clang-build-session-file /Users/admin/builder/spi-builder-workspace/.derivedData/ModuleCache.noindex/Session.modulevalidation -package-name spi_builder_workspace -Xcc -I/Users/admin/builder/spi-builder-workspace/.derivedData/Build/Intermediates.noindex/GuildAdsSDK.build/Debug-appletvos/GuildAds.build/swift-overrides.hmap -emit-const-values -Xfrontend -const-gather-protocols-file -Xfrontend /Users/admin/builder/spi-builder-workspace/.derivedData/Build/Intermediates.noindex/GuildAdsSDK.build/Debug-appletvos/GuildAds.build/Objects-normal/arm64/GuildAds_const_extract_protocols.json -Xcc -I/Users/admin/builder/spi-builder-workspace/.derivedData/Build/Products/Debug-appletvos/include -Xcc -I/Users/admin/builder/spi-builder-workspace/.derivedData/Build/Intermediates.noindex/GuildAdsSDK.build/Debug-appletvos/GuildAds.build/DerivedSources-normal/arm64 -Xcc -I/Users/admin/builder/spi-builder-workspace/.derivedData/Build/Intermediates.noindex/GuildAdsSDK.build/Debug-appletvos/GuildAds.build/DerivedSources/arm64 -Xcc -I/Users/admin/builder/spi-builder-workspace/.derivedData/Build/Intermediates.noindex/GuildAdsSDK.build/Debug-appletvos/GuildAds.build/DerivedSources -Xcc -DSWIFT_PACKAGE -Xcc -DDEBUG\=1 -emit-objc-header -emit-objc-header-path /Users/admin/builder/spi-builder-workspace/.derivedData/Build/Intermediates.noindex/GuildAdsSDK.build/Debug-appletvos/GuildAds.build/Objects-normal/arm64/GuildAds-Swift.h -working-directory /Users/admin/builder/spi-builder-workspace/.swiftpm/xcode -experimental-emit-module-separately -disable-cmo
SwiftExplicitDependencyGeneratePcm arm64 /Users/admin/builder/spi-builder-workspace/.derivedData/ModuleCache.noindex/_Builtin_stdbool-2HYNKNS3I0KIM31LWB1MT4JSR.pcm
SwiftExplicitDependencyGeneratePcm arm64 /Users/admin/builder/spi-builder-workspace/.derivedData/ModuleCache.noindex/_SwiftConcurrencyShims-1I7I9RFLZZYCUO3TPLS4U805X.pcm
SwiftExplicitDependencyGeneratePcm arm64 /Users/admin/builder/spi-builder-workspace/.derivedData/ModuleCache.noindex/_Builtin_float-8P5G6DEEPG56ZYUKMYHMN3RE1.pcm
SwiftExplicitDependencyGeneratePcm arm64 /Users/admin/builder/spi-builder-workspace/.derivedData/ModuleCache.noindex/_Builtin_stdarg-3KWPF1V25TACG1K3ZQBSH88O6.pcm
SwiftExplicitDependencyGeneratePcm arm64 /Users/admin/builder/spi-builder-workspace/.derivedData/ModuleCache.noindex/_Builtin_stddef-BZO0N6E0DIXHZYNQ4S8EZ7EDL.pcm
SwiftExplicitDependencyGeneratePcm arm64 /Users/admin/builder/spi-builder-workspace/.derivedData/ModuleCache.noindex/SwiftShims-C8QKBRC8FEWLEQZYK4B7DE50J.pcm
SwiftExplicitDependencyGeneratePcm arm64 /Users/admin/builder/spi-builder-workspace/.derivedData/ModuleCache.noindex/ptrauth-4BAHLZJ2RBDQMNK46XR6Y1JZS.pcm
SwiftExplicitDependencyGeneratePcm arm64 /Users/admin/builder/spi-builder-workspace/.derivedData/ModuleCache.noindex/_AvailabilityInternal-2ERXFBA9JY7AMMKY8VA4HWPMN.pcm
SwiftExplicitDependencyGeneratePcm arm64 /Users/admin/builder/spi-builder-workspace/.derivedData/ModuleCache.noindex/DeveloperToolsSupport-2OKW2NDU7N51Y9SF2U7RNYNSG.pcm
SwiftExplicitDependencyGeneratePcm arm64 /Users/admin/builder/spi-builder-workspace/.derivedData/ModuleCache.noindex/ptrcheck-6YUZKR4MV7T2QFLE4Q48OP5H2.pcm
SwiftExplicitDependencyGeneratePcm arm64 /Users/admin/builder/spi-builder-workspace/.derivedData/ModuleCache.noindex/_DarwinFoundation1-BS1SXL224UKZLY0BZCZGXSPY2.pcm
SwiftExplicitDependencyGeneratePcm arm64 /Users/admin/builder/spi-builder-workspace/.derivedData/ModuleCache.noindex/_Builtin_limits-C3APVXRMKC1TL26H5OI6RFWKI.pcm
SwiftExplicitDependencyGeneratePcm arm64 /Users/admin/builder/spi-builder-workspace/.derivedData/ModuleCache.noindex/_DarwinFoundation2-AHTQ2Z4LJMUBWM4FTN7VFGCFE.pcm
SwiftExplicitDependencyGeneratePcm arm64 /Users/admin/builder/spi-builder-workspace/.derivedData/ModuleCache.noindex/sys_types-14C32VGX1D4IWU8QLS276WR4F.pcm
SwiftExplicitDependencyGeneratePcm arm64 /Users/admin/builder/spi-builder-workspace/.derivedData/ModuleCache.noindex/_Builtin_tgmath-DWVAMEMGKAFCY5NXKQCXFM9N5.pcm
SwiftExplicitDependencyGeneratePcm arm64 /Users/admin/builder/spi-builder-workspace/.derivedData/ModuleCache.noindex/_Builtin_stdint-904ZPNR3NXQN0C6LOE65GKG9O.pcm
SwiftExplicitDependencyGeneratePcm arm64 /Users/admin/builder/spi-builder-workspace/.derivedData/ModuleCache.noindex/_Builtin_stdatomic-DI3S591Y5PDEK5P4TXQTDGDZ9.pcm
SwiftExplicitDependencyGeneratePcm arm64 /Users/admin/builder/spi-builder-workspace/.derivedData/ModuleCache.noindex/_Builtin_intrinsics-AHR6IXDE7UDNPRUTWW3IFW4OS.pcm
SwiftExplicitDependencyGeneratePcm arm64 /Users/admin/builder/spi-builder-workspace/.derivedData/ModuleCache.noindex/_DarwinFoundation3-6TXRXGZJ10UGF87VX48ADDYWW.pcm
SwiftExplicitDependencyGeneratePcm arm64 /Users/admin/builder/spi-builder-workspace/.derivedData/ModuleCache.noindex/_Builtin_inttypes-EL0RWE9MAIYLCMLOT4GISD5SK.pcm
SwiftExplicitDependencyGeneratePcm arm64 /Users/admin/builder/spi-builder-workspace/.derivedData/ModuleCache.noindex/Darwin-4YCIRIE2AAE9KXHT7D5IAT201.pcm
SwiftExplicitDependencyGeneratePcm arm64 /Users/admin/builder/spi-builder-workspace/.derivedData/ModuleCache.noindex/simd-SHDHVS7PZSNYSP1DPIHIIS4U.pcm
SwiftExplicitDependencyGeneratePcm arm64 /Users/admin/builder/spi-builder-workspace/.derivedData/ModuleCache.noindex/ObjectiveC-4DPRV7LKB1X9IM7UR1GZ26NF6.pcm
SwiftExplicitDependencyGeneratePcm arm64 /Users/admin/builder/spi-builder-workspace/.derivedData/ModuleCache.noindex/MachO-4BWR7U09E5XQ3L67VRY8BM1GZ.pcm
SwiftExplicitDependencyGeneratePcm arm64 /Users/admin/builder/spi-builder-workspace/.derivedData/ModuleCache.noindex/os_object-H6TLJP72XS2SCHLO6XNUG4J.pcm
SwiftExplicitDependencyGeneratePcm arm64 /Users/admin/builder/spi-builder-workspace/.derivedData/ModuleCache.noindex/os_workgroup-71UJJ66WD6FHY7Z4384KRXYHP.pcm
SwiftExplicitDependencyGeneratePcm arm64 /Users/admin/builder/spi-builder-workspace/.derivedData/ModuleCache.noindex/Spatial-2V588SN8AMTG9SXOG6VAX3UCD.pcm
SwiftExplicitDependencyGeneratePcm arm64 /Users/admin/builder/spi-builder-workspace/.derivedData/ModuleCache.noindex/Dispatch-61A3Z4HC5YGRZ4301Q8563VIJ.pcm
SwiftExplicitDependencyGeneratePcm arm64 /Users/admin/builder/spi-builder-workspace/.derivedData/ModuleCache.noindex/XPC-8J56K3TBOO6PAYWQ2YRFTOXRC.pcm
SwiftExplicitDependencyGeneratePcm arm64 /Users/admin/builder/spi-builder-workspace/.derivedData/ModuleCache.noindex/dnssd-EIERGLPI5H27ER8QLTXG2J51.pcm
SwiftExplicitDependencyGeneratePcm arm64 /Users/admin/builder/spi-builder-workspace/.derivedData/ModuleCache.noindex/CoreFoundation-AY4SBASI0IYB2DRL4P1HZYF3D.pcm
SwiftExplicitDependencyGeneratePcm arm64 /Users/admin/builder/spi-builder-workspace/.derivedData/ModuleCache.noindex/os-BAGSA1UGET1QTZE5FCWZHSXJ1.pcm
SwiftExplicitDependencyGeneratePcm arm64 /Users/admin/builder/spi-builder-workspace/.derivedData/ModuleCache.noindex/Security-99BTF6SWJRRYNWL6MZ2TBIY92.pcm
SwiftExplicitDependencyGeneratePcm arm64 /Users/admin/builder/spi-builder-workspace/.derivedData/ModuleCache.noindex/CoreGraphics-65MP6148H1SZ55E7SARL5GI35.pcm
SwiftExplicitDependencyGeneratePcm arm64 /Users/admin/builder/spi-builder-workspace/.derivedData/ModuleCache.noindex/CFNetwork-D5CB4LO29N5WBJ3LLTIKRY0JG.pcm
SwiftExplicitDependencyGeneratePcm arm64 /Users/admin/builder/spi-builder-workspace/.derivedData/ModuleCache.noindex/Foundation-3LVP7PFMTBITP49EDS4BMYCFP.pcm
SwiftExplicitDependencyGeneratePcm arm64 /Users/admin/builder/spi-builder-workspace/.derivedData/ModuleCache.noindex/ImageIO-7ZOH2CP56L1PCZTU9JS9DDFHI.pcm
SwiftExplicitDependencyGeneratePcm arm64 /Users/admin/builder/spi-builder-workspace/.derivedData/ModuleCache.noindex/CoreText-1LIKCQVWRKP5GCXOCOAS1K1ES.pcm
SwiftExplicitDependencyGeneratePcm arm64 /Users/admin/builder/spi-builder-workspace/.derivedData/ModuleCache.noindex/UniformTypeIdentifiers-1GBLJA7FN7ZX31Y00LANXRJ0D.pcm
SwiftExplicitDependencyGeneratePcm arm64 /Users/admin/builder/spi-builder-workspace/.derivedData/ModuleCache.noindex/Accessibility-D73FWYNLLD1CRUOYY1MGAR95W.pcm
SwiftExplicitDependencyGeneratePcm arm64 /Users/admin/builder/spi-builder-workspace/.derivedData/ModuleCache.noindex/UserNotifications-6UKALCEC97PQM959SYHTQOSW0.pcm
SwiftExplicitDependencyGeneratePcm arm64 /Users/admin/builder/spi-builder-workspace/.derivedData/ModuleCache.noindex/IOSurface-E5YALUZYX3YD2JUU5PWB0PY1.pcm
SwiftExplicitDependencyGeneratePcm arm64 /Users/admin/builder/spi-builder-workspace/.derivedData/ModuleCache.noindex/OSLog-21112PMR6LHYK3DL4HQ1CSAZZ.pcm
SwiftExplicitDependencyGeneratePcm arm64 /Users/admin/builder/spi-builder-workspace/.derivedData/ModuleCache.noindex/Symbols-6AC068R8NPTVNWIVXIZWY3JPF.pcm
SwiftExplicitDependencyGeneratePcm arm64 /Users/admin/builder/spi-builder-workspace/.derivedData/ModuleCache.noindex/DataDetection-BBLW8H4NWUNSOMQBEXH0ANIAI.pcm
SwiftExplicitDependencyGeneratePcm arm64 /Users/admin/builder/spi-builder-workspace/.derivedData/ModuleCache.noindex/CoreTransferable-5G0YUOM2IPNJL8X8DCOT4FI3.pcm
SwiftExplicitDependencyGeneratePcm arm64 /Users/admin/builder/spi-builder-workspace/.derivedData/ModuleCache.noindex/UIUtilities-3S0NHTZKV8R1N95KXOU6UE8UC.pcm
SwiftExplicitDependencyGeneratePcm arm64 /Users/admin/builder/spi-builder-workspace/.derivedData/ModuleCache.noindex/CoreData-CJXNH741VCTBW1DDVEVEQ9KIR.pcm
SwiftExplicitDependencyGeneratePcm arm64 /Users/admin/builder/spi-builder-workspace/.derivedData/ModuleCache.noindex/Network-1358GD6CBVN0MNH3L5OSOUKXB.pcm
SwiftExplicitDependencyGeneratePcm arm64 /Users/admin/builder/spi-builder-workspace/.derivedData/ModuleCache.noindex/Metal-E78AM2HLLHG66LSFM5X2ZBNIC.pcm
SwiftExplicitDependencyGeneratePcm arm64 /Users/admin/builder/spi-builder-workspace/.derivedData/ModuleCache.noindex/OpenGLES-AVW5DFV45CRRIH9JG4RR6PXR8.pcm
SwiftExplicitDependencyGeneratePcm arm64 /Users/admin/builder/spi-builder-workspace/.derivedData/ModuleCache.noindex/CoreVideo-EJ7FT0UAV3R3O2KITKYT43EMN.pcm
SwiftExplicitDependencyGeneratePcm arm64 /Users/admin/builder/spi-builder-workspace/.derivedData/ModuleCache.noindex/QuartzCore-AONI1PEHA9EGP1SL9U304BA86.pcm
SwiftExplicitDependencyGeneratePcm arm64 /Users/admin/builder/spi-builder-workspace/.derivedData/ModuleCache.noindex/CoreImage-7NM2KR62BLJKLENJCQYVDAFSI.pcm
SwiftExplicitDependencyGeneratePcm arm64 /Users/admin/builder/spi-builder-workspace/.derivedData/ModuleCache.noindex/SwiftUICore-4AP3GC1NYOR4UAML8SFZC6O60.pcm
SwiftExplicitDependencyGeneratePcm arm64 /Users/admin/builder/spi-builder-workspace/.derivedData/ModuleCache.noindex/UIKit-8XOQ9ATLXJUJZ75PS52F01JON.pcm
SwiftExplicitDependencyGeneratePcm arm64 /Users/admin/builder/spi-builder-workspace/.derivedData/ModuleCache.noindex/SwiftUI-AZ9G3Q344DTDUQL0WH9L9H0CY.pcm
SwiftEmitModule normal arm64 Emitting\ module\ for\ GuildAds (in target 'GuildAds' from project 'GuildAdsSDK')
EmitSwiftModule normal arm64 (in target 'GuildAds' from project 'GuildAdsSDK')
cd /Users/admin/builder/spi-builder-workspace/.swiftpm/xcode
SwiftCompile normal arm64 Compiling\ Persistence.swift /Users/admin/builder/spi-builder-workspace/Sources/GuildAds/Internal/Persistence.swift (in target 'GuildAds' from project 'GuildAdsSDK')
SwiftCompile normal arm64 /Users/admin/builder/spi-builder-workspace/Sources/GuildAds/Internal/Persistence.swift (in target 'GuildAds' from project 'GuildAdsSDK')
cd /Users/admin/builder/spi-builder-workspace/.swiftpm/xcode
SwiftCompile normal arm64 Compiling\ GuildAdsConfiguration.swift /Users/admin/builder/spi-builder-workspace/Sources/GuildAds/GuildAdsConfiguration.swift (in target 'GuildAds' from project 'GuildAdsSDK')
SwiftCompile normal arm64 /Users/admin/builder/spi-builder-workspace/Sources/GuildAds/GuildAdsConfiguration.swift (in target 'GuildAds' from project 'GuildAdsSDK')
cd /Users/admin/builder/spi-builder-workspace/.swiftpm/xcode
SwiftCompile normal arm64 Compiling\ Payloads.swift /Users/admin/builder/spi-builder-workspace/Sources/GuildAds/Internal/Payloads.swift (in target 'GuildAds' from project 'GuildAdsSDK')
SwiftCompile normal arm64 /Users/admin/builder/spi-builder-workspace/Sources/GuildAds/Internal/Payloads.swift (in target 'GuildAds' from project 'GuildAdsSDK')
cd /Users/admin/builder/spi-builder-workspace/.swiftpm/xcode
SwiftCompile normal arm64 Compiling\ GuildAdsClient.swift /Users/admin/builder/spi-builder-workspace/Sources/GuildAds/Internal/GuildAdsClient.swift (in target 'GuildAds' from project 'GuildAdsSDK')
SwiftCompile normal arm64 /Users/admin/builder/spi-builder-workspace/Sources/GuildAds/Internal/GuildAdsClient.swift (in target 'GuildAds' from project 'GuildAdsSDK')
cd /Users/admin/builder/spi-builder-workspace/.swiftpm/xcode
SwiftCompile normal arm64 Compiling\ GuildAd.swift /Users/admin/builder/spi-builder-workspace/Sources/GuildAds/GuildAd.swift (in target 'GuildAds' from project 'GuildAdsSDK')
SwiftCompile normal arm64 /Users/admin/builder/spi-builder-workspace/Sources/GuildAds/GuildAd.swift (in target 'GuildAds' from project 'GuildAdsSDK')
cd /Users/admin/builder/spi-builder-workspace/.swiftpm/xcode
SwiftCompile normal arm64 Compiling\ resource_bundle_accessor.swift /Users/admin/builder/spi-builder-workspace/.derivedData/Build/Intermediates.noindex/GuildAdsSDK.build/Debug-appletvos/GuildAds.build/DerivedSources/resource_bundle_accessor.swift (in target 'GuildAds' from project 'GuildAdsSDK')
SwiftCompile normal arm64 /Users/admin/builder/spi-builder-workspace/.derivedData/Build/Intermediates.noindex/GuildAdsSDK.build/Debug-appletvos/GuildAds.build/DerivedSources/resource_bundle_accessor.swift (in target 'GuildAds' from project 'GuildAdsSDK')
cd /Users/admin/builder/spi-builder-workspace/.swiftpm/xcode
SwiftCompile normal arm64 Compiling\ GuildAdsAPI.swift /Users/admin/builder/spi-builder-workspace/Sources/GuildAds/Internal/GuildAdsAPI.swift (in target 'GuildAds' from project 'GuildAdsSDK')
SwiftCompile normal arm64 /Users/admin/builder/spi-builder-workspace/Sources/GuildAds/Internal/GuildAdsAPI.swift (in target 'GuildAds' from project 'GuildAdsSDK')
cd /Users/admin/builder/spi-builder-workspace/.swiftpm/xcode
SwiftCompile normal arm64 Compiling\ GuildAds.swift /Users/admin/builder/spi-builder-workspace/Sources/GuildAds/GuildAds.swift (in target 'GuildAds' from project 'GuildAdsSDK')
SwiftCompile normal arm64 /Users/admin/builder/spi-builder-workspace/Sources/GuildAds/GuildAds.swift (in target 'GuildAds' from project 'GuildAdsSDK')
cd /Users/admin/builder/spi-builder-workspace/.swiftpm/xcode
SwiftCompile normal arm64 Compiling\ Reachability.swift /Users/admin/builder/spi-builder-workspace/Sources/GuildAds/Internal/Reachability.swift (in target 'GuildAds' from project 'GuildAdsSDK')
SwiftCompile normal arm64 /Users/admin/builder/spi-builder-workspace/Sources/GuildAds/Internal/Reachability.swift (in target 'GuildAds' from project 'GuildAdsSDK')
cd /Users/admin/builder/spi-builder-workspace/.swiftpm/xcode
SwiftCompile normal arm64 Compiling\ GuildAdsBanner.swift /Users/admin/builder/spi-builder-workspace/Sources/GuildAds/GuildAdsBanner.swift (in target 'GuildAds' from project 'GuildAdsSDK')
Failed frontend command:
/Applications/Xcode-26.4.0.app/Contents/Developer/Toolchains/XcodeDefault.xctoolchain/usr/bin/swift-frontend -frontend -c /Users/admin/builder/spi-builder-workspace/.derivedData/Build/Intermediates.noindex/GuildAdsSDK.build/Debug-appletvos/GuildAds.build/DerivedSources/resource_bundle_accessor.swift /Users/admin/builder/spi-builder-workspace/Sources/GuildAds/GuildAd.swift /Users/admin/builder/spi-builder-workspace/Sources/GuildAds/GuildAds.swift -primary-file /Users/admin/builder/spi-builder-workspace/Sources/GuildAds/GuildAdsBanner.swift /Users/admin/builder/spi-builder-workspace/Sources/GuildAds/GuildAdsConfiguration.swift /Users/admin/builder/spi-builder-workspace/Sources/GuildAds/Internal/GuildAdsAPI.swift /Users/admin/builder/spi-builder-workspace/Sources/GuildAds/Internal/GuildAdsClient.swift /Users/admin/builder/spi-builder-workspace/Sources/GuildAds/Internal/Payloads.swift /Users/admin/builder/spi-builder-workspace/Sources/GuildAds/Internal/Persistence.swift /Users/admin/builder/spi-builder-workspace/Sources/GuildAds/Internal/Reachability.swift -emit-dependencies-path /Users/admin/builder/spi-builder-workspace/.derivedData/Build/Intermediates.noindex/GuildAdsSDK.build/Debug-appletvos/GuildAds.build/Objects-normal/arm64/GuildAdsBanner.d -emit-const-values-path /Users/admin/builder/spi-builder-workspace/.derivedData/Build/Intermediates.noindex/GuildAdsSDK.build/Debug-appletvos/GuildAds.build/Objects-normal/arm64/GuildAdsBanner.swiftconstvalues -emit-reference-dependencies-path /Users/admin/builder/spi-builder-workspace/.derivedData/Build/Intermediates.noindex/GuildAdsSDK.build/Debug-appletvos/GuildAds.build/Objects-normal/arm64/GuildAdsBanner.swiftdeps -serialize-diagnostics-path /Users/admin/builder/spi-builder-workspace/.derivedData/Build/Intermediates.noindex/GuildAdsSDK.build/Debug-appletvos/GuildAds.build/Objects-normal/arm64/GuildAdsBanner.dia -target arm64-apple-tvos15.0 -module-can-import-version UIKit 9126.4.27.1 9126.4.27 -load-resolved-plugin /Applications/Xcode-26.4.0.app/Contents/Developer/Platforms/AppleTVOS.platform/Developer/usr/lib/swift/host/plugins/libFoundationMacros.dylib\#/Applications/Xcode-26.4.0.app/Contents/Developer/Platforms/AppleTVOS.platform/Developer/usr/bin/swift-plugin-server\#FoundationMacros -load-resolved-plugin /Applications/Xcode-26.4.0.app/Contents/Developer/Platforms/AppleTVOS.platform/Developer/usr/lib/swift/host/plugins/libObservationMacros.dylib\#/Applications/Xcode-26.4.0.app/Contents/Developer/Platforms/AppleTVOS.platform/Developer/usr/bin/swift-plugin-server\#ObservationMacros -load-resolved-plugin /Applications/Xcode-26.4.0.app/Contents/Developer/Platforms/AppleTVOS.platform/Developer/usr/lib/swift/host/plugins/libPreviewsMacros.dylib\#/Applications/Xcode-26.4.0.app/Contents/Developer/Platforms/AppleTVOS.platform/Developer/usr/bin/swift-plugin-server\#PreviewsMacros -load-resolved-plugin /Applications/Xcode-26.4.0.app/Contents/Developer/Platforms/AppleTVOS.platform/Developer/usr/lib/swift/host/plugins/libSwiftMacros.dylib\#/Applications/Xcode-26.4.0.app/Contents/Developer/Platforms/AppleTVOS.platform/Developer/usr/bin/swift-plugin-server\#SwiftMacros -load-resolved-plugin /Applications/Xcode-26.4.0.app/Contents/Developer/Platforms/AppleTVOS.platform/Developer/usr/lib/swift/host/plugins/libSwiftUIMacros.dylib\#/Applications/Xcode-26.4.0.app/Contents/Developer/Platforms/AppleTVOS.platform/Developer/usr/bin/swift-plugin-server\#SwiftUIMacros -disable-implicit-swift-modules -Xcc -fno-implicit-modules -Xcc -fno-implicit-module-maps -explicit-swift-module-map-file /Users/admin/builder/spi-builder-workspace/.derivedData/Build/Intermediates.noindex/GuildAdsSDK.build/Debug-appletvos/GuildAds.build/Objects-normal/arm64/GuildAds-dependencies-1.json -debug-module-path /Users/admin/builder/spi-builder-workspace/.derivedData/Build/Intermediates.noindex/GuildAdsSDK.build/Debug-appletvos/GuildAds.build/Objects-normal/arm64/GuildAds.swiftmodule -Xllvm -aarch64-use-tbi -enable-objc-interop -stack-check -sdk /Applications/Xcode-26.4.0.app/Contents/Developer/Platforms/AppleTVOS.platform/Developer/SDKs/AppleTVOS26.4.sdk -I /Users/admin/builder/spi-builder-workspace/.derivedData/Build/Products/Debug-appletvos -Isystem /Applications/Xcode-26.4.0.app/Contents/Developer/Platforms/AppleTVOS.platform/Developer/usr/lib -F /Users/admin/builder/spi-builder-workspace/.derivedData/Build/Products/Debug-appletvos -F /Applications/Xcode-26.4.0.app/Contents/Developer/Platforms/AppleTVOS.platform/Developer/Library/Frameworks -F /Applications/Xcode-26.4.0.app/Contents/Developer/Platforms/AppleTVOS.platform/Developer/SDKs/AppleTVOS26.4.sdk/Developer/Library/Frameworks -no-color-diagnostics -Xcc -fno-color-diagnostics -enable-testing -g -debug-info-format\=dwarf -dwarf-version\=4 -module-cache-path /Users/admin/builder/spi-builder-workspace/.derivedData/Build/Intermediates.noindex/SwiftExplicitPrecompiledModules -profile-generate -profile-coverage-mapping -swift-version 6 -Onone -D SWIFT_PACKAGE -D DEBUG -D SWIFT_MODULE_RESOURCE_BUNDLE_AVAILABLE -D Xcode -serialize-debugging-options -const-gather-protocols-file /Users/admin/builder/spi-builder-workspace/.derivedData/Build/Intermediates.noindex/GuildAdsSDK.build/Debug-appletvos/GuildAds.build/Objects-normal/arm64/GuildAds_const_extract_protocols.json -enable-experimental-feature DebugDescriptionMacro -empty-abi-descriptor -validate-clang-modules-once -clang-build-session-file /Users/admin/builder/spi-builder-workspace/.derivedData/ModuleCache.noindex/Session.modulevalidation -Xcc -working-directory -Xcc /Users/admin/builder/spi-builder-workspace/.swiftpm/xcode -enable-anonymous-context-mangled-names -file-compilation-dir /Users/admin/builder/spi-builder-workspace/.swiftpm/xcode -Xcc -D_LIBCPP_HARDENING_MODE\=_LIBCPP_HARDENING_MODE_DEBUG -Xcc -ivfsstatcache -Xcc /Users/admin/builder/spi-builder-workspace/.derivedData/SDKStatCaches.noindex/appletvos26.4-23L236-688ef53f1462e2c8f657fdc38a81448fe9417fc108aa677fd4261ecaa021a5e7.sdkstatcache -Xcc -I/Users/admin/builder/spi-builder-workspace/.derivedData/Build/Intermediates.noindex/GuildAdsSDK.build/Debug-appletvos/GuildAds.build/swift-overrides.hmap -Xcc -I/Users/admin/builder/spi-builder-workspace/.derivedData/Build/Products/Debug-appletvos/include -Xcc -I/Users/admin/builder/spi-builder-workspace/.derivedData/Build/Intermediates.noindex/GuildAdsSDK.build/Debug-appletvos/GuildAds.build/DerivedSources-normal/arm64 -Xcc -I/Users/admin/builder/spi-builder-workspace/.derivedData/Build/Intermediates.noindex/GuildAdsSDK.build/Debug-appletvos/GuildAds.build/DerivedSources/arm64 -Xcc -I/Users/admin/builder/spi-builder-workspace/.derivedData/Build/Intermediates.noindex/GuildAdsSDK.build/Debug-appletvos/GuildAds.build/DerivedSources -Xcc -DSWIFT_PACKAGE -Xcc -DDEBUG\=1 -no-auto-bridging-header-chaining -module-name GuildAds -package-name spi_builder_workspace -frontend-parseable-output -disable-clang-spi -clang-target arm64-apple-tvos26.4 -target-sdk-version 26.4 -target-sdk-name appletvos26.4 -in-process-plugin-server-path /Applications/Xcode-26.4.0.app/Contents/Developer/Toolchains/XcodeDefault.xctoolchain/usr/lib/swift/host/libSwiftInProcPluginServer.dylib -o /Users/admin/builder/spi-builder-workspace/.derivedData/Build/Intermediates.noindex/GuildAdsSDK.build/Debug-appletvos/GuildAds.build/Objects-normal/arm64/GuildAdsBanner.o -index-unit-output-path /GuildAdsSDK.build/Debug-appletvos/GuildAds.build/Objects-normal/arm64/GuildAdsBanner.o -index-store-path /Users/admin/builder/spi-builder-workspace/.derivedData/Index.noindex/DataStore -index-system-modules
SwiftCompile normal arm64 /Users/admin/builder/spi-builder-workspace/Sources/GuildAds/GuildAdsBanner.swift (in target 'GuildAds' from project 'GuildAdsSDK')
cd /Users/admin/builder/spi-builder-workspace/.swiftpm/xcode
/Users/admin/builder/spi-builder-workspace/Sources/GuildAds/GuildAdsBanner.swift:393:21: error: 'glassEffect(_:in:)' is only available in tvOS 26.0 or newer
content.glassEffect(.regular.interactive(), in: shape)
^
/Users/admin/builder/spi-builder-workspace/Sources/GuildAds/GuildAdsBanner.swift:393:21: note: add 'if #available' version check
content.glassEffect(.regular.interactive(), in: shape)
^
/Users/admin/builder/spi-builder-workspace/Sources/GuildAds/GuildAdsBanner.swift:387:10: note: add '@available' attribute to enclosing instance method
func body(content: Content) -> some View {
^
/Users/admin/builder/spi-builder-workspace/Sources/GuildAds/GuildAdsBanner.swift:383:16: note: add '@available' attribute to enclosing struct
private struct GuildAdsBannerGlassEffect: ViewModifier {
^
SwiftDriverJobDiscovery normal arm64 Emitting module for GuildAds (in target 'GuildAds' from project 'GuildAdsSDK')
SwiftDriver\ Compilation\ Requirements GuildAds normal arm64 com.apple.xcode.tools.swift.compiler (in target 'GuildAds' from project 'GuildAdsSDK')
cd /Users/admin/builder/spi-builder-workspace/.swiftpm/xcode
builtin-Swift-Compilation-Requirements -- /Applications/Xcode-26.4.0.app/Contents/Developer/Toolchains/XcodeDefault.xctoolchain/usr/bin/swiftc -module-name GuildAds -Onone @/Users/admin/builder/spi-builder-workspace/.derivedData/Build/Intermediates.noindex/GuildAdsSDK.build/Debug-appletvos/GuildAds.build/Objects-normal/arm64/GuildAds.SwiftFileList -DSWIFT_PACKAGE -DDEBUG -DSWIFT_MODULE_RESOURCE_BUNDLE_AVAILABLE -DXcode -plugin-path /Applications/Xcode-26.4.0.app/Contents/Developer/Toolchains/XcodeDefault.xctoolchain/usr/lib/swift/host/plugins/testing -enable-experimental-feature DebugDescriptionMacro -sdk /Applications/Xcode-26.4.0.app/Contents/Developer/Platforms/AppleTVOS.platform/Developer/SDKs/AppleTVOS26.4.sdk -target arm64-apple-tvos15.0 -g -module-cache-path /Users/admin/builder/spi-builder-workspace/.derivedData/ModuleCache.noindex -Xfrontend -serialize-debugging-options -profile-coverage-mapping -profile-generate -enable-testing -index-store-path /Users/admin/builder/spi-builder-workspace/.derivedData/Index.noindex/DataStore -Xcc -D_LIBCPP_HARDENING_MODE\=_LIBCPP_HARDENING_MODE_DEBUG -swift-version 6 -I /Users/admin/builder/spi-builder-workspace/.derivedData/Build/Products/Debug-appletvos -Isystem /Applications/Xcode-26.4.0.app/Contents/Developer/Platforms/AppleTVOS.platform/Developer/usr/lib -F /Users/admin/builder/spi-builder-workspace/.derivedData/Build/Products/Debug-appletvos -F /Applications/Xcode-26.4.0.app/Contents/Developer/Platforms/AppleTVOS.platform/Developer/Library/Frameworks -F /Applications/Xcode-26.4.0.app/Contents/Developer/Platforms/AppleTVOS.platform/Developer/SDKs/AppleTVOS26.4.sdk/Developer/Library/Frameworks -c -j10 -enable-batch-mode -incremental -Xcc -ivfsstatcache -Xcc /Users/admin/builder/spi-builder-workspace/.derivedData/SDKStatCaches.noindex/appletvos26.4-23L236-688ef53f1462e2c8f657fdc38a81448fe9417fc108aa677fd4261ecaa021a5e7.sdkstatcache -output-file-map /Users/admin/builder/spi-builder-workspace/.derivedData/Build/Intermediates.noindex/GuildAdsSDK.build/Debug-appletvos/GuildAds.build/Objects-normal/arm64/GuildAds-OutputFileMap.json -use-frontend-parseable-output -save-temps -no-color-diagnostics -explicit-module-build -module-cache-path /Users/admin/builder/spi-builder-workspace/.derivedData/Build/Intermediates.noindex/SwiftExplicitPrecompiledModules -clang-scanner-module-cache-path /Users/admin/builder/spi-builder-workspace/.derivedData/ModuleCache.noindex -sdk-module-cache-path /Users/admin/builder/spi-builder-workspace/.derivedData/ModuleCache.noindex -serialize-diagnostics -emit-dependencies -emit-module -emit-module-path /Users/admin/builder/spi-builder-workspace/.derivedData/Build/Intermediates.noindex/GuildAdsSDK.build/Debug-appletvos/GuildAds.build/Objects-normal/arm64/GuildAds.swiftmodule -validate-clang-modules-once -clang-build-session-file /Users/admin/builder/spi-builder-workspace/.derivedData/ModuleCache.noindex/Session.modulevalidation -package-name spi_builder_workspace -Xcc -I/Users/admin/builder/spi-builder-workspace/.derivedData/Build/Intermediates.noindex/GuildAdsSDK.build/Debug-appletvos/GuildAds.build/swift-overrides.hmap -emit-const-values -Xfrontend -const-gather-protocols-file -Xfrontend /Users/admin/builder/spi-builder-workspace/.derivedData/Build/Intermediates.noindex/GuildAdsSDK.build/Debug-appletvos/GuildAds.build/Objects-normal/arm64/GuildAds_const_extract_protocols.json -Xcc -I/Users/admin/builder/spi-builder-workspace/.derivedData/Build/Products/Debug-appletvos/include -Xcc -I/Users/admin/builder/spi-builder-workspace/.derivedData/Build/Intermediates.noindex/GuildAdsSDK.build/Debug-appletvos/GuildAds.build/DerivedSources-normal/arm64 -Xcc -I/Users/admin/builder/spi-builder-workspace/.derivedData/Build/Intermediates.noindex/GuildAdsSDK.build/Debug-appletvos/GuildAds.build/DerivedSources/arm64 -Xcc -I/Users/admin/builder/spi-builder-workspace/.derivedData/Build/Intermediates.noindex/GuildAdsSDK.build/Debug-appletvos/GuildAds.build/DerivedSources -Xcc -DSWIFT_PACKAGE -Xcc -DDEBUG\=1 -emit-objc-header -emit-objc-header-path /Users/admin/builder/spi-builder-workspace/.derivedData/Build/Intermediates.noindex/GuildAdsSDK.build/Debug-appletvos/GuildAds.build/Objects-normal/arm64/GuildAds-Swift.h -working-directory /Users/admin/builder/spi-builder-workspace/.swiftpm/xcode -experimental-emit-module-separately -disable-cmo
SwiftDriverJobDiscovery normal arm64 Compiling resource_bundle_accessor.swift (in target 'GuildAds' from project 'GuildAdsSDK')
SwiftDriverJobDiscovery normal arm64 Compiling GuildAdsConfiguration.swift (in target 'GuildAds' from project 'GuildAdsSDK')
SwiftMergeGeneratedHeaders /Users/admin/builder/spi-builder-workspace/.derivedData/Build/Intermediates.noindex/GeneratedModuleMaps-appletvos/GuildAds-Swift.h /Users/admin/builder/spi-builder-workspace/.derivedData/Build/Intermediates.noindex/GuildAdsSDK.build/Debug-appletvos/GuildAds.build/Objects-normal/arm64/GuildAds-Swift.h (in target 'GuildAds' from project 'GuildAdsSDK')
cd /Users/admin/builder/spi-builder-workspace
builtin-swiftHeaderTool -arch arm64 /Users/admin/builder/spi-builder-workspace/.derivedData/Build/Intermediates.noindex/GuildAdsSDK.build/Debug-appletvos/GuildAds.build/Objects-normal/arm64/GuildAds-Swift.h -o /Users/admin/builder/spi-builder-workspace/.derivedData/Build/Intermediates.noindex/GeneratedModuleMaps-appletvos/GuildAds-Swift.h
Copy /Users/admin/builder/spi-builder-workspace/.derivedData/Build/Products/Debug-appletvos/GuildAds.swiftmodule/arm64-apple-tvos.swiftmodule /Users/admin/builder/spi-builder-workspace/.derivedData/Build/Intermediates.noindex/GuildAdsSDK.build/Debug-appletvos/GuildAds.build/Objects-normal/arm64/GuildAds.swiftmodule (in target 'GuildAds' from project 'GuildAdsSDK')
cd /Users/admin/builder/spi-builder-workspace
builtin-copy -exclude .DS_Store -exclude CVS -exclude .svn -exclude .git -exclude .hg -resolve-src-symlinks -rename /Users/admin/builder/spi-builder-workspace/.derivedData/Build/Intermediates.noindex/GuildAdsSDK.build/Debug-appletvos/GuildAds.build/Objects-normal/arm64/GuildAds.swiftmodule /Users/admin/builder/spi-builder-workspace/.derivedData/Build/Products/Debug-appletvos/GuildAds.swiftmodule/arm64-apple-tvos.swiftmodule
Copy /Users/admin/builder/spi-builder-workspace/.derivedData/Build/Products/Debug-appletvos/GuildAds.swiftmodule/arm64-apple-tvos.swiftdoc /Users/admin/builder/spi-builder-workspace/.derivedData/Build/Intermediates.noindex/GuildAdsSDK.build/Debug-appletvos/GuildAds.build/Objects-normal/arm64/GuildAds.swiftdoc (in target 'GuildAds' from project 'GuildAdsSDK')
cd /Users/admin/builder/spi-builder-workspace
builtin-copy -exclude .DS_Store -exclude CVS -exclude .svn -exclude .git -exclude .hg -resolve-src-symlinks -rename /Users/admin/builder/spi-builder-workspace/.derivedData/Build/Intermediates.noindex/GuildAdsSDK.build/Debug-appletvos/GuildAds.build/Objects-normal/arm64/GuildAds.swiftdoc /Users/admin/builder/spi-builder-workspace/.derivedData/Build/Products/Debug-appletvos/GuildAds.swiftmodule/arm64-apple-tvos.swiftdoc
Copy /Users/admin/builder/spi-builder-workspace/.derivedData/Build/Products/Debug-appletvos/GuildAds.swiftmodule/arm64-apple-tvos.abi.json /Users/admin/builder/spi-builder-workspace/.derivedData/Build/Intermediates.noindex/GuildAdsSDK.build/Debug-appletvos/GuildAds.build/Objects-normal/arm64/GuildAds.abi.json (in target 'GuildAds' from project 'GuildAdsSDK')
cd /Users/admin/builder/spi-builder-workspace
builtin-copy -exclude .DS_Store -exclude CVS -exclude .svn -exclude .git -exclude .hg -resolve-src-symlinks -rename /Users/admin/builder/spi-builder-workspace/.derivedData/Build/Intermediates.noindex/GuildAdsSDK.build/Debug-appletvos/GuildAds.build/Objects-normal/arm64/GuildAds.abi.json /Users/admin/builder/spi-builder-workspace/.derivedData/Build/Products/Debug-appletvos/GuildAds.swiftmodule/arm64-apple-tvos.abi.json
Copy /Users/admin/builder/spi-builder-workspace/.derivedData/Build/Products/Debug-appletvos/GuildAds.swiftmodule/Project/arm64-apple-tvos.swiftsourceinfo /Users/admin/builder/spi-builder-workspace/.derivedData/Build/Intermediates.noindex/GuildAdsSDK.build/Debug-appletvos/GuildAds.build/Objects-normal/arm64/GuildAds.swiftsourceinfo (in target 'GuildAds' from project 'GuildAdsSDK')
cd /Users/admin/builder/spi-builder-workspace
builtin-copy -exclude .DS_Store -exclude CVS -exclude .svn -exclude .git -exclude .hg -resolve-src-symlinks -rename /Users/admin/builder/spi-builder-workspace/.derivedData/Build/Intermediates.noindex/GuildAdsSDK.build/Debug-appletvos/GuildAds.build/Objects-normal/arm64/GuildAds.swiftsourceinfo /Users/admin/builder/spi-builder-workspace/.derivedData/Build/Products/Debug-appletvos/GuildAds.swiftmodule/Project/arm64-apple-tvos.swiftsourceinfo
SwiftDriverJobDiscovery normal arm64 Compiling GuildAd.swift (in target 'GuildAds' from project 'GuildAdsSDK')
SwiftDriverJobDiscovery normal arm64 Compiling GuildAdsAPI.swift (in target 'GuildAds' from project 'GuildAdsSDK')
SwiftDriverJobDiscovery normal arm64 Compiling Persistence.swift (in target 'GuildAds' from project 'GuildAdsSDK')
SwiftDriverJobDiscovery normal arm64 Compiling Reachability.swift (in target 'GuildAds' from project 'GuildAdsSDK')
SwiftDriverJobDiscovery normal arm64 Compiling GuildAdsClient.swift (in target 'GuildAds' from project 'GuildAdsSDK')
2026-07-15 01:20:39.168 xcodebuild[698:4421] [MT] IDERunDestination: Supported platforms for the buildables in the current scheme is empty.
** BUILD FAILED **
The following build commands failed:
SwiftCompile normal arm64 Compiling\ GuildAdsBanner.swift /Users/admin/builder/spi-builder-workspace/Sources/GuildAds/GuildAdsBanner.swift (in target 'GuildAds' from project 'GuildAdsSDK')
SwiftCompile normal arm64 /Users/admin/builder/spi-builder-workspace/Sources/GuildAds/GuildAdsBanner.swift (in target 'GuildAds' from project 'GuildAdsSDK')
Building workspace spi-builder-workspace with scheme GuildAdsSDK
(3 failures)
Command line invocation:
/Applications/Xcode-26.4.0.app/Contents/Developer/usr/bin/xcodebuild -IDEClonedSourcePackagesDirPathOverride=/Users/admin/builder/spi-builder-workspace/.dependencies -resolvePackageDependencies
Resolve Package Graph
Resolved source packages:
GuildAdsSDK: /Users/admin/builder/spi-builder-workspace
resolved source packages: GuildAdsSDK
2026-07-15 01:20:49.579 xcodebuild[786:4788] [MT] IDERunDestination: Supported platforms for the buildables in the current scheme is empty.
{
"dependencies" : [
],
"manifest_display_name" : "GuildAdsSDK",
"name" : "GuildAdsSDK",
"path" : "/Users/admin/builder/spi-builder-workspace",
"platforms" : [
{
"name" : "ios",
"version" : "15.0"
},
{
"name" : "macos",
"version" : "13.0"
}
],
"products" : [
{
"name" : "GuildAds",
"targets" : [
"GuildAds"
],
"type" : {
"library" : [
"automatic"
]
}
}
],
"targets" : [
{
"c99name" : "GuildAdsTests",
"module_type" : "SwiftTarget",
"name" : "GuildAdsTests",
"path" : "Tests/GuildAdsTests",
"sources" : [
"GuildAdsTests.swift"
],
"target_dependencies" : [
"GuildAds"
],
"type" : "test"
},
{
"c99name" : "GuildAds",
"module_type" : "SwiftTarget",
"name" : "GuildAds",
"path" : "Sources/GuildAds",
"product_memberships" : [
"GuildAds"
],
"resources" : [
{
"path" : "/Users/admin/builder/spi-builder-workspace/Sources/GuildAds/PrivacyInfo.xcprivacy",
"rule" : {
"copy" : {
}
}
}
],
"sources" : [
"GuildAd.swift",
"GuildAds.swift",
"GuildAdsBanner.swift",
"GuildAdsConfiguration.swift",
"Internal/GuildAdsAPI.swift",
"Internal/GuildAdsClient.swift",
"Internal/Payloads.swift",
"Internal/Persistence.swift",
"Internal/Reachability.swift"
],
"type" : "library"
}
],
"tools_version" : "6.2"
}
{
"workspace" : {
"name" : "spi-builder-workspace",
"schemes" : [
"GuildAdsSDK"
]
}
}
2026-07-15 01:20:50.699 xcodebuild[796:4868] [MT] IDERunDestination: Supported platforms for the buildables in the current scheme is empty.
Running build ...
env DEVELOPER_DIR=/Applications/Xcode-26.4.0.app xcrun xcodebuild -IDEClonedSourcePackagesDirPathOverride=$PWD/.dependencies -skipMacroValidation -skipPackagePluginValidation -derivedDataPath $PWD/.derivedData build -scheme GuildAdsSDK -destination generic/platform=tvOS
Command line invocation:
/Applications/Xcode-26.4.0.app/Contents/Developer/usr/bin/xcodebuild -IDEClonedSourcePackagesDirPathOverride=/Users/admin/builder/spi-builder-workspace/.dependencies -skipMacroValidation -skipPackagePluginValidation -derivedDataPath /Users/admin/builder/spi-builder-workspace/.derivedData build -scheme GuildAdsSDK -destination generic/platform=tvOS
Resolve Package Graph
Resolved source packages:
GuildAdsSDK: /Users/admin/builder/spi-builder-workspace
ComputePackagePrebuildTargetDependencyGraph
Prepare packages
CreateBuildRequest
SendProjectDescription
CreateBuildOperation
ComputeTargetDependencyGraph
note: Building targets in dependency order
note: Target dependency graph (3 targets)
Target 'GuildAds' in project 'GuildAdsSDK'
➜ Explicit dependency on target 'GuildAds' in project 'GuildAdsSDK'
➜ Explicit dependency on target 'GuildAdsSDK_GuildAds' in project 'GuildAdsSDK'
Target 'GuildAds' in project 'GuildAdsSDK'
➜ Explicit dependency on target 'GuildAdsSDK_GuildAds' in project 'GuildAdsSDK'
Target 'GuildAdsSDK_GuildAds' in project 'GuildAdsSDK' (no dependencies)
GatherProvisioningInputs
CreateBuildDescription
ClangStatCache /Applications/Xcode-26.4.0.app/Contents/Developer/Toolchains/XcodeDefault.xctoolchain/usr/bin/clang-stat-cache /Applications/Xcode-26.4.0.app/Contents/Developer/Platforms/AppleTVOS.platform/Developer/SDKs/AppleTVOS26.4.sdk /Users/admin/builder/spi-builder-workspace/.derivedData/SDKStatCaches.noindex/appletvos26.4-23L236-688ef53f1462e2c8f657fdc38a81448fe9417fc108aa677fd4261ecaa021a5e7.sdkstatcache
cd /Users/admin/builder/spi-builder-workspace/.swiftpm/xcode
/Applications/Xcode-26.4.0.app/Contents/Developer/Toolchains/XcodeDefault.xctoolchain/usr/bin/clang-stat-cache /Applications/Xcode-26.4.0.app/Contents/Developer/Platforms/AppleTVOS.platform/Developer/SDKs/AppleTVOS26.4.sdk -o /Users/admin/builder/spi-builder-workspace/.derivedData/SDKStatCaches.noindex/appletvos26.4-23L236-688ef53f1462e2c8f657fdc38a81448fe9417fc108aa677fd4261ecaa021a5e7.sdkstatcache
SwiftDriver GuildAds normal arm64 com.apple.xcode.tools.swift.compiler (in target 'GuildAds' from project 'GuildAdsSDK')
cd /Users/admin/builder/spi-builder-workspace/.swiftpm/xcode
builtin-SwiftDriver -- /Applications/Xcode-26.4.0.app/Contents/Developer/Toolchains/XcodeDefault.xctoolchain/usr/bin/swiftc -module-name GuildAds -Onone @/Users/admin/builder/spi-builder-workspace/.derivedData/Build/Intermediates.noindex/GuildAdsSDK.build/Debug-appletvos/GuildAds.build/Objects-normal/arm64/GuildAds.SwiftFileList -DSWIFT_PACKAGE -DDEBUG -DSWIFT_MODULE_RESOURCE_BUNDLE_AVAILABLE -DXcode -plugin-path /Applications/Xcode-26.4.0.app/Contents/Developer/Toolchains/XcodeDefault.xctoolchain/usr/lib/swift/host/plugins/testing -enable-experimental-feature DebugDescriptionMacro -sdk /Applications/Xcode-26.4.0.app/Contents/Developer/Platforms/AppleTVOS.platform/Developer/SDKs/AppleTVOS26.4.sdk -target arm64-apple-tvos15.0 -g -module-cache-path /Users/admin/builder/spi-builder-workspace/.derivedData/ModuleCache.noindex -Xfrontend -serialize-debugging-options -profile-coverage-mapping -profile-generate -enable-testing -index-store-path /Users/admin/builder/spi-builder-workspace/.derivedData/Index.noindex/DataStore -Xcc -D_LIBCPP_HARDENING_MODE\=_LIBCPP_HARDENING_MODE_DEBUG -swift-version 6 -I /Users/admin/builder/spi-builder-workspace/.derivedData/Build/Products/Debug-appletvos -Isystem /Applications/Xcode-26.4.0.app/Contents/Developer/Platforms/AppleTVOS.platform/Developer/usr/lib -F /Users/admin/builder/spi-builder-workspace/.derivedData/Build/Products/Debug-appletvos -F /Applications/Xcode-26.4.0.app/Contents/Developer/Platforms/AppleTVOS.platform/Developer/Library/Frameworks -F /Applications/Xcode-26.4.0.app/Contents/Developer/Platforms/AppleTVOS.platform/Developer/SDKs/AppleTVOS26.4.sdk/Developer/Library/Frameworks -c -j10 -enable-batch-mode -incremental -Xcc -ivfsstatcache -Xcc /Users/admin/builder/spi-builder-workspace/.derivedData/SDKStatCaches.noindex/appletvos26.4-23L236-688ef53f1462e2c8f657fdc38a81448fe9417fc108aa677fd4261ecaa021a5e7.sdkstatcache -output-file-map /Users/admin/builder/spi-builder-workspace/.derivedData/Build/Intermediates.noindex/GuildAdsSDK.build/Debug-appletvos/GuildAds.build/Objects-normal/arm64/GuildAds-OutputFileMap.json -use-frontend-parseable-output -save-temps -no-color-diagnostics -explicit-module-build -module-cache-path /Users/admin/builder/spi-builder-workspace/.derivedData/Build/Intermediates.noindex/SwiftExplicitPrecompiledModules -clang-scanner-module-cache-path /Users/admin/builder/spi-builder-workspace/.derivedData/ModuleCache.noindex -sdk-module-cache-path /Users/admin/builder/spi-builder-workspace/.derivedData/ModuleCache.noindex -serialize-diagnostics -emit-dependencies -emit-module -emit-module-path /Users/admin/builder/spi-builder-workspace/.derivedData/Build/Intermediates.noindex/GuildAdsSDK.build/Debug-appletvos/GuildAds.build/Objects-normal/arm64/GuildAds.swiftmodule -validate-clang-modules-once -clang-build-session-file /Users/admin/builder/spi-builder-workspace/.derivedData/ModuleCache.noindex/Session.modulevalidation -package-name spi_builder_workspace -Xcc -I/Users/admin/builder/spi-builder-workspace/.derivedData/Build/Intermediates.noindex/GuildAdsSDK.build/Debug-appletvos/GuildAds.build/swift-overrides.hmap -emit-const-values -Xfrontend -const-gather-protocols-file -Xfrontend /Users/admin/builder/spi-builder-workspace/.derivedData/Build/Intermediates.noindex/GuildAdsSDK.build/Debug-appletvos/GuildAds.build/Objects-normal/arm64/GuildAds_const_extract_protocols.json -Xcc -I/Users/admin/builder/spi-builder-workspace/.derivedData/Build/Products/Debug-appletvos/include -Xcc -I/Users/admin/builder/spi-builder-workspace/.derivedData/Build/Intermediates.noindex/GuildAdsSDK.build/Debug-appletvos/GuildAds.build/DerivedSources-normal/arm64 -Xcc -I/Users/admin/builder/spi-builder-workspace/.derivedData/Build/Intermediates.noindex/GuildAdsSDK.build/Debug-appletvos/GuildAds.build/DerivedSources/arm64 -Xcc -I/Users/admin/builder/spi-builder-workspace/.derivedData/Build/Intermediates.noindex/GuildAdsSDK.build/Debug-appletvos/GuildAds.build/DerivedSources -Xcc -DSWIFT_PACKAGE -Xcc -DDEBUG\=1 -emit-objc-header -emit-objc-header-path /Users/admin/builder/spi-builder-workspace/.derivedData/Build/Intermediates.noindex/GuildAdsSDK.build/Debug-appletvos/GuildAds.build/Objects-normal/arm64/GuildAds-Swift.h -working-directory /Users/admin/builder/spi-builder-workspace/.swiftpm/xcode -experimental-emit-module-separately -disable-cmo
SwiftCompile normal arm64 Compiling\ Payloads.swift /Users/admin/builder/spi-builder-workspace/Sources/GuildAds/Internal/Payloads.swift (in target 'GuildAds' from project 'GuildAdsSDK')
SwiftCompile normal arm64 /Users/admin/builder/spi-builder-workspace/Sources/GuildAds/Internal/Payloads.swift (in target 'GuildAds' from project 'GuildAdsSDK')
cd /Users/admin/builder/spi-builder-workspace/.swiftpm/xcode
SwiftEmitModule normal arm64 Emitting\ module\ for\ GuildAds (in target 'GuildAds' from project 'GuildAdsSDK')
EmitSwiftModule normal arm64 (in target 'GuildAds' from project 'GuildAdsSDK')
cd /Users/admin/builder/spi-builder-workspace/.swiftpm/xcode
SwiftCompile normal arm64 Compiling\ GuildAdsBanner.swift /Users/admin/builder/spi-builder-workspace/Sources/GuildAds/GuildAdsBanner.swift (in target 'GuildAds' from project 'GuildAdsSDK')
Failed frontend command:
/Applications/Xcode-26.4.0.app/Contents/Developer/Toolchains/XcodeDefault.xctoolchain/usr/bin/swift-frontend -frontend -c /Users/admin/builder/spi-builder-workspace/.derivedData/Build/Intermediates.noindex/GuildAdsSDK.build/Debug-appletvos/GuildAds.build/DerivedSources/resource_bundle_accessor.swift /Users/admin/builder/spi-builder-workspace/Sources/GuildAds/GuildAd.swift /Users/admin/builder/spi-builder-workspace/Sources/GuildAds/GuildAds.swift -primary-file /Users/admin/builder/spi-builder-workspace/Sources/GuildAds/GuildAdsBanner.swift /Users/admin/builder/spi-builder-workspace/Sources/GuildAds/GuildAdsConfiguration.swift /Users/admin/builder/spi-builder-workspace/Sources/GuildAds/Internal/GuildAdsAPI.swift /Users/admin/builder/spi-builder-workspace/Sources/GuildAds/Internal/GuildAdsClient.swift /Users/admin/builder/spi-builder-workspace/Sources/GuildAds/Internal/Payloads.swift /Users/admin/builder/spi-builder-workspace/Sources/GuildAds/Internal/Persistence.swift /Users/admin/builder/spi-builder-workspace/Sources/GuildAds/Internal/Reachability.swift -emit-dependencies-path /Users/admin/builder/spi-builder-workspace/.derivedData/Build/Intermediates.noindex/GuildAdsSDK.build/Debug-appletvos/GuildAds.build/Objects-normal/arm64/GuildAdsBanner.d -emit-const-values-path /Users/admin/builder/spi-builder-workspace/.derivedData/Build/Intermediates.noindex/GuildAdsSDK.build/Debug-appletvos/GuildAds.build/Objects-normal/arm64/GuildAdsBanner.swiftconstvalues -emit-reference-dependencies-path /Users/admin/builder/spi-builder-workspace/.derivedData/Build/Intermediates.noindex/GuildAdsSDK.build/Debug-appletvos/GuildAds.build/Objects-normal/arm64/GuildAdsBanner.swiftdeps -serialize-diagnostics-path /Users/admin/builder/spi-builder-workspace/.derivedData/Build/Intermediates.noindex/GuildAdsSDK.build/Debug-appletvos/GuildAds.build/Objects-normal/arm64/GuildAdsBanner.dia -target arm64-apple-tvos15.0 -module-can-import-version UIKit 9126.4.27.1 9126.4.27 -load-resolved-plugin /Applications/Xcode-26.4.0.app/Contents/Developer/Platforms/AppleTVOS.platform/Developer/usr/lib/swift/host/plugins/libFoundationMacros.dylib\#/Applications/Xcode-26.4.0.app/Contents/Developer/Platforms/AppleTVOS.platform/Developer/usr/bin/swift-plugin-server\#FoundationMacros -load-resolved-plugin /Applications/Xcode-26.4.0.app/Contents/Developer/Platforms/AppleTVOS.platform/Developer/usr/lib/swift/host/plugins/libObservationMacros.dylib\#/Applications/Xcode-26.4.0.app/Contents/Developer/Platforms/AppleTVOS.platform/Developer/usr/bin/swift-plugin-server\#ObservationMacros -load-resolved-plugin /Applications/Xcode-26.4.0.app/Contents/Developer/Platforms/AppleTVOS.platform/Developer/usr/lib/swift/host/plugins/libPreviewsMacros.dylib\#/Applications/Xcode-26.4.0.app/Contents/Developer/Platforms/AppleTVOS.platform/Developer/usr/bin/swift-plugin-server\#PreviewsMacros -load-resolved-plugin /Applications/Xcode-26.4.0.app/Contents/Developer/Platforms/AppleTVOS.platform/Developer/usr/lib/swift/host/plugins/libSwiftMacros.dylib\#/Applications/Xcode-26.4.0.app/Contents/Developer/Platforms/AppleTVOS.platform/Developer/usr/bin/swift-plugin-server\#SwiftMacros -load-resolved-plugin /Applications/Xcode-26.4.0.app/Contents/Developer/Platforms/AppleTVOS.platform/Developer/usr/lib/swift/host/plugins/libSwiftUIMacros.dylib\#/Applications/Xcode-26.4.0.app/Contents/Developer/Platforms/AppleTVOS.platform/Developer/usr/bin/swift-plugin-server\#SwiftUIMacros -disable-implicit-swift-modules -Xcc -fno-implicit-modules -Xcc -fno-implicit-module-maps -explicit-swift-module-map-file /Users/admin/builder/spi-builder-workspace/.derivedData/Build/Intermediates.noindex/GuildAdsSDK.build/Debug-appletvos/GuildAds.build/Objects-normal/arm64/GuildAds-dependencies-1.json -debug-module-path /Users/admin/builder/spi-builder-workspace/.derivedData/Build/Intermediates.noindex/GuildAdsSDK.build/Debug-appletvos/GuildAds.build/Objects-normal/arm64/GuildAds.swiftmodule -Xllvm -aarch64-use-tbi -enable-objc-interop -stack-check -sdk /Applications/Xcode-26.4.0.app/Contents/Developer/Platforms/AppleTVOS.platform/Developer/SDKs/AppleTVOS26.4.sdk -I /Users/admin/builder/spi-builder-workspace/.derivedData/Build/Products/Debug-appletvos -Isystem /Applications/Xcode-26.4.0.app/Contents/Developer/Platforms/AppleTVOS.platform/Developer/usr/lib -F /Users/admin/builder/spi-builder-workspace/.derivedData/Build/Products/Debug-appletvos -F /Applications/Xcode-26.4.0.app/Contents/Developer/Platforms/AppleTVOS.platform/Developer/Library/Frameworks -F /Applications/Xcode-26.4.0.app/Contents/Developer/Platforms/AppleTVOS.platform/Developer/SDKs/AppleTVOS26.4.sdk/Developer/Library/Frameworks -no-color-diagnostics -Xcc -fno-color-diagnostics -enable-testing -g -debug-info-format\=dwarf -dwarf-version\=4 -module-cache-path /Users/admin/builder/spi-builder-workspace/.derivedData/Build/Intermediates.noindex/SwiftExplicitPrecompiledModules -profile-generate -profile-coverage-mapping -swift-version 6 -Onone -D SWIFT_PACKAGE -D DEBUG -D SWIFT_MODULE_RESOURCE_BUNDLE_AVAILABLE -D Xcode -serialize-debugging-options -const-gather-protocols-file /Users/admin/builder/spi-builder-workspace/.derivedData/Build/Intermediates.noindex/GuildAdsSDK.build/Debug-appletvos/GuildAds.build/Objects-normal/arm64/GuildAds_const_extract_protocols.json -enable-experimental-feature DebugDescriptionMacro -empty-abi-descriptor -validate-clang-modules-once -clang-build-session-file /Users/admin/builder/spi-builder-workspace/.derivedData/ModuleCache.noindex/Session.modulevalidation -Xcc -working-directory -Xcc /Users/admin/builder/spi-builder-workspace/.swiftpm/xcode -enable-anonymous-context-mangled-names -file-compilation-dir /Users/admin/builder/spi-builder-workspace/.swiftpm/xcode -Xcc -D_LIBCPP_HARDENING_MODE\=_LIBCPP_HARDENING_MODE_DEBUG -Xcc -ivfsstatcache -Xcc /Users/admin/builder/spi-builder-workspace/.derivedData/SDKStatCaches.noindex/appletvos26.4-23L236-688ef53f1462e2c8f657fdc38a81448fe9417fc108aa677fd4261ecaa021a5e7.sdkstatcache -Xcc -I/Users/admin/builder/spi-builder-workspace/.derivedData/Build/Intermediates.noindex/GuildAdsSDK.build/Debug-appletvos/GuildAds.build/swift-overrides.hmap -Xcc -I/Users/admin/builder/spi-builder-workspace/.derivedData/Build/Products/Debug-appletvos/include -Xcc -I/Users/admin/builder/spi-builder-workspace/.derivedData/Build/Intermediates.noindex/GuildAdsSDK.build/Debug-appletvos/GuildAds.build/DerivedSources-normal/arm64 -Xcc -I/Users/admin/builder/spi-builder-workspace/.derivedData/Build/Intermediates.noindex/GuildAdsSDK.build/Debug-appletvos/GuildAds.build/DerivedSources/arm64 -Xcc -I/Users/admin/builder/spi-builder-workspace/.derivedData/Build/Intermediates.noindex/GuildAdsSDK.build/Debug-appletvos/GuildAds.build/DerivedSources -Xcc -DSWIFT_PACKAGE -Xcc -DDEBUG\=1 -no-auto-bridging-header-chaining -module-name GuildAds -package-name spi_builder_workspace -frontend-parseable-output -disable-clang-spi -clang-target arm64-apple-tvos26.4 -target-sdk-version 26.4 -target-sdk-name appletvos26.4 -in-process-plugin-server-path /Applications/Xcode-26.4.0.app/Contents/Developer/Toolchains/XcodeDefault.xctoolchain/usr/lib/swift/host/libSwiftInProcPluginServer.dylib -o /Users/admin/builder/spi-builder-workspace/.derivedData/Build/Intermediates.noindex/GuildAdsSDK.build/Debug-appletvos/GuildAds.build/Objects-normal/arm64/GuildAdsBanner.o -index-unit-output-path /GuildAdsSDK.build/Debug-appletvos/GuildAds.build/Objects-normal/arm64/GuildAdsBanner.o -index-store-path /Users/admin/builder/spi-builder-workspace/.derivedData/Index.noindex/DataStore -index-system-modules
SwiftCompile normal arm64 /Users/admin/builder/spi-builder-workspace/Sources/GuildAds/GuildAdsBanner.swift (in target 'GuildAds' from project 'GuildAdsSDK')
cd /Users/admin/builder/spi-builder-workspace/.swiftpm/xcode
/Users/admin/builder/spi-builder-workspace/Sources/GuildAds/GuildAdsBanner.swift:393:21: error: 'glassEffect(_:in:)' is only available in tvOS 26.0 or newer
content.glassEffect(.regular.interactive(), in: shape)
^
/Users/admin/builder/spi-builder-workspace/Sources/GuildAds/GuildAdsBanner.swift:393:21: note: add 'if #available' version check
content.glassEffect(.regular.interactive(), in: shape)
^
/Users/admin/builder/spi-builder-workspace/Sources/GuildAds/GuildAdsBanner.swift:387:10: note: add '@available' attribute to enclosing instance method
func body(content: Content) -> some View {
^
/Users/admin/builder/spi-builder-workspace/Sources/GuildAds/GuildAdsBanner.swift:383:16: note: add '@available' attribute to enclosing struct
private struct GuildAdsBannerGlassEffect: ViewModifier {
^
SwiftCompile normal arm64 Compiling\ GuildAds.swift /Users/admin/builder/spi-builder-workspace/Sources/GuildAds/GuildAds.swift (in target 'GuildAds' from project 'GuildAdsSDK')
SwiftCompile normal arm64 /Users/admin/builder/spi-builder-workspace/Sources/GuildAds/GuildAds.swift (in target 'GuildAds' from project 'GuildAdsSDK')
cd /Users/admin/builder/spi-builder-workspace/.swiftpm/xcode
SwiftDriverJobDiscovery normal arm64 Compiling GuildAds.swift (in target 'GuildAds' from project 'GuildAdsSDK')
2026-07-15 01:20:51.527 xcodebuild[799:4907] [MT] IDERunDestination: Supported platforms for the buildables in the current scheme is empty.
** BUILD FAILED **
The following build commands failed:
SwiftCompile normal arm64 Compiling\ GuildAdsBanner.swift /Users/admin/builder/spi-builder-workspace/Sources/GuildAds/GuildAdsBanner.swift (in target 'GuildAds' from project 'GuildAdsSDK')
SwiftCompile normal arm64 /Users/admin/builder/spi-builder-workspace/Sources/GuildAds/GuildAdsBanner.swift (in target 'GuildAds' from project 'GuildAdsSDK')
Building workspace spi-builder-workspace with scheme GuildAdsSDK
(3 failures)
BUILD FAILURE 6.3 tvOS